78.249.189.124 - - [30/Dec/2010:22:09:36 +0100] "GET /im/stockok.gif HTTP/1.1" 200 920 "http://www.fraicolo.fr/categories.php?lang=e&path=104&num=27&action=e" "Mozilla/4.0 (compatible; MSIE 8.0; Windows NT 5.1; Trident/4.0; GTB6.3; Tablet PC 1.7; .NET CLR 1.0.3705; .NET CLR 1.1.4322; .NET CLR 2.0.50727; .NET CLR 3.0.4506.2152; .NET CLR 3.5.30729; OfficeLiveConnector.1.4; OfficeLivePatch.1.3)"
78.249.189.124 - - [30/Dec/2010:22:09:36 +0100] "GET /im/articles/DindeEscalopeBIO.JPG HTTP/1.1" 200 22532 "http://www.fraicolo.fr/categories.php?lang=e&path=104&num=27&action=e" "Mozilla/4.0 (compatible; MSIE 8.0; Windows NT 5.1; Trident/4.0; GTB6.3; Tablet PC 1.7; .NET CLR 1.0.3705; .NET CLR 1.1.4322; .NET CLR 2.0.50727; .NET CLR 3.0.4506.2152; .NET CLR 3.5.30729; OfficeLiveConnector.1.4; OfficeLivePatch.1.3)"
78.249.189.124 - - [30/Dec/2010:22:09:36 +0100] "GET /im/articles/PouletCuisseBIO.JPG HTTP/1.1" 200 8838 "http://www.fraicolo.fr/categories.php?lang=e&path=104&num=27&action=e" "Mozilla/4.0 (compatible; MSIE 8.0; Windows NT 5.1; Trident/4.0; GTB6.3; Tablet PC 1.7; .NET CLR 1.0.3705; .NET CLR 1.1.4322; .NET CLR 2.0.50727; .NET CLR 3.0.4506.2152; .NET CLR 3.5.30729; OfficeLiveConnector.1.4; OfficeLivePatch.1.3)"
78.249.189.124 - - [30/Dec/2010:22:09:36 +0100] "GET /im/zzz_gris.gif HTTP/1.1" 200 41 "http://www.fraicolo.fr/categories.php?lang=e&path=104&num=27&action=e" "Mozilla/4.0 (compatible; MSIE 8.0; Windows NT 5.1; Trident/4.0; GTB6.3; Tablet PC 1.7; .NET CLR 1.0.3705; .NET CLR 1.1.4322; .NET CLR 2.0.50727; .NET CLR 3.0.4506.2152; .NET CLR 3.5.30729; OfficeLiveConnector.1.4; OfficeLivePatch.1.3)"
78.249.189.124 - - [30/Dec/2010:22:09:36 +0100] "GET /im/articles/AgneauGigotsBIO.JPG HTTP/1.1" 200 19460 "http://www.fraicolo.fr/categories.php?lang=e&path=104&num=27&action=e" "Mozilla/4.0 (compatible; MSIE 8.0; Windows NT 5.1; Trident/4.0; GTB6.3; Tablet PC 1.7; .NET CLR 1.0.3705; .NET CLR 1.1.4322; .NET CLR 2.0.50727; .NET CLR 3.0.4506.2152; .NET CLR 3.5.30729; OfficeLiveConnector.1.4; OfficeLivePatch.1.3)"
78.249.189.124 - - [30/Dec/2010:22:09:36 +0100] "GET /im/articles/Canards.JPG HTTP/1.1" 200 17466 "http://www.fraicolo.fr/categories.php?lang=e&path=104&num=27&action=e" "Mozilla/4.0 (compatible; MSIE 8.0; Windows NT 5.1; Trident/4.0; GTB6.3; Tablet PC 1.7; .NET CLR 1.0.3705; .NET CLR 1.1.4322; .NET CLR 2.0.50727; .NET CLR 3.0.4506.2152; .NET CLR 3.5.30729; OfficeLiveConnector.1.4; OfficeLivePatch.1.3)"
78.249.189.124 - - [30/Dec/2010:22:09:36 +0100] "GET /im/articles/AgneauCotes.JPG HTTP/1.1" 200 61940 "http://www.fraicolo.fr/categories.php?lang=e&path=104&num=27&action=e" "Mozilla/4.0 (compatible; MSIE 8.0; Windows NT 5.1; Trident/4.0; GTB6.3; Tablet PC 1.7; .NET CLR 1.0.3705; .NET CLR 1.1.4322; .NET CLR 2.0.50727; .NET CLR 3.0.4506.2152; .NET CLR 3.5.30729; OfficeLiveConnector.1.4; OfficeLivePatch.1.3)"
78.249.189.124 - - [30/Dec/2010:22:09:36 +0100] "GET /im/articles/VeauCote-.JPG HTTP/1.1" 200 59569 "http://www.fraicolo.fr/categories.php?lang=e&path=104&num=27&action=e" "Mozilla/4.0 (compatible; MSIE 8.0; Windows NT 5.1; Trident/4.0; GTB6.3; Tablet PC 1.7; .NET CLR 1.0.3705; .NET CLR 1.1.4322; .NET CLR 2.0.50727; .NET CLR 3.0.4506.2152; .NET CLR 3.5.30729; OfficeLiveConnector.1.4; OfficeLivePatch.1.3)"
78.249.189.124 - - [30/Dec/2010:22:09:37 +0100] "GET /im/articles/RotiCanardEspelette.JPG HTTP/1.1" 200 15563 "http://www.fraicolo.fr/categories.php?lang=e&path=104&num=27&action=e" "Mozilla/4.0 (compatible; MSIE 8.0; Windows NT 5.1; Trident/4.0; GTB6.3; Tablet PC 1.7; .NET CLR 1.0.3705; .NET CLR 1.1.4322; .NET CLR 2.0.50727; .NET CLR 3.0.4506.2152; .NET CLR 3.5.30729; OfficeLiveConnector.1.4; OfficeLivePatch.1.3)"
78.249.189.124 - - [30/Dec/2010:22:09:37 +0100] "GET /im/articles/CanardCuisseConfite.JPG HTTP/1.1" 200 3966 "http://www.fraicolo.fr/categories.php?lang=e&path=104&num=27&action=e" "Mozilla/4.0 (compatible; MSIE 8.0; Windows NT 5.1; Trident/4.0; GTB6.3; Tablet PC 1.7; .NET CLR 1.0.3705; .NET CLR 1.1.4322; .NET CLR 2.0.50727; .NET CLR 3.0.4506.2152; .NET CLR 3.5.30729; OfficeLiveConnector.1.4; OfficeLivePatch.1.3)"
78.249.189.124 - - [30/Dec/2010:22:09:37 +0100] "GET /im/articles/PouletCrus.JPG HTTP/1.1" 200 15155 "http://www.fraicolo.fr/categories.php?lang=e&path=104&num=27&action=e" "Mozilla/4.0 (compatible; MSIE 8.0; Windows NT 5.1; Trident/4.0; GTB6.3; Tablet PC 1.7; .NET CLR 1.0.3705; .NET CLR 1.1.4322; .NET CLR 2.0.50727; .NET CLR 3.0.4506.2152; .NET CLR 3.5.30729; OfficeLiveConnector.1.4; OfficeLivePatch.1.3)"
41.97.76.201 - - [30/Dec/2010:22:09:37 +0100] "GET /im/articles/TomateJaune.JPG HTTP/1.1" 200 6966 "http://www.fraicolo.fr/categories.php?lang=e&path=29&num=17&action=e" "Mozilla/5.0 (Windows; U; Windows NT 5.1; fr; rv:1.9.2.13) Gecko/20101203 Firefox/3.6.13"
78.249.189.124 - - [30/Dec/2010:22:09:37 +0100] "GET /im/articles/AgneauEpaule-.jpg HTTP/1.1" 200 58106 "http://www.fraicolo.fr/categories.php?lang=e&path=104&num=27&action=e" "Mozilla/4.0 (compatible; MSIE 8.0; Windows NT 5.1; Trident/4.0; GTB6.3; Tablet PC 1.7; .NET CLR 1.0.3705; .NET CLR 1.1.4322; .NET CLR 2.0.50727; .NET CLR 3.0.4506.2152; .NET CLR 3.5.30729; OfficeLiveConnector.1.4; OfficeLivePatch.1.3)"
78.249.189.124 - - [30/Dec/2010:22:09:37 +0100] "GET /im/articles/PorcFiletMignon.jpg HTTP/1.1" 200 8009 "http://www.fraicolo.fr/categories.php?lang=e&path=104&num=27&action=e" "Mozilla/4.0 (compatible; MSIE 8.0; Windows NT 5.1; Trident/4.0; GTB6.3; Tablet PC 1.7; .NET CLR 1.0.3705; .NET CLR 1.1.4322; .NET CLR 2.0.50727; .NET CLR 3.0.4506.2152; .NET CLR 3.5.30729; OfficeLiveConnector.1.4; OfficeLivePatch.1.3)"
78.249.189.124 - - [30/Dec/2010:22:09:37 +0100] "GET /im/articles/DindeEscalope.JPG HTTP/1.1" 200 5215 "http://www.fraicolo.fr/categories.php?lang=e&path=104&num=27&action=e" "Mozilla/4.0 (compatible; MSIE 8.0; Windows NT 5.1; Trident/4.0; GTB6.3; Tablet PC 1.7; .NET CLR 1.0.3705; .NET CLR 1.1.4322; .NET CLR 2.0.50727; .NET CLR 3.0.4506.2152; .NET CLR 3.5.30729; OfficeLiveConnector.1.4; OfficeLivePatch.1.3)"
78.249.189.124 - - [30/Dec/2010:22:09:37 +0100] "GET /im/articles/CanardMagret.JPG HTTP/1.1" 200 10321 "http://www.fraicolo.fr/categories.php?lang=e&path=104&num=27&action=e" "Mozilla/4.0 (compatible; MSIE 8.0; Windows NT 5.1; Trident/4.0; GTB6.3; Tablet PC 1.7; .NET CLR 1.0.3705; .NET CLR 1.1.4322; .NET CLR 2.0.50727; .NET CLR 3.0.4506.2152; .NET CLR 3.5.30729; OfficeLiveConnector.1.4; OfficeLivePatch.1.3)"
78.249.189.124 - - [30/Dec/2010:22:09:37 +0100] "GET /im/articles/VeauRoti.JPG HTTP/1.1" 200 13146 "http://www.fraicolo.fr/categories.php?lang=e&path=104&num=27&action=e" "Mozilla/4.0 (compatible; MSIE 8.0; Windows NT 5.1; Trident/4.0; GTB6.3; Tablet PC 1.7; .NET CLR 1.0.3705; .NET CLR 1.1.4322; .NET CLR 2.0.50727; .NET CLR 3.0.4506.2152; .NET CLR 3.5.30729; OfficeLiveConnector.1.4; OfficeLivePatch.1.3)"
78.249.189.124 - - [30/Dec/2010:22:09:37 +0100] "GET /im/articles/MagretFoieGras.JPG HTTP/1.1" 200 4871 "http://www.fraicolo.fr/categories.php?lang=e&path=104&num=27&action=e" "Mozilla/4.0 (compatible; MSIE 8.0; Windows NT 5.1; Trident/4.0; GTB6.3; Tablet PC 1.7; .NET CLR 1.0.3705; .NET CLR 1.1.4322; .NET CLR 2.0.50727; .NET CLR 3.0.4506.2152; .NET CLR 3.5.30729; OfficeLiveConnector.1.4; OfficeLivePatch.1.3)"
78.249.189.124 - - [30/Dec/2010:22:09:37 +0100] "GET /im/articles/PorcCotesBIO.JPG HTTP/1.1" 200 10157 "http://www.fraicolo.fr/categories.php?lang=e&path=104&num=27&action=e" "Mozilla/4.0 (compatible; MSIE 8.0; Windows NT 5.1; Trident/4.0; GTB6.3; Tablet PC 1.7; .NET CLR 1.0.3705; .NET CLR 1.1.4322; .NET CLR 2.0.50727; .NET CLR 3.0.4506.2152; .NET CLR 3.5.30729; OfficeLiveConnector.1.4; OfficeLivePatch.1.3)"
78.249.189.124 - - [30/Dec/2010:22:09:37 +0100] "GET /im/articles/VeauRotiBIO.JPG HTTP/1.1" 200 14081 "http://www.fraicolo.fr/categories.php?lang=e&path=104&num=27&action=e" "Mozilla/4.0 (compatible; MSIE 8.0; Windows NT 5.1; Trident/4.0; GTB6.3; Tablet PC 1.7; .NET CLR 1.0.3705; .NET CLR 1.1.4322; .NET CLR 2.0.50727; .NET CLR 3.0.4506.2152; .NET CLR 3.5.30729; OfficeLiveConnector.1.4; OfficeLivePatch.1.3)"
78.249.189.124 - - [30/Dec/2010:22:09:37 +0100] "GET /im/articles/Canette.JPG HTTP/1.1" 200 16762 "http://www.fraicolo.fr/categories.php?lang=e&path=104&num=27&action=e" "Mozilla/4.0 (compatible; MSIE 8.0; Windows NT 5.1; Trident/4.0; GTB6.3; Tablet PC 1.7; .NET CLR 1.0.3705; .NET CLR 1.1.4322; .NET CLR 2.0.50727; .NET CLR 3.0.4506.2152; .NET CLR 3.5.30729; OfficeLiveConnector.1.4; OfficeLivePatch.1.3)"
78.249.189.124 - - [30/Dec/2010:22:09:37 +0100] "GET /im/articles/PorcTraverss.JPG HTTP/1.1" 200 30505 "http://www.fraicolo.fr/categories.php?lang=e&path=104&num=27&action=e" "Mozilla/4.0 (compatible; MSIE 8.0; Windows NT 5.1; Trident/4.0; GTB6.3; Tablet PC 1.7; .NET CLR 1.0.3705; .NET CLR 1.1.4322; .NET CLR 2.0.50727; .NET CLR 3.0.4506.2152; .NET CLR 3.5.30729; OfficeLiveConnector.1.4; OfficeLivePatch.1.3)"
41.97.76.201 - - [30/Dec/2010:22:09:37 +0100] "GET /im/articles/Oseille.JPG HTTP/1.1" 200 6476 "http://www.fraicolo.fr/categories.php?lang=e&path=29&num=17&action=e" "Mozilla/5.0 (Windows; U; Windows NT 5.1; fr; rv:1.9.2.13) Gecko/20101203 Firefox/3.6.13"
78.249.189.124 - - [30/Dec/2010:22:09:37 +0100] "GET /im/articles/AgneauCotesBIO.JPG HTTP/1.1" 200 64899 "http://www.fraicolo.fr/categories.php?lang=e&path=104&num=27&action=e" "Mozilla/4.0 (compatible; MSIE 8.0; Windows NT 5.1; Trident/4.0; GTB6.3; Tablet PC 1.7; .NET CLR 1.0.3705; .NET CLR 1.1.4322; .NET CLR 2.0.50727; .NET CLR 3.0.4506.2152; .NET CLR 3.5.30729; OfficeLiveConnector.1.4; OfficeLivePatch.1.3)"
78.249.189.124 - - [30/Dec/2010:22:09:37 +0100] "GET /im/articles/PorcRotis.JPG HTTP/1.1" 200 22197 "http://www.fraicolo.fr/categories.php?lang=e&path=104&num=27&action=e" "Mozilla/4.0 (compatible; MSIE 8.0; Windows NT 5.1; Trident/4.0; GTB6.3; Tablet PC 1.7; .NET CLR 1.0.3705; .NET CLR 1.1.4322; .NET CLR 2.0.50727; .NET CLR 3.0.4506.2152; .NET CLR 3.5.30729; OfficeLiveConnector.1.4; OfficeLivePatch.1.3)"
41.97.76.201 - - [30/Dec/2010:22:09:37 +0100] "GET /im/articles/PoivronRouge.jpg HTTP/1.1" 200 6827 "http://www.fraicolo.fr/categories.php?lang=e&path=29&num=17&action=e" "Mozilla/5.0 (Windows; U; Windows NT 5.1; fr; rv:1.9.2.13) Gecko/20101203 Firefox/3.6.13"
78.249.189.124 - - [30/Dec/2010:22:09:37 +0100] "GET /im/articles/AgneauEpaule-2.jpg HTTP/1.1" 200 14307 "http://www.fraicolo.fr/categories.php?lang=e&path=104&num=27&action=e" "Mozilla/4.0 (compatible; MSIE 8.0; Windows NT 5.1; Trident/4.0; GTB6.3; Tablet PC 1.7; .NET CLR 1.0.3705; .NET CLR 1.1.4322; .NET CLR 2.0.50727; .NET CLR 3.0.4506.2152; .NET CLR 3.5.30729; OfficeLiveConnector.1.4; OfficeLivePatch.1.3)"
78.249.189.124 - - [30/Dec/2010:22:09:38 +0100] "GET /im/articles/CanardCuisseBIO.JPG HTTP/1.1" 200 5136 "http://www.fraicolo.fr/categories.php?lang=e&path=104&num=27&action=e" "Mozilla/4.0 (compatible; MSIE 8.0; Windows NT 5.1; Trident/4.0; GTB6.3; Tablet PC 1.7; .NET CLR 1.0.3705; .NET CLR 1.1.4322; .NET CLR 2.0.50727; .NET CLR 3.0.4506.2152; .NET CLR 3.5.30729; OfficeLiveConnector.1.4; OfficeLivePatch.1.3)"
41.97.76.201 - - [30/Dec/2010:22:09:38 +0100] "GET /im/articles/PatatesVitelotte.JPG HTTP/1.1" 200 11703 "http://www.fraicolo.fr/categories.php?lang=e&path=29&num=17&action=e" "Mozilla/5.0 (Windows; U; Windows NT 5.1; fr; rv:1.9.2.13) Gecko/20101203 Firefox/3.6.13"
78.249.189.124 - - [30/Dec/2010:22:09:38 +0100] "GET /im/articles/PouletFilet.JPG HTTP/1.1" 200 10427 "http://www.fraicolo.fr/categories.php?lang=e&path=104&num=27&action=e" "Mozilla/4.0 (compatible; MSIE 8.0; Windows NT 5.1; Trident/4.0; GTB6.3; Tablet PC 1.7; .NET CLR 1.0.3705; .NET CLR 1.1.4322; .NET CLR 2.0.50727; .NET CLR 3.0.4506.2152; .NET CLR 3.5.30729; OfficeLiveConnector.1.4; OfficeLivePatch.1.3)"
78.249.189.124 - - [30/Dec/2010:22:09:38 +0100] "GET /im/articles/PouletEscalopesBIO.JPG HTTP/1.1" 200 13406 "http://www.fraicolo.fr/categories.php?lang=e&path=104&num=27&action=e" "Mozilla/4.0 (compatible; MSIE 8.0; Windows NT 5.1; Trident/4.0; GTB6.3; Tablet PC 1.7; .NET CLR 1.0.3705; .NET CLR 1.1.4322; .NET CLR 2.0.50727; .NET CLR 3.0.4506.2152; .NET CLR 3.5.30729; OfficeLiveConnector.1.4; OfficeLivePatch.1.3)"
78.249.189.124 - - [30/Dec/2010:22:09:38 +0100] "GET /im/articles/PouletEntierBIO.JPG HTTP/1.1" 200 8701 "http://www.fraicolo.fr/categories.php?lang=e&path=104&num=27&action=e" "Mozilla/4.0 (compatible; MSIE 8.0; Windows NT 5.1; Trident/4.0; GTB6.3; Tablet PC 1.7; .NET CLR 1.0.3705; .NET CLR 1.1.4322; .NET CLR 2.0.50727; .NET CLR 3.0.4506.2152; .NET CLR 3.5.30729; OfficeLiveConnector.1.4; OfficeLivePatch.1.3)"
78.249.189.124 - - [30/Dec/2010:22:09:38 +0100] "GET /im/articles/VeauJarretBIO.JPG HTTP/1.1" 200 9291 "http://www.fraicolo.fr/categories.php?lang=e&path=104&num=27&action=e" "Mozilla/4.0 (compatible; MSIE 8.0; Windows NT 5.1; Trident/4.0; GTB6.3; Tablet PC 1.7; .NET CLR 1.0.3705; .NET CLR 1.1.4322; .NET CLR 2.0.50727; .NET CLR 3.0.4506.2152; .NET CLR 3.5.30729; OfficeLiveConnector.1.4; OfficeLivePatch.1.3)"
78.249.189.124 - - [30/Dec/2010:22:09:38 +0100] "GET /im/articles/VeauEscalopesBIO.JPG HTTP/1.1" 200 18384 "http://www.fraicolo.fr/categories.php?lang=e&path=104&num=27&action=e" "Mozilla/4.0 (compatible; MSIE 8.0; Windows NT 5.1; Trident/4.0; GTB6.3; Tablet PC 1.7; .NET CLR 1.0.3705; .NET CLR 1.1.4322; .NET CLR 2.0.50727; .NET CLR 3.0.4506.2152; .NET CLR 3.5.30729; OfficeLiveConnector.1.4; OfficeLivePatch.1.3)"
41.97.76.201 - - [30/Dec/2010:22:09:38 +0100] "GET /im/articles/NavetBlanc.JPG HTTP/1.1" 200 5368 "http://www.fraicolo.fr/categories.php?lang=e&path=29&num=17&action=e" "Mozilla/5.0 (Windows; U; Windows NT 5.1; fr; rv:1.9.2.13) Gecko/20101203 Firefox/3.6.13"
78.249.189.124 - - [30/Dec/2010:22:09:38 +0100] "GET /im/articles/VeauSaute.JPG HTTP/1.1" 200 18982 "http://www.fraicolo.fr/categories.php?lang=e&path=104&num=27&action=e" "Mozilla/4.0 (compatible; MSIE 8.0; Windows NT 5.1; Trident/4.0; GTB6.3; Tablet PC 1.7; .NET CLR 1.0.3705; .NET CLR 1.1.4322; .NET CLR 2.0.50727; .NET CLR 3.0.4506.2152; .NET CLR 3.5.30729; OfficeLiveConnector.1.4; OfficeLivePatch.1.3)"
41.97.76.201 - - [30/Dec/2010:22:09:38 +0100] "GET /im/articles/TomateNormale.jpg HTTP/1.1" 200 5615 "http://www.fraicolo.fr/categories.php?lang=e&path=29&num=17&action=e" "Mozilla/5.0 (Windows; U; Windows NT 5.1; fr; rv:1.9.2.13) Gecko/20101203 Firefox/3.6.13"
78.249.189.124 - - [30/Dec/2010:22:09:38 +0100] "GET /im/articles/VeauCoteBIO.JPG HTTP/1.1" 200 62690 "http://www.fraicolo.fr/categories.php?lang=e&path=104&num=27&action=e" "Mozilla/4.0 (compatible; MSIE 8.0; Windows NT 5.1; Trident/4.0; GTB6.3; Tablet PC 1.7; .NET CLR 1.0.3705; .NET CLR 1.1.4322; .NET CLR 2.0.50727; .NET CLR 3.0.4506.2152; .NET CLR 3.5.30729; OfficeLiveConnector.1.4; OfficeLivePatch.1.3)"
78.249.189.124 - - [30/Dec/2010:22:09:38 +0100] "GET /im/articles/PorcCotes.jpg HTTP/1.1" 200 8973 "http://www.fraicolo.fr/categories.php?lang=e&path=104&num=27&action=e" "Mozilla/4.0 (compatible; MSIE 8.0; Windows NT 5.1; Trident/4.0; GTB6.3; Tablet PC 1.7; .NET CLR 1.0.3705; .NET CLR 1.1.4322; .NET CLR 2.0.50727; .NET CLR 3.0.4506.2152; .NET CLR 3.5.30729; OfficeLiveConnector.1.4; OfficeLivePatch.1.3)"
78.249.189.124 - - [30/Dec/2010:22:09:38 +0100] "GET /im/articles/Coquelet.JPG HTTP/1.1" 200 14209 "http://www.fraicolo.fr/categories.php?lang=e&path=104&num=27&action=e" "Mozilla/4.0 (compatible; MSIE 8.0; Windows NT 5.1; Trident/4.0; GTB6.3; Tablet PC 1.7; .NET CLR 1.0.3705; .NET CLR 1.1.4322; .NET CLR 2.0.50727; .NET CLR 3.0.4506.2152; .NET CLR 3.5.30729; OfficeLiveConnector.1.4; OfficeLivePatch.1.3)"
41.97.76.201 - - [30/Dec/2010:22:09:38 +0100] "GET /im/articles/Navet.JPG HTTP/1.1" 200 7172 "http://www.fraicolo.fr/categories.php?lang=e&path=29&num=17&action=e" "Mozilla/5.0 (Windows; U; Windows NT 5.1; fr; rv:1.9.2.13) Gecko/20101203 Firefox/3.6.13"
78.249.189.124 - - [30/Dec/2010:22:09:38 +0100] "GET /im/articles/VeauEscalopes.JPG HTTP/1.1" 200 17052 "http://www.fraicolo.fr/categories.php?lang=e&path=104&num=27&action=e" "Mozilla/4.0 (compatible; MSIE 8.0; Windows NT 5.1; Trident/4.0; GTB6.3; Tablet PC 1.7; .NET CLR 1.0.3705; .NET CLR 1.1.4322; .NET CLR 2.0.50727; .NET CLR 3.0.4506.2152; .NET CLR 3.5.30729; OfficeLiveConnector.1.4; OfficeLivePatch.1.3)"
78.249.189.124 - - [30/Dec/2010:22:09:38 +0100] "GET /im/articles/PouletCuisse.jpg HTTP/1.1" 200 5649 "http://www.fraicolo.fr/categories.php?lang=e&path=104&num=27&action=e" "Mozilla/4.0 (compatible; MSIE 8.0; Windows NT 5.1; Trident/4.0; GTB6.3; Tablet PC 1.7; .NET CLR 1.0.3705; .NET CLR 1.1.4322; .NET CLR 2.0.50727; .NET CLR 3.0.4506.2152; .NET CLR 3.5.30729; OfficeLiveConnector.1.4; OfficeLivePatch.1.3)"
41.97.76.201 - - [30/Dec/2010:22:09:38 +0100] "GET /im/articles/BetteraveBIO.JPG HTTP/1.1" 200 11891 "http://www.fraicolo.fr/categories.php?lang=e&path=29&num=17&action=e" "Mozilla/5.0 (Windows; U; Windows NT 5.1; fr; rv:1.9.2.13) Gecko/20101203 Firefox/3.6.13"
41.97.76.201 - - [30/Dec/2010:22:09:39 +0100] "GET /im/articles/AspergesVertes.jpg HTTP/1.1" 200 3945 "http://www.fraicolo.fr/categories.php?lang=e&path=29&num=17&action=e" "Mozilla/5.0 (Windows; U; Windows NT 5.1; fr; rv:1.9.2.13) Gecko/20101203 Firefox/3.6.13"
41.97.76.201 - - [30/Dec/2010:22:09:39 +0100] "GET /im/articles/ArtichautsPoivrade.JPG HTTP/1.1" 200 7893 "http://www.fraicolo.fr/categories.php?lang=e&path=29&num=17&action=e" "Mozilla/5.0 (Windows; U; Windows NT 5.1; fr; rv:1.9.2.13) Gecko/20101203 Firefox/3.6.13"
41.97.76.201 - - [30/Dec/2010:22:09:39 +0100] "GET /im/articles/Echalion.JPG HTTP/1.1" 200 8222 "http://www.fraicolo.fr/categories.php?lang=e&path=29&num=17&action=e" "Mozilla/5.0 (Windows; U; Windows NT 5.1; fr; rv:1.9.2.13) Gecko/20101203 Firefox/3.6.13"
41.97.76.201 - - [30/Dec/2010:22:09:39 +0100] "GET /im/articles/TomatesGrappes.jpg HTTP/1.1" 200 7602 "http://www.fraicolo.fr/categories.php?lang=e&path=29&num=17&action=e" "Mozilla/5.0 (Windows; U; Windows NT 5.1; fr; rv:1.9.2.13) Gecko/20101203 Firefox/3.6.13"
41.97.76.201 - - [30/Dec/2010:22:09:40 +0100] "GET /im/articles/Estragon.JPG HTTP/1.1" 200 9416 "http://www.fraicolo.fr/categories.php?lang=e&path=29&num=17&action=e" "Mozilla/5.0 (Windows; U; Windows NT 5.1; fr; rv:1.9.2.13) Gecko/20101203 Firefox/3.6.13"
41.97.76.201 - - [30/Dec/2010:22:09:40 +0100] "GET /im/lang1/menu_infos.gif HTTP/1.1" 200 2010 "http://www.fraicolo.fr/categories.php?lang=e&path=29&num=17&action=e" "Mozilla/5.0 (Windows; U; Windows NT 5.1; fr; rv:1.9.2.13) Gecko/20101203 Firefox/3.6.13"
41.97.76.201 - - [30/Dec/2010:22:09:40 +0100] "GET /im/fleche_right.gif HTTP/1.1" 200 58 "http://www.fraicolo.fr/categories.php?lang=e&path=29&num=17&action=e" "Mozilla/5.0 (Windows; U; Windows NT 5.1; fr; rv:1.9.2.13) Gecko/20101203 Firefox/3.6.13"
41.97.76.201 - - [30/Dec/2010:22:09:40 +0100] "GET /im/lang1/menu_caddie.gif HTTP/1.1" 200 2067 "http://www.fraicolo.fr/categories.php?lang=e&path=29&num=17&action=e" "Mozilla/5.0 (Windows; U; Windows NT 5.1; fr; rv:1.9.2.13) Gecko/20101203 Firefox/3.6.13"
41.97.76.201 - - [30/Dec/2010:22:09:40 +0100] "GET /im/search.gif HTTP/1.1" 200 681 "http://www.fraicolo.fr/categories.php?lang=e&path=29&num=17&action=e" "Mozilla/5.0 (Windows; U; Windows NT 5.1; fr; rv:1.9.2.13) Gecko/20101203 Firefox/3.6.13"
41.97.76.201 - - [30/Dec/2010:22:09:41 +0100] "GET /im/fleche_bottom.gif HTTP/1.1" 200 57 "http://www.fraicolo.fr/css/scss.css" "Mozilla/5.0 (Windows; U; Windows NT 5.1; fr; rv:1.9.2.13) Gecko/20101203 Firefox/3.6.13"
41.97.76.201 - - [30/Dec/2010:22:09:41 +0100] "GET /im/background/menuleft.gif HTTP/1.1" 200 1837 "http://www.fraicolo.fr/css/scss.css" "Mozilla/5.0 (Windows; U; Windows NT 5.1; fr; rv:1.9.2.13) Gecko/20101203 Firefox/3.6.13"
41.97.76.201 - - [30/Dec/2010:22:09:41 +0100] "GET /im/background/module_left.gif HTTP/1.1" 200 323 "http://www.fraicolo.fr/css/scss.css" "Mozilla/5.0 (Windows; U; Windows NT 5.1; fr; rv:1.9.2.13) Gecko/20101203 Firefox/3.6.13"
41.97.76.201 - - [30/Dec/2010:22:09:41 +0100] "GET /im/lang1/menu_id.gif HTTP/1.1" 200 2056 "http://www.fraicolo.fr/categories.php?lang=e&path=29&num=17&action=e" "Mozilla/5.0 (Windows; U; Windows NT 5.1; fr; rv:1.9.2.13) Gecko/20101203 Firefox/3.6.13"
41.97.76.201 - - [30/Dec/2010:22:09:41 +0100] "GET /im/ok.gif HTTP/1.1" 200 128 "http://www.fraicolo.fr/categories.php?lang=e&path=29&num=17&action=e" "Mozilla/5.0 (Windows; U; Windows NT 5.1; fr; rv:1.9.2.13) Gecko/20101203 Firefox/3.6.13"
41.97.76.201 - - [30/Dec/2010:22:09:41 +0100] "GET /im/lang1/menu_devis.gif HTTP/1.1" 200 1958 "http://www.fraicolo.fr/categories.php?lang=e&path=29&num=17&action=e" "Mozilla/5.0 (Windows; U; Windows NT 5.1; fr; rv:1.9.2.13) Gecko/20101203 Firefox/3.6.13"
41.97.76.201 - - [30/Dec/2010:22:09:41 +0100] "GET /im/lang1/menu_subscribe.gif HTTP/1.1" 200 1877 "http://www.fraicolo.fr/categories.php?lang=e&path=29&num=17&action=e" "Mozilla/5.0 (Windows; U; Windows NT 5.1; fr; rv:1.9.2.13) Gecko/20101203 Firefox/3.6.13"
41.97.76.201 - - [30/Dec/2010:22:09:42 +0100] "GET /im/background/menuright.gif HTTP/1.1" 200 1832 "http://www.fraicolo.fr/css/scss.css" "Mozilla/5.0 (Windows; U; Windows NT 5.1; fr; rv:1.9.2.13) Gecko/20101203 Firefox/3.6.13"
41.97.76.201 - - [30/Dec/2010:22:09:42 +0100] "GET /categories.php?lang=e&path=29&num=17&action=e HTTP/1.1" 200 15660 "http://www.fraicolo.fr/categories.php?lang=e&path=29&num=17&action=e" "Mozilla/5.0 (Windows; U; Windows NT 5.1; fr; rv:1.9.2.13) Gecko/20101203 Firefox/3.6.13"
41.97.76.201 - - [30/Dec/2010:22:09:37 +0100] "GET /im/articles/SaladeBatavia.jpg HTTP/1.1" 200 88002 "http://www.fraicolo.fr/categories.php?lang=e&path=29&num=17&action=e" "Mozilla/5.0 (Windows; U; Windows NT 5.1; fr; rv:1.9.2.13) Gecko/20101203 Firefox/3.6.13"
41.97.76.201 - - [30/Dec/2010:22:09:43 +0100] "GET /im/loader.gif HTTP/1.1" 200 1158 "http://www.fraicolo.fr/categories.php?lang=e&path=29&num=17&action=e" "Mozilla/5.0 (Windows; U; Windows NT 5.1; fr; rv:1.9.2.13) Gecko/20101203 Firefox/3.6.13"
41.97.76.201 - - [30/Dec/2010:22:09:40 +0100] "GET /im/background/bg_shop_green.gif HTTP/1.1" 200 49144 "http://www.fraicolo.fr/css/scss.css" "Mozilla/5.0 (Windows; U; Windows NT 5.1; fr; rv:1.9.2.13) Gecko/20101203 Firefox/3.6.13"
86.220.183.250 - - [30/Dec/2010:22:09:43 +0100] "GET /list.php?lang=1&path=34&sort=Article&page=0 HTTP/1.1" 200 11970 "http://www.google.fr/imgres?imgurl=http://www.fraicolo.fr/im/articles/PommeJaune.jpg&imgrefurl=http://www.fraicolo.fr/list.php%3Flang%3D1%26path%3D34%26sort%3DArticle%26page%3D0&usg=__nG57QuoU_UOXU6dsTrSS4vuKVEQ=&h=404&w=390&sz=14&hl=fr&start=15&zoom=1&itbs=1&tbnid=JR_p-UwrQQzAwM:&tbnh=124&tbnw=120&prev=/images%3Fq%3Dpomme%26hl%3Dfr%26gbv%3D2%26tbs%3Disch:1" "Mozilla/4.0 (compatible; MSIE 8.0; Windows NT 6.1; Trident/4.0; GTB6.6; SLCC2; .NET CLR 2.0.50727; .NET CLR 3.5.30729; .NET CLR 3.0.30729; Media Center PC 6.0; OfficeLiveConnector.1.3; OfficeLivePatch.0.0; .NET4.0C; AskTbPTF/5.9.1.14019)"
86.220.183.250 - - [30/Dec/2010:22:09:45 +0100] "GET /css/scss.css HTTP/1.1" 200 3683 "http://www.fraicolo.fr/list.php?lang=1&path=34&sort=Article&page=0" "Mozilla/4.0 (compatible; MSIE 8.0; Windows NT 6.1; Trident/4.0; GTB6.6; SLCC2; .NET CLR 2.0.50727; .NET CLR 3.5.30729; .NET CLR 3.0.30729; Media Center PC 6.0; OfficeLiveConnector.1.3; OfficeLivePatch.0.0; .NET4.0C; AskTbPTF/5.9.1.14019)"
86.220.183.250 - - [30/Dec/2010:22:09:45 +0100] "GET /includes/popImage.js HTTP/1.1" 200 1233 "http://www.fraicolo.fr/list.php?lang=1&path=34&sort=Article&page=0" "Mozilla/4.0 (compatible; MSIE 8.0; Windows NT 6.1; Trident/4.0; GTB6.6; SLCC2; .NET CLR 2.0.50727; .NET CLR 3.5.30729; .NET CLR 3.0.30729; Media Center PC 6.0; OfficeLiveConnector.1.3; OfficeLivePatch.0.0; .NET4.0C; AskTbPTF/5.9.1.14019)"
86.220.183.250 - - [30/Dec/2010:22:09:45 +0100] "GET /im/LOGOFraicolo.png HTTP/1.1" 200 21138 "http://www.fraicolo.fr/list.php?lang=1&path=34&sort=Article&page=0" "Mozilla/4.0 (compatible; MSIE 8.0; Windows NT 6.1; Trident/4.0; GTB6.6; SLCC2; .NET CLR 2.0.50727; .NET CLR 3.5.30729; .NET CLR 3.0.30729; Media Center PC 6.0; OfficeLiveConnector.1.3; OfficeLivePatch.0.0; .NET4.0C; AskTbPTF/5.9.1.14019)"
86.220.183.250 - - [30/Dec/2010:22:09:46 +0100] "GET /im/path.gif HTTP/1.1" 200 363 "http://www.fraicolo.fr/list.php?lang=1&path=34&sort=Article&page=0" "Mozilla/4.0 (compatible; MSIE 8.0; Windows NT 6.1; Trident/4.0; GTB6.6; SLCC2; .NET CLR 2.0.50727; .NET CLR 3.5.30729; .NET CLR 3.0.30729; Media Center PC 6.0; OfficeLiveConnector.1.3; OfficeLivePatch.0.0; .NET4.0C; AskTbPTF/5.9.1.14019)"
86.220.183.250 - - [30/Dec/2010:22:09:45 +0100] "GET /im/banner/bannercorporate1.jpg HTTP/1.1" 200 44430 "http://www.fraicolo.fr/list.php?lang=1&path=34&sort=Article&page=0" "Mozilla/4.0 (compatible; MSIE 8.0; Windows NT 6.1; Trident/4.0; GTB6.6; SLCC2; .NET CLR 2.0.50727; .NET CLR 3.5.30729; .NET CLR 3.0.30729; Media Center PC 6.0; OfficeLiveConnector.1.3; OfficeLivePatch.0.0; .NET4.0C; AskTbPTF/5.9.1.14019)"
86.220.183.250 - - [30/Dec/2010:22:09:46 +0100] "GET /im/accueil.gif HTTP/1.1" 200 511 "http://www.fraicolo.fr/list.php?lang=1&path=34&sort=Article&page=0" "Mozilla/4.0 (compatible; MSIE 8.0; Windows NT 6.1; Trident/4.0; GTB6.6; SLCC2; .NET CLR 2.0.50727; .NET CLR 3.5.30729; .NET CLR 3.0.30729; Media Center PC 6.0; OfficeLiveConnector.1.3; OfficeLivePatch.0.0; .NET4.0C; AskTbPTF/5.9.1.14019)"
86.220.183.250 - - [30/Dec/2010:22:09:46 +0100] "GET /im/background/bg_green.gif HTTP/1.1" 200 2395 "http://www.fraicolo.fr/list.php?lang=1&path=34&sort=Article&page=0" "Mozilla/4.0 (compatible; MSIE 8.0; Windows NT 6.1; Trident/4.0; GTB6.6; SLCC2; .NET CLR 2.0.50727; .NET CLR 3.5.30729; .NET CLR 3.0.30729; Media Center PC 6.0; OfficeLiveConnector.1.3; OfficeLivePatch.0.0; .NET4.0C; AskTbPTF/5.9.1.14019)"
86.220.183.250 - - [30/Dec/2010:22:09:46 +0100] "GET /im/fleche_bottom.gif HTTP/1.1" 200 57 "http://www.fraicolo.fr/list.php?lang=1&path=34&sort=Article&page=0" "Mozilla/4.0 (compatible; MSIE 8.0; Windows NT 6.1; Trident/4.0; GTB6.6; SLCC2; .NET CLR 2.0.50727; .NET CLR 3.5.30729; .NET CLR 3.0.30729; Media Center PC 6.0; OfficeLiveConnector.1.3; OfficeLivePatch.0.0; .NET4.0C; AskTbPTF/5.9.1.14019)"
86.220.183.250 - - [30/Dec/2010:22:09:46 +0100] "GET /im/fleche_right.gif HTTP/1.1" 200 58 "http://www.fraicolo.fr/list.php?lang=1&path=34&sort=Article&page=0" "Mozilla/4.0 (compatible; MSIE 8.0; Windows NT 6.1; Trident/4.0; GTB6.6; SLCC2; .NET CLR 2.0.50727; .NET CLR 3.5.30729; .NET CLR 3.0.30729; Media Center PC 6.0; OfficeLiveConnector.1.3; OfficeLivePatch.0.0; .NET4.0C; AskTbPTF/5.9.1.14019)"
86.220.183.250 - - [30/Dec/2010:22:09:46 +0100] "GET /csshover.htc HTTP/1.1" 200 1166 "-" "Mozilla/4.0 (compatible; MSIE 8.0; Windows NT 6.1; Trident/4.0; GTB6.6; SLCC2; .NET CLR 2.0.50727; .NET CLR 3.5.30729; .NET CLR 3.0.30729; Media Center PC 6.0; OfficeLiveConnector.1.3; OfficeLivePatch.0.0; .NET4.0C; AskTbPTF/5.9.1.14019)"
86.220.183.250 - - [30/Dec/2010:22:09:46 +0100] "GET /im/zzz.gif HTTP/1.1" 200 49 "http://www.fraicolo.fr/list.php?lang=1&path=34&sort=Article&page=0" "Mozilla/4.0 (compatible; MSIE 8.0; Windows NT 6.1; Trident/4.0; GTB6.6; SLCC2; .NET CLR 2.0.50727; .NET CLR 3.5.30729; .NET CLR 3.0.30729; Media Center PC 6.0; OfficeLiveConnector.1.3; OfficeLivePatch.0.0; .NET4.0C; AskTbPTF/5.9.1.14019)"
86.220.183.250 - - [30/Dec/2010:22:09:46 +0100] "GET /im/lang1/menu_search.gif HTTP/1.1" 200 1955 "http://www.fraicolo.fr/list.php?lang=1&path=34&sort=Article&page=0" "Mozilla/4.0 (compatible; MSIE 8.0; Windows NT 6.1; Trident/4.0; GTB6.6; SLCC2; .NET CLR 2.0.50727; .NET CLR 3.5.30729; .NET CLR 3.0.30729; Media Center PC 6.0; OfficeLiveConnector.1.3; OfficeLivePatch.0.0; .NET4.0C; AskTbPTF/5.9.1.14019)"
86.220.183.250 - - [30/Dec/2010:22:09:46 +0100] "GET /im/background/menuleft.gif HTTP/1.1" 200 1837 "http://www.fraicolo.fr/list.php?lang=1&path=34&sort=Article&page=0" "Mozilla/4.0 (compatible; MSIE 8.0; Windows NT 6.1; Trident/4.0; GTB6.6; SLCC2; .NET CLR 2.0.50727; .NET CLR 3.5.30729; .NET CLR 3.0.30729; Media Center PC 6.0; OfficeLiveConnector.1.3; OfficeLivePatch.0.0; .NET4.0C; AskTbPTF/5.9.1.14019)"
86.220.183.250 - - [30/Dec/2010:22:09:46 +0100] "GET /im/background/module_left.gif HTTP/1.1" 200 323 "http://www.fraicolo.fr/list.php?lang=1&path=34&sort=Article&page=0" "Mozilla/4.0 (compatible; MSIE 8.0; Windows NT 6.1; Trident/4.0; GTB6.6; SLCC2; .NET CLR 2.0.50727; .NET CLR 3.5.30729; .NET CLR 3.0.30729; Media Center PC 6.0; OfficeLiveConnector.1.3; OfficeLivePatch.0.0; .NET4.0C; AskTbPTF/5.9.1.14019)"
93.0.20.42 - - [30/Dec/2010:22:09:46 +0100] "GET /im/articles/FarineMixte.JPG HTTP/1.1" 200 25354 "http://shopping.cherchons.com/cgi/cgi.cgi?&pp=2&p=6&p1=_-1_2_-1_-1_-1_-1&p2=_-1_-1_2_-1_-1_-1&p3=2&action=dossier&dossierName=farine-machine-a-pain&page=2" "Mozilla/4.0 (compatible; MSIE 8.0; Windows NT 6.0; Trident/4.0; GTB6.6; SLCC1; .NET CLR 2.0.50727; Media Center PC 5.0; InfoPath.2; .NET CLR 3.5.30729; .NET CLR 3.0.30729)"
86.220.183.250 - - [30/Dec/2010:22:09:46 +0100] "GET /im/search.gif HTTP/1.1" 200 681 "http://www.fraicolo.fr/list.php?lang=1&path=34&sort=Article&page=0" "Mozilla/4.0 (compatible; MSIE 8.0; Windows NT 6.1; Trident/4.0; GTB6.6; SLCC2; .NET CLR 2.0.50727; .NET CLR 3.5.30729; .NET CLR 3.0.30729; Media Center PC 6.0; OfficeLiveConnector.1.3; OfficeLivePatch.0.0; .NET4.0C; AskTbPTF/5.9.1.14019)"
86.220.183.250 - - [30/Dec/2010:22:09:46 +0100] "GET /includes/menu/plus.gif HTTP/1.1" 200 71 "http://www.fraicolo.fr/list.php?lang=1&path=34&sort=Article&page=0" "Mozilla/4.0 (compatible; MSIE 8.0; Windows NT 6.1; Trident/4.0; GTB6.6; SLCC2; .NET CLR 2.0.50727; .NET CLR 3.5.30729; .NET CLR 3.0.30729; Media Center PC 6.0; OfficeLiveConnector.1.3; OfficeLivePatch.0.0; .NET4.0C; AskTbPTF/5.9.1.14019)"
86.220.183.250 - - [30/Dec/2010:22:09:47 +0100] "GET /im/lang1/menu_com.gif HTTP/1.1" 200 2071 "http://www.fraicolo.fr/list.php?lang=1&path=34&sort=Article&page=0" "Mozilla/4.0 (compatible; MSIE 8.0; Windows NT 6.1; Trident/4.0; GTB6.6; SLCC2; .NET CLR 2.0.50727; .NET CLR 3.5.30729; .NET CLR 3.0.30729; Media Center PC 6.0; OfficeLiveConnector.1.3; OfficeLivePatch.0.0; .NET4.0C; AskTbPTF/5.9.1.14019)"
86.220.183.250 - - [30/Dec/2010:22:09:47 +0100] "GET /im/payment.gif HTTP/1.1" 200 2578 "http://www.fraicolo.fr/list.php?lang=1&path=34&sort=Article&page=0" "Mozilla/4.0 (compatible; MSIE 8.0; Windows NT 6.1; Trident/4.0; GTB6.6; SLCC2; .NET CLR 2.0.50727; .NET CLR 3.5.30729; .NET CLR 3.0.30729; Media Center PC 6.0; OfficeLiveConnector.1.3; OfficeLivePatch.0.0; .NET4.0C; AskTbPTF/5.9.1.14019)"
86.220.183.250 - - [30/Dec/2010:22:09:47 +0100] "GET /im/articles/PommeRoyalGalaBIO.JPG HTTP/1.1" 200 5482 "http://www.fraicolo.fr/list.php?lang=1&path=34&sort=Article&page=0" "Mozilla/4.0 (compatible; MSIE 8.0; Windows NT 6.1; Trident/4.0; GTB6.6; SLCC2; .NET CLR 2.0.50727; .NET CLR 3.5.30729; .NET CLR 3.0.30729; Media Center PC 6.0; OfficeLiveConnector.1.3; OfficeLivePatch.0.0; .NET4.0C; AskTbPTF/5.9.1.14019)"
86.220.183.250 - - [30/Dec/2010:22:09:47 +0100] "GET /im/stockok.gif HTTP/1.1" 200 920 "http://www.fraicolo.fr/list.php?lang=1&path=34&sort=Article&page=0" "Mozilla/4.0 (compatible; MSIE 8.0; Windows NT 6.1; Trident/4.0; GTB6.6; SLCC2; .NET CLR 2.0.50727; .NET CLR 3.5.30729; .NET CLR 3.0.30729; Media Center PC 6.0; OfficeLiveConnector.1.3; OfficeLivePatch.0.0; .NET4.0C; AskTbPTF/5.9.1.14019)"
86.220.183.250 - - [30/Dec/2010:22:09:47 +0100] "GET /im/lang1/cart_add.gif HTTP/1.1" 200 481 "http://www.fraicolo.fr/list.php?lang=1&path=34&sort=Article&page=0" "Mozilla/4.0 (compatible; MSIE 8.0; Windows NT 6.1; Trident/4.0; GTB6.6; SLCC2; .NET CLR 2.0.50727; .NET CLR 3.5.30729; .NET CLR 3.0.30729; Media Center PC 6.0; OfficeLiveConnector.1.3; OfficeLivePatch.0.0; .NET4.0C; AskTbPTF/5.9.1.14019)"
86.220.183.250 - - [30/Dec/2010:22:09:47 +0100] "GET /im/articles/PoireComice.JPG HTTP/1.1" 200 27177 "http://www.fraicolo.fr/list.php?lang=1&path=34&sort=Article&page=0" "Mozilla/4.0 (compatible; MSIE 8.0; Windows NT 6.1; Trident/4.0; GTB6.6; SLCC2; .NET CLR 2.0.50727; .NET CLR 3.5.30729; .NET CLR 3.0.30729; Media Center PC 6.0; OfficeLiveConnector.1.3; OfficeLivePatch.0.0; .NET4.0C; AskTbPTF/5.9.1.14019)"
86.220.183.250 - - [30/Dec/2010:22:09:47 +0100] "GET /im/articles/PoireConf.JPG HTTP/1.1" 200 10264 "http://www.fraicolo.fr/list.php?lang=1&path=34&sort=Article&page=0" "Mozilla/4.0 (compatible; MSIE 8.0; Windows NT 6.1; Trident/4.0; GTB6.6; SLCC2; .NET CLR 2.0.50727; .NET CLR 3.5.30729; .NET CLR 3.0.30729; Media Center PC 6.0; OfficeLiveConnector.1.3; OfficeLivePatch.0.0; .NET4.0C; AskTbPTF/5.9.1.14019)"
86.220.183.250 - - [30/Dec/2010:22:09:47 +0100] "GET /im/articles/Pommesvertes.jpg HTTP/1.1" 200 3256 "http://www.fraicolo.fr/list.php?lang=1&path=34&sort=Article&page=0" "Mozilla/4.0 (compatible; MSIE 8.0; Windows NT 6.1; Trident/4.0; GTB6.6; SLCC2; .NET CLR 2.0.50727; .NET CLR 3.5.30729; .NET CLR 3.0.30729; Media Center PC 6.0; OfficeLiveConnector.1.3; OfficeLivePatch.0.0; .NET4.0C; AskTbPTF/5.9.1.14019)"
86.220.183.250 - - [30/Dec/2010:22:09:47 +0100] "GET /im/articles/PommeReinette.JPG HTTP/1.1" 200 15659 "http://www.fraicolo.fr/list.php?lang=1&path=34&sort=Article&page=0" "Mozilla/4.0 (compatible; MSIE 8.0; Windows NT 6.1; Trident/4.0; GTB6.6; SLCC2; .NET CLR 2.0.50727; .NET CLR 3.5.30729; .NET CLR 3.0.30729; Media Center PC 6.0; OfficeLiveConnector.1.3; OfficeLivePatch.0.0; .NET4.0C; AskTbPTF/5.9.1.14019)"
86.220.183.250 - - [30/Dec/2010:22:09:47 +0100] "GET /im/articles/PommePinkLady.JPG HTTP/1.1" 200 7916 "http://www.fraicolo.fr/list.php?lang=1&path=34&sort=Article&page=0" "Mozilla/4.0 (compatible; MSIE 8.0; Windows NT 6.1; Trident/4.0; GTB6.6; SLCC2; .NET CLR 2.0.50727; .NET CLR 3.5.30729; .NET CLR 3.0.30729; Media Center PC 6.0; OfficeLiveConnector.1.3; OfficeLivePatch.0.0; .NET4.0C; AskTbPTF/5.9.1.14019)"
86.220.183.250 - - [30/Dec/2010:22:09:47 +0100] "GET /im/cart.gif HTTP/1.1" 200 574 "http://www.fraicolo.fr/list.php?lang=1&path=34&sort=Article&page=0" "Mozilla/4.0 (compatible; MSIE 8.0; Windows NT 6.1; Trident/4.0; GTB6.6; SLCC2; .NET CLR 2.0.50727; .NET CLR 3.5.30729; .NET CLR 3.0.30729; Media Center PC 6.0; OfficeLiveConnector.1.3; OfficeLivePatch.0.0; .NET4.0C; AskTbPTF/5.9.1.14019)"
86.220.183.250 - - [30/Dec/2010:22:09:46 +0100] "GET /im/background/bg_shop_green.gif HTTP/1.1" 200 49144 "http://www.fraicolo.fr/list.php?lang=1&path=34&sort=Article&page=0" "Mozilla/4.0 (compatible; MSIE 8.0; Windows NT 6.1; Trident/4.0; GTB6.6; SLCC2; .NET CLR 2.0.50727; .NET CLR 3.5.30729; .NET CLR 3.0.30729; Media Center PC 6.0; OfficeLiveConnector.1.3; OfficeLivePatch.0.0; .NET4.0C; AskTbPTF/5.9.1.14019)"
86.220.183.250 - - [30/Dec/2010:22:09:47 +0100] "GET /im/cart_rem.gif HTTP/1.1" 200 368 "http://www.fraicolo.fr/list.php?lang=1&path=34&sort=Article&page=0" "Mozilla/4.0 (compatible; MSIE 8.0; Windows NT 6.1; Trident/4.0; GTB6.6; SLCC2; .NET CLR 2.0.50727; .NET CLR 3.5.30729; .NET CLR 3.0.30729; Media Center PC 6.0; OfficeLiveConnector.1.3; OfficeLivePatch.0.0; .NET4.0C; AskTbPTF/5.9.1.14019)"
86.220.183.250 - - [30/Dec/2010:22:09:47 +0100] "GET /im/cart_opt.gif HTTP/1.1" 200 365 "http://www.fraicolo.fr/list.php?lang=1&path=34&sort=Article&page=0" "Mozilla/4.0 (compatible; MSIE 8.0; Windows NT 6.1; Trident/4.0; GTB6.6; SLCC2; .NET CLR 2.0.50727; .NET CLR 3.5.30729; .NET CLR 3.0.30729; Media Center PC 6.0; OfficeLiveConnector.1.3; OfficeLivePatch.0.0; .NET4.0C; AskTbPTF/5.9.1.14019)"
86.220.183.250 - - [30/Dec/2010:22:09:48 +0100] "GET /im/cart_out.gif HTTP/1.1" 200 1030 "http://www.fraicolo.fr/list.php?lang=1&path=34&sort=Article&page=0" "Mozilla/4.0 (compatible; MSIE 8.0; Windows NT 6.1; Trident/4.0; GTB6.6; SLCC2; .NET CLR 2.0.50727; .NET CLR 3.5.30729; .NET CLR 3.0.30729; Media Center PC 6.0; OfficeLiveConnector.1.3; OfficeLivePatch.0.0; .NET4.0C; AskTbPTF/5.9.1.14019)"
86.220.183.250 - - [30/Dec/2010:22:09:48 +0100] "GET /im/lang1/menu_infos.gif HTTP/1.1" 200 2010 "http://www.fraicolo.fr/list.php?lang=1&path=34&sort=Article&page=0" "Mozilla/4.0 (compatible; MSIE 8.0; Windows NT 6.1; Trident/4.0; GTB6.6; SLCC2; .NET CLR 2.0.50727; .NET CLR 3.5.30729; .NET CLR 3.0.30729; Media Center PC 6.0; OfficeLiveConnector.1.3; OfficeLivePatch.0.0; .NET4.0C; AskTbPTF/5.9.1.14019)"
86.220.183.250 - - [30/Dec/2010:22:09:48 +0100] "GET /im/lang1/menu_id.gif HTTP/1.1" 200 2056 "http://www.fraicolo.fr/list.php?lang=1&path=34&sort=Article&page=0" "Mozilla/4.0 (compatible; MSIE 8.0; Windows NT 6.1; Trident/4.0; GTB6.6; SLCC2; .NET CLR 2.0.50727; .NET CLR 3.5.30729; .NET CLR 3.0.30729; Media Center PC 6.0; OfficeLiveConnector.1.3; OfficeLivePatch.0.0; .NET4.0C; AskTbPTF/5.9.1.14019)"
86.220.183.250 - - [30/Dec/2010:22:09:48 +0100] "GET /im/ok.gif HTTP/1.1" 200 128 "http://www.fraicolo.fr/list.php?lang=1&path=34&sort=Article&page=0" "Mozilla/4.0 (compatible; MSIE 8.0; Windows NT 6.1; Trident/4.0; GTB6.6; SLCC2; .NET CLR 2.0.50727; .NET CLR 3.5.30729; .NET CLR 3.0.30729; Media Center PC 6.0; OfficeLiveConnector.1.3; OfficeLivePatch.0.0; .NET4.0C; AskTbPTF/5.9.1.14019)"
86.220.183.250 - - [30/Dec/2010:22:09:48 +0100] "GET /im/lang1/menu_devis.gif HTTP/1.1" 200 1958 "http://www.fraicolo.fr/list.php?lang=1&path=34&sort=Article&page=0" "Mozilla/4.0 (compatible; MSIE 8.0; Windows NT 6.1; Trident/4.0; GTB6.6; SLCC2; .NET CLR 2.0.50727; .NET CLR 3.5.30729; .NET CLR 3.0.30729; Media Center PC 6.0; OfficeLiveConnector.1.3; OfficeLivePatch.0.0; .NET4.0C; AskTbPTF/5.9.1.14019)"
86.220.183.250 - - [30/Dec/2010:22:09:48 +0100] "GET /im/lang1/menu_caddie.gif HTTP/1.1" 200 2067 "http://www.fraicolo.fr/list.php?lang=1&path=34&sort=Article&page=0" "Mozilla/4.0 (compatible; MSIE 8.0; Windows NT 6.1; Trident/4.0; GTB6.6; SLCC2; .NET CLR 2.0.50727; .NET CLR 3.5.30729; .NET CLR 3.0.30729; Media Center PC 6.0; OfficeLiveConnector.1.3; OfficeLivePatch.0.0; .NET4.0C; AskTbPTF/5.9.1.14019)"
86.220.183.250 - - [30/Dec/2010:22:09:48 +0100] "GET /im/lang1/menu_subscribe.gif HTTP/1.1" 200 1877 "http://www.fraicolo.fr/list.php?lang=1&path=34&sort=Article&page=0" "Mozilla/4.0 (compatible; MSIE 8.0; Windows NT 6.1; Trident/4.0; GTB6.6; SLCC2; .NET CLR 2.0.50727; .NET CLR 3.5.30729; .NET CLR 3.0.30729; Media Center PC 6.0; OfficeLiveConnector.1.3; OfficeLivePatch.0.0; .NET4.0C; AskTbPTF/5.9.1.14019)"
86.220.183.250 - - [30/Dec/2010:22:09:48 +0100] "GET /im/background/menuright.gif HTTP/1.1" 200 1832 "http://www.fraicolo.fr/list.php?lang=1&path=34&sort=Article&page=0" "Mozilla/4.0 (compatible; MSIE 8.0; Windows NT 6.1; Trident/4.0; GTB6.6; SLCC2; .NET CLR 2.0.50727; .NET CLR 3.5.30729; .NET CLR 3.0.30729; Media Center PC 6.0; OfficeLiveConnector.1.3; OfficeLivePatch.0.0; .NET4.0C; AskTbPTF/5.9.1.14019)"
41.97.76.201 - - [30/Dec/2010:22:09:48 +0100] "GET /im/fleche_bottom_grey.gif HTTP/1.1" 200 57 "http://www.fraicolo.fr/css/scss.css" "Mozilla/5.0 (Windows; U; Windows NT 5.1; fr; rv:1.9.2.13) Gecko/20101203 Firefox/3.6.13"
78.249.189.124 - - [30/Dec/2010:22:09:55 +0100] "GET /im/loader.gif HTTP/1.1" 200 1158 "http://www.fraicolo.fr/categories.php?lang=e&path=104&num=27&action=e" "Mozilla/4.0 (compatible; MSIE 8.0; Windows NT 5.1; Trident/4.0; GTB6.3; Tablet PC 1.7; .NET CLR 1.0.3705; .NET CLR 1.1.4322; .NET CLR 2.0.50727; .NET CLR 3.0.4506.2152; .NET CLR 3.5.30729; OfficeLiveConnector.1.4; OfficeLivePatch.1.3)"
78.249.189.124 - - [30/Dec/2010:22:10:12 +0100] "GET /description.php?lang=1&path=110&id=216 HTTP/1.1" 200 11358 "http://www.fraicolo.fr/categories.php?lang=e&path=104&num=27&action=e" "Mozilla/4.0 (compatible; MSIE 8.0; Windows NT 5.1; Trident/4.0; GTB6.3; Tablet PC 1.7; .NET CLR 1.0.3705; .NET CLR 1.1.4322; .NET CLR 2.0.50727; .NET CLR 3.0.4506.2152; .NET CLR 3.5.30729; OfficeLiveConnector.1.4; OfficeLivePatch.1.3)"
78.249.189.124 - - [30/Dec/2010:22:10:13 +0100] "GET /im/f_prev.gif HTTP/1.1" 200 68 "http://www.fraicolo.fr/description.php?lang=1&path=110&id=216" "Mozilla/4.0 (compatible; MSIE 8.0; Windows NT 5.1; Trident/4.0; GTB6.3; Tablet PC 1.7; .NET CLR 1.0.3705; .NET CLR 1.1.4322; .NET CLR 2.0.50727; .NET CLR 3.0.4506.2152; .NET CLR 3.5.30729; OfficeLiveConnector.1.4; OfficeLivePatch.1.3)"
78.249.189.124 - - [30/Dec/2010:22:10:13 +0100] "GET /im/lang1/cart_add.gif HTTP/1.1" 200 481 "http://www.fraicolo.fr/description.php?lang=1&path=110&id=216" "Mozilla/4.0 (compatible; MSIE 8.0; Windows NT 5.1; Trident/4.0; GTB6.3; Tablet PC 1.7; .NET CLR 1.0.3705; .NET CLR 1.1.4322; .NET CLR 2.0.50727; .NET CLR 3.0.4506.2152; .NET CLR 3.5.30729; OfficeLiveConnector.1.4; OfficeLivePatch.1.3)"
78.249.189.124 - - [30/Dec/2010:22:10:13 +0100] "GET /im/f_next.gif HTTP/1.1" 200 67 "http://www.fraicolo.fr/description.php?lang=1&path=110&id=216" "Mozilla/4.0 (compatible; MSIE 8.0; Windows NT 5.1; Trident/4.0; GTB6.3; Tablet PC 1.7; .NET CLR 1.0.3705; .NET CLR 1.1.4322; .NET CLR 2.0.50727; .NET CLR 3.0.4506.2152; .NET CLR 3.5.30729; OfficeLiveConnector.1.4; OfficeLivePatch.1.3)"
78.249.189.124 - - [30/Dec/2010:22:10:13 +0100] "GET /im/lang1/articles.gif HTTP/1.1" 200 1100 "http://www.fraicolo.fr/description.php?lang=1&path=110&id=216" "Mozilla/4.0 (compatible; MSIE 8.0; Windows NT 5.1; Trident/4.0; GTB6.3; Tablet PC 1.7; .NET CLR 1.0.3705; .NET CLR 1.1.4322; .NET CLR 2.0.50727; .NET CLR 3.0.4506.2152; .NET CLR 3.5.30729; OfficeLiveConnector.1.4; OfficeLivePatch.1.3)"
86.220.183.250 - - [30/Dec/2010:22:10:20 +0100] "GET /list.php?lang=1&path=34&sort=Article&page=0 HTTP/1.1" 200 11970 "http://www.google.fr/imgres?imgurl=http://www.fraicolo.fr/im/articles/PommeJaune.jpg&imgrefurl=http://www.fraicolo.fr/list.php%3Flang%3D1%26path%3D34%26sort%3DArticle%26page%3D0&usg=__nG57QuoU_UOXU6dsTrSS4vuKVEQ=&h=404&w=390&sz=14&hl=fr&start=15&zoom=1&itbs=1&tbnid=JR_p-UwrQQzAwM:&tbnh=124&tbnw=120&prev=/images%3Fq%3Dpomme%26hl%3Dfr%26gbv%3D2%26tbs%3Disch:1" "Mozilla/4.0 (compatible; MSIE 8.0; Windows NT 6.1; Trident/4.0; GTB6.6; SLCC2; .NET CLR 2.0.50727; .NET CLR 3.5.30729; .NET CLR 3.0.30729; Media Center PC 6.0; OfficeLiveConnector.1.3; OfficeLivePatch.0.0; .NET4.0C; AskTbPTF/5.9.1.14019)"
78.249.189.124 - - [30/Dec/2010:22:10:23 +0100] "GET /categories.php?lang=e&path=104&num=27&action=e HTTP/1.1" 200 14538 "http://www.fraicolo.fr/catalog.php" "Mozilla/4.0 (compatible; MSIE 8.0; Windows NT 5.1; Trident/4.0; GTB6.3; Tablet PC 1.7; .NET CLR 1.0.3705; .NET CLR 1.1.4322; .NET CLR 2.0.50727; .NET CLR 3.0.4506.2152; .NET CLR 3.5.30729; OfficeLiveConnector.1.4; OfficeLivePatch.1.3)"
194.150.236.161 - - [30/Dec/2010:22:10:36 +0100] "HEAD /im/banner/Affiliation_Fraicolo_120x60.gif HTTP/1.1" 200 - "-" "-"
194.150.236.161 - - [30/Dec/2010:22:10:36 +0100] "GET /im/banner/Affiliation_Fraicolo_120x60.gif HTTP/1.1" 200 16471 "-" "PHP/5.2.6"
78.249.189.124 - - [30/Dec/2010:22:10:40 +0100] "GET /categories.php?lang=e&path=89&num=60&action=e HTTP/1.1" 200 15391 "http://www.fraicolo.fr/categories.php?lang=e&path=104&num=27&action=e" "Mozilla/4.0 (compatible; MSIE 8.0; Windows NT 5.1; Trident/4.0; GTB6.3; Tablet PC 1.7; .NET CLR 1.0.3705; .NET CLR 1.1.4322; .NET CLR 2.0.50727; .NET CLR 3.0.4506.2152; .NET CLR 3.5.30729; OfficeLiveConnector.1.4; OfficeLivePatch.1.3)"
78.249.189.124 - - [30/Dec/2010:22:10:41 +0100] "GET /im/articles/Jus20clMultifruit.JPG HTTP/1.1" 200 4759 "http://www.fraicolo.fr/categories.php?lang=e&path=89&num=60&action=e" "Mozilla/4.0 (compatible; MSIE 8.0; Windows NT 5.1; Trident/4.0; GTB6.3; Tablet PC 1.7; .NET CLR 1.0.3705; .NET CLR 1.1.4322; .NET CLR 2.0.50727; .NET CLR 3.0.4506.2152; .NET CLR 3.5.30729; OfficeLiveConnector.1.4; OfficeLivePatch.1.3)"
78.249.189.124 - - [30/Dec/2010:22:10:41 +0100] "GET /im/articles/TheMenthe.JPG HTTP/1.1" 200 41337 "http://www.fraicolo.fr/categories.php?lang=e&path=89&num=60&action=e" "Mozilla/4.0 (compatible; MSIE 8.0; Windows NT 5.1; Trident/4.0; GTB6.3; Tablet PC 1.7; .NET CLR 1.0.3705; .NET CLR 1.1.4322; .NET CLR 2.0.50727; .NET CLR 3.0.4506.2152; .NET CLR 3.5.30729; OfficeLiveConnector.1.4; OfficeLivePatch.1.3)"
78.249.189.124 - - [30/Dec/2010:22:10:41 +0100] "GET /im/articles/TheJasmin.JPG HTTP/1.1" 200 30409 "http://www.fraicolo.fr/categories.php?lang=e&path=89&num=60&action=e" "Mozilla/4.0 (compatible; MSIE 8.0; Windows NT 5.1; Trident/4.0; GTB6.3; Tablet PC 1.7; .NET CLR 1.0.3705; .NET CLR 1.1.4322; .NET CLR 2.0.50727; .NET CLR 3.0.4506.2152; .NET CLR 3.5.30729; OfficeLiveConnector.1.4; OfficeLivePatch.1.3)"
78.249.189.124 - - [30/Dec/2010:22:10:41 +0100] "GET /im/articles/CartoucheBrita.JPG HTTP/1.1" 200 9126 "http://www.fraicolo.fr/categories.php?lang=e&path=89&num=60&action=e" "Mozilla/4.0 (compatible; MSIE 8.0; Windows NT 5.1; Trident/4.0; GTB6.3; Tablet PC 1.7; .NET CLR 1.0.3705; .NET CLR 1.1.4322; .NET CLR 2.0.50727; .NET CLR 3.0.4506.2152; .NET CLR 3.5.30729; OfficeLiveConnector.1.4; OfficeLivePatch.1.3)"
78.249.189.124 - - [30/Dec/2010:22:10:42 +0100] "GET /im/articles/SodasNestea.JPG HTTP/1.1" 200 3827 "http://www.fraicolo.fr/categories.php?lang=e&path=89&num=60&action=e" "Mozilla/4.0 (compatible; MSIE 8.0; Windows NT 5.1; Trident/4.0; GTB6.3; Tablet PC 1.7; .NET CLR 1.0.3705; .NET CLR 1.1.4322; .NET CLR 2.0.50727; .NET CLR 3.0.4506.2152; .NET CLR 3.5.30729; OfficeLiveConnector.1.4; OfficeLivePatch.1.3)"
78.249.189.124 - - [30/Dec/2010:22:10:42 +0100] "GET /im/articles/CafeEquateurETHIQ2.JPG HTTP/1.1" 200 13208 "http://www.fraicolo.fr/categories.php?lang=e&path=89&num=60&action=e" "Mozilla/4.0 (compatible; MSIE 8.0; Windows NT 5.1; Trident/4.0; GTB6.3; Tablet PC 1.7; .NET CLR 1.0.3705; .NET CLR 1.1.4322; .NET CLR 2.0.50727; .NET CLR 3.0.4506.2152; .NET CLR 3.5.30729; OfficeLiveConnector.1.4; OfficeLivePatch.1.3)"
78.249.189.124 - - [30/Dec/2010:22:10:42 +0100] "GET /im/articles/SodasFanta.JPG HTTP/1.1" 200 29422 "http://www.fraicolo.fr/categories.php?lang=e&path=89&num=60&action=e" "Mozilla/4.0 (compatible; MSIE 8.0; Windows NT 5.1; Trident/4.0; GTB6.3; Tablet PC 1.7; .NET CLR 1.0.3705; .NET CLR 1.1.4322; .NET CLR 2.0.50727; .NET CLR 3.0.4506.2152; .NET CLR 3.5.30729; OfficeLiveConnector.1.4; OfficeLivePatch.1.3)"
78.249.189.124 - - [30/Dec/2010:22:10:42 +0100] "GET /im/articles/SiropCitron.JPG HTTP/1.1" 200 15098 "http://www.fraicolo.fr/categories.php?lang=e&path=89&num=60&action=e" "Mozilla/4.0 (compatible; MSIE 8.0; Windows NT 5.1; Trident/4.0; GTB6.3; Tablet PC 1.7; .NET CLR 1.0.3705; .NET CLR 1.1.4322; .NET CLR 2.0.50727; .NET CLR 3.0.4506.2152; .NET CLR 3.5.30729; OfficeLiveConnector.1.4; OfficeLivePatch.1.3)"
78.249.189.124 - - [30/Dec/2010:22:10:42 +0100] "GET /im/articles/CafePerouETHIQ2.JPG HTTP/1.1" 200 13338 "http://www.fraicolo.fr/categories.php?lang=e&path=89&num=60&action=e" "Mozilla/4.0 (compatible; MSIE 8.0; Windows NT 5.1; Trident/4.0; GTB6.3; Tablet PC 1.7; .NET CLR 1.0.3705; .NET CLR 1.1.4322; .NET CLR 2.0.50727; .NET CLR 3.0.4506.2152; .NET CLR 3.5.30729; OfficeLiveConnector.1.4; OfficeLivePatch.1.3)"
78.249.189.124 - - [30/Dec/2010:22:10:42 +0100] "GET /im/articles/JusRaisinEVERNAT.JPG HTTP/1.1" 200 8307 "http://www.fraicolo.fr/categories.php?lang=e&path=89&num=60&action=e" "Mozilla/4.0 (compatible; MSIE 8.0; Windows NT 5.1; Trident/4.0; GTB6.3; Tablet PC 1.7; .NET CLR 1.0.3705; .NET CLR 1.1.4322; .NET CLR 2.0.50727; .NET CLR 3.0.4506.2152; .NET CLR 3.5.30729; OfficeLiveConnector.1.4; OfficeLivePatch.1.3)"
78.249.189.124 - - [30/Dec/2010:22:10:42 +0100] "GET /im/articles/EauxBadoit.JPG HTTP/1.1" 200 15346 "http://www.fraicolo.fr/categories.php?lang=e&path=89&num=60&action=e" "Mozilla/4.0 (compatible; MSIE 8.0; Windows NT 5.1; Trident/4.0; GTB6.3; Tablet PC 1.7; .NET CLR 1.0.3705; .NET CLR 1.1.4322; .NET CLR 2.0.50727; .NET CLR 3.0.4506.2152; .NET CLR 3.5.30729; OfficeLiveConnector.1.4; OfficeLivePatch.1.3)"
78.249.189.124 - - [30/Dec/2010:22:10:42 +0100] "GET /im/articles/EauRoseReine.JPG HTTP/1.1" 200 8435 "http://www.fraicolo.fr/categories.php?lang=e&path=89&num=60&action=e" "Mozilla/4.0 (compatible; MSIE 8.0; Windows NT 5.1; Trident/4.0; GTB6.3; Tablet PC 1.7; .NET CLR 1.0.3705; .NET CLR 1.1.4322; .NET CLR 2.0.50727; .NET CLR 3.0.4506.2152; .NET CLR 3.5.30729; OfficeLiveConnector.1.4; OfficeLivePatch.1.3)"
78.249.189.124 - - [30/Dec/2010:22:10:42 +0100] "GET /im/articles/CocaColaLight.JPG HTTP/1.1" 200 9879 "http://www.fraicolo.fr/categories.php?lang=e&path=89&num=60&action=e" "Mozilla/4.0 (compatible; MSIE 8.0; Windows NT 5.1; Trident/4.0; GTB6.3; Tablet PC 1.7; .NET CLR 1.0.3705; .NET CLR 1.1.4322; .NET CLR 2.0.50727; .NET CLR 3.0.4506.2152; .NET CLR 3.5.30729; OfficeLiveConnector.1.4; OfficeLivePatch.1.3)"
78.249.189.124 - - [30/Dec/2010:22:10:42 +0100] "GET /im/articles/JusTomate.JPG HTTP/1.1" 200 4444 "http://www.fraicolo.fr/categories.php?lang=e&path=89&num=60&action=e" "Mozilla/4.0 (compatible; MSIE 8.0; Windows NT 5.1; Trident/4.0; GTB6.3; Tablet PC 1.7; .NET CLR 1.0.3705; .NET CLR 1.1.4322; .NET CLR 2.0.50727; .NET CLR 3.0.4506.2152; .NET CLR 3.5.30729; OfficeLiveConnector.1.4; OfficeLivePatch.1.3)"
78.249.189.124 - - [30/Dec/2010:22:10:42 +0100] "GET /im/articles/EauStDiery.JPG HTTP/1.1" 200 8573 "http://www.fraicolo.fr/categories.php?lang=e&path=89&num=60&action=e" "Mozilla/4.0 (compatible; MSIE 8.0; Windows NT 5.1; Trident/4.0; GTB6.3; Tablet PC 1.7; .NET CLR 1.0.3705; .NET CLR 1.1.4322; .NET CLR 2.0.50727; .NET CLR 3.0.4506.2152; .NET CLR 3.5.30729; OfficeLiveConnector.1.4; OfficeLivePatch.1.3)"
78.249.189.124 - - [30/Dec/2010:22:10:42 +0100] "GET /im/articles/JusMultifruitEVERNAT.JPG HTTP/1.1" 200 8991 "http://www.fraicolo.fr/categories.php?lang=e&path=89&num=60&action=e" "Mozilla/4.0 (compatible; MSIE 8.0; Windows NT 5.1; Trident/4.0; GTB6.3; Tablet PC 1.7; .NET CLR 1.0.3705; .NET CLR 1.1.4322; .NET CLR 2.0.50727; .NET CLR 3.0.4506.2152; .NET CLR 3.5.30729; OfficeLiveConnector.1.4; OfficeLivePatch.1.3)"
78.249.189.124 - - [30/Dec/2010:22:10:42 +0100] "GET /im/articles/JusOrangeEVERNAT.JPG HTTP/1.1" 200 9085 "http://www.fraicolo.fr/categories.php?lang=e&path=89&num=60&action=e" "Mozilla/4.0 (compatible; MSIE 8.0; Windows NT 5.1; Trident/4.0; GTB6.3; Tablet PC 1.7; .NET CLR 1.0.3705; .NET CLR 1.1.4322; .NET CLR 2.0.50727; .NET CLR 3.0.4506.2152; .NET CLR 3.5.30729; OfficeLiveConnector.1.4; OfficeLivePatch.1.3)"
