194.150.236.161 - - [30/Dec/2010:22:52:31 +0100] "GET /im/banner/Affiliation_Fraicolo_120x60.gif HTTP/1.1" 200 16471 "-" "PHP/5.2.6"
194.150.236.161 - - [30/Dec/2010:22:52:32 +0100] "HEAD /im/banner/Affiliation_Fraicolo_120x60.gif HTTP/1.1" 200 - "-" "-"
194.150.236.161 - - [30/Dec/2010:22:52:33 +0100] "GET /im/banner/Affiliation_Fraicolo_120x60.gif HTTP/1.1" 200 16471 "-" "PHP/5.2.6"
194.150.236.161 - - [30/Dec/2010:22:52:37 +0100] "HEAD /im/banner/Affiliation_Fraicolo_120x60.gif HTTP/1.1" 200 - "-" "-"
194.150.236.161 - - [30/Dec/2010:22:52:37 +0100] "GET /im/banner/Affiliation_Fraicolo_120x60.gif HTTP/1.1" 200 16471 "-" "PHP/5.2.6"
67.195.112.48 - - [30/Dec/2010:22:52:44 +0100] "GET /description.php?lang=1&id=416 HTTP/1.0" 200 11157 "-" "Mozilla/5.0 (compatible; Yahoo! Slurp; http://help.yahoo.com/help/us/ysearch/slurp)"
194.150.236.161 - - [30/Dec/2010:22:52:49 +0100] "HEAD /im/banner/Affiliation_Fraicolo_120x60.gif HTTP/1.1" 200 - "-" "-"
194.150.236.161 - - [30/Dec/2010:22:52:49 +0100] "GET /im/banner/Affiliation_Fraicolo_120x60.gif HTTP/1.1" 200 16471 "-" "PHP/5.2.6"
87.88.86.210 - - [30/Dec/2010:22:52:56 +0100] "GET /im/articles/Lasagne.JPG HTTP/1.1" 200 26926 "http://www.stereopoly.com/jeu/profil.php?id=844300" "Mozilla/5.0 (Windows; U; Windows NT 6.1; fr; rv:1.9.2.13) Gecko/20101203 Firefox/3.6.13"
83.112.191.222 - - [30/Dec/2010:22:53:17 +0100] "GET /im/articles/SodasCocaCola.JPG HTTP/1.1" 304 - "http://mon-amie.eklablog.com/salut-tout-le-mondes-a2406742" "Mozilla/5.0 (Windows; U; Windows NT 6.1; en-US) AppleWebKit/534.10 (KHTML, like Gecko) Chrome/8.0.552.224 Safari/534.10"
93.14.72.16 - - [30/Dec/2010:22:53:18 +0100] "GET /im/articles/ChipsTraiteur.JPG HTTP/1.1" 200 31181 "http://www.eternia-fr.net/news_903_film-13-le-maitre-de-l-illusion-zoroark-disponible-en-vostfr.html" "Mozilla/4.0 (compatible; MSIE 8.0; Windows NT 6.1; WOW64; Trident/4.0; GTB6.6; SLCC2; .NET CLR 2.0.50727; .NET CLR 3.5.30729; .NET CLR 3.0.30729; Media Center PC 6.0; OfficeLiveConnector.1.5; OfficeLivePatch.1.3; .NET4.0C)"
65.52.49.77 - - [30/Dec/2010:22:53:25 +0100] "GET /robots.txt HTTP/1.1" 200 13 "-" "Mozilla/5.0 (compatible; bingbot/2.0; +http://www.bing.com/bingbot.htm)"
194.150.236.161 - - [30/Dec/2010:22:53:27 +0100] "HEAD /im/banner/Affiliation_Fraicolo_120x60.gif HTTP/1.1" 200 - "-" "-"
194.150.236.161 - - [30/Dec/2010:22:53:27 +0100] "GET /im/banner/Affiliation_Fraicolo_120x60.gif HTTP/1.1" 200 16471 "-" "PHP/5.2.6"
81.249.85.31 - - [30/Dec/2010:22:53:47 +0100] "GET /favicon.ico HTTP/1.0" 200 1150 "-" "Safari/6533.19.4 CFNetwork/454.11.5 Darwin/10.5.0 (i386) (iMac6%2C1)"
81.52.143.30 - - [30/Dec/2010:22:54:08 +0100] "GET /description.php?lang=1&path=80&sort=Article&page=0&id=1252 HTTP/1.1" 404 - "-" "Mozilla/5.0 (Windows; U; Windows NT 5.1; fr; rv:1.8.1) VoilaBot BETA 1.2 (support.voilabot@orange-ftgroup.com)"
88.163.181.40 - - [30/Dec/2010:22:54:32 +0100] "GET /im/articles/ChipsTraiteur.JPG HTTP/1.1" 206 12628 "-" "Mozilla/5.0 (Windows; U; Windows NT 6.1; fr; rv:1.9.2.13) Gecko/20101203 Firefox/3.6.13"
66.249.71.6 - - [30/Dec/2010:22:55:13 +0100] "GET /categories.php?lang=e&path=29&num=17&action=e&AdSearch=on HTTP/1.1" 200 16745 "-" "Mozilla/5.0 (compatible; Googlebot/2.1; +http://www.google.com/bot.html)"
207.46.199.171 - - [30/Dec/2010:22:55:28 +0100] "GET /robots.txt HTTP/1.1" 200 33 "-" "msnbot-media/1.1 (+http://search.msn.com/msnbot.htm)"
207.46.199.171 - - [30/Dec/2010:22:55:28 +0100] "GET /im/articles/SodasFanta.JPG HTTP/1.1" 200 29422 "-" "msnbot-media/1.1 (+http://search.msn.com/msnbot.htm)"
193.252.118.176 - - [30/Dec/2010:22:55:50 +0100] "GET /description.php?lang=1&sort=specials_last_day&id=1798&target=promo HTTP/1.1" 404 - "-" "Mozilla/5.0 (Windows; U; Windows NT 5.1; fr; rv:1.8.1) VoilaBot BETA 1.2 (support.voilabot@orange-ftgroup.com)"
92.141.89.86 - - [30/Dec/2010:22:56:07 +0100] "GET /im/articles/YaourtNature.JPG HTTP/1.1" 200 58876 "http://www.comlive.net/Branlettes-Entre-Potes,215532.htm" "Mozilla/5.0 (Macintosh; U; Intel Mac OS X 10_6_5; en-US) AppleWebKit/534.10 (KHTML, like Gecko) Chrome/8.0.552.231 Safari/534.10"
194.150.236.161 - - [30/Dec/2010:22:56:14 +0100] "HEAD /im/banner/Affiliation_Fraicolo_120x60.gif HTTP/1.1" 200 - "-" "-"
194.150.236.161 - - [30/Dec/2010:22:56:14 +0100] "GET /im/banner/Affiliation_Fraicolo_120x60.gif HTTP/1.1" 200 16471 "-" "PHP/5.2.6"
194.150.236.161 - - [30/Dec/2010:22:56:26 +0100] "HEAD /im/banner/Affiliation_Fraicolo_120x60.gif HTTP/1.1" 200 - "-" "-"
194.150.236.161 - - [30/Dec/2010:22:56:27 +0100] "GET /im/banner/Affiliation_Fraicolo_120x60.gif HTTP/1.1" 200 16471 "-" "PHP/5.2.6"
92.154.81.133 - - [30/Dec/2010:22:56:34 +0100] "GET /im/articles/ChipsTraiteur.JPG HTTP/1.1" 200 31181 "http://www.eternia-fr.net/news_903_film-13-le-maitre-de-l-illusion-zoroark-disponible-en-vostfr.html" "Mozilla/4.0 (compatible; MSIE 8.0; Windows NT 6.1; WOW64; Trident/4.0; SLCC2; .NET CLR 2.0.50727; .NET CLR 3.5.30729; .NET CLR 3.0.30729; Media Center PC 6.0; .NET4.0C)"
67.195.112.48 - - [30/Dec/2010:22:56:46 +0100] "GET /description.php?lang=1&id=790 HTTP/1.0" 200 11119 "-" "Mozilla/5.0 (compatible; Yahoo! Slurp; http://help.yahoo.com/help/us/ysearch/slurp)"
66.249.71.193 - - [30/Dec/2010:22:57:39 +0100] "GET /list.php?lang=1&path=144&num=55&action=n&sort=Article&page=0&AdSearch=on HTTP/1.1" 200 12799 "-" "Mozilla/5.0 (compatible; Googlebot/2.1; +http://www.google.com/bot.html)"
86.201.163.201 - - [30/Dec/2010:22:57:53 +0100] "GET /im/articles/BarquetteFraise.JPG HTTP/1.1" 200 60638 "http://www.mamanstestent.com/search/label/Mais%20comment%20fais%20tu%3F%3F%20%20Astuces%20z%C3%A9%20conseils?updated-max=2010-10-08T14%3A45%3A00%2B02%3A00&max-results=20" "Mozilla/4.0 (compatible; MSIE 8.0; Windows NT 6.1; WOW64; Trident/4.0; SLCC2; .NET CLR 2.0.50727; .NET CLR 3.5.30729; .NET CLR 3.0.30729; Media Center PC 6.0; CPNTDF; InfoPath.2; .NET4.0C)"
83.112.191.222 - - [30/Dec/2010:22:58:20 +0100] "GET /im/articles/SodasCocaCola.JPG HTTP/1.1" 304 - "http://mon-amie.eklablog.com/salut-tout-le-mondes-a2406742" "Mozilla/5.0 (Windows; U; Windows NT 6.1; en-US) AppleWebKit/534.10 (KHTML, like Gecko) Chrome/8.0.552.224 Safari/534.10"
90.52.130.206 - - [30/Dec/2010:22:58:31 +0100] "GET /im/articles/ChipsTraiteur.JPG HTTP/1.1" 200 31181 "http://www.eternia-fr.net/news_882_best-wishes-09-disponible-en-vostfr.html" "Mozilla/5.0 (Windows; U; Windows NT 6.1; en-US) AppleWebKit/534.10 (KHTML, like Gecko) Chrome/8.0.552.224 Safari/534.10"
89.85.245.91 - - [30/Dec/2010:22:59:18 +0100] "GET /im/articles/Lasagne.JPG HTTP/1.1" 200 26926 "http://www.stereopoly.com/jeu/profil.php?id=844300" "Mozilla/5.0 (Windows; U; Windows NT 6.1; fr; rv:1.9.1.16) Gecko/20101130 Firefox/3.5.16"
81.52.143.37 - - [30/Dec/2010:22:59:24 +0100] "GET /description.php?lang=1&path=135&id=1135 HTTP/1.1" 404 - "-" "Mozilla/5.0 (Windows; U; Windows NT 5.1; fr; rv:1.8.1) VoilaBot BETA 1.2 (support.voilabot@orange-ftgroup.com)"
88.176.86.191 - - [30/Dec/2010:22:59:26 +0100] "GET /im/articles/Granola.JPG HTTP/1.1" 200 59905 "-" "Mozilla/5.0 (Windows; U; Windows NT 6.1; en-US) AppleWebKit/534.10 (KHTML, like Gecko) Chrome/8.0.552.224 Safari/534.10"
90.39.230.14 - - [30/Dec/2010:22:59:29 +0100] "GET /im/articles/ChipsTraiteur.JPG HTTP/1.1" 200 31181 "http://www.eternia-fr.net/news_899_best-wishes-14-disponible-en-vostfr.html" "Mozilla/5.0 (Windows; U; Windows NT 6.1; en-US) AppleWebKit/534.10 (KHTML, like Gecko) Chrome/8.0.552.224 Safari/534.10"
81.220.177.236 - - [30/Dec/2010:22:59:56 +0100] "GET /im/articles/PanierFete.JPG HTTP/1.1" 200 67909 "http://montpellier.onvasortir.com/reveillons-nous-et-allons-hop-2011-496181.html" "Mozilla/5.0 (X11; U; Linux i686; en-US; rv:1.9.2.13) Gecko/20101229 Mandriva Linux/1.9.2.13-0.2mdv2010.0 (2010.0) Firefox/3.6.13"
194.150.236.161 - - [30/Dec/2010:23:00:02 +0100] "HEAD /im/banner/Affiliation_Fraicolo_120x60.gif HTTP/1.1" 200 - "-" "-"
194.150.236.161 - - [30/Dec/2010:23:00:02 +0100] "GET /im/banner/Affiliation_Fraicolo_120x60.gif HTTP/1.1" 200 16471 "-" "PHP/5.2.6"
92.145.203.50 - - [30/Dec/2010:23:00:03 +0100] "GET /im/articles/RaisinBlanc.jpg HTTP/1.1" 200 50263 "http://www.google.fr/imgres?imgurl=http://www.fraicolo.fr/im/articles/RaisinBlanc.jpg&imgrefurl=http://cgi.befr.ebay.be/VIGNE-PORTEUSE-RAISINS-BLANCS-CONVIENT-REGIONS-FROIDES-/170554161875&usg=__Hs4bpfqZTxe6LV-1ZTHuzTexyiA=&h=686&w=934&sz=50&hl=fr&start=4&zoom=1&itbs=1&tbnid=9b7GcHp3km_a1M:&tbnh=108&tbnw=147&prev=/images%3Fq%3Draisins%26hl%3Dfr%26gbv%3D2%26tbs%3Disch:1" "Mozilla/5.0 (Windows; U; Windows NT 6.1; en-US) AppleWebKit/534.10 (KHTML, like Gecko) Chrome/8.0.552.224 Safari/534.10"
92.145.203.50 - - [30/Dec/2010:23:00:04 +0100] "GET /favicon.ico HTTP/1.1" 200 293 "-" "Mozilla/5.0 (Windows; U; Windows NT 6.1; en-US) AppleWebKit/534.10 (KHTML, like Gecko) Chrome/8.0.552.224 Safari/534.10"
82.228.99.198 - - [30/Dec/2010:23:00:04 +0100] "GET /im/articles/ChipsTraiteur.JPG HTTP/1.0" 304 - "http://www.eternia-fr.net/news_903_film-13-le-maitre-de-l-illusion-zoroark-disponible-en-vostfr.html" "Mozilla/4.0 (compatible; MSIE 8.0; Windows NT 6.0; Trident/4.0; GTB6.6; SLCC1; .NET CLR 2.0.50727; .NET CLR 1.1.4322; .NET CLR 3.5.30729; .NET CLR 3.0.30729; .NET4.0C)"
84.6.30.210 - - [30/Dec/2010:23:00:09 +0100] "GET /im/articles/PetitBeurre.JPG HTTP/1.1" 200 47114 "http://www.team-shaolin.com/forums/topic/10666-idee-de-defis/" "Mozilla/5.0 (Windows NT 6.1; WOW64; rv:2.0b8) Gecko/20100101 Firefox/4.0b8"
66.249.71.193 - - [30/Dec/2010:23:00:12 +0100] "GET /description.php?lang=1&id=1005&AdSearch=on HTTP/1.1" 200 12245 "-" "Mozilla/5.0 (compatible; Googlebot/2.1; +http://www.google.com/bot.html)"
91.179.187.31 - - [30/Dec/2010:23:00:18 +0100] "GET /im/articles/ChipsTraiteur.JPG HTTP/1.1" 200 31181 "http://www.eternia-fr.net/news_900_date-de-sortie-de-b-w-noms.html" "Mozilla/4.0 (compatible; MSIE 8.0; Windows NT 6.1; WOW64; Trident/4.0; FunWebProducts; GTB6.6; SIMBAR={96616770-DE75-11DF-AE13-002511AE6DFF}; SLCC2; .NET CLR 2.0.50727; .NET CLR 3.5.30729; .NET CLR 3.0.30729; Media Center PC 6.0; .NET4.0C; AskTB5.6)"
93.0.166.28 - - [30/Dec/2010:23:00:30 +0100] "GET /im/articles/ChipsTraiteur.JPG HTTP/1.1" 200 31181 "http://www.eternia-fr.net/news_898_film-13-aux-usa-titre-bw-18-noms-us-des-singes-date-de-sortie-fr-de-b-w.html" "Mozilla/4.0 (compatible; MSIE 8.0; Windows NT 6.0; Trident/4.0; FBSMTWB; GTB6.6; SLCC1; .NET CLR 2.0.50727; Media Center PC 5.0; .NET CLR 3.5.30729; .NET CLR 3.0.30618; OfficeLiveConnector.1.3; OfficeLivePatch.0.0; AskTbUT2V5/5.9.1.14019)"
194.150.236.161 - - [30/Dec/2010:23:01:41 +0100] "HEAD /im/banner/Affiliation_Fraicolo_120x60.gif HTTP/1.1" 200 - "-" "-"
194.150.236.161 - - [30/Dec/2010:23:01:41 +0100] "GET /im/banner/Affiliation_Fraicolo_120x60.gif HTTP/1.1" 200 16471 "-" "PHP/5.2.6"
88.161.29.211 - - [30/Dec/2010:23:02:14 +0100] "GET /im/articles/Granola.JPG HTTP/1.1" 200 59905 "-" "Mozilla/5.0 (Windows; U; Windows NT 6.1; en-US) AppleWebKit/534.10 (KHTML, like Gecko) Chrome/8.0.552.224 Safari/534.10"
86.196.67.111 - - [30/Dec/2010:23:02:31 +0100] "GET /im/articles/ChipsTraiteur.JPG HTTP/1.1" 200 31181 "http://www.eternia-fr.net/news_903_film-13-le-maitre-de-l-illusion-zoroark-disponible-en-vostfr.html" "Mozilla/4.0 (compatible; MSIE 8.0; Windows NT 6.1; WOW64; Trident/4.0; GTB6.6; SLCC2; .NET CLR 2.0.50727; .NET CLR 3.5.30729; .NET CLR 3.0.30729; Media Center PC 6.0; .NET CLR 1.1.4322; OfficeLiveConnector.1.5; OfficeLivePatch.1.3; .NET4.0C; AskTB5.6)"
77.240.198.103 - - [30/Dec/2010:23:02:46 +0100] "GET /im/articles/ChipsTraiteur.JPG HTTP/1.1" 200 31181 "http://www.eternia-fr.net/news_903_film-13-le-maitre-de-l-illusion-zoroark-disponible-en-vostfr.html" "Mozilla/5.0 (Windows; U; Windows NT 6.0; fr; rv:1.9.2.13) Gecko/20101203 Firefox/3.6.13 ( .NET CLR 3.5.30729; .NET4.0C)"
67.195.112.48 - - [30/Dec/2010:23:02:58 +0100] "GET /categories.php?lang=1&path=89&num=41&action=n&sort=Article HTTP/1.0" 200 15363 "-" "Mozilla/5.0 (compatible; Yahoo! Slurp; http://help.yahoo.com/help/us/ysearch/slurp)"
92.153.70.25 - - [30/Dec/2010:23:02:59 +0100] "GET /im/articles/ChipsTraiteur.JPG HTTP/1.1" 200 31181 "http://www.eternia-fr.net/news_903_film-13-le-maitre-de-l-illusion-zoroark-disponible-en-vostfr.html" "Mozilla/4.0 (compatible; MSIE 8.0; Windows NT 5.1; Trident/4.0)"
194.150.236.161 - - [30/Dec/2010:23:03:22 +0100] "HEAD /im/banner/Affiliation_Fraicolo_120x60.gif HTTP/1.1" 200 - "-" "-"
194.150.236.161 - - [30/Dec/2010:23:03:22 +0100] "GET /im/banner/Affiliation_Fraicolo_120x60.gif HTTP/1.1" 200 16471 "-" "PHP/5.2.6"
88.174.73.96 - - [30/Dec/2010:23:03:30 +0100] "GET /categories.php?lang=1&path=88&num=75&action=n&sort=Article HTTP/1.1" 200 15909 "http://www.google.fr/imgres?imgurl=http://www.fraicolo.fr/im/articles/Granola.JPG&imgrefurl=http://www.fraicolo.fr/categories.php%3Flang%3D1%26path%3D88%26num%3D75%26action%3Dn%26sort%3DArticle&usg=__uDBDYtTd5LDz-F012nK4j6IsPTQ=&h=625&w=959&sz=59&hl=fr&start=1&zoom=1&um=1&itbs=1&tbnid=jQDHrUxGeLR_XM:&tbnh=96&tbnw=148&prev=/images%3Fq%3Dgranola%2Blu%26um%3D1%26hl%3Dfr%26sa%3DX%26tbs%3Disch:1" "Mozilla/5.0 (Macintosh; U; Intel Mac OS X 10_6_5; en-US) AppleWebKit/534.10 (KHTML, like Gecko) Chrome/8.0.552.231 Safari/534.10"
88.174.73.96 - - [30/Dec/2010:23:03:30 +0100] "GET /css/scss.css HTTP/1.1" 200 3683 "http://www.fraicolo.fr/categories.php?lang=1&path=88&num=75&action=n&sort=Article" "Mozilla/5.0 (Macintosh; U; Intel Mac OS X 10_6_5; en-US) AppleWebKit/534.10 (KHTML, like Gecko) Chrome/8.0.552.231 Safari/534.10"
88.174.73.96 - - [30/Dec/2010:23:03:30 +0100] "GET /includes/popImage.js HTTP/1.1" 200 1233 "http://www.fraicolo.fr/categories.php?lang=1&path=88&num=75&action=n&sort=Article" "Mozilla/5.0 (Macintosh; U; Intel Mac OS X 10_6_5; en-US) AppleWebKit/534.10 (KHTML, like Gecko) Chrome/8.0.552.231 Safari/534.10"
88.174.73.96 - - [30/Dec/2010:23:03:31 +0100] "GET /im/background/bg_green.gif HTTP/1.1" 200 2395 "http://www.fraicolo.fr/categories.php?lang=1&path=88&num=75&action=n&sort=Article" "Mozilla/5.0 (Macintosh; U; Intel Mac OS X 10_6_5; en-US) AppleWebKit/534.10 (KHTML, like Gecko) Chrome/8.0.552.231 Safari/534.10"
88.174.73.96 - - [30/Dec/2010:23:03:31 +0100] "GET /im/LOGOFraicolo.png HTTP/1.1" 200 21138 "http://www.fraicolo.fr/categories.php?lang=1&path=88&num=75&action=n&sort=Article" "Mozilla/5.0 (Macintosh; U; Intel Mac OS X 10_6_5; en-US) AppleWebKit/534.10 (KHTML, like Gecko) Chrome/8.0.552.231 Safari/534.10"
88.174.73.96 - - [30/Dec/2010:23:03:31 +0100] "GET /im/zzz.gif HTTP/1.1" 200 49 "http://www.fraicolo.fr/categories.php?lang=1&path=88&num=75&action=n&sort=Article" "Mozilla/5.0 (Macintosh; U; Intel Mac OS X 10_6_5; en-US) AppleWebKit/534.10 (KHTML, like Gecko) Chrome/8.0.552.231 Safari/534.10"
88.174.73.96 - - [30/Dec/2010:23:03:31 +0100] "GET /im/accueil.gif HTTP/1.1" 200 511 "http://www.fraicolo.fr/categories.php?lang=1&path=88&num=75&action=n&sort=Article" "Mozilla/5.0 (Macintosh; U; Intel Mac OS X 10_6_5; en-US) AppleWebKit/534.10 (KHTML, like Gecko) Chrome/8.0.552.231 Safari/534.10"
88.174.73.96 - - [30/Dec/2010:23:03:31 +0100] "GET /im/fleche_bottom.gif HTTP/1.1" 200 57 "http://www.fraicolo.fr/categories.php?lang=1&path=88&num=75&action=n&sort=Article" "Mozilla/5.0 (Macintosh; U; Intel Mac OS X 10_6_5; en-US) AppleWebKit/534.10 (KHTML, like Gecko) Chrome/8.0.552.231 Safari/534.10"
88.174.73.96 - - [30/Dec/2010:23:03:31 +0100] "GET /im/path.gif HTTP/1.1" 200 363 "http://www.fraicolo.fr/categories.php?lang=1&path=88&num=75&action=n&sort=Article" "Mozilla/5.0 (Macintosh; U; Intel Mac OS X 10_6_5; en-US) AppleWebKit/534.10 (KHTML, like Gecko) Chrome/8.0.552.231 Safari/534.10"
88.174.73.96 - - [30/Dec/2010:23:03:31 +0100] "GET /im/background/menuleft.gif HTTP/1.1" 200 1837 "http://www.fraicolo.fr/categories.php?lang=1&path=88&num=75&action=n&sort=Article" "Mozilla/5.0 (Macintosh; U; Intel Mac OS X 10_6_5; en-US) AppleWebKit/534.10 (KHTML, like Gecko) Chrome/8.0.552.231 Safari/534.10"
88.174.73.96 - - [30/Dec/2010:23:03:31 +0100] "GET /im/background/module_left.gif HTTP/1.1" 200 323 "http://www.fraicolo.fr/categories.php?lang=1&path=88&num=75&action=n&sort=Article" "Mozilla/5.0 (Macintosh; U; Intel Mac OS X 10_6_5; en-US) AppleWebKit/534.10 (KHTML, like Gecko) Chrome/8.0.552.231 Safari/534.10"
88.174.73.96 - - [30/Dec/2010:23:03:31 +0100] "GET /im/background/bg_shop_green.gif HTTP/1.1" 200 49144 "http://www.fraicolo.fr/categories.php?lang=1&path=88&num=75&action=n&sort=Article" "Mozilla/5.0 (Macintosh; U; Intel Mac OS X 10_6_5; en-US) AppleWebKit/534.10 (KHTML, like Gecko) Chrome/8.0.552.231 Safari/534.10"
88.174.73.96 - - [30/Dec/2010:23:03:31 +0100] "GET /im/lang1/menu_search.gif HTTP/1.1" 200 1955 "http://www.fraicolo.fr/categories.php?lang=1&path=88&num=75&action=n&sort=Article" "Mozilla/5.0 (Macintosh; U; Intel Mac OS X 10_6_5; en-US) AppleWebKit/534.10 (KHTML, like Gecko) Chrome/8.0.552.231 Safari/534.10"
88.174.73.96 - - [30/Dec/2010:23:03:31 +0100] "GET /im/search.gif HTTP/1.1" 200 681 "http://www.fraicolo.fr/categories.php?lang=1&path=88&num=75&action=n&sort=Article" "Mozilla/5.0 (Macintosh; U; Intel Mac OS X 10_6_5; en-US) AppleWebKit/534.10 (KHTML, like Gecko) Chrome/8.0.552.231 Safari/534.10"
88.174.73.96 - - [30/Dec/2010:23:03:31 +0100] "GET /includes/menu/plus.gif HTTP/1.1" 200 71 "http://www.fraicolo.fr/categories.php?lang=1&path=88&num=75&action=n&sort=Article" "Mozilla/5.0 (Macintosh; U; Intel Mac OS X 10_6_5; en-US) AppleWebKit/534.10 (KHTML, like Gecko) Chrome/8.0.552.231 Safari/534.10"
88.174.73.96 - - [30/Dec/2010:23:03:31 +0100] "GET /im/lang1/menu_com.gif HTTP/1.1" 200 2071 "http://www.fraicolo.fr/categories.php?lang=1&path=88&num=75&action=n&sort=Article" "Mozilla/5.0 (Macintosh; U; Intel Mac OS X 10_6_5; en-US) AppleWebKit/534.10 (KHTML, like Gecko) Chrome/8.0.552.231 Safari/534.10"
88.174.73.96 - - [30/Dec/2010:23:03:31 +0100] "GET /im/banner/bannercorporate1.jpg HTTP/1.1" 200 44430 "http://www.fraicolo.fr/categories.php?lang=1&path=88&num=75&action=n&sort=Article" "Mozilla/5.0 (Macintosh; U; Intel Mac OS X 10_6_5; en-US) AppleWebKit/534.10 (KHTML, like Gecko) Chrome/8.0.552.231 Safari/534.10"
88.174.73.96 - - [30/Dec/2010:23:03:31 +0100] "GET /im/payment.gif HTTP/1.1" 200 2578 "http://www.fraicolo.fr/categories.php?lang=1&path=88&num=75&action=n&sort=Article" "Mozilla/5.0 (Macintosh; U; Intel Mac OS X 10_6_5; en-US) AppleWebKit/534.10 (KHTML, like Gecko) Chrome/8.0.552.231 Safari/534.10"
88.174.73.96 - - [30/Dec/2010:23:03:31 +0100] "GET /im/zzz_gris.gif HTTP/1.1" 200 41 "http://www.fraicolo.fr/categories.php?lang=1&path=88&num=75&action=n&sort=Article" "Mozilla/5.0 (Macintosh; U; Intel Mac OS X 10_6_5; en-US) AppleWebKit/534.10 (KHTML, like Gecko) Chrome/8.0.552.231 Safari/534.10"
88.174.73.96 - - [30/Dec/2010:23:03:31 +0100] "GET /im/articles/PetitsBeurres.JPG HTTP/1.1" 200 18545 "http://www.fraicolo.fr/categories.php?lang=1&path=88&num=75&action=n&sort=Article" "Mozilla/5.0 (Macintosh; U; Intel Mac OS X 10_6_5; en-US) AppleWebKit/534.10 (KHTML, like Gecko) Chrome/8.0.552.231 Safari/534.10"
88.174.73.96 - - [30/Dec/2010:23:03:31 +0100] "GET /im/stockok.gif HTTP/1.1" 200 920 "http://www.fraicolo.fr/categories.php?lang=1&path=88&num=75&action=n&sort=Article" "Mozilla/5.0 (Macintosh; U; Intel Mac OS X 10_6_5; en-US) AppleWebKit/534.10 (KHTML, like Gecko) Chrome/8.0.552.231 Safari/534.10"
88.174.73.96 - - [30/Dec/2010:23:03:31 +0100] "GET /im/articles/CakeBIO.jpg HTTP/1.1" 200 14961 "http://www.fraicolo.fr/categories.php?lang=1&path=88&num=75&action=n&sort=Article" "Mozilla/5.0 (Macintosh; U; Intel Mac OS X 10_6_5; en-US) AppleWebKit/534.10 (KHTML, like Gecko) Chrome/8.0.552.231 Safari/534.10"
88.174.73.96 - - [30/Dec/2010:23:03:31 +0100] "GET /im/articles/Palmier.JPG HTTP/1.1" 200 12999 "http://www.fraicolo.fr/categories.php?lang=1&path=88&num=75&action=n&sort=Article" "Mozilla/5.0 (Macintosh; U; Intel Mac OS X 10_6_5; en-US) AppleWebKit/534.10 (KHTML, like Gecko) Chrome/8.0.552.231 Safari/534.10"
88.174.73.96 - - [30/Dec/2010:23:03:31 +0100] "GET /categories.php?lang=1&path=88&num=75&action=n&sort=Article HTTP/1.1" 200 15851 "http://www.fraicolo.fr/categories.php?lang=1&path=88&num=75&action=n&sort=Article" "Mozilla/5.0 (Macintosh; U; Intel Mac OS X 10_6_5; en-US) AppleWebKit/534.10 (KHTML, like Gecko) Chrome/8.0.552.231 Safari/534.10"
88.174.73.96 - - [30/Dec/2010:23:03:32 +0100] "GET /im/articles/PetitBeurre.JPG HTTP/1.1" 200 47114 "http://www.fraicolo.fr/categories.php?lang=1&path=88&num=75&action=n&sort=Article" "Mozilla/5.0 (Macintosh; U; Intel Mac OS X 10_6_5; en-US) AppleWebKit/534.10 (KHTML, like Gecko) Chrome/8.0.552.231 Safari/534.10"
88.174.73.96 - - [30/Dec/2010:23:03:32 +0100] "GET /im/articles/PetitEcolier.JPG HTTP/1.1" 200 54336 "http://www.fraicolo.fr/categories.php?lang=1&path=88&num=75&action=n&sort=Article" "Mozilla/5.0 (Macintosh; U; Intel Mac OS X 10_6_5; en-US) AppleWebKit/534.10 (KHTML, like Gecko) Chrome/8.0.552.231 Safari/534.10"
88.174.73.96 - - [30/Dec/2010:23:03:32 +0100] "GET /im/articles/MeringuesChocoBIO.JPG HTTP/1.1" 200 42464 "http://www.fraicolo.fr/categories.php?lang=1&path=88&num=75&action=n&sort=Article" "Mozilla/5.0 (Macintosh; U; Intel Mac OS X 10_6_5; en-US) AppleWebKit/534.10 (KHTML, like Gecko) Chrome/8.0.552.231 Safari/534.10"
88.174.73.96 - - [30/Dec/2010:23:03:32 +0100] "GET /im/articles/MielGatinais.JPG HTTP/1.1" 200 14711 "http://www.fraicolo.fr/categories.php?lang=1&path=88&num=75&action=n&sort=Article" "Mozilla/5.0 (Macintosh; U; Intel Mac OS X 10_6_5; en-US) AppleWebKit/534.10 (KHTML, like Gecko) Chrome/8.0.552.231 Safari/534.10"
88.174.73.96 - - [30/Dec/2010:23:03:32 +0100] "GET /im/articles/CompPomme.JPG HTTP/1.1" 200 23482 "http://www.fraicolo.fr/categories.php?lang=1&path=88&num=75&action=n&sort=Article" "Mozilla/5.0 (Macintosh; U; Intel Mac OS X 10_6_5; en-US) AppleWebKit/534.10 (KHTML, like Gecko) Chrome/8.0.552.231 Safari/534.10"
88.174.73.96 - - [30/Dec/2010:23:03:32 +0100] "GET /im/articles/ConfitureBIOOrange.JPG HTTP/1.1" 200 10292 "http://www.fraicolo.fr/categories.php?lang=1&path=88&num=75&action=n&sort=Article" "Mozilla/5.0 (Macintosh; U; Intel Mac OS X 10_6_5; en-US) AppleWebKit/534.10 (KHTML, like Gecko) Chrome/8.0.552.231 Safari/534.10"
88.174.73.96 - - [30/Dec/2010:23:03:32 +0100] "GET /im/articles/CompPommeFraise.JPG HTTP/1.1" 200 25574 "http://www.fraicolo.fr/categories.php?lang=1&path=88&num=75&action=n&sort=Article" "Mozilla/5.0 (Macintosh; U; Intel Mac OS X 10_6_5; en-US) AppleWebKit/534.10 (KHTML, like Gecko) Chrome/8.0.552.231 Safari/534.10"
88.174.73.96 - - [30/Dec/2010:23:03:32 +0100] "GET /im/articles/ConfitureRouge.JPG HTTP/1.1" 200 19996 "http://www.fraicolo.fr/categories.php?lang=1&path=88&num=75&action=n&sort=Article" "Mozilla/5.0 (Macintosh; U; Intel Mac OS X 10_6_5; en-US) AppleWebKit/534.10 (KHTML, like Gecko) Chrome/8.0.552.231 Safari/534.10"
88.174.73.96 - - [30/Dec/2010:23:03:32 +0100] "GET /im/articles/ComBioPommeMyrtille.JPG HTTP/1.1" 200 25818 "http://www.fraicolo.fr/categories.php?lang=1&path=88&num=75&action=n&sort=Article" "Mozilla/5.0 (Macintosh; U; Intel Mac OS X 10_6_5; en-US) AppleWebKit/534.10 (KHTML, like Gecko) Chrome/8.0.552.231 Safari/534.10"
88.174.73.96 - - [30/Dec/2010:23:03:32 +0100] "GET /im/articles/PailleDor.JPG HTTP/1.1" 200 54573 "http://www.fraicolo.fr/categories.php?lang=1&path=88&num=75&action=n&sort=Article" "Mozilla/5.0 (Macintosh; U; Intel Mac OS X 10_6_5; en-US) AppleWebKit/534.10 (KHTML, like Gecko) Chrome/8.0.552.231 Safari/534.10"
88.174.73.96 - - [30/Dec/2010:23:03:32 +0100] "GET /im/articles/MadeleineNature.JPG HTTP/1.1" 200 24738 "http://www.fraicolo.fr/categories.php?lang=1&path=88&num=75&action=n&sort=Article" "Mozilla/5.0 (Macintosh; U; Intel Mac OS X 10_6_5; en-US) AppleWebKit/534.10 (KHTML, like Gecko) Chrome/8.0.552.231 Safari/534.10"
88.174.73.96 - - [30/Dec/2010:23:03:32 +0100] "GET /im/articles/Granola.JPG HTTP/1.1" 200 59905 "http://www.google.fr/imgres?imgurl=http://www.fraicolo.fr/im/articles/Granola.JPG&imgrefurl=http://www.fraicolo.fr/categories.php%3Flang%3D1%26path%3D88%26num%3D75%26action%3Dn%26sort%3DArticle&usg=__uDBDYtTd5LDz-F012nK4j6IsPTQ=&h=625&w=959&sz=59&hl=fr&start=1&zoom=1&um=1&itbs=1&tbnid=jQDHrUxGeLR_XM:&tbnh=96&tbnw=148&prev=/images%3Fq%3Dgranola%2Blu%26um%3D1%26hl%3Dfr%26sa%3DX%26tbs%3Disch:1" "Mozilla/5.0 (Macintosh; U; Intel Mac OS X 10_6_5; en-US) AppleWebKit/534.10 (KHTML, like Gecko) Chrome/8.0.552.231 Safari/534.10"
88.174.73.96 - - [30/Dec/2010:23:03:33 +0100] "GET /favicon.ico HTTP/1.1" 200 293 "-" "Mozilla/5.0 (Macintosh; U; Intel Mac OS X 10_6_5; en-US) AppleWebKit/534.10 (KHTML, like Gecko) Chrome/8.0.552.231 Safari/534.10"
194.150.236.161 - - [30/Dec/2010:23:03:36 +0100] "HEAD /im/banner/Affiliation_Fraicolo_120x60.gif HTTP/1.1" 200 - "-" "-"
194.150.236.161 - - [30/Dec/2010:23:03:37 +0100] "GET /im/banner/Affiliation_Fraicolo_120x60.gif HTTP/1.1" 200 16471 "-" "PHP/5.2.6"
81.52.143.26 - - [30/Dec/2010:23:03:48 +0100] "GET /description.php?lang=1&path=80&id=938 HTTP/1.1" 404 - "-" "Mozilla/5.0 (Windows; U; Windows NT 5.1; fr; rv:1.8.1) VoilaBot BETA 1.2 (support.voilabot@orange-ftgroup.com)"
84.102.192.35 - - [30/Dec/2010:23:03:53 +0100] "GET /im/articles/ChipsTraiteur.JPG HTTP/1.1" 200 31181 "http://www.eternia-fr.net/news_897_titre-bw-016-et-017.html" "Mozilla/5.0 (iPod; U; CPU iPhone OS 3_1_2 like Mac OS X; fr-fr) AppleWebKit/528.18 (KHTML, like Gecko) Mobile/7D11"
67.195.112.48 - - [30/Dec/2010:23:04:14 +0100] "GET /list.php?lang=1&path=42&num=25&action=e&sort=Article&page=0 HTTP/1.0" 200 13492 "-" "Mozilla/5.0 (compatible; Yahoo! Slurp; http://help.yahoo.com/help/us/ysearch/slurp)"
86.99.80.236 - - [30/Dec/2010:23:04:22 +0100] "GET /im/articles/Granola.JPG HTTP/1.1" 200 59905 "-" "Mozilla/4.0 (compatible; MSIE 8.0; Windows NT 6.1; Trident/4.0; SLCC2; .NET CLR 2.0.50727; .NET CLR 3.5.30729; .NET CLR 3.0.30729; InfoPath.2; .NET4.0C; MASN)"
86.99.80.236 - - [30/Dec/2010:23:04:24 +0100] "GET /favicon.ico HTTP/1.1" 200 293 "-" "Mozilla/4.0 (compatible; MSIE 8.0; Windows NT 6.1; Trident/4.0; SLCC2; .NET CLR 2.0.50727; .NET CLR 3.5.30729; .NET CLR 3.0.30729; InfoPath.2; .NET4.0C; MASN)"
90.39.230.14 - - [30/Dec/2010:22:59:29 +0100] "GET /im/articles/ChipsTraiteur.JPG HTTP/1.1" 200 31181 "-" "Mozilla/4.0 (compatible; MSIE 7.0; Windows NT 6.1; WOW64; Trident/4.0; GTB6.6; SLCC2; .NET CLR 2.0.50727; .NET CLR 3.5.30729; .NET CLR 3.0.30729; Media Center PC 6.0; OfficeLiveConnector.1.3; OfficeLivePatch.0.0; .NET4.0C; ShopperReports 3.0.517.0; SRS_IT_E879057FB476545236AF94)"
194.150.236.161 - - [30/Dec/2010:23:04:38 +0100] "HEAD /im/banner/Affiliation_Fraicolo_120x60.gif HTTP/1.1" 200 - "-" "-"
194.150.236.161 - - [30/Dec/2010:23:04:39 +0100] "GET /im/banner/Affiliation_Fraicolo_120x60.gif HTTP/1.1" 200 16471 "-" "PHP/5.2.6"
66.249.71.193 - - [30/Dec/2010:23:04:41 +0100] "GET /description.php?lang=1&id=1033&AdSearch=on HTTP/1.1" 200 12121 "-" "Mozilla/5.0 (compatible; Googlebot/2.1; +http://www.google.com/bot.html)"
88.174.73.96 - - [30/Dec/2010:23:04:44 +0100] "GET /categories.php?lang=1&path=88&num=75&action=n&sort=Article HTTP/1.1" 200 15999 "http://www.google.fr/imgres?imgurl=http://www.fraicolo.fr/im/articles/Granola.JPG&imgrefurl=http://www.fraicolo.fr/categories.php%3Flang%3D1%26path%3D88%26num%3D75%26action%3Dn%26sort%3DArticle&usg=__uDBDYtTd5LDz-F012nK4j6IsPTQ=&h=625&w=959&sz=59&hl=fr&start=1&zoom=1&um=1&itbs=1&tbnid=jQDHrUxGeLR_XM:&tbnh=96&tbnw=148&prev=/images%3Fq%3Dgranola%2Blu%26um%3D1%26hl%3Dfr%26sa%3DX%26tbs%3Disch:1" "Mozilla/5.0 (Macintosh; U; Intel Mac OS X 10_6_5; en-US) AppleWebKit/534.10 (KHTML, like Gecko) Chrome/8.0.552.231 Safari/534.10"
88.174.73.96 - - [30/Dec/2010:23:04:45 +0100] "GET /im/articles/CompPommeAnanas.JPG HTTP/1.1" 200 23982 "http://www.fraicolo.fr/categories.php?lang=1&path=88&num=75&action=n&sort=Article" "Mozilla/5.0 (Macintosh; U; Intel Mac OS X 10_6_5; en-US) AppleWebKit/534.10 (KHTML, like Gecko) Chrome/8.0.552.231 Safari/534.10"
88.174.73.96 - - [30/Dec/2010:23:04:45 +0100] "GET /im/articles/CrousillantCoco.JPG HTTP/1.1" 200 32818 "http://www.fraicolo.fr/categories.php?lang=1&path=88&num=75&action=n&sort=Article" "Mozilla/5.0 (Macintosh; U; Intel Mac OS X 10_6_5; en-US) AppleWebKit/534.10 (KHTML, like Gecko) Chrome/8.0.552.231 Safari/534.10"
88.174.73.96 - - [30/Dec/2010:23:04:45 +0100] "GET /im/articles/CompBioPommeBanane.JPG HTTP/1.1" 200 23158 "http://www.fraicolo.fr/categories.php?lang=1&path=88&num=75&action=n&sort=Article" "Mozilla/5.0 (Macintosh; U; Intel Mac OS X 10_6_5; en-US) AppleWebKit/534.10 (KHTML, like Gecko) Chrome/8.0.552.231 Safari/534.10"
88.174.73.96 - - [30/Dec/2010:23:04:45 +0100] "GET /im/articles/TarteChocoEnt.JPG HTTP/1.1" 200 7153 "http://www.fraicolo.fr/categories.php?lang=1&path=88&num=75&action=n&sort=Article" "Mozilla/5.0 (Macintosh; U; Intel Mac OS X 10_6_5; en-US) AppleWebKit/534.10 (KHTML, like Gecko) Chrome/8.0.552.231 Safari/534.10"
88.174.73.96 - - [30/Dec/2010:23:04:45 +0100] "GET /im/articles/EclairChoco.JPG HTTP/1.1" 200 31749 "http://www.fraicolo.fr/categories.php?lang=1&path=88&num=75&action=n&sort=Article" "Mozilla/5.0 (Macintosh; U; Intel Mac OS X 10_6_5; en-US) AppleWebKit/534.10 (KHTML, like Gecko) Chrome/8.0.552.231 Safari/534.10"
88.174.73.96 - - [30/Dec/2010:23:04:45 +0100] "GET /categories.php?lang=1&path=88&num=75&action=n&sort=Article HTTP/1.1" 200 15760 "http://www.fraicolo.fr/categories.php?lang=1&path=88&num=75&action=n&sort=Article" "Mozilla/5.0 (Macintosh; U; Intel Mac OS X 10_6_5; en-US) AppleWebKit/534.10 (KHTML, like Gecko) Chrome/8.0.552.231 Safari/534.10"
88.174.73.96 - - [30/Dec/2010:23:04:45 +0100] "GET /im/articles/MadeleineNature.JPG HTTP/1.1" 200 24738 "http://www.fraicolo.fr/categories.php?lang=1&path=88&num=75&action=n&sort=Article" "Mozilla/5.0 (Macintosh; U; Intel Mac OS X 10_6_5; en-US) AppleWebKit/534.10 (KHTML, like Gecko) Chrome/8.0.552.231 Safari/534.10"
88.174.73.96 - - [30/Dec/2010:23:04:45 +0100] "GET /im/articles/CeriseGriotte.JPG HTTP/1.1" 200 6560 "http://www.fraicolo.fr/categories.php?lang=1&path=88&num=75&action=n&sort=Article" "Mozilla/5.0 (Macintosh; U; Intel Mac OS X 10_6_5; en-US) AppleWebKit/534.10 (KHTML, like Gecko) Chrome/8.0.552.231 Safari/534.10"
88.174.73.96 - - [30/Dec/2010:23:04:45 +0100] "GET /im/articles/ConfitureJaune.JPG HTTP/1.1" 200 18176 "http://www.fraicolo.fr/categories.php?lang=1&path=88&num=75&action=n&sort=Article" "Mozilla/5.0 (Macintosh; U; Intel Mac OS X 10_6_5; en-US) AppleWebKit/534.10 (KHTML, like Gecko) Chrome/8.0.552.231 Safari/534.10"
88.174.73.96 - - [30/Dec/2010:23:04:45 +0100] "GET /im/articles/ConfitureBIOMyrtille.JPG HTTP/1.1" 200 10087 "http://www.fraicolo.fr/categories.php?lang=1&path=88&num=75&action=n&sort=Article" "Mozilla/5.0 (Macintosh; U; Intel Mac OS X 10_6_5; en-US) AppleWebKit/534.10 (KHTML, like Gecko) Chrome/8.0.552.231 Safari/534.10"
88.174.73.96 - - [30/Dec/2010:23:04:46 +0100] "GET /im/articles/TarteFlan.JPG HTTP/1.1" 200 32232 "http://www.fraicolo.fr/categories.php?lang=1&path=88&num=75&action=n&sort=Article" "Mozilla/5.0 (Macintosh; U; Intel Mac OS X 10_6_5; en-US) AppleWebKit/534.10 (KHTML, like Gecko) Chrome/8.0.552.231 Safari/534.10"
88.174.73.96 - - [30/Dec/2010:23:04:46 +0100] "GET /im/articles/TartePomme.JPG HTTP/1.1" 200 37388 "http://www.fraicolo.fr/categories.php?lang=1&path=88&num=75&action=n&sort=Article" "Mozilla/5.0 (Macintosh; U; Intel Mac OS X 10_6_5; en-US) AppleWebKit/534.10 (KHTML, like Gecko) Chrome/8.0.552.231 Safari/534.10"
88.174.73.96 - - [30/Dec/2010:23:04:46 +0100] "GET /im/articles/MixeFraise.JPG HTTP/1.1" 200 24073 "http://www.fraicolo.fr/categories.php?lang=1&path=88&num=75&action=n&sort=Article" "Mozilla/5.0 (Macintosh; U; Intel Mac OS X 10_6_5; en-US) AppleWebKit/534.10 (KHTML, like Gecko) Chrome/8.0.552.231 Safari/534.10"
88.174.73.96 - - [30/Dec/2010:23:04:46 +0100] "GET /im/articles/BarquetteFraise.JPG HTTP/1.1" 200 60638 "http://www.fraicolo.fr/categories.php?lang=1&path=88&num=75&action=n&sort=Article" "Mozilla/5.0 (Macintosh; U; Intel Mac OS X 10_6_5; en-US) AppleWebKit/534.10 (KHTML, like Gecko) Chrome/8.0.552.231 Safari/534.10"
88.174.73.96 - - [30/Dec/2010:23:04:46 +0100] "GET /im/articles/PaletsBretons.JPG HTTP/1.1" 200 11666 "http://www.fraicolo.fr/categories.php?lang=1&path=88&num=75&action=n&sort=Article" "Mozilla/5.0 (Macintosh; U; Intel Mac OS X 10_6_5; en-US) AppleWebKit/534.10 (KHTML, like Gecko) Chrome/8.0.552.231 Safari/534.10"
88.174.73.96 - - [30/Dec/2010:23:04:46 +0100] "GET /im/articles/CompBioPommeAbricot.JPG HTTP/1.1" 200 27187 "http://www.fraicolo.fr/categories.php?lang=1&path=88&num=75&action=n&sort=Article" "Mozilla/5.0 (Macintosh; U; Intel Mac OS X 10_6_5; en-US) AppleWebKit/534.10 (KHTML, like Gecko) Chrome/8.0.552.231 Safari/534.10"
88.174.73.96 - - [30/Dec/2010:23:04:46 +0100] "GET /im/articles/BoudoirsBIO.JPG HTTP/1.1" 200 31743 "http://www.fraicolo.fr/categories.php?lang=1&path=88&num=75&action=n&sort=Article" "Mozilla/5.0 (Macintosh; U; Intel Mac OS X 10_6_5; en-US) AppleWebKit/534.10 (KHTML, like Gecko) Chrome/8.0.552.231 Safari/534.10"
88.174.73.96 - - [30/Dec/2010:23:04:46 +0100] "GET /im/articles/4Quart2.JPG HTTP/1.1" 200 10447 "http://www.fraicolo.fr/categories.php?lang=1&path=88&num=75&action=n&sort=Article" "Mozilla/5.0 (Macintosh; U; Intel Mac OS X 10_6_5; en-US) AppleWebKit/534.10 (KHTML, like Gecko) Chrome/8.0.552.231 Safari/534.10"
88.174.73.96 - - [30/Dec/2010:23:04:46 +0100] "GET /im/articles/PommeCalvados.JPG HTTP/1.1" 200 12826 "http://www.fraicolo.fr/categories.php?lang=1&path=88&num=75&action=n&sort=Article" "Mozilla/5.0 (Macintosh; U; Intel Mac OS X 10_6_5; en-US) AppleWebKit/534.10 (KHTML, like Gecko) Chrome/8.0.552.231 Safari/534.10"
88.174.73.96 - - [30/Dec/2010:23:04:46 +0100] "GET /im/articles/Prince.JPG HTTP/1.1" 200 31203 "http://www.fraicolo.fr/categories.php?lang=1&path=88&num=75&action=n&sort=Article" "Mozilla/5.0 (Macintosh; U; Intel Mac OS X 10_6_5; en-US) AppleWebKit/534.10 (KHTML, like Gecko) Chrome/8.0.552.231 Safari/534.10"
88.174.73.96 - - [30/Dec/2010:23:04:46 +0100] "GET /im/articles/ChocolatOrangeETHIQ.JPG HTTP/1.1" 200 7158 "http://www.fraicolo.fr/categories.php?lang=1&path=88&num=75&action=n&sort=Article" "Mozilla/5.0 (Macintosh; U; Intel Mac OS X 10_6_5; en-US) AppleWebKit/534.10 (KHTML, like Gecko) Chrome/8.0.552.231 Safari/534.10"
88.174.73.96 - - [30/Dec/2010:23:04:46 +0100] "GET /im/articles/TarteCitron.JPG HTTP/1.1" 200 34768 "http://www.fraicolo.fr/categories.php?lang=1&path=88&num=75&action=n&sort=Article" "Mozilla/5.0 (Macintosh; U; Intel Mac OS X 10_6_5; en-US) AppleWebKit/534.10 (KHTML, like Gecko) Chrome/8.0.552.231 Safari/534.10"
88.174.73.96 - - [30/Dec/2010:23:04:46 +0100] "GET /im/articles/TarteCitronEnt.JPG HTTP/1.1" 200 7844 "http://www.fraicolo.fr/categories.php?lang=1&path=88&num=75&action=n&sort=Article" "Mozilla/5.0 (Macintosh; U; Intel Mac OS X 10_6_5; en-US) AppleWebKit/534.10 (KHTML, like Gecko) Chrome/8.0.552.231 Safari/534.10"
88.174.73.96 - - [30/Dec/2010:23:04:46 +0100] "GET /im/articles/SucrePoudreSucran.JPG HTTP/1.1" 200 22280 "http://www.fraicolo.fr/categories.php?lang=1&path=88&num=75&action=n&sort=Article" "Mozilla/5.0 (Macintosh; U; Intel Mac OS X 10_6_5; en-US) AppleWebKit/534.10 (KHTML, like Gecko) Chrome/8.0.552.231 Safari/534.10"
88.174.73.96 - - [30/Dec/2010:23:04:46 +0100] "GET /im/articles/MielVerriere.JPG HTTP/1.1" 200 8572 "http://www.fraicolo.fr/categories.php?lang=1&path=88&num=75&action=n&sort=Article" "Mozilla/5.0 (Macintosh; U; Intel Mac OS X 10_6_5; en-US) AppleWebKit/534.10 (KHTML, like Gecko) Chrome/8.0.552.231 Safari/534.10"
88.174.73.96 - - [30/Dec/2010:23:04:46 +0100] "GET /im/articles/LitchisSake.JPG HTTP/1.1" 200 7487 "http://www.fraicolo.fr/categories.php?lang=1&path=88&num=75&action=n&sort=Article" "Mozilla/5.0 (Macintosh; U; Intel Mac OS X 10_6_5; en-US) AppleWebKit/534.10 (KHTML, like Gecko) Chrome/8.0.552.231 Safari/534.10"
88.174.73.96 - - [30/Dec/2010:23:04:46 +0100] "GET /im/articles/KouignAman.JPG HTTP/1.1" 200 8926 "http://www.fraicolo.fr/categories.php?lang=1&path=88&num=75&action=n&sort=Article" "Mozilla/5.0 (Macintosh; U; Intel Mac OS X 10_6_5; en-US) AppleWebKit/534.10 (KHTML, like Gecko) Chrome/8.0.552.231 Safari/534.10"
88.174.73.96 - - [30/Dec/2010:23:04:46 +0100] "GET /im/articles/PepitoLait.JPG HTTP/1.1" 200 55844 "http://www.fraicolo.fr/categories.php?lang=1&path=88&num=75&action=n&sort=Article" "Mozilla/5.0 (Macintosh; U; Intel Mac OS X 10_6_5; en-US) AppleWebKit/534.10 (KHTML, like Gecko) Chrome/8.0.552.231 Safari/534.10"
88.174.73.96 - - [30/Dec/2010:23:04:46 +0100] "GET /im/articles/ConfitureRouge.JPG HTTP/1.1" 206 8838 "http://www.fraicolo.fr/categories.php?lang=1&path=88&num=75&action=n&sort=Article" "Mozilla/5.0 (Macintosh; U; Intel Mac OS X 10_6_5; en-US) AppleWebKit/534.10 (KHTML, like Gecko) Chrome/8.0.552.231 Safari/534.10"
88.174.73.96 - - [30/Dec/2010:23:04:46 +0100] "GET /im/articles/ComBioPommeMyrtille.JPG HTTP/1.1" 206 13212 "http://www.fraicolo.fr/categories.php?lang=1&path=88&num=75&action=n&sort=Article" "Mozilla/5.0 (Macintosh; U; Intel Mac OS X 10_6_5; en-US) AppleWebKit/534.10 (KHTML, like Gecko) Chrome/8.0.552.231 Safari/534.10"
88.174.73.96 - - [30/Dec/2010:23:04:46 +0100] "GET /im/articles/CompPommeFraise.JPG HTTP/1.1" 206 14416 "http://www.fraicolo.fr/categories.php?lang=1&path=88&num=75&action=n&sort=Article" "Mozilla/5.0 (Macintosh; U; Intel Mac OS X 10_6_5; en-US) AppleWebKit/534.10 (KHTML, like Gecko) Chrome/8.0.552.231 Safari/534.10"
88.174.73.96 - - [30/Dec/2010:23:04:46 +0100] "GET /im/articles/SesameChocoBIO.JPG HTTP/1.1" 200 31571 "http://www.fraicolo.fr/categories.php?lang=1&path=88&num=75&action=n&sort=Article" "Mozilla/5.0 (Macintosh; U; Intel Mac OS X 10_6_5; en-US) AppleWebKit/534.10 (KHTML, like Gecko) Chrome/8.0.552.231 Safari/534.10"
88.174.73.96 - - [30/Dec/2010:23:04:46 +0100] "GET /im/articles/PainEpice.JPG HTTP/1.1" 200 41005 "http://www.fraicolo.fr/categories.php?lang=1&path=88&num=75&action=n&sort=Article" "Mozilla/5.0 (Macintosh; U; Intel Mac OS X 10_6_5; en-US) AppleWebKit/534.10 (KHTML, like Gecko) Chrome/8.0.552.231 Safari/534.10"
88.174.73.96 - - [30/Dec/2010:23:04:46 +0100] "GET /im/articles/TarteTatinEnt.JPG HTTP/1.1" 200 49607 "http://www.fraicolo.fr/categories.php?lang=1&path=88&num=75&action=n&sort=Article" "Mozilla/5.0 (Macintosh; U; Intel Mac OS X 10_6_5; en-US) AppleWebKit/534.10 (KHTML, like Gecko) Chrome/8.0.552.231 Safari/534.10"
88.174.73.96 - - [30/Dec/2010:23:04:46 +0100] "GET /im/articles/EventailBIO.JPG HTTP/1.1" 200 41483 "http://www.fraicolo.fr/categories.php?lang=1&path=88&num=75&action=n&sort=Article" "Mozilla/5.0 (Macintosh; U; Intel Mac OS X 10_6_5; en-US) AppleWebKit/534.10 (KHTML, like Gecko) Chrome/8.0.552.231 Safari/534.10"
88.174.73.96 - - [30/Dec/2010:23:04:46 +0100] "GET /im/articles/ConfitureAbbayeSeptFons.JPG HTTP/1.1" 200 18537 "http://www.fraicolo.fr/categories.php?lang=1&path=88&num=75&action=n&sort=Article" "Mozilla/5.0 (Macintosh; U; Intel Mac OS X 10_6_5; en-US) AppleWebKit/534.10 (KHTML, like Gecko) Chrome/8.0.552.231 Safari/534.10"
88.174.73.96 - - [30/Dec/2010:23:04:47 +0100] "GET /im/articles/BiscuitsCommingeoisBIO.JPG HTTP/1.1" 200 9063 "http://www.fraicolo.fr/categories.php?lang=1&path=88&num=75&action=n&sort=Article" "Mozilla/5.0 (Macintosh; U; Intel Mac OS X 10_6_5; en-US) AppleWebKit/534.10 (KHTML, like Gecko) Chrome/8.0.552.231 Safari/534.10"
88.174.73.96 - - [30/Dec/2010:23:04:47 +0100] "GET /im/articles/PoireEauVie.JPG HTTP/1.1" 200 7511 "http://www.fraicolo.fr/categories.php?lang=1&path=88&num=75&action=n&sort=Article" "Mozilla/5.0 (Macintosh; U; Intel Mac OS X 10_6_5; en-US) AppleWebKit/534.10 (KHTML, like Gecko) Chrome/8.0.552.231 Safari/534.10"
88.174.73.96 - - [30/Dec/2010:23:04:47 +0100] "GET /im/articles/RocherCoco.JPG HTTP/1.1" 200 10985 "http://www.fraicolo.fr/categories.php?lang=1&path=88&num=75&action=n&sort=Article" "Mozilla/5.0 (Macintosh; U; Intel Mac OS X 10_6_5; en-US) AppleWebKit/534.10 (KHTML, like Gecko) Chrome/8.0.552.231 Safari/534.10"
88.174.73.96 - - [30/Dec/2010:23:04:47 +0100] "GET /im/background/menuright.gif HTTP/1.1" 200 1832 "http://www.fraicolo.fr/categories.php?lang=1&path=88&num=75&action=n&sort=Article" "Mozilla/5.0 (Macintosh; U; Intel Mac OS X 10_6_5; en-US) AppleWebKit/534.10 (KHTML, like Gecko) Chrome/8.0.552.231 Safari/534.10"
88.174.73.96 - - [30/Dec/2010:23:04:47 +0100] "GET /im/lang1/menu_infos.gif HTTP/1.1" 200 2010 "http://www.fraicolo.fr/categories.php?lang=1&path=88&num=75&action=n&sort=Article" "Mozilla/5.0 (Macintosh; U; Intel Mac OS X 10_6_5; en-US) AppleWebKit/534.10 (KHTML, like Gecko) Chrome/8.0.552.231 Safari/534.10"
88.174.73.96 - - [30/Dec/2010:23:04:47 +0100] "GET /im/fleche_right.gif HTTP/1.1" 200 58 "http://www.fraicolo.fr/categories.php?lang=1&path=88&num=75&action=n&sort=Article" "Mozilla/5.0 (Macintosh; U; Intel Mac OS X 10_6_5; en-US) AppleWebKit/534.10 (KHTML, like Gecko) Chrome/8.0.552.231 Safari/534.10"
88.174.73.96 - - [30/Dec/2010:23:04:47 +0100] "GET /im/lang1/menu_id.gif HTTP/1.1" 200 2056 "http://www.fraicolo.fr/categories.php?lang=1&path=88&num=75&action=n&sort=Article" "Mozilla/5.0 (Macintosh; U; Intel Mac OS X 10_6_5; en-US) AppleWebKit/534.10 (KHTML, like Gecko) Chrome/8.0.552.231 Safari/534.10"
88.174.73.96 - - [30/Dec/2010:23:04:47 +0100] "GET /im/ok.gif HTTP/1.1" 200 128 "http://www.fraicolo.fr/categories.php?lang=1&path=88&num=75&action=n&sort=Article" "Mozilla/5.0 (Macintosh; U; Intel Mac OS X 10_6_5; en-US) AppleWebKit/534.10 (KHTML, like Gecko) Chrome/8.0.552.231 Safari/534.10"
88.174.73.96 - - [30/Dec/2010:23:04:47 +0100] "GET /im/lang1/menu_caddie.gif HTTP/1.1" 200 2067 "http://www.fraicolo.fr/categories.php?lang=1&path=88&num=75&action=n&sort=Article" "Mozilla/5.0 (Macintosh; U; Intel Mac OS X 10_6_5; en-US) AppleWebKit/534.10 (KHTML, like Gecko) Chrome/8.0.552.231 Safari/534.10"
88.174.73.96 - - [30/Dec/2010:23:04:47 +0100] "GET /im/lang1/menu_devis.gif HTTP/1.1" 200 1958 "http://www.fraicolo.fr/categories.php?lang=1&path=88&num=75&action=n&sort=Article" "Mozilla/5.0 (Macintosh; U; Intel Mac OS X 10_6_5; en-US) AppleWebKit/534.10 (KHTML, like Gecko) Chrome/8.0.552.231 Safari/534.10"
88.174.73.96 - - [30/Dec/2010:23:04:47 +0100] "GET /im/lang1/menu_subscribe.gif HTTP/1.1" 200 1877 "http://www.fraicolo.fr/categories.php?lang=1&path=88&num=75&action=n&sort=Article" "Mozilla/5.0 (Macintosh; U; Intel Mac OS X 10_6_5; en-US) AppleWebKit/534.10 (KHTML, like Gecko) Chrome/8.0.552.231 Safari/534.10"
88.174.73.96 - - [30/Dec/2010:23:04:47 +0100] "GET /im/articles/ConfitureBIOOrange.JPG HTTP/1.1" 206 3478 "http://www.fraicolo.fr/categories.php?lang=1&path=88&num=75&action=n&sort=Article" "Mozilla/5.0 (Macintosh; U; Intel Mac OS X 10_6_5; en-US) AppleWebKit/534.10 (KHTML, like Gecko) Chrome/8.0.552.231 Safari/534.10"
83.195.63.226 - - [30/Dec/2010:23:05:27 +0100] "GET /im/articles/ChipsTraiteur.JPG HTTP/1.1" 200 31181 "http://www.eternia-fr.net/news_903_film-13-le-maitre-de-l-illusion-zoroark-disponible-en-vostfr.html" "Mozilla/4.0 (compatible; MSIE 7.0; Windows NT 6.0; BTRS26718; Mozilla/4.0 (compatible; MSIE 6.0; Windows NT 5.1; SV1) ; SLCC1; .NET CLR 2.0.50727; Media Center PC 5.0; .NET CLR 1.1.4322; .NET CLR 3.5.30729; .NET CLR 3.0.30618; .NET4.0C; ShopperReports 3.0.485.0; SRS_IT_E8790270BD76545037A091)"
66.249.71.6 - - [30/Dec/2010:23:05:28 +0100] "GET /InscriptionConcours.php HTTP/1.1" 200 12814 "-" "Mozilla/5.0 (compatible; Googlebot/2.1; +http://www.google.com/bot.html)"
84.227.188.103 - - [30/Dec/2010:23:05:38 +0100] "GET /im/articles/PouletCuisse.jpg HTTP/1.1" 200 5649 "http://www.abcdrduson.com/forum/viewtopic.php?id=1354&p=98" "Mozilla/5.0 (Windows; U; Windows NT 5.1; fr; rv:1.9.2.13) Gecko/20101203 BTRS28621 Firefox/3.6.13"
194.150.236.161 - - [30/Dec/2010:23:05:54 +0100] "HEAD /im/banner/Affiliation_Fraicolo_120x60.gif HTTP/1.1" 200 - "-" "-"
194.150.236.161 - - [30/Dec/2010:23:05:54 +0100] "GET /im/banner/Affiliation_Fraicolo_120x60.gif HTTP/1.1" 200 16471 "-" "PHP/5.2.6"
67.195.112.48 - - [30/Dec/2010:23:05:55 +0100] "GET /description.php?lang=1&path=55&id=1436 HTTP/1.0" 200 11127 "-" "Mozilla/5.0 (compatible; Yahoo! Slurp; http://help.yahoo.com/help/us/ysearch/slurp)"
90.45.82.24 - - [30/Dec/2010:23:06:53 +0100] "GET /im/articles/PepitoLait.JPG HTTP/1.1" 200 55844 "http://www.clubic.com/forum/et-a-part-ca/kinder-vs-pepito-id715910-page1.html" "Mozilla/4.0 (compatible; MSIE 8.0; Windows NT 6.0; Trident/4.0; GTB6.6; SLCC1; .NET CLR 2.0.50727; Media Center PC 5.0; .NET CLR 1.1.4322; .NET CLR 3.5.30729; .NET CLR 3.0.30618; .NET4.0C)"
90.45.82.24 - - [30/Dec/2010:23:06:56 +0100] "GET /favicon.ico HTTP/1.1" 200 293 "-" "Mozilla/4.0 (compatible; MSIE 8.0; Windows NT 6.0; Trident/4.0; GTB6.6; SLCC1; .NET CLR 2.0.50727; Media Center PC 5.0; .NET CLR 1.1.4322; .NET CLR 3.5.30729; .NET CLR 3.0.30618; .NET4.0C)"
66.249.71.6 - - [30/Dec/2010:23:07:07 +0100] "GET /list.php?lang=n&path=68&num=76&action=n&sort=Article&page=0 HTTP/1.1" 200 13149 "-" "Mozilla/5.0 (compatible; Googlebot/2.1; +http://www.google.com/bot.html)"
194.150.236.161 - - [30/Dec/2010:23:07:11 +0100] "HEAD /im/banner/Affiliation_Fraicolo_120x60.gif HTTP/1.1" 200 - "-" "-"
90.51.40.78 - - [30/Dec/2010:23:07:11 +0100] "GET /im/articles/ChipsTraiteur.JPG HTTP/1.1" 200 31181 "http://www.eternia-fr.net/news_903_film-13-le-maitre-de-l-illusion-zoroark-disponible-en-vostfr.html" "Mozilla/4.0 (compatible; MSIE 7.0; Windows NT 6.1; WOW64; Trident/4.0; GTB6.5; SLCC2; .NET CLR 2.0.50727; .NET CLR 3.5.30729; .NET CLR 3.0.30729; Media Center PC 6.0; eSobiSubscriber 2.0.4.16; .NET4.0C; ShopperReports 3.0.497.0; SRS_IT_E8790571B4765A533EAD96)"
194.150.236.161 - - [30/Dec/2010:23:07:11 +0100] "GET /im/banner/Affiliation_Fraicolo_120x60.gif HTTP/1.1" 200 16471 "-" "PHP/5.2.6"
81.52.143.33 - - [30/Dec/2010:23:07:16 +0100] "GET /description.php?lang=1&path=133&id=1083 HTTP/1.1" 404 - "-" "Mozilla/5.0 (Windows; U; Windows NT 5.1; fr; rv:1.8.1) VoilaBot BETA 1.2 (support.voilabot@orange-ftgroup.com)"
66.249.71.6 - - [30/Dec/2010:23:07:49 +0100] "GET /categories.php?lang=e&path=59&num=106&action=e HTTP/1.1" 200 15805 "-" "Mozilla/5.0 (compatible; Googlebot/2.1; +http://www.google.com/bot.html)"
208.115.111.249 - - [30/Dec/2010:23:08:04 +0100] "GET /description.php?lang=1&path=164&sort=Article&page=0&id=1436 HTTP/1.1" 200 11145 "-" "Mozilla/5.0 (compatible; DotBot/1.1; http://www.dotnetdotcom.org/, crawler@dotnetdotcom.org)"
208.115.111.249 - - [30/Dec/2010:23:08:08 +0100] "GET /description.php?lang=1&path=164&sort=Article&page=0&id=1448 HTTP/1.1" 200 11178 "-" "Mozilla/5.0 (compatible; DotBot/1.1; http://www.dotnetdotcom.org/, crawler@dotnetdotcom.org)"
208.115.111.249 - - [30/Dec/2010:23:08:12 +0100] "GET /description.php?lang=1&path=164&sort=Article&page=0&id=1450 HTTP/1.1" 200 11202 "-" "Mozilla/5.0 (compatible; DotBot/1.1; http://www.dotnetdotcom.org/, crawler@dotnetdotcom.org)"
208.115.111.249 - - [30/Dec/2010:23:08:18 +0100] "GET /description.php?lang=1&path=164&sort=Article&page=0&id=1451 HTTP/1.1" 200 11123 "-" "Mozilla/5.0 (compatible; DotBot/1.1; http://www.dotnetdotcom.org/, crawler@dotnetdotcom.org)"
24.230.193.179 - - [30/Dec/2010:23:08:19 +0100] "GET /im/articles/Jambon.JPG HTTP/1.1" 200 63301 "http://www.google.ca/imgres?imgurl=http://www.fraicolo.fr/im/articles/Jambon.JPG&imgrefurl=http://www.fraicolo.fr/categories.php%3Flang%3De%26path%3D111%26num%3D33%26action%3De&usg=__cPU6Xg2YRQTsAEDWLAv9rFf4a70=&h=620&w=944&sz=62&hl=fr&start=0&zoom=1&tbnid=tZu0XwtbR_BMbM:&tbnh=160&tbnw=220&prev=/images%3Fq%3Djambon%26hl%3Dfr%26biw%3D958%26bih%3D658%26gbv%3D2%26tbs%3Disch:1&itbs=1&iact=hc&vpx=642&vpy=132&dur=1773&hovh=182&hovw=277&tx=163&ty=58&ei=qQIdTeHCOIX7lwe02MjSCw&oei=qQIdTeHCOIX7lwe02MjSCw&esq=1&page=1&ndsp=12&ved=1t:429,r:3,s:0" "Mozilla/5.0 (Macintosh; U; PPC Mac OS X 10_4_11; fr) AppleWebKit/533.19.4 (KHTML, like Gecko) Version/4.1.3 Safari/533.19.4"
24.230.193.179 - - [30/Dec/2010:23:08:19 +0100] "GET /categories.php?lang=e&path=111&num=33&action=e HTTP/1.1" 200 15338 "http://www.google.ca/imgres?imgurl=http://www.fraicolo.fr/im/articles/Jambon.JPG&imgrefurl=http://www.fraicolo.fr/categories.php%3Flang%3De%26path%3D111%26num%3D33%26action%3De&usg=__cPU6Xg2YRQTsAEDWLAv9rFf4a70=&h=620&w=944&sz=62&hl=fr&start=0&zoom=1&tbnid=tZu0XwtbR_BMbM:&tbnh=160&tbnw=220&prev=/images%3Fq%3Djambon%26hl%3Dfr%26biw%3D958%26bih%3D658%26gbv%3D2%26tbs%3Disch:1&itbs=1&iact=hc&vpx=642&vpy=132&dur=1773&hovh=182&hovw=277&tx=163&ty=58&ei=qQIdTeHCOIX7lwe02MjSCw&oei=qQIdTeHCOIX7lwe02MjSCw&esq=1&page=1&ndsp=12&ved=1t:429,r:3,s:0" "Mozilla/5.0 (Macintosh; U; PPC Mac OS X 10_4_11; fr) AppleWebKit/533.19.4 (KHTML, like Gecko) Version/4.1.3 Safari/533.19.4"
24.230.193.179 - - [30/Dec/2010:23:08:20 +0100] "GET /css/scss.css HTTP/1.1" 200 3683 "http://www.fraicolo.fr/categories.php?lang=e&path=111&num=33&action=e" "Mozilla/5.0 (Macintosh; U; PPC Mac OS X 10_4_11; fr) AppleWebKit/533.19.4 (KHTML, like Gecko) Version/4.1.3 Safari/533.19.4"
24.230.193.179 - - [30/Dec/2010:23:08:20 +0100] "GET /includes/popImage.js HTTP/1.1" 200 1233 "http://www.fraicolo.fr/categories.php?lang=e&path=111&num=33&action=e" "Mozilla/5.0 (Macintosh; U; PPC Mac OS X 10_4_11; fr) AppleWebKit/533.19.4 (KHTML, like Gecko) Version/4.1.3 Safari/533.19.4"
24.230.193.179 - - [30/Dec/2010:23:08:21 +0100] "GET /im/background/bg_green.gif HTTP/1.1" 200 2395 "http://www.fraicolo.fr/categories.php?lang=e&path=111&num=33&action=e" "Mozilla/5.0 (Macintosh; U; PPC Mac OS X 10_4_11; fr) AppleWebKit/533.19.4 (KHTML, like Gecko) Version/4.1.3 Safari/533.19.4"
24.230.193.179 - - [30/Dec/2010:23:08:21 +0100] "GET /im/LOGOFraicolo.png HTTP/1.1" 200 21138 "http://www.fraicolo.fr/categories.php?lang=e&path=111&num=33&action=e" "Mozilla/5.0 (Macintosh; U; PPC Mac OS X 10_4_11; fr) AppleWebKit/533.19.4 (KHTML, like Gecko) Version/4.1.3 Safari/533.19.4"
