90.39.200.116 - - [30/Dec/2010:22:08:49 +0100] "GET /im/path.gif HTTP/1.1" 200 363 "http://www.fraicolo.fr/categories.php?lang=1&path=30&num=48&action=n&sort=Article" "Mozilla/5.0 (Windows; U; Windows NT 6.1; fr; rv:1.9.2.13) Gecko/20101203 Firefox/3.6.13"
90.39.200.116 - - [30/Dec/2010:22:08:49 +0100] "GET /im/lang1/menu_search.gif HTTP/1.1" 200 1955 "http://www.fraicolo.fr/categories.php?lang=1&path=30&num=48&action=n&sort=Article" "Mozilla/5.0 (Windows; U; Windows NT 6.1; fr; rv:1.9.2.13) Gecko/20101203 Firefox/3.6.13"
90.39.200.116 - - [30/Dec/2010:22:08:49 +0100] "GET /includes/menu/plus.gif HTTP/1.1" 200 71 "http://www.fraicolo.fr/categories.php?lang=1&path=30&num=48&action=n&sort=Article" "Mozilla/5.0 (Windows; U; Windows NT 6.1; fr; rv:1.9.2.13) Gecko/20101203 Firefox/3.6.13"
90.39.200.116 - - [30/Dec/2010:22:08:49 +0100] "GET /im/lang1/menu_com.gif HTTP/1.1" 200 2071 "http://www.fraicolo.fr/categories.php?lang=1&path=30&num=48&action=n&sort=Article" "Mozilla/5.0 (Windows; U; Windows NT 6.1; fr; rv:1.9.2.13) Gecko/20101203 Firefox/3.6.13"
90.39.200.116 - - [30/Dec/2010:22:08:49 +0100] "GET /im/search.gif HTTP/1.1" 200 681 "http://www.fraicolo.fr/categories.php?lang=1&path=30&num=48&action=n&sort=Article" "Mozilla/5.0 (Windows; U; Windows NT 6.1; fr; rv:1.9.2.13) Gecko/20101203 Firefox/3.6.13"
90.39.200.116 - - [30/Dec/2010:22:08:49 +0100] "GET /im/articles/CremeFraiche.JPG HTTP/1.1" 200 20759 "http://www.google.fr/imgres?imgurl=http://www.fraicolo.fr/im/articles/CremeFraiche.JPG&imgrefurl=http://www.fraicolo.fr/categories.php%3Flang%3D1%26path%3D30%26num%3D48%26action%3Dn%26sort%3DArticle&usg=__BUtcvoTmFI62iKOjVizu_o7NJOM=&h=450&w=453&sz=21&hl=fr&start=1&zoom=1&um=1&itbs=1&tbnid=oldjIhl_ielQ4M:&tbnh=126&tbnw=127&prev=/images%3Fq%3Dcr%25C3%25A8me%2Bfraiche%26um%3D1%26hl%3Dfr%26client%3Dfirefox-a%26sa%3DN%26rls%3Dorg.mozilla:fr:official%26as_st%3Dy%26ndsp%3D18%26tbs%3Disch:1" "Mozilla/5.0 (Windows; U; Windows NT 6.1; fr; rv:1.9.2.13) Gecko/20101203 Firefox/3.6.13"
90.39.200.116 - - [30/Dec/2010:22:08:49 +0100] "GET /im/banner/bannercorporate1.jpg HTTP/1.1" 200 44430 "http://www.fraicolo.fr/categories.php?lang=1&path=30&num=48&action=n&sort=Article" "Mozilla/5.0 (Windows; U; Windows NT 6.1; fr; rv:1.9.2.13) Gecko/20101203 Firefox/3.6.13"
90.39.200.116 - - [30/Dec/2010:22:08:49 +0100] "GET /im/LOGOFraicolo.png HTTP/1.1" 200 21138 "http://www.fraicolo.fr/categories.php?lang=1&path=30&num=48&action=n&sort=Article" "Mozilla/5.0 (Windows; U; Windows NT 6.1; fr; rv:1.9.2.13) Gecko/20101203 Firefox/3.6.13"
86.70.18.157 - - [30/Dec/2010:22:09:04 +0100] "GET /im/articles/ChipsTraiteur.JPG HTTP/1.1" 200 31181 "http://www.eternia-fr.net/news_903_film-13-le-maitre-de-l-illusion-zoroark-disponible-en-vostfr.html" "Mozilla/4.0 (compatible; MSIE 6.0; Windows NT 5.1; SV1)"
86.70.215.220 - - [30/Dec/2010:22:09:04 +0100] "GET /list.php?lang=1&path=66&sort=Article&page=0 HTTP/1.1" 200 13988 "http://www.google.fr/imgres?imgurl=http://www.fraicolo.fr/im/articles/SucrePoudreSucran.JPG&imgrefurl=http://www.fraicolo.fr/list.php%3Flang%3D1%26path%3D66%26sort%3DArticle%26page%3D0&usg=__60Pzl2S4DysB1KDlFF0oahTdkk4=&h=570&w=461&sz=22&hl=fr&start=5&zoom=1&um=1&itbs=1&tbnid=on73R3GEka-0EM:&tbnh=134&tbnw=108&prev=/images%3Fq%3Dsucre%2Bfin%26um%3D1%26hl%3Dfr%26sa%3DX%26tbs%3Disch:1" "Mozilla/4.0 (compatible; MSIE 7.0; Windows NT 6.0; Trident/4.0; SLCC1; .NET CLR 2.0.50727; .NET CLR 3.5.30729; .NET CLR 3.0.30729; InfoPath.1; .NET4.0C)"
86.70.215.220 - - [30/Dec/2010:22:09:04 +0100] "GET /css/scss.css HTTP/1.1" 200 3683 "http://www.fraicolo.fr/list.php?lang=1&path=66&sort=Article&page=0" "Mozilla/4.0 (compatible; MSIE 7.0; Windows NT 6.0; Trident/4.0; SLCC1; .NET CLR 2.0.50727; .NET CLR 3.5.30729; .NET CLR 3.0.30729; InfoPath.1; .NET4.0C)"
86.70.215.220 - - [30/Dec/2010:22:09:04 +0100] "GET /includes/popImage.js HTTP/1.1" 200 1233 "http://www.fraicolo.fr/list.php?lang=1&path=66&sort=Article&page=0" "Mozilla/4.0 (compatible; MSIE 7.0; Windows NT 6.0; Trident/4.0; SLCC1; .NET CLR 2.0.50727; .NET CLR 3.5.30729; .NET CLR 3.0.30729; InfoPath.1; .NET4.0C)"
86.70.215.220 - - [30/Dec/2010:22:09:05 +0100] "GET /im/LOGOFraicolo.png HTTP/1.1" 200 21138 "http://www.fraicolo.fr/list.php?lang=1&path=66&sort=Article&page=0" "Mozilla/4.0 (compatible; MSIE 7.0; Windows NT 6.0; Trident/4.0; SLCC1; .NET CLR 2.0.50727; .NET CLR 3.5.30729; .NET CLR 3.0.30729; InfoPath.1; .NET4.0C)"
86.70.215.220 - - [30/Dec/2010:22:09:05 +0100] "GET /im/path.gif HTTP/1.1" 200 363 "http://www.fraicolo.fr/list.php?lang=1&path=66&sort=Article&page=0" "Mozilla/4.0 (compatible; MSIE 7.0; Windows NT 6.0; Trident/4.0; SLCC1; .NET CLR 2.0.50727; .NET CLR 3.5.30729; .NET CLR 3.0.30729; InfoPath.1; .NET4.0C)"
86.70.215.220 - - [30/Dec/2010:22:09:05 +0100] "GET /im/zzz.gif HTTP/1.1" 200 49 "http://www.fraicolo.fr/list.php?lang=1&path=66&sort=Article&page=0" "Mozilla/4.0 (compatible; MSIE 7.0; Windows NT 6.0; Trident/4.0; SLCC1; .NET CLR 2.0.50727; .NET CLR 3.5.30729; .NET CLR 3.0.30729; InfoPath.1; .NET4.0C)"
86.70.215.220 - - [30/Dec/2010:22:09:05 +0100] "GET /im/background/bg_green.gif HTTP/1.1" 200 2395 "http://www.fraicolo.fr/list.php?lang=1&path=66&sort=Article&page=0" "Mozilla/4.0 (compatible; MSIE 7.0; Windows NT 6.0; Trident/4.0; SLCC1; .NET CLR 2.0.50727; .NET CLR 3.5.30729; .NET CLR 3.0.30729; InfoPath.1; .NET4.0C)"
86.70.215.220 - - [30/Dec/2010:22:09:05 +0100] "GET /csshover.htc HTTP/1.1" 200 1166 "-" "Mozilla/4.0 (compatible; MSIE 7.0; Windows NT 6.0; Trident/4.0; SLCC1; .NET CLR 2.0.50727; .NET CLR 3.5.30729; .NET CLR 3.0.30729; InfoPath.1; .NET4.0C)"
86.70.215.220 - - [30/Dec/2010:22:09:05 +0100] "GET /im/banner/bannercorporate1.jpg HTTP/1.1" 200 44430 "http://www.fraicolo.fr/list.php?lang=1&path=66&sort=Article&page=0" "Mozilla/4.0 (compatible; MSIE 7.0; Windows NT 6.0; Trident/4.0; SLCC1; .NET CLR 2.0.50727; .NET CLR 3.5.30729; .NET CLR 3.0.30729; InfoPath.1; .NET4.0C)"
86.70.215.220 - - [30/Dec/2010:22:09:05 +0100] "GET /im/articles/SucrePoudreSucran.JPG HTTP/1.1" 200 22280 "http://www.google.fr/imgres?imgurl=http://www.fraicolo.fr/im/articles/SucrePoudreSucran.JPG&imgrefurl=http://www.fraicolo.fr/list.php%3Flang%3D1%26path%3D66%26sort%3DArticle%26page%3D0&usg=__60Pzl2S4DysB1KDlFF0oahTdkk4=&h=570&w=461&sz=22&hl=fr&start=5&zoom=1&um=1&itbs=1&tbnid=on73R3GEka-0EM:&tbnh=134&tbnw=108&prev=/images%3Fq%3Dsucre%2Bfin%26um%3D1%26hl%3Dfr%26sa%3DX%26tbs%3Disch:1" "Mozilla/4.0 (compatible; MSIE 8.0; Windows NT 6.0; Trident/4.0; SLCC1; .NET CLR 2.0.50727; .NET CLR 3.5.30729; .NET CLR 3.0.30729; InfoPath.1; .NET4.0C)"
86.70.215.220 - - [30/Dec/2010:22:09:05 +0100] "GET /im/fleche_bottom.gif HTTP/1.1" 200 57 "http://www.fraicolo.fr/list.php?lang=1&path=66&sort=Article&page=0" "Mozilla/4.0 (compatible; MSIE 7.0; Windows NT 6.0; Trident/4.0; SLCC1; .NET CLR 2.0.50727; .NET CLR 3.5.30729; .NET CLR 3.0.30729; InfoPath.1; .NET4.0C)"
86.70.215.220 - - [30/Dec/2010:22:09:05 +0100] "GET /im/fleche_right.gif HTTP/1.1" 200 58 "http://www.fraicolo.fr/list.php?lang=1&path=66&sort=Article&page=0" "Mozilla/4.0 (compatible; MSIE 7.0; Windows NT 6.0; Trident/4.0; SLCC1; .NET CLR 2.0.50727; .NET CLR 3.5.30729; .NET CLR 3.0.30729; InfoPath.1; .NET4.0C)"
86.70.215.220 - - [30/Dec/2010:22:09:05 +0100] "GET /im/background/menuleft.gif HTTP/1.1" 200 1837 "http://www.fraicolo.fr/list.php?lang=1&path=66&sort=Article&page=0" "Mozilla/4.0 (compatible; MSIE 7.0; Windows NT 6.0; Trident/4.0; SLCC1; .NET CLR 2.0.50727; .NET CLR 3.5.30729; .NET CLR 3.0.30729; InfoPath.1; .NET4.0C)"
86.70.215.220 - - [30/Dec/2010:22:09:05 +0100] "GET /im/background/module_left.gif HTTP/1.1" 200 323 "http://www.fraicolo.fr/list.php?lang=1&path=66&sort=Article&page=0" "Mozilla/4.0 (compatible; MSIE 7.0; Windows NT 6.0; Trident/4.0; SLCC1; .NET CLR 2.0.50727; .NET CLR 3.5.30729; .NET CLR 3.0.30729; InfoPath.1; .NET4.0C)"
86.70.215.220 - - [30/Dec/2010:22:09:05 +0100] "GET /im/background/bg_shop_green.gif HTTP/1.1" 200 49144 "http://www.fraicolo.fr/list.php?lang=1&path=66&sort=Article&page=0" "Mozilla/4.0 (compatible; MSIE 7.0; Windows NT 6.0; Trident/4.0; SLCC1; .NET CLR 2.0.50727; .NET CLR 3.5.30729; .NET CLR 3.0.30729; InfoPath.1; .NET4.0C)"
86.70.215.220 - - [30/Dec/2010:22:09:06 +0100] "GET /favicon.ico HTTP/1.1" 200 293 "-" "Mozilla/4.0 (compatible; MSIE 8.0; Windows NT 6.0; Trident/4.0; SLCC1; .NET CLR 2.0.50727; .NET CLR 3.5.30729; .NET CLR 3.0.30729; InfoPath.1; .NET4.0C)"
90.32.202.205 - - [30/Dec/2010:22:09:07 +0100] "GET /im/articles/AgneauCotes.JPG HTTP/1.1" 200 61940 "http://www.rodeosaladgang.biz/" "Mozilla/5.0 (Windows; U; Windows NT 6.0; fr-FR) AppleWebKit/533.19.4 (KHTML, like Gecko) Version/5.0.3 Safari/533.19.4"
78.249.189.124 - - [30/Dec/2010:22:09:12 +0100] "GET / HTTP/1.1" 302 1543 "http://www.google.fr/search?q=fraicolo.fr&sourceid=ie7&rls=com.microsoft:en-US&ie=utf8&oe=utf8&rlz=1I7GGLL_fr&redir_esc=&ei=9_QcTZidB8qa8QPHs92cBQ" "Mozilla/4.0 (compatible; MSIE 8.0; Windows NT 5.1; Trident/4.0; GTB6.3; Tablet PC 1.7; .NET CLR 1.0.3705; .NET CLR 1.1.4322; .NET CLR 2.0.50727; .NET CLR 3.0.4506.2152; .NET CLR 3.5.30729; OfficeLiveConnector.1.4; OfficeLivePatch.1.3)"
78.249.189.124 - - [30/Dec/2010:22:09:12 +0100] "GET /catalog.php HTTP/1.1" 200 10910 "http://www.google.fr/search?q=fraicolo.fr&sourceid=ie7&rls=com.microsoft:en-US&ie=utf8&oe=utf8&rlz=1I7GGLL_fr&redir_esc=&ei=9_QcTZidB8qa8QPHs92cBQ" "Mozilla/4.0 (compatible; MSIE 8.0; Windows NT 5.1; Trident/4.0; GTB6.3; Tablet PC 1.7; .NET CLR 1.0.3705; .NET CLR 1.1.4322; .NET CLR 2.0.50727; .NET CLR 3.0.4506.2152; .NET CLR 3.5.30729; OfficeLiveConnector.1.4; OfficeLivePatch.1.3)"
86.70.215.220 - - [30/Dec/2010:22:09:12 +0100] "GET /list.php?lang=1&path=66&sort=Article&page=0 HTTP/1.1" 200 13988 "http://www.google.fr/imgres?imgurl=http://www.fraicolo.fr/im/articles/SucrePoudreSucran.JPG&imgrefurl=http://www.fraicolo.fr/list.php%3Flang%3D1%26path%3D66%26sort%3DArticle%26page%3D0&usg=__60Pzl2S4DysB1KDlFF0oahTdkk4=&h=570&w=461&sz=22&hl=fr&start=5&zoom=1&um=1&itbs=1&tbnid=on73R3GEka-0EM:&tbnh=134&tbnw=108&prev=/images%3Fq%3Dsucre%2Bfin%26um%3D1%26hl%3Dfr%26sa%3DX%26tbs%3Disch:1" "Mozilla/4.0 (compatible; MSIE 8.0; Windows NT 6.0; Trident/4.0; SLCC1; .NET CLR 2.0.50727; .NET CLR 3.5.30729; .NET CLR 3.0.30729; InfoPath.1; .NET4.0C)"
78.249.189.124 - - [30/Dec/2010:22:09:13 +0100] "GET /css/scss.css HTTP/1.1" 200 3683 "http://www.fraicolo.fr/catalog.php" "Mozilla/4.0 (compatible; MSIE 8.0; Windows NT 5.1; Trident/4.0; GTB6.3; Tablet PC 1.7; .NET CLR 1.0.3705; .NET CLR 1.1.4322; .NET CLR 2.0.50727; .NET CLR 3.0.4506.2152; .NET CLR 3.5.30729; OfficeLiveConnector.1.4; OfficeLivePatch.1.3)"
86.70.215.220 - - [30/Dec/2010:22:09:13 +0100] "GET /im/LOGOFraicolo.png HTTP/1.1" 206 12851 "http://www.fraicolo.fr/list.php?lang=1&path=66&sort=Article&page=0" "Mozilla/4.0 (compatible; MSIE 8.0; Windows NT 6.0; Trident/4.0; SLCC1; .NET CLR 2.0.50727; .NET CLR 3.5.30729; .NET CLR 3.0.30729; InfoPath.1; .NET4.0C)"
86.70.215.220 - - [30/Dec/2010:22:09:13 +0100] "GET /im/banner/bannercorporate1.jpg HTTP/1.1" 206 30336 "http://www.fraicolo.fr/list.php?lang=1&path=66&sort=Article&page=0" "Mozilla/4.0 (compatible; MSIE 8.0; Windows NT 6.0; Trident/4.0; SLCC1; .NET CLR 2.0.50727; .NET CLR 3.5.30729; .NET CLR 3.0.30729; InfoPath.1; .NET4.0C)"
86.70.215.220 - - [30/Dec/2010:22:09:13 +0100] "GET /im/zzz.gif HTTP/1.1" 200 49 "http://www.fraicolo.fr/list.php?lang=1&path=66&sort=Article&page=0" "Mozilla/4.0 (compatible; MSIE 8.0; Windows NT 6.0; Trident/4.0; SLCC1; .NET CLR 2.0.50727; .NET CLR 3.5.30729; .NET CLR 3.0.30729; InfoPath.1; .NET4.0C)"
86.70.215.220 - - [30/Dec/2010:22:09:13 +0100] "GET /im/accueil.gif HTTP/1.1" 200 511 "http://www.fraicolo.fr/list.php?lang=1&path=66&sort=Article&page=0" "Mozilla/4.0 (compatible; MSIE 8.0; Windows NT 6.0; Trident/4.0; SLCC1; .NET CLR 2.0.50727; .NET CLR 3.5.30729; .NET CLR 3.0.30729; InfoPath.1; .NET4.0C)"
78.249.189.124 - - [30/Dec/2010:22:09:13 +0100] "GET /includes/popImage.js HTTP/1.1" 200 1233 "http://www.fraicolo.fr/catalog.php" "Mozilla/4.0 (compatible; MSIE 8.0; Windows NT 5.1; Trident/4.0; GTB6.3; Tablet PC 1.7; .NET CLR 1.0.3705; .NET CLR 1.1.4322; .NET CLR 2.0.50727; .NET CLR 3.0.4506.2152; .NET CLR 3.5.30729; OfficeLiveConnector.1.4; OfficeLivePatch.1.3)"
86.70.215.220 - - [30/Dec/2010:22:09:13 +0100] "GET /csshover.htc HTTP/1.1" 200 1166 "-" "Mozilla/4.0 (compatible; MSIE 7.0; Windows NT 6.0; Trident/4.0; SLCC1; .NET CLR 2.0.50727; .NET CLR 3.5.30729; .NET CLR 3.0.30729; InfoPath.1; .NET4.0C)"
86.70.215.220 - - [30/Dec/2010:22:09:13 +0100] "GET /im/fleche_bottom.gif HTTP/1.1" 200 57 "http://www.fraicolo.fr/list.php?lang=1&path=66&sort=Article&page=0" "Mozilla/4.0 (compatible; MSIE 8.0; Windows NT 6.0; Trident/4.0; SLCC1; .NET CLR 2.0.50727; .NET CLR 3.5.30729; .NET CLR 3.0.30729; InfoPath.1; .NET4.0C)"
78.249.189.124 - - [30/Dec/2010:22:09:13 +0100] "GET /csshover.htc HTTP/1.1" 200 1166 "-" "Mozilla/4.0 (compatible; MSIE 8.0; Windows NT 5.1; Trident/4.0; GTB6.3; Tablet PC 1.7; .NET CLR 1.0.3705; .NET CLR 1.1.4322; .NET CLR 2.0.50727; .NET CLR 3.0.4506.2152; .NET CLR 3.5.30729; OfficeLiveConnector.1.4; OfficeLivePatch.1.3)"
78.249.189.124 - - [30/Dec/2010:22:09:13 +0100] "GET /im/background/bg_green.gif HTTP/1.1" 200 2395 "http://www.fraicolo.fr/catalog.php" "Mozilla/4.0 (compatible; MSIE 8.0; Windows NT 5.1; Trident/4.0; GTB6.3; Tablet PC 1.7; .NET CLR 1.0.3705; .NET CLR 1.1.4322; .NET CLR 2.0.50727; .NET CLR 3.0.4506.2152; .NET CLR 3.5.30729; OfficeLiveConnector.1.4; OfficeLivePatch.1.3)"
86.70.215.220 - - [30/Dec/2010:22:09:13 +0100] "GET /im/fleche_right.gif HTTP/1.1" 200 58 "http://www.fraicolo.fr/list.php?lang=1&path=66&sort=Article&page=0" "Mozilla/4.0 (compatible; MSIE 8.0; Windows NT 6.0; Trident/4.0; SLCC1; .NET CLR 2.0.50727; .NET CLR 3.5.30729; .NET CLR 3.0.30729; InfoPath.1; .NET4.0C)"
86.70.215.220 - - [30/Dec/2010:22:09:13 +0100] "GET /im/path.gif HTTP/1.1" 200 363 "http://www.fraicolo.fr/list.php?lang=1&path=66&sort=Article&page=0" "Mozilla/4.0 (compatible; MSIE 8.0; Windows NT 6.0; Trident/4.0; SLCC1; .NET CLR 2.0.50727; .NET CLR 3.5.30729; .NET CLR 3.0.30729; InfoPath.1; .NET4.0C)"
86.70.215.220 - - [30/Dec/2010:22:09:13 +0100] "GET /im/lang1/menu_search.gif HTTP/1.1" 200 1955 "http://www.fraicolo.fr/list.php?lang=1&path=66&sort=Article&page=0" "Mozilla/4.0 (compatible; MSIE 8.0; Windows NT 6.0; Trident/4.0; SLCC1; .NET CLR 2.0.50727; .NET CLR 3.5.30729; .NET CLR 3.0.30729; InfoPath.1; .NET4.0C)"
86.70.215.220 - - [30/Dec/2010:22:09:13 +0100] "GET /im/background/menuleft.gif HTTP/1.1" 200 1837 "http://www.fraicolo.fr/list.php?lang=1&path=66&sort=Article&page=0" "Mozilla/4.0 (compatible; MSIE 8.0; Windows NT 6.0; Trident/4.0; SLCC1; .NET CLR 2.0.50727; .NET CLR 3.5.30729; .NET CLR 3.0.30729; InfoPath.1; .NET4.0C)"
86.70.215.220 - - [30/Dec/2010:22:09:13 +0100] "GET /im/background/module_left.gif HTTP/1.1" 200 323 "http://www.fraicolo.fr/list.php?lang=1&path=66&sort=Article&page=0" "Mozilla/4.0 (compatible; MSIE 8.0; Windows NT 6.0; Trident/4.0; SLCC1; .NET CLR 2.0.50727; .NET CLR 3.5.30729; .NET CLR 3.0.30729; InfoPath.1; .NET4.0C)"
78.249.189.124 - - [30/Dec/2010:22:09:13 +0100] "GET /im/LOGOFraicolo.png HTTP/1.1" 200 21138 "http://www.fraicolo.fr/catalog.php" "Mozilla/4.0 (compatible; MSIE 8.0; Windows NT 5.1; Trident/4.0; GTB6.3; Tablet PC 1.7; .NET CLR 1.0.3705; .NET CLR 1.1.4322; .NET CLR 2.0.50727; .NET CLR 3.0.4506.2152; .NET CLR 3.5.30729; OfficeLiveConnector.1.4; OfficeLivePatch.1.3)"
78.249.189.124 - - [30/Dec/2010:22:09:13 +0100] "GET /im/background/bg_shop_green.gif HTTP/1.1" 200 49144 "http://www.fraicolo.fr/catalog.php" "Mozilla/4.0 (compatible; MSIE 8.0; Windows NT 5.1; Trident/4.0; GTB6.3; Tablet PC 1.7; .NET CLR 1.0.3705; .NET CLR 1.1.4322; .NET CLR 2.0.50727; .NET CLR 3.0.4506.2152; .NET CLR 3.5.30729; OfficeLiveConnector.1.4; OfficeLivePatch.1.3)"
86.70.215.220 - - [30/Dec/2010:22:09:13 +0100] "GET /im/search.gif HTTP/1.1" 200 681 "http://www.fraicolo.fr/list.php?lang=1&path=66&sort=Article&page=0" "Mozilla/4.0 (compatible; MSIE 8.0; Windows NT 6.0; Trident/4.0; SLCC1; .NET CLR 2.0.50727; .NET CLR 3.5.30729; .NET CLR 3.0.30729; InfoPath.1; .NET4.0C)"
86.70.215.220 - - [30/Dec/2010:22:09:13 +0100] "GET /includes/menu/plus.gif HTTP/1.1" 200 71 "http://www.fraicolo.fr/list.php?lang=1&path=66&sort=Article&page=0" "Mozilla/4.0 (compatible; MSIE 8.0; Windows NT 6.0; Trident/4.0; SLCC1; .NET CLR 2.0.50727; .NET CLR 3.5.30729; .NET CLR 3.0.30729; InfoPath.1; .NET4.0C)"
86.70.215.220 - - [30/Dec/2010:22:09:13 +0100] "GET /im/lang1/menu_com.gif HTTP/1.1" 200 2071 "http://www.fraicolo.fr/list.php?lang=1&path=66&sort=Article&page=0" "Mozilla/4.0 (compatible; MSIE 8.0; Windows NT 6.0; Trident/4.0; SLCC1; .NET CLR 2.0.50727; .NET CLR 3.5.30729; .NET CLR 3.0.30729; InfoPath.1; .NET4.0C)"
86.70.215.220 - - [30/Dec/2010:22:09:14 +0100] "GET /im/payment.gif HTTP/1.1" 200 2578 "http://www.fraicolo.fr/list.php?lang=1&path=66&sort=Article&page=0" "Mozilla/4.0 (compatible; MSIE 8.0; Windows NT 6.0; Trident/4.0; SLCC1; .NET CLR 2.0.50727; .NET CLR 3.5.30729; .NET CLR 3.0.30729; InfoPath.1; .NET4.0C)"
86.70.215.220 - - [30/Dec/2010:22:09:14 +0100] "GET /im/articles/ConfitureAbbayeSeptFons.JPG HTTP/1.1" 200 18537 "http://www.fraicolo.fr/list.php?lang=1&path=66&sort=Article&page=0" "Mozilla/4.0 (compatible; MSIE 8.0; Windows NT 6.0; Trident/4.0; SLCC1; .NET CLR 2.0.50727; .NET CLR 3.5.30729; .NET CLR 3.0.30729; InfoPath.1; .NET4.0C)"
86.70.215.220 - - [30/Dec/2010:22:09:14 +0100] "GET /im/stockok.gif HTTP/1.1" 200 920 "http://www.fraicolo.fr/list.php?lang=1&path=66&sort=Article&page=0" "Mozilla/4.0 (compatible; MSIE 8.0; Windows NT 6.0; Trident/4.0; SLCC1; .NET CLR 2.0.50727; .NET CLR 3.5.30729; .NET CLR 3.0.30729; InfoPath.1; .NET4.0C)"
86.70.215.220 - - [30/Dec/2010:22:09:14 +0100] "GET /im/lang1/cart_add.gif HTTP/1.1" 200 481 "http://www.fraicolo.fr/list.php?lang=1&path=66&sort=Article&page=0" "Mozilla/4.0 (compatible; MSIE 8.0; Windows NT 6.0; Trident/4.0; SLCC1; .NET CLR 2.0.50727; .NET CLR 3.5.30729; .NET CLR 3.0.30729; InfoPath.1; .NET4.0C)"
78.249.189.124 - - [30/Dec/2010:22:09:14 +0100] "GET /im/lang1/menu_search.gif HTTP/1.1" 200 1955 "http://www.fraicolo.fr/catalog.php" "Mozilla/4.0 (compatible; MSIE 8.0; Windows NT 5.1; Trident/4.0; GTB6.3; Tablet PC 1.7; .NET CLR 1.0.3705; .NET CLR 1.1.4322; .NET CLR 2.0.50727; .NET CLR 3.0.4506.2152; .NET CLR 3.5.30729; OfficeLiveConnector.1.4; OfficeLivePatch.1.3)"
78.249.189.124 - - [30/Dec/2010:22:09:14 +0100] "GET /im/zzz.gif HTTP/1.1" 200 49 "http://www.fraicolo.fr/catalog.php" "Mozilla/4.0 (compatible; MSIE 8.0; Windows NT 5.1; Trident/4.0; GTB6.3; Tablet PC 1.7; .NET CLR 1.0.3705; .NET CLR 1.1.4322; .NET CLR 2.0.50727; .NET CLR 3.0.4506.2152; .NET CLR 3.5.30729; OfficeLiveConnector.1.4; OfficeLivePatch.1.3)"
78.249.189.124 - - [30/Dec/2010:22:09:14 +0100] "GET /im/fleche_bottom.gif HTTP/1.1" 200 57 "http://www.fraicolo.fr/catalog.php" "Mozilla/4.0 (compatible; MSIE 8.0; Windows NT 5.1; Trident/4.0; GTB6.3; Tablet PC 1.7; .NET CLR 1.0.3705; .NET CLR 1.1.4322; .NET CLR 2.0.50727; .NET CLR 3.0.4506.2152; .NET CLR 3.5.30729; OfficeLiveConnector.1.4; OfficeLivePatch.1.3)"
78.249.189.124 - - [30/Dec/2010:22:09:14 +0100] "GET /im/banner/bannercorporate1.jpg HTTP/1.1" 200 44430 "http://www.fraicolo.fr/catalog.php" "Mozilla/4.0 (compatible; MSIE 8.0; Windows NT 5.1; Trident/4.0; GTB6.3; Tablet PC 1.7; .NET CLR 1.0.3705; .NET CLR 1.1.4322; .NET CLR 2.0.50727; .NET CLR 3.0.4506.2152; .NET CLR 3.5.30729; OfficeLiveConnector.1.4; OfficeLivePatch.1.3)"
86.70.215.220 - - [30/Dec/2010:22:09:14 +0100] "GET /im/articles/ConfitureJaune.JPG HTTP/1.1" 200 18176 "http://www.fraicolo.fr/list.php?lang=1&path=66&sort=Article&page=0" "Mozilla/4.0 (compatible; MSIE 8.0; Windows NT 6.0; Trident/4.0; SLCC1; .NET CLR 2.0.50727; .NET CLR 3.5.30729; .NET CLR 3.0.30729; InfoPath.1; .NET4.0C)"
86.70.215.220 - - [30/Dec/2010:22:09:13 +0100] "GET /im/background/bg_shop_green.gif HTTP/1.1" 206 45213 "http://www.fraicolo.fr/list.php?lang=1&path=66&sort=Article&page=0" "Mozilla/4.0 (compatible; MSIE 8.0; Windows NT 6.0; Trident/4.0; SLCC1; .NET CLR 2.0.50727; .NET CLR 3.5.30729; .NET CLR 3.0.30729; InfoPath.1; .NET4.0C)"
78.249.189.124 - - [30/Dec/2010:22:09:14 +0100] "GET /im/accueil.gif HTTP/1.1" 200 511 "http://www.fraicolo.fr/catalog.php" "Mozilla/4.0 (compatible; MSIE 8.0; Windows NT 5.1; Trident/4.0; GTB6.3; Tablet PC 1.7; .NET CLR 1.0.3705; .NET CLR 1.1.4322; .NET CLR 2.0.50727; .NET CLR 3.0.4506.2152; .NET CLR 3.5.30729; OfficeLiveConnector.1.4; OfficeLivePatch.1.3)"
78.249.189.124 - - [30/Dec/2010:22:09:14 +0100] "GET /im/fleche_right.gif HTTP/1.1" 200 58 "http://www.fraicolo.fr/catalog.php" "Mozilla/4.0 (compatible; MSIE 8.0; Windows NT 5.1; Trident/4.0; GTB6.3; Tablet PC 1.7; .NET CLR 1.0.3705; .NET CLR 1.1.4322; .NET CLR 2.0.50727; .NET CLR 3.0.4506.2152; .NET CLR 3.5.30729; OfficeLiveConnector.1.4; OfficeLivePatch.1.3)"
78.249.189.124 - - [30/Dec/2010:22:09:14 +0100] "GET /im/background/menuleft.gif HTTP/1.1" 200 1837 "http://www.fraicolo.fr/catalog.php" "Mozilla/4.0 (compatible; MSIE 8.0; Windows NT 5.1; Trident/4.0; GTB6.3; Tablet PC 1.7; .NET CLR 1.0.3705; .NET CLR 1.1.4322; .NET CLR 2.0.50727; .NET CLR 3.0.4506.2152; .NET CLR 3.5.30729; OfficeLiveConnector.1.4; OfficeLivePatch.1.3)"
86.70.215.220 - - [30/Dec/2010:22:09:14 +0100] "GET /im/articles/ConfitureRouge.JPG HTTP/1.1" 200 19996 "http://www.fraicolo.fr/list.php?lang=1&path=66&sort=Article&page=0" "Mozilla/4.0 (compatible; MSIE 8.0; Windows NT 6.0; Trident/4.0; SLCC1; .NET CLR 2.0.50727; .NET CLR 3.5.30729; .NET CLR 3.0.30729; InfoPath.1; .NET4.0C)"
86.70.215.220 - - [30/Dec/2010:22:09:14 +0100] "GET /im/articles/MielVerriere.JPG HTTP/1.1" 200 8572 "http://www.fraicolo.fr/list.php?lang=1&path=66&sort=Article&page=0" "Mozilla/4.0 (compatible; MSIE 8.0; Windows NT 6.0; Trident/4.0; SLCC1; .NET CLR 2.0.50727; .NET CLR 3.5.30729; .NET CLR 3.0.30729; InfoPath.1; .NET4.0C)"
78.249.189.124 - - [30/Dec/2010:22:09:14 +0100] "GET /im/background/module_left.gif HTTP/1.1" 200 323 "http://www.fraicolo.fr/catalog.php" "Mozilla/4.0 (compatible; MSIE 8.0; Windows NT 5.1; Trident/4.0; GTB6.3; Tablet PC 1.7; .NET CLR 1.0.3705; .NET CLR 1.1.4322; .NET CLR 2.0.50727; .NET CLR 3.0.4506.2152; .NET CLR 3.5.30729; OfficeLiveConnector.1.4; OfficeLivePatch.1.3)"
86.70.215.220 - - [30/Dec/2010:22:09:14 +0100] "GET /im/articles/MielGatinais.JPG HTTP/1.1" 200 14711 "http://www.fraicolo.fr/list.php?lang=1&path=66&sort=Article&page=0" "Mozilla/4.0 (compatible; MSIE 8.0; Windows NT 6.0; Trident/4.0; SLCC1; .NET CLR 2.0.50727; .NET CLR 3.5.30729; .NET CLR 3.0.30729; InfoPath.1; .NET4.0C)"
78.249.189.124 - - [30/Dec/2010:22:09:14 +0100] "GET /im/search.gif HTTP/1.1" 200 681 "http://www.fraicolo.fr/catalog.php" "Mozilla/4.0 (compatible; MSIE 8.0; Windows NT 5.1; Trident/4.0; GTB6.3; Tablet PC 1.7; .NET CLR 1.0.3705; .NET CLR 1.1.4322; .NET CLR 2.0.50727; .NET CLR 3.0.4506.2152; .NET CLR 3.5.30729; OfficeLiveConnector.1.4; OfficeLivePatch.1.3)"
78.249.189.124 - - [30/Dec/2010:22:09:14 +0100] "GET /includes/menu/plus.gif HTTP/1.1" 200 71 "http://www.fraicolo.fr/catalog.php" "Mozilla/4.0 (compatible; MSIE 8.0; Windows NT 5.1; Trident/4.0; GTB6.3; Tablet PC 1.7; .NET CLR 1.0.3705; .NET CLR 1.1.4322; .NET CLR 2.0.50727; .NET CLR 3.0.4506.2152; .NET CLR 3.5.30729; OfficeLiveConnector.1.4; OfficeLivePatch.1.3)"
86.70.215.220 - - [30/Dec/2010:22:09:14 +0100] "GET /im/articles/ConfitureBIOFraise.JPG HTTP/1.1" 200 10519 "http://www.fraicolo.fr/list.php?lang=1&path=66&sort=Article&page=0" "Mozilla/4.0 (compatible; MSIE 8.0; Windows NT 6.0; Trident/4.0; SLCC1; .NET CLR 2.0.50727; .NET CLR 3.5.30729; .NET CLR 3.0.30729; InfoPath.1; .NET4.0C)"
78.249.189.124 - - [30/Dec/2010:22:09:14 +0100] "GET /im/lang1/menu_com.gif HTTP/1.1" 200 2071 "http://www.fraicolo.fr/catalog.php" "Mozilla/4.0 (compatible; MSIE 8.0; Windows NT 5.1; Trident/4.0; GTB6.3; Tablet PC 1.7; .NET CLR 1.0.3705; .NET CLR 1.1.4322; .NET CLR 2.0.50727; .NET CLR 3.0.4506.2152; .NET CLR 3.5.30729; OfficeLiveConnector.1.4; OfficeLivePatch.1.3)"
78.249.189.124 - - [30/Dec/2010:22:09:14 +0100] "GET /im/payment.gif HTTP/1.1" 200 2578 "http://www.fraicolo.fr/catalog.php" "Mozilla/4.0 (compatible; MSIE 8.0; Windows NT 5.1; Trident/4.0; GTB6.3; Tablet PC 1.7; .NET CLR 1.0.3705; .NET CLR 1.1.4322; .NET CLR 2.0.50727; .NET CLR 3.0.4506.2152; .NET CLR 3.5.30729; OfficeLiveConnector.1.4; OfficeLivePatch.1.3)"
78.249.189.124 - - [30/Dec/2010:22:09:14 +0100] "GET /im/lang1/menu_infos.gif HTTP/1.1" 200 2010 "http://www.fraicolo.fr/catalog.php" "Mozilla/4.0 (compatible; MSIE 8.0; Windows NT 5.1; Trident/4.0; GTB6.3; Tablet PC 1.7; .NET CLR 1.0.3705; .NET CLR 1.1.4322; .NET CLR 2.0.50727; .NET CLR 3.0.4506.2152; .NET CLR 3.5.30729; OfficeLiveConnector.1.4; OfficeLivePatch.1.3)"
78.249.189.124 - - [30/Dec/2010:22:09:14 +0100] "GET /im/lang1/menu_id.gif HTTP/1.1" 200 2056 "http://www.fraicolo.fr/catalog.php" "Mozilla/4.0 (compatible; MSIE 8.0; Windows NT 5.1; Trident/4.0; GTB6.3; Tablet PC 1.7; .NET CLR 1.0.3705; .NET CLR 1.1.4322; .NET CLR 2.0.50727; .NET CLR 3.0.4506.2152; .NET CLR 3.5.30729; OfficeLiveConnector.1.4; OfficeLivePatch.1.3)"
78.249.189.124 - - [30/Dec/2010:22:09:14 +0100] "GET /im/ok.gif HTTP/1.1" 200 128 "http://www.fraicolo.fr/catalog.php" "Mozilla/4.0 (compatible; MSIE 8.0; Windows NT 5.1; Trident/4.0; GTB6.3; Tablet PC 1.7; .NET CLR 1.0.3705; .NET CLR 1.1.4322; .NET CLR 2.0.50727; .NET CLR 3.0.4506.2152; .NET CLR 3.5.30729; OfficeLiveConnector.1.4; OfficeLivePatch.1.3)"
78.249.189.124 - - [30/Dec/2010:22:09:14 +0100] "GET /im/background/menuright.gif HTTP/1.1" 200 1832 "http://www.fraicolo.fr/catalog.php" "Mozilla/4.0 (compatible; MSIE 8.0; Windows NT 5.1; Trident/4.0; GTB6.3; Tablet PC 1.7; .NET CLR 1.0.3705; .NET CLR 1.1.4322; .NET CLR 2.0.50727; .NET CLR 3.0.4506.2152; .NET CLR 3.5.30729; OfficeLiveConnector.1.4; OfficeLivePatch.1.3)"
86.70.215.220 - - [30/Dec/2010:22:09:14 +0100] "GET /im/articles/ConfitureBIOFramboise.JPG HTTP/1.1" 200 10205 "http://www.fraicolo.fr/list.php?lang=1&path=66&sort=Article&page=0" "Mozilla/4.0 (compatible; MSIE 8.0; Windows NT 6.0; Trident/4.0; SLCC1; .NET CLR 2.0.50727; .NET CLR 3.5.30729; .NET CLR 3.0.30729; InfoPath.1; .NET4.0C)"
78.249.189.124 - - [30/Dec/2010:22:09:14 +0100] "GET /im/lang1/menu_caddie.gif HTTP/1.1" 200 2067 "http://www.fraicolo.fr/catalog.php" "Mozilla/4.0 (compatible; MSIE 8.0; Windows NT 5.1; Trident/4.0; GTB6.3; Tablet PC 1.7; .NET CLR 1.0.3705; .NET CLR 1.1.4322; .NET CLR 2.0.50727; .NET CLR 3.0.4506.2152; .NET CLR 3.5.30729; OfficeLiveConnector.1.4; OfficeLivePatch.1.3)"
78.249.189.124 - - [30/Dec/2010:22:09:14 +0100] "GET /im/lang1/menu_devis.gif HTTP/1.1" 200 1958 "http://www.fraicolo.fr/catalog.php" "Mozilla/4.0 (compatible; MSIE 8.0; Windows NT 5.1; Trident/4.0; GTB6.3; Tablet PC 1.7; .NET CLR 1.0.3705; .NET CLR 1.1.4322; .NET CLR 2.0.50727; .NET CLR 3.0.4506.2152; .NET CLR 3.5.30729; OfficeLiveConnector.1.4; OfficeLivePatch.1.3)"
86.70.215.220 - - [30/Dec/2010:22:09:14 +0100] "GET /im/articles/ConfitureBIOMure.JPG HTTP/1.1" 200 2366 "http://www.fraicolo.fr/list.php?lang=1&path=66&sort=Article&page=0" "Mozilla/4.0 (compatible; MSIE 8.0; Windows NT 6.0; Trident/4.0; SLCC1; .NET CLR 2.0.50727; .NET CLR 3.5.30729; .NET CLR 3.0.30729; InfoPath.1; .NET4.0C)"
78.249.189.124 - - [30/Dec/2010:22:09:14 +0100] "GET /im/lang1/menu_subscribe.gif HTTP/1.1" 200 1877 "http://www.fraicolo.fr/catalog.php" "Mozilla/4.0 (compatible; MSIE 8.0; Windows NT 5.1; Trident/4.0; GTB6.3; Tablet PC 1.7; .NET CLR 1.0.3705; .NET CLR 1.1.4322; .NET CLR 2.0.50727; .NET CLR 3.0.4506.2152; .NET CLR 3.5.30729; OfficeLiveConnector.1.4; OfficeLivePatch.1.3)"
86.70.215.220 - - [30/Dec/2010:22:09:14 +0100] "GET /im/articles/ConfitureBIOMyrtille.JPG HTTP/1.1" 200 10087 "http://www.fraicolo.fr/list.php?lang=1&path=66&sort=Article&page=0" "Mozilla/4.0 (compatible; MSIE 8.0; Windows NT 6.0; Trident/4.0; SLCC1; .NET CLR 2.0.50727; .NET CLR 3.5.30729; .NET CLR 3.0.30729; InfoPath.1; .NET4.0C)"
86.70.215.220 - - [30/Dec/2010:22:09:14 +0100] "GET /im/articles/ConfitureBIOAbricot.JPG HTTP/1.1" 200 10022 "http://www.fraicolo.fr/list.php?lang=1&path=66&sort=Article&page=0" "Mozilla/4.0 (compatible; MSIE 8.0; Windows NT 6.0; Trident/4.0; SLCC1; .NET CLR 2.0.50727; .NET CLR 3.5.30729; .NET CLR 3.0.30729; InfoPath.1; .NET4.0C)"
86.70.215.220 - - [30/Dec/2010:22:09:14 +0100] "GET /im/articles/ConfitureBIOOrange.JPG HTTP/1.1" 200 10292 "http://www.fraicolo.fr/list.php?lang=1&path=66&sort=Article&page=0" "Mozilla/4.0 (compatible; MSIE 8.0; Windows NT 6.0; Trident/4.0; SLCC1; .NET CLR 2.0.50727; .NET CLR 3.5.30729; .NET CLR 3.0.30729; InfoPath.1; .NET4.0C)"
86.70.215.220 - - [30/Dec/2010:22:09:14 +0100] "GET /im/cart.gif HTTP/1.1" 200 574 "http://www.fraicolo.fr/list.php?lang=1&path=66&sort=Article&page=0" "Mozilla/4.0 (compatible; MSIE 8.0; Windows NT 6.0; Trident/4.0; SLCC1; .NET CLR 2.0.50727; .NET CLR 3.5.30729; .NET CLR 3.0.30729; InfoPath.1; .NET4.0C)"
86.70.215.220 - - [30/Dec/2010:22:09:14 +0100] "GET /im/cart_rem.gif HTTP/1.1" 200 368 "http://www.fraicolo.fr/list.php?lang=1&path=66&sort=Article&page=0" "Mozilla/4.0 (compatible; MSIE 8.0; Windows NT 6.0; Trident/4.0; SLCC1; .NET CLR 2.0.50727; .NET CLR 3.5.30729; .NET CLR 3.0.30729; InfoPath.1; .NET4.0C)"
86.70.215.220 - - [30/Dec/2010:22:09:15 +0100] "GET /im/cart_opt.gif HTTP/1.1" 200 365 "http://www.fraicolo.fr/list.php?lang=1&path=66&sort=Article&page=0" "Mozilla/4.0 (compatible; MSIE 8.0; Windows NT 6.0; Trident/4.0; SLCC1; .NET CLR 2.0.50727; .NET CLR 3.5.30729; .NET CLR 3.0.30729; InfoPath.1; .NET4.0C)"
86.70.215.220 - - [30/Dec/2010:22:09:15 +0100] "GET /im/cart_out.gif HTTP/1.1" 200 1030 "http://www.fraicolo.fr/list.php?lang=1&path=66&sort=Article&page=0" "Mozilla/4.0 (compatible; MSIE 8.0; Windows NT 6.0; Trident/4.0; SLCC1; .NET CLR 2.0.50727; .NET CLR 3.5.30729; .NET CLR 3.0.30729; InfoPath.1; .NET4.0C)"
86.70.215.220 - - [30/Dec/2010:22:09:15 +0100] "GET /im/lang1/menu_infos.gif HTTP/1.1" 200 2010 "http://www.fraicolo.fr/list.php?lang=1&path=66&sort=Article&page=0" "Mozilla/4.0 (compatible; MSIE 8.0; Windows NT 6.0; Trident/4.0; SLCC1; .NET CLR 2.0.50727; .NET CLR 3.5.30729; .NET CLR 3.0.30729; InfoPath.1; .NET4.0C)"
78.249.189.124 - - [30/Dec/2010:22:09:15 +0100] "GET /favicon.ico HTTP/1.1" 200 293 "-" "Mozilla/4.0 (compatible; MSIE 8.0; Windows NT 5.1; Trident/4.0; GTB6.3; Tablet PC 1.7; .NET CLR 1.0.3705; .NET CLR 1.1.4322; .NET CLR 2.0.50727; .NET CLR 3.0.4506.2152; .NET CLR 3.5.30729; OfficeLiveConnector.1.4; OfficeLivePatch.1.3)"
86.70.215.220 - - [30/Dec/2010:22:09:15 +0100] "GET /im/lang1/menu_id.gif HTTP/1.1" 200 2056 "http://www.fraicolo.fr/list.php?lang=1&path=66&sort=Article&page=0" "Mozilla/4.0 (compatible; MSIE 8.0; Windows NT 6.0; Trident/4.0; SLCC1; .NET CLR 2.0.50727; .NET CLR 3.5.30729; .NET CLR 3.0.30729; InfoPath.1; .NET4.0C)"
86.70.215.220 - - [30/Dec/2010:22:09:15 +0100] "GET /im/ok.gif HTTP/1.1" 200 128 "http://www.fraicolo.fr/list.php?lang=1&path=66&sort=Article&page=0" "Mozilla/4.0 (compatible; MSIE 8.0; Windows NT 6.0; Trident/4.0; SLCC1; .NET CLR 2.0.50727; .NET CLR 3.5.30729; .NET CLR 3.0.30729; InfoPath.1; .NET4.0C)"
86.70.215.220 - - [30/Dec/2010:22:09:15 +0100] "GET /im/background/menuright.gif HTTP/1.1" 200 1832 "http://www.fraicolo.fr/list.php?lang=1&path=66&sort=Article&page=0" "Mozilla/4.0 (compatible; MSIE 8.0; Windows NT 6.0; Trident/4.0; SLCC1; .NET CLR 2.0.50727; .NET CLR 3.5.30729; .NET CLR 3.0.30729; InfoPath.1; .NET4.0C)"
86.70.215.220 - - [30/Dec/2010:22:09:15 +0100] "GET /im/lang1/menu_caddie.gif HTTP/1.1" 200 2067 "http://www.fraicolo.fr/list.php?lang=1&path=66&sort=Article&page=0" "Mozilla/4.0 (compatible; MSIE 8.0; Windows NT 6.0; Trident/4.0; SLCC1; .NET CLR 2.0.50727; .NET CLR 3.5.30729; .NET CLR 3.0.30729; InfoPath.1; .NET4.0C)"
86.70.215.220 - - [30/Dec/2010:22:09:15 +0100] "GET /im/lang1/menu_devis.gif HTTP/1.1" 200 1958 "http://www.fraicolo.fr/list.php?lang=1&path=66&sort=Article&page=0" "Mozilla/4.0 (compatible; MSIE 8.0; Windows NT 6.0; Trident/4.0; SLCC1; .NET CLR 2.0.50727; .NET CLR 3.5.30729; .NET CLR 3.0.30729; InfoPath.1; .NET4.0C)"
86.70.215.220 - - [30/Dec/2010:22:09:15 +0100] "GET /im/lang1/menu_subscribe.gif HTTP/1.1" 200 1877 "http://www.fraicolo.fr/list.php?lang=1&path=66&sort=Article&page=0" "Mozilla/4.0 (compatible; MSIE 8.0; Windows NT 6.0; Trident/4.0; SLCC1; .NET CLR 2.0.50727; .NET CLR 3.5.30729; .NET CLR 3.0.30729; InfoPath.1; .NET4.0C)"
78.249.189.124 - - [30/Dec/2010:22:09:15 +0100] "GET /im/fleche_right_grey.gif HTTP/1.1" 200 58 "http://www.fraicolo.fr/catalog.php" "Mozilla/4.0 (compatible; MSIE 8.0; Windows NT 5.1; Trident/4.0; GTB6.3; Tablet PC 1.7; .NET CLR 1.0.3705; .NET CLR 1.1.4322; .NET CLR 2.0.50727; .NET CLR 3.0.4506.2152; .NET CLR 3.5.30729; OfficeLiveConnector.1.4; OfficeLivePatch.1.3)"
66.249.71.6 - - [30/Dec/2010:22:09:23 +0100] "GET /description.php?lang=1&path=85&sort=Article&page=0&id=667 HTTP/1.1" 200 11220 "-" "Mozilla/5.0 (compatible; Googlebot/2.1; +http://www.google.com/bot.html)"
41.97.76.201 - - [30/Dec/2010:22:09:24 +0100] "GET /categories.php?lang=e&path=29&num=17&action=e HTTP/1.1" 200 15731 "http://www.google.fr/imgres?imgurl=http://www.fraicolo.fr/im/articles/AvocatBIO.JPG&imgrefurl=http://www.fraicolo.fr/categories.php%3Flang%3De%26path%3D29%26num%3D17%26action%3De&usg=__mn__oRFIWk3KjitUz_GC0lqno-s=&h=720&w=900&sz=53&hl=fr&start=22&zoom=1&itbs=1&tbnid=trtfmRl_KpfbyM:&tbnh=117&tbnw=146&prev=/images%3Fq%3Dwww.avocats.com.%26start%3D20%26hl%3Dfr%26sa%3DN%26ndsp%3D20%26tbs%3Disch:1%26prmd%3Divnsu" "Mozilla/5.0 (Windows; U; Windows NT 5.1; fr; rv:1.9.2.13) Gecko/20101203 Firefox/3.6.13"
41.97.76.201 - - [30/Dec/2010:22:09:25 +0100] "GET /includes/popImage.js HTTP/1.1" 200 1233 "http://www.fraicolo.fr/categories.php?lang=e&path=29&num=17&action=e" "Mozilla/5.0 (Windows; U; Windows NT 5.1; fr; rv:1.9.2.13) Gecko/20101203 Firefox/3.6.13"
41.97.76.201 - - [30/Dec/2010:22:09:25 +0100] "GET /css/scss.css HTTP/1.1" 200 3683 "http://www.fraicolo.fr/categories.php?lang=e&path=29&num=17&action=e" "Mozilla/5.0 (Windows; U; Windows NT 5.1; fr; rv:1.9.2.13) Gecko/20101203 Firefox/3.6.13"
41.97.76.201 - - [30/Dec/2010:22:09:25 +0100] "GET /im/LOGOFraicolo.png HTTP/1.1" 200 21138 "http://www.fraicolo.fr/categories.php?lang=e&path=29&num=17&action=e" "Mozilla/5.0 (Windows; U; Windows NT 5.1; fr; rv:1.9.2.13) Gecko/20101203 Firefox/3.6.13"
41.97.76.201 - - [30/Dec/2010:22:09:25 +0100] "GET /im/zzz.gif HTTP/1.1" 200 49 "http://www.fraicolo.fr/categories.php?lang=e&path=29&num=17&action=e" "Mozilla/5.0 (Windows; U; Windows NT 5.1; fr; rv:1.9.2.13) Gecko/20101203 Firefox/3.6.13"
41.97.76.201 - - [30/Dec/2010:22:09:26 +0100] "GET /im/accueil.gif HTTP/1.1" 200 511 "http://www.fraicolo.fr/categories.php?lang=e&path=29&num=17&action=e" "Mozilla/5.0 (Windows; U; Windows NT 5.1; fr; rv:1.9.2.13) Gecko/20101203 Firefox/3.6.13"
41.97.76.201 - - [30/Dec/2010:22:09:26 +0100] "GET /im/background/bg_green.gif HTTP/1.1" 200 2395 "http://www.fraicolo.fr/css/scss.css" "Mozilla/5.0 (Windows; U; Windows NT 5.1; fr; rv:1.9.2.13) Gecko/20101203 Firefox/3.6.13"
41.97.76.201 - - [30/Dec/2010:22:09:26 +0100] "GET /im/path.gif HTTP/1.1" 200 363 "http://www.fraicolo.fr/categories.php?lang=e&path=29&num=17&action=e" "Mozilla/5.0 (Windows; U; Windows NT 5.1; fr; rv:1.9.2.13) Gecko/20101203 Firefox/3.6.13"
41.97.76.201 - - [30/Dec/2010:22:09:26 +0100] "GET /im/lang1/menu_search.gif HTTP/1.1" 200 1955 "http://www.fraicolo.fr/categories.php?lang=e&path=29&num=17&action=e" "Mozilla/5.0 (Windows; U; Windows NT 5.1; fr; rv:1.9.2.13) Gecko/20101203 Firefox/3.6.13"
41.97.76.201 - - [30/Dec/2010:22:09:26 +0100] "GET /includes/menu/plus.gif HTTP/1.1" 200 71 "http://www.fraicolo.fr/categories.php?lang=e&path=29&num=17&action=e" "Mozilla/5.0 (Windows; U; Windows NT 5.1; fr; rv:1.9.2.13) Gecko/20101203 Firefox/3.6.13"
41.97.76.201 - - [30/Dec/2010:22:09:26 +0100] "GET /im/lang1/menu_com.gif HTTP/1.1" 200 2071 "http://www.fraicolo.fr/categories.php?lang=e&path=29&num=17&action=e" "Mozilla/5.0 (Windows; U; Windows NT 5.1; fr; rv:1.9.2.13) Gecko/20101203 Firefox/3.6.13"
41.97.76.201 - - [30/Dec/2010:22:09:27 +0100] "GET /im/payment.gif HTTP/1.1" 200 2578 "http://www.fraicolo.fr/categories.php?lang=e&path=29&num=17&action=e" "Mozilla/5.0 (Windows; U; Windows NT 5.1; fr; rv:1.9.2.13) Gecko/20101203 Firefox/3.6.13"
41.97.76.201 - - [30/Dec/2010:22:09:27 +0100] "GET /im/zzz_gris.gif HTTP/1.1" 200 41 "http://www.fraicolo.fr/categories.php?lang=e&path=29&num=17&action=e" "Mozilla/5.0 (Windows; U; Windows NT 5.1; fr; rv:1.9.2.13) Gecko/20101203 Firefox/3.6.13"
41.97.76.201 - - [30/Dec/2010:22:09:27 +0100] "GET /im/articles/CourgetteBIO.JPG HTTP/1.1" 200 7186 "http://www.fraicolo.fr/categories.php?lang=e&path=29&num=17&action=e" "Mozilla/5.0 (Windows; U; Windows NT 5.1; fr; rv:1.9.2.13) Gecko/20101203 Firefox/3.6.13"
41.97.76.201 - - [30/Dec/2010:22:09:27 +0100] "GET /im/stockok.gif HTTP/1.1" 200 920 "http://www.fraicolo.fr/categories.php?lang=e&path=29&num=17&action=e" "Mozilla/5.0 (Windows; U; Windows NT 5.1; fr; rv:1.9.2.13) Gecko/20101203 Firefox/3.6.13"
41.97.76.201 - - [30/Dec/2010:22:09:27 +0100] "GET /im/articles/Aneth.JPG HTTP/1.1" 200 5562 "http://www.fraicolo.fr/categories.php?lang=e&path=29&num=17&action=e" "Mozilla/5.0 (Windows; U; Windows NT 5.1; fr; rv:1.9.2.13) Gecko/20101203 Firefox/3.6.13"
41.97.76.201 - - [30/Dec/2010:22:09:27 +0100] "GET /im/articles/PatatesRatte.JPG HTTP/1.1" 200 7490 "http://www.fraicolo.fr/categories.php?lang=e&path=29&num=17&action=e" "Mozilla/5.0 (Windows; U; Windows NT 5.1; fr; rv:1.9.2.13) Gecko/20101203 Firefox/3.6.13"
41.97.76.201 - - [30/Dec/2010:22:09:27 +0100] "GET /im/articles/Laitues.JPG HTTP/1.1" 200 17977 "http://www.fraicolo.fr/categories.php?lang=e&path=29&num=17&action=e" "Mozilla/5.0 (Windows; U; Windows NT 5.1; fr; rv:1.9.2.13) Gecko/20101203 Firefox/3.6.13"
41.97.76.201 - - [30/Dec/2010:22:09:28 +0100] "GET /im/articles/Patates.jpg HTTP/1.1" 200 6663 "http://www.fraicolo.fr/categories.php?lang=e&path=29&num=17&action=e" "Mozilla/5.0 (Windows; U; Windows NT 5.1; fr; rv:1.9.2.13) Gecko/20101203 Firefox/3.6.13"
41.97.76.201 - - [30/Dec/2010:22:09:28 +0100] "GET /im/articles/GrilleAubergines.JPG HTTP/1.1" 200 2827 "http://www.fraicolo.fr/categories.php?lang=e&path=29&num=17&action=e" "Mozilla/5.0 (Windows; U; Windows NT 5.1; fr; rv:1.9.2.13) Gecko/20101203 Firefox/3.6.13"
41.97.76.201 - - [30/Dec/2010:22:09:29 +0100] "GET /im/articles/CarotteBotte.JPG HTTP/1.1" 200 24222 "http://www.fraicolo.fr/categories.php?lang=e&path=29&num=17&action=e" "Mozilla/5.0 (Windows; U; Windows NT 5.1; fr; rv:1.9.2.13) Gecko/20101203 Firefox/3.6.13"
41.97.76.201 - - [30/Dec/2010:22:09:25 +0100] "GET /im/banner/bannercorporate1.jpg HTTP/1.1" 200 44430 "http://www.fraicolo.fr/categories.php?lang=e&path=29&num=17&action=e" "Mozilla/5.0 (Windows; U; Windows NT 5.1; fr; rv:1.9.2.13) Gecko/20101203 Firefox/3.6.13"
41.97.76.201 - - [30/Dec/2010:22:09:29 +0100] "GET /im/articles/GrilleCarottes.JPG HTTP/1.1" 200 2747 "http://www.fraicolo.fr/categories.php?lang=e&path=29&num=17&action=e" "Mozilla/5.0 (Windows; U; Windows NT 5.1; fr; rv:1.9.2.13) Gecko/20101203 Firefox/3.6.13"
41.97.76.201 - - [30/Dec/2010:22:09:29 +0100] "GET /im/articles/HaricotsVerts.jpg HTTP/1.1" 200 2695 "http://www.fraicolo.fr/categories.php?lang=e&path=29&num=17&action=e" "Mozilla/5.0 (Windows; U; Windows NT 5.1; fr; rv:1.9.2.13) Gecko/20101203 Firefox/3.6.13"
66.130.243.138 - - [30/Dec/2010:22:09:29 +0100] "GET /im/articles/ChipsTraiteur.JPG HTTP/1.1" 200 31181 "http://www.eternia-fr.net/news_899_best-wishes-14-disponible-en-vostfr.html" "Mozilla/4.0 (compatible; MSIE 7.0; Windows NT 6.0; WOW64; GTB6.6; SLCC1; .NET CLR 2.0.50727; Media Center PC 5.0; .NET CLR 3.5.30729; .NET CLR 3.0.30618; OfficeLiveConnector.1.3; OfficeLivePatch.0.0)"
41.97.76.201 - - [30/Dec/2010:22:09:30 +0100] "GET /im/articles/HerbesMenthe.JPG HTTP/1.1" 200 12129 "http://www.fraicolo.fr/categories.php?lang=e&path=29&num=17&action=e" "Mozilla/5.0 (Windows; U; Windows NT 5.1; fr; rv:1.9.2.13) Gecko/20101203 Firefox/3.6.13"
41.97.76.201 - - [30/Dec/2010:22:09:30 +0100] "GET /im/articles/HerbesThym.JPG HTTP/1.1" 200 13690 "http://www.fraicolo.fr/categories.php?lang=e&path=29&num=17&action=e" "Mozilla/5.0 (Windows; U; Windows NT 5.1; fr; rv:1.9.2.13) Gecko/20101203 Firefox/3.6.13"
41.97.76.201 - - [30/Dec/2010:22:09:30 +0100] "GET /im/articles/RadisNoir.JPG HTTP/1.1" 200 6115 "http://www.fraicolo.fr/categories.php?lang=e&path=29&num=17&action=e" "Mozilla/5.0 (Windows; U; Windows NT 5.1; fr; rv:1.9.2.13) Gecko/20101203 Firefox/3.6.13"
41.97.76.201 - - [30/Dec/2010:22:09:30 +0100] "GET /im/articles/ChouChinois.JPG HTTP/1.1" 200 18478 "http://www.fraicolo.fr/categories.php?lang=e&path=29&num=17&action=e" "Mozilla/5.0 (Windows; U; Windows NT 5.1; fr; rv:1.9.2.13) Gecko/20101203 Firefox/3.6.13"
41.97.76.201 - - [30/Dec/2010:22:09:31 +0100] "GET /im/articles/LaitueBIO.jpg HTTP/1.1" 200 16576 "http://www.fraicolo.fr/categories.php?lang=e&path=29&num=17&action=e" "Mozilla/5.0 (Windows; U; Windows NT 5.1; fr; rv:1.9.2.13) Gecko/20101203 Firefox/3.6.13"
41.97.76.201 - - [30/Dec/2010:22:09:31 +0100] "GET /im/articles/OignonRouge.JPG HTTP/1.1" 200 8592 "http://www.fraicolo.fr/categories.php?lang=e&path=29&num=17&action=e" "Mozilla/5.0 (Windows; U; Windows NT 5.1; fr; rv:1.9.2.13) Gecko/20101203 Firefox/3.6.13"
41.97.76.201 - - [30/Dec/2010:22:09:29 +0100] "GET /im/articles/AvocatBIO.JPG HTTP/1.1" 200 53343 "http://www.fraicolo.fr/categories.php?lang=e&path=29&num=17&action=e" "Mozilla/5.0 (Windows; U; Windows NT 5.1; fr; rv:1.9.2.13) Gecko/20101203 Firefox/3.6.13"
41.97.76.201 - - [30/Dec/2010:22:09:32 +0100] "GET /im/articles/CarotteBIO.JPG HTTP/1.1" 200 13383 "http://www.fraicolo.fr/categories.php?lang=e&path=29&num=17&action=e" "Mozilla/5.0 (Windows; U; Windows NT 5.1; fr; rv:1.9.2.13) Gecko/20101203 Firefox/3.6.13"
41.97.76.201 - - [30/Dec/2010:22:09:32 +0100] "GET /im/articles/PersilFrise.JPG HTTP/1.1" 200 12135 "http://www.fraicolo.fr/categories.php?lang=e&path=29&num=17&action=e" "Mozilla/5.0 (Windows; U; Windows NT 5.1; fr; rv:1.9.2.13) Gecko/20101203 Firefox/3.6.13"
41.97.76.201 - - [30/Dec/2010:22:09:32 +0100] "GET /im/articles/Carottes.jpg HTTP/1.1" 200 6387 "http://www.fraicolo.fr/categories.php?lang=e&path=29&num=17&action=e" "Mozilla/5.0 (Windows; U; Windows NT 5.1; fr; rv:1.9.2.13) Gecko/20101203 Firefox/3.6.13"
41.97.76.201 - - [30/Dec/2010:22:09:32 +0100] "GET /im/articles/SojaBIO.JPG HTTP/1.1" 200 21457 "http://www.fraicolo.fr/categories.php?lang=e&path=29&num=17&action=e" "Mozilla/5.0 (Windows; U; Windows NT 5.1; fr; rv:1.9.2.13) Gecko/20101203 Firefox/3.6.13"
41.97.76.201 - - [30/Dec/2010:22:09:33 +0100] "GET /im/articles/Radis-.jpg HTTP/1.1" 200 8030 "http://www.fraicolo.fr/categories.php?lang=e&path=29&num=17&action=e" "Mozilla/5.0 (Windows; U; Windows NT 5.1; fr; rv:1.9.2.13) Gecko/20101203 Firefox/3.6.13"
41.97.76.201 - - [30/Dec/2010:22:09:33 +0100] "GET /im/articles/PatateDouce.JPG HTTP/1.1" 200 4571 "http://www.fraicolo.fr/categories.php?lang=e&path=29&num=17&action=e" "Mozilla/5.0 (Windows; U; Windows NT 5.1; fr; rv:1.9.2.13) Gecko/20101203 Firefox/3.6.13"
86.220.183.250 - - [30/Dec/2010:22:09:33 +0100] "GET /list.php?lang=1&path=34&sort=Article&page=0 HTTP/1.1" 200 11970 "http://www.google.fr/imgres?imgurl=http://www.fraicolo.fr/im/articles/PommeJaune.jpg&imgrefurl=http://www.fraicolo.fr/list.php%3Flang%3D1%26path%3D34%26sort%3DArticle%26page%3D0&usg=__nG57QuoU_UOXU6dsTrSS4vuKVEQ=&h=404&w=390&sz=14&hl=fr&start=15&zoom=1&itbs=1&tbnid=JR_p-UwrQQzAwM:&tbnh=124&tbnw=120&prev=/images%3Fq%3Dpomme%26hl%3Dfr%26gbv%3D2%26tbs%3Disch:1" "Mozilla/4.0 (compatible; MSIE 8.0; Windows NT 6.1; Trident/4.0; GTB6.6; SLCC2; .NET CLR 2.0.50727; .NET CLR 3.5.30729; .NET CLR 3.0.30729; Media Center PC 6.0; OfficeLiveConnector.1.3; OfficeLivePatch.0.0; .NET4.0C; AskTbPTF/5.9.1.14019)"
41.97.76.201 - - [30/Dec/2010:22:09:33 +0100] "GET /im/articles/ArtichautsMarines.JPG HTTP/1.1" 200 3817 "http://www.fraicolo.fr/categories.php?lang=e&path=29&num=17&action=e" "Mozilla/5.0 (Windows; U; Windows NT 5.1; fr; rv:1.9.2.13) Gecko/20101203 Firefox/3.6.13"
41.97.76.201 - - [30/Dec/2010:22:09:33 +0100] "GET /im/articles/Blette.JPG HTTP/1.1" 200 5113 "http://www.fraicolo.fr/categories.php?lang=e&path=29&num=17&action=e" "Mozilla/5.0 (Windows; U; Windows NT 5.1; fr; rv:1.9.2.13) Gecko/20101203 Firefox/3.6.13"
41.97.76.201 - - [30/Dec/2010:22:09:34 +0100] "GET /im/articles/HerbesPersil.JPG HTTP/1.1" 200 13770 "http://www.fraicolo.fr/categories.php?lang=e&path=29&num=17&action=e" "Mozilla/5.0 (Windows; U; Windows NT 5.1; fr; rv:1.9.2.13) Gecko/20101203 Firefox/3.6.13"
41.97.76.201 - - [30/Dec/2010:22:09:34 +0100] "GET /im/articles/Celeri.JPG HTTP/1.1" 200 8822 "http://www.fraicolo.fr/categories.php?lang=e&path=29&num=17&action=e" "Mozilla/5.0 (Windows; U; Windows NT 5.1; fr; rv:1.9.2.13) Gecko/20101203 Firefox/3.6.13"
41.97.76.201 - - [30/Dec/2010:22:09:34 +0100] "GET /im/articles/Poivronsjaunes.jpg HTTP/1.1" 200 21869 "http://www.fraicolo.fr/categories.php?lang=e&path=29&num=17&action=e" "Mozilla/5.0 (Windows; U; Windows NT 5.1; fr; rv:1.9.2.13) Gecko/20101203 Firefox/3.6.13"
86.220.183.250 - - [30/Dec/2010:22:09:34 +0100] "GET /im/articles/PommeJaune.jpg HTTP/1.1" 200 13409 "http://www.google.fr/imgres?imgurl=http://www.fraicolo.fr/im/articles/PommeJaune.jpg&imgrefurl=http://www.fraicolo.fr/list.php%3Flang%3D1%26path%3D34%26sort%3DArticle%26page%3D0&usg=__nG57QuoU_UOXU6dsTrSS4vuKVEQ=&h=404&w=390&sz=14&hl=fr&start=15&zoom=1&itbs=1&tbnid=JR_p-UwrQQzAwM:&tbnh=124&tbnw=120&prev=/images%3Fq%3Dpomme%26hl%3Dfr%26gbv%3D2%26tbs%3Disch:1" "Mozilla/4.0 (compatible; MSIE 8.0; Windows NT 6.1; Trident/4.0; GTB6.6; SLCC2; .NET CLR 2.0.50727; .NET CLR 3.5.30729; .NET CLR 3.0.30729; Media Center PC 6.0; OfficeLiveConnector.1.3; OfficeLivePatch.0.0; .NET4.0C; AskTbPTF/5.9.1.14019)"
41.97.76.201 - - [30/Dec/2010:22:09:34 +0100] "GET /im/articles/TomatesConfites.JPG HTTP/1.1" 200 4142 "http://www.fraicolo.fr/categories.php?lang=e&path=29&num=17&action=e" "Mozilla/5.0 (Windows; U; Windows NT 5.1; fr; rv:1.9.2.13) Gecko/20101203 Firefox/3.6.13"
41.97.76.201 - - [30/Dec/2010:22:09:34 +0100] "GET /im/articles/Ail.jpg HTTP/1.1" 200 7919 "http://www.fraicolo.fr/categories.php?lang=e&path=29&num=17&action=e" "Mozilla/5.0 (Windows; U; Windows NT 5.1; fr; rv:1.9.2.13) Gecko/20101203 Firefox/3.6.13"
41.97.76.201 - - [30/Dec/2010:22:09:35 +0100] "GET /im/articles/CourgetteRonde.JPG HTTP/1.1" 200 22838 "http://www.fraicolo.fr/categories.php?lang=e&path=29&num=17&action=e" "Mozilla/5.0 (Windows; U; Windows NT 5.1; fr; rv:1.9.2.13) Gecko/20101203 Firefox/3.6.13"
86.220.183.250 - - [30/Dec/2010:22:09:35 +0100] "GET /favicon.ico HTTP/1.1" 200 293 "-" "Mozilla/4.0 (compatible; MSIE 8.0; Windows NT 6.1; Trident/4.0; GTB6.6; SLCC2; .NET CLR 2.0.50727; .NET CLR 3.5.30729; .NET CLR 3.0.30729; Media Center PC 6.0; OfficeLiveConnector.1.3; OfficeLivePatch.0.0; .NET4.0C; AskTbPTF/5.9.1.14019)"
41.97.76.201 - - [30/Dec/2010:22:09:35 +0100] "GET /im/articles/PoivronsMultiBIO.JPG HTTP/1.1" 200 6170 "http://www.fraicolo.fr/categories.php?lang=e&path=29&num=17&action=e" "Mozilla/5.0 (Windows; U; Windows NT 5.1; fr; rv:1.9.2.13) Gecko/20101203 Firefox/3.6.13"
41.97.76.201 - - [30/Dec/2010:22:09:35 +0100] "GET /im/articles/ChouBlanc.JPG HTTP/1.1" 200 6834 "http://www.fraicolo.fr/categories.php?lang=e&path=29&num=17&action=e" "Mozilla/5.0 (Windows; U; Windows NT 5.1; fr; rv:1.9.2.13) Gecko/20101203 Firefox/3.6.13"
78.249.189.124 - - [30/Dec/2010:22:09:35 +0100] "GET /categories.php?lang=e&path=104&num=27&action=e HTTP/1.1" 200 14550 "http://www.fraicolo.fr/catalog.php" "Mozilla/4.0 (compatible; MSIE 8.0; Windows NT 5.1; Trident/4.0; GTB6.3; Tablet PC 1.7; .NET CLR 1.0.3705; .NET CLR 1.1.4322; .NET CLR 2.0.50727; .NET CLR 3.0.4506.2152; .NET CLR 3.5.30729; OfficeLiveConnector.1.4; OfficeLivePatch.1.3)"
41.97.76.201 - - [30/Dec/2010:22:09:35 +0100] "GET /im/articles/ConcombreBIO.jpg HTTP/1.1" 200 7323 "http://www.fraicolo.fr/categories.php?lang=e&path=29&num=17&action=e" "Mozilla/5.0 (Windows; U; Windows NT 5.1; fr; rv:1.9.2.13) Gecko/20101203 Firefox/3.6.13"
41.97.76.201 - - [30/Dec/2010:22:09:32 +0100] "GET /im/articles/FeuilledeCheneR.JPG HTTP/1.1" 200 37026 "http://www.fraicolo.fr/categories.php?lang=e&path=29&num=17&action=e" "Mozilla/5.0 (Windows; U; Windows NT 5.1; fr; rv:1.9.2.13) Gecko/20101203 Firefox/3.6.13"
41.97.76.201 - - [30/Dec/2010:22:09:36 +0100] "GET /im/articles/Concombre.jpg HTTP/1.1" 200 9229 "http://www.fraicolo.fr/categories.php?lang=e&path=29&num=17&action=e" "Mozilla/5.0 (Windows; U; Windows NT 5.1; fr; rv:1.9.2.13) Gecko/20101203 Firefox/3.6.13"
78.249.189.124 - - [30/Dec/2010:22:09:36 +0100] "GET /im/path.gif HTTP/1.1" 200 363 "http://www.fraicolo.fr/categories.php?lang=e&path=104&num=27&action=e" "Mozilla/4.0 (compatible; MSIE 8.0; Windows NT 5.1; Trident/4.0; GTB6.3; Tablet PC 1.7; .NET CLR 1.0.3705; .NET CLR 1.1.4322; .NET CLR 2.0.50727; .NET CLR 3.0.4506.2152; .NET CLR 3.5.30729; OfficeLiveConnector.1.4; OfficeLivePatch.1.3)"
41.97.76.201 - - [30/Dec/2010:22:09:36 +0100] "GET /im/articles/ChampignonsBrunsBIO.JPG HTTP/1.1" 200 13572 "http://www.fraicolo.fr/categories.php?lang=e&path=29&num=17&action=e" "Mozilla/5.0 (Windows; U; Windows NT 5.1; fr; rv:1.9.2.13) Gecko/20101203 Firefox/3.6.13"
78.249.189.124 - - [30/Dec/2010:22:09:36 +0100] "GET /im/articles/CanardAiguillette.JPG HTTP/1.1" 200 5992 "http://www.fraicolo.fr/categories.php?lang=e&path=104&num=27&action=e" "Mozilla/4.0 (compatible; MSIE 8.0; Windows NT 5.1; Trident/4.0; GTB6.3; Tablet PC 1.7; .NET CLR 1.0.3705; .NET CLR 1.1.4322; .NET CLR 2.0.50727; .NET CLR 3.0.4506.2152; .NET CLR 3.5.30729; OfficeLiveConnector.1.4; OfficeLivePatch.1.3)"
