88.167.215.170 - - [30/Dec/2010:19:38:13 +0100] "GET /im/articles/ChipsTraiteur.JPG HTTP/1.1" 200 31181 "http://www.eternia-fr.net/news_903_film-13-le-maitre-de-l-illusion-zoroark-disponible-en-vostfr.html" "Mozilla/5.0 (Windows; U; Windows NT 5.1; fr; rv:1.9.0.19) Gecko/2010031422 AskTbFF/3.9.1.14019 Firefox/3.0.19 ( .NET CLR 3.5.30729)"
81.57.252.15 - - [30/Dec/2010:19:38:44 +0100] "GET /im/articles/ChipsTraiteur.JPG HTTP/1.1" 200 31181 "http://www.eternia-fr.net/news_903_film-13-le-maitre-de-l-illusion-zoroark-disponible-en-vostfr.html" "Mozilla/5.0 (Windows; U; Windows NT 6.0; en-US) AppleWebKit/534.10 (KHTML, like Gecko) Chrome/8.0.552.0 Safari/534.10"
81.249.85.31 - - [30/Dec/2010:19:38:49 +0100] "GET /favicon.ico HTTP/1.0" 200 1150 "-" "Safari/6533.19.4 CFNetwork/454.11.5 Darwin/10.5.0 (i386) (iMac6%2C1)"
78.237.173.32 - - [30/Dec/2010:19:38:57 +0100] "GET /im/articles/AgneauCotes.JPG HTTP/1.1" 200 61940 "http://www.rodeosaladgang.biz/" "Mozilla/5.0 (Macintosh; U; Intel Mac OS X 10_5_8; en-US) AppleWebKit/534.10 (KHTML, like Gecko) Chrome/8.0.552.231 Safari/534.10"
78.224.140.5 - - [30/Dec/2010:19:39:01 +0100] "GET /list.php?lang=1&path=34&sort=Article&page=0 HTTP/1.1" 200 11970 "http://www.google.fr/imgres?imgurl=http://www.fraicolo.fr/im/articles/PommeJaune.jpg&imgrefurl=http://www.fraicolo.fr/list.php%3Flang%3D1%26path%3D34%26sort%3DArticle%26page%3D0&usg=__nG57QuoU_UOXU6dsTrSS4vuKVEQ=&h=404&w=390&sz=14&hl=fr&start=15&zoom=1&um=1&itbs=1&tbnid=JR_p-UwrQQzAwM:&tbnh=124&tbnw=120&prev=/images%3Fq%3Dpomme%26um%3D1%26hl%3Dfr%26client%3Dfirefox-a%26sa%3DX%26rls%3Dorg.mozilla:fr:official%26tbs%3Disch:1" "Mozilla/5.0 (Windows; U; Windows NT 6.1; fr; rv:1.9.2.3) Gecko/20100401 Firefox/3.6.3"
86.75.210.93 - - [30/Dec/2010:19:39:03 +0100] "GET /list.php?lang=1&path=54&sort=Article&page=0 HTTP/1.1" 200 13516 "http://www.google.fr/imgres?imgurl=http://www.fraicolo.fr/im/articles/FromageBlanc.JPG&imgrefurl=http://www.fraicolo.fr/list.php%3Flang%3D1%26path%3D54%26sort%3DArticle%26page%3D0&h=527&w=456&sz=21&tbnid=dDIEvf6KB0iITM:&tbnh=132&tbnw=114&prev=/images%3Fq%3Dfromage%2Bblanc&zoom=1&q=fromage+blanc&usg=__OKZ7rcV_LSpS3_Y5-cQDVBC8Gg0=&sa=X&ei=w9EcTbq6DcGa8QOwl_jRBQ&ved=0CEkQ9QEwBA" "Mozilla/5.0 (Windows; U; Windows NT 6.1; fr; rv:1.9.2.2) Gecko/20100316 Firefox/3.6.2"
86.75.210.93 - - [30/Dec/2010:19:39:05 +0100] "GET /im/zzz.gif HTTP/1.1" 200 49 "http://www.fraicolo.fr/list.php?lang=1&path=54&sort=Article&page=0" "Mozilla/5.0 (Windows; U; Windows NT 6.1; fr; rv:1.9.2.2) Gecko/20100316 Firefox/3.6.2"
86.75.210.93 - - [30/Dec/2010:19:39:05 +0100] "GET /im/accueil.gif HTTP/1.1" 200 511 "http://www.fraicolo.fr/list.php?lang=1&path=54&sort=Article&page=0" "Mozilla/5.0 (Windows; U; Windows NT 6.1; fr; rv:1.9.2.2) Gecko/20100316 Firefox/3.6.2"
86.75.210.93 - - [30/Dec/2010:19:39:06 +0100] "GET /includes/menu/plus.gif HTTP/1.1" 200 71 "http://www.fraicolo.fr/list.php?lang=1&path=54&sort=Article&page=0" "Mozilla/5.0 (Windows; U; Windows NT 6.1; fr; rv:1.9.2.2) Gecko/20100316 Firefox/3.6.2"
86.75.210.93 - - [30/Dec/2010:19:39:07 +0100] "GET /im/lang1/menu_com.gif HTTP/1.1" 200 2071 "http://www.fraicolo.fr/list.php?lang=1&path=54&sort=Article&page=0" "Mozilla/5.0 (Windows; U; Windows NT 6.1; fr; rv:1.9.2.2) Gecko/20100316 Firefox/3.6.2"
86.75.210.93 - - [30/Dec/2010:19:39:07 +0100] "GET /im/stockok.gif HTTP/1.1" 200 920 "http://www.fraicolo.fr/list.php?lang=1&path=54&sort=Article&page=0" "Mozilla/5.0 (Windows; U; Windows NT 6.1; fr; rv:1.9.2.2) Gecko/20100316 Firefox/3.6.2"
86.75.210.93 - - [30/Dec/2010:19:39:08 +0100] "GET /im/articles/BiochampsFromBlanc0pc.JPG HTTP/1.1" 200 21022 "http://www.fraicolo.fr/list.php?lang=1&path=54&sort=Article&page=0" "Mozilla/5.0 (Windows; U; Windows NT 6.1; fr; rv:1.9.2.2) Gecko/20100316 Firefox/3.6.2"
85.168.93.43 - - [30/Dec/2010:19:39:19 +0100] "GET /im/articles/ChipsTraiteur.JPG HTTP/1.1" 200 31181 "http://www.eternia-fr.net/news_903_film-13-le-maitre-de-l-illusion-zoroark-disponible-en-vostfr.html" "Mozilla/4.0 (compatible; MSIE 8.0; Windows NT 6.1; Trident/4.0; GTB6.6; SLCC2; .NET CLR 2.0.50727; .NET CLR 3.5.30729; .NET CLR 3.0.30729; Media Center PC 6.0; .NET CLR 3.0.30618; .NET4.0C; Media Center PC 5.0; SLCC1; SRS_IT_E8790577B276595035AF92)"
82.121.184.249 - - [30/Dec/2010:19:39:30 +0100] "GET /im/articles/ChipsTraiteur.JPG HTTP/1.1" 200 31181 "http://www.eternia-fr.net/news_897_titre-bw-016-et-017.html" "Mozilla/5.0 (Linux; U; Android 2.1-update1; fr-fr; SonyEricssonE15i Build/2.0.1.A.0.47) AppleWebKit/530.17 (KHTML, like Gecko) Version/4.0 Mobile Safari/530.17"
109.213.200.200 - - [30/Dec/2010:19:39:47 +0100] "GET /im/articles/ChipsTraiteur.JPG HTTP/1.1" 200 31181 "http://www.eternia-fr.net/news_903_film-13-le-maitre-de-l-illusion-zoroark-disponible-en-vostfr.html" "Mozilla/5.0 (Windows; U; Windows NT 6.1; fr; rv:1.9.2.13) Gecko/20101203 Firefox/3.6.13"
81.245.175.71 - - [30/Dec/2010:19:39:48 +0100] "GET /categories.php?lang=1&path=28&num=9&action=n&sort=Article HTTP/1.1" 200 15218 "-" "Mozilla/4.0 (compatible; MSIE 8.0; Windows NT 6.1; Trident/4.0; SIMBAR={CBAD4DBC-C235-4534-8091-3584B0D2746C}; SLCC2; .NET CLR 2.0.50727; .NET CLR 3.5.30729; .NET CLR 3.0.30729; Media Center PC 6.0; InfoPath.2; .NET4.0C; AskTB5.6)"
81.245.175.71 - - [30/Dec/2010:19:39:49 +0100] "GET /css/scss.css HTTP/1.1" 200 3683 "http://www.fraicolo.fr/categories.php?lang=1&path=28&num=9&action=n&sort=Article" "Mozilla/4.0 (compatible; MSIE 8.0; Windows NT 6.1; Trident/4.0; SIMBAR={CBAD4DBC-C235-4534-8091-3584B0D2746C}; SLCC2; .NET CLR 2.0.50727; .NET CLR 3.5.30729; .NET CLR 3.0.30729; Media Center PC 6.0; InfoPath.2; .NET4.0C; AskTB5.6)"
81.245.175.71 - - [30/Dec/2010:19:39:54 +0100] "GET /includes/popImage.js HTTP/1.1" 200 1233 "http://www.fraicolo.fr/categories.php?lang=1&path=28&num=9&action=n&sort=Article" "Mozilla/4.0 (compatible; MSIE 8.0; Windows NT 6.1; Trident/4.0; SIMBAR={CBAD4DBC-C235-4534-8091-3584B0D2746C}; SLCC2; .NET CLR 2.0.50727; .NET CLR 3.5.30729; .NET CLR 3.0.30729; Media Center PC 6.0; InfoPath.2; .NET4.0C; AskTB5.6)"
81.245.175.71 - - [30/Dec/2010:19:39:54 +0100] "GET /im/LOGOFraicolo.png HTTP/1.1" 200 21138 "http://www.fraicolo.fr/categories.php?lang=1&path=28&num=9&action=n&sort=Article" "Mozilla/4.0 (compatible; MSIE 8.0; Windows NT 6.1; Trident/4.0; SIMBAR={CBAD4DBC-C235-4534-8091-3584B0D2746C}; SLCC2; .NET CLR 2.0.50727; .NET CLR 3.5.30729; .NET CLR 3.0.30729; Media Center PC 6.0; InfoPath.2; .NET4.0C; AskTB5.6)"
81.245.175.71 - - [30/Dec/2010:19:39:56 +0100] "GET /csshover.htc HTTP/1.1" 200 1166 "-" "Mozilla/4.0 (compatible; MSIE 8.0; Windows NT 6.1; Trident/4.0; SIMBAR={CBAD4DBC-C235-4534-8091-3584B0D2746C}; SLCC2; .NET CLR 2.0.50727; .NET CLR 3.5.30729; .NET CLR 3.0.30729; Media Center PC 6.0; InfoPath.2; .NET4.0C; AskTB5.6)"
81.245.175.71 - - [30/Dec/2010:19:39:56 +0100] "GET /im/lang1/menu_search.gif HTTP/1.1" 200 1955 "http://www.fraicolo.fr/categories.php?lang=1&path=28&num=9&action=n&sort=Article" "Mozilla/4.0 (compatible; MSIE 8.0; Windows NT 6.1; Trident/4.0; SIMBAR={CBAD4DBC-C235-4534-8091-3584B0D2746C}; SLCC2; .NET CLR 2.0.50727; .NET CLR 3.5.30729; .NET CLR 3.0.30729; Media Center PC 6.0; InfoPath.2; .NET4.0C; AskTB5.6)"
81.245.175.71 - - [30/Dec/2010:19:39:56 +0100] "GET /im/accueil.gif HTTP/1.1" 200 511 "http://www.fraicolo.fr/categories.php?lang=1&path=28&num=9&action=n&sort=Article" "Mozilla/4.0 (compatible; MSIE 8.0; Windows NT 6.1; Trident/4.0; SIMBAR={CBAD4DBC-C235-4534-8091-3584B0D2746C}; SLCC2; .NET CLR 2.0.50727; .NET CLR 3.5.30729; .NET CLR 3.0.30729; Media Center PC 6.0; InfoPath.2; .NET4.0C; AskTB5.6)"
81.245.175.71 - - [30/Dec/2010:19:39:57 +0100] "GET /im/background/bg_shop_green.gif HTTP/1.1" 200 49144 "http://www.fraicolo.fr/categories.php?lang=1&path=28&num=9&action=n&sort=Article" "Mozilla/4.0 (compatible; MSIE 8.0; Windows NT 6.1; Trident/4.0; SIMBAR={CBAD4DBC-C235-4534-8091-3584B0D2746C}; SLCC2; .NET CLR 2.0.50727; .NET CLR 3.5.30729; .NET CLR 3.0.30729; Media Center PC 6.0; InfoPath.2; .NET4.0C; AskTB5.6)"
81.245.175.71 - - [30/Dec/2010:19:39:58 +0100] "GET /im/background/bg_green.gif HTTP/1.1" 200 2395 "http://www.fraicolo.fr/categories.php?lang=1&path=28&num=9&action=n&sort=Article" "Mozilla/4.0 (compatible; MSIE 8.0; Windows NT 6.1; Trident/4.0; SIMBAR={CBAD4DBC-C235-4534-8091-3584B0D2746C}; SLCC2; .NET CLR 2.0.50727; .NET CLR 3.5.30729; .NET CLR 3.0.30729; Media Center PC 6.0; InfoPath.2; .NET4.0C; AskTB5.6)"
81.245.175.71 - - [30/Dec/2010:19:39:59 +0100] "GET /im/background/menuleft.gif HTTP/1.1" 200 1837 "http://www.fraicolo.fr/categories.php?lang=1&path=28&num=9&action=n&sort=Article" "Mozilla/4.0 (compatible; MSIE 8.0; Windows NT 6.1; Trident/4.0; SIMBAR={CBAD4DBC-C235-4534-8091-3584B0D2746C}; SLCC2; .NET CLR 2.0.50727; .NET CLR 3.5.30729; .NET CLR 3.0.30729; Media Center PC 6.0; InfoPath.2; .NET4.0C; AskTB5.6)"
86.75.210.93 - - [30/Dec/2010:19:39:09 +0100] "GET /im/articles/FromageBlanc.JPG HTTP/1.1" 200 21399 "http://www.google.fr/imgres?imgurl=http://www.fraicolo.fr/im/articles/FromageBlanc.JPG&imgrefurl=http://www.fraicolo.fr/list.php%3Flang%3D1%26path%3D54%26sort%3DArticle%26page%3D0&h=527&w=456&sz=21&tbnid=dDIEvf6KB0iITM:&tbnh=132&tbnw=114&prev=/images%3Fq%3Dfromage%2Bblanc&zoom=1&q=fromage+blanc&usg=__OKZ7rcV_LSpS3_Y5-cQDVBC8Gg0=&sa=X&ei=w9EcTbq6DcGa8QOwl_jRBQ&ved=0CEkQ9QEwBA" "Mozilla/5.0 (Windows; U; Windows NT 6.1; fr; rv:1.9.2.2) Gecko/20100316 Firefox/3.6.2"
81.245.175.71 - - [30/Dec/2010:19:40:47 +0100] "GET /infos.php?lang=1&info=4 HTTP/1.1" 200 20558 "http://www.fraicolo.fr/categories.php?lang=1&path=28&num=9&action=n&sort=Article" "Mozilla/4.0 (compatible; MSIE 8.0; Windows NT 6.1; Trident/4.0; SIMBAR={CBAD4DBC-C235-4534-8091-3584B0D2746C}; SLCC2; .NET CLR 2.0.50727; .NET CLR 3.5.30729; .NET CLR 3.0.30729; Media Center PC 6.0; InfoPath.2; .NET4.0C; AskTB5.6)"
81.245.175.71 - - [30/Dec/2010:19:40:48 +0100] "GET /im/search.gif HTTP/1.1" 200 681 "http://www.fraicolo.fr/infos.php?lang=1&info=4" "Mozilla/4.0 (compatible; MSIE 8.0; Windows NT 6.1; Trident/4.0; SIMBAR={CBAD4DBC-C235-4534-8091-3584B0D2746C}; SLCC2; .NET CLR 2.0.50727; .NET CLR 3.5.30729; .NET CLR 3.0.30729; Media Center PC 6.0; InfoPath.2; .NET4.0C; AskTB5.6)"
81.245.175.71 - - [30/Dec/2010:19:40:48 +0100] "GET /im/fleche_bottom.gif HTTP/1.1" 200 57 "http://www.fraicolo.fr/infos.php?lang=1&info=4" "Mozilla/4.0 (compatible; MSIE 8.0; Windows NT 6.1; Trident/4.0; SIMBAR={CBAD4DBC-C235-4534-8091-3584B0D2746C}; SLCC2; .NET CLR 2.0.50727; .NET CLR 3.5.30729; .NET CLR 3.0.30729; Media Center PC 6.0; InfoPath.2; .NET4.0C; AskTB5.6)"
81.245.175.71 - - [30/Dec/2010:19:40:48 +0100] "GET /im/fleche_right.gif HTTP/1.1" 200 58 "http://www.fraicolo.fr/infos.php?lang=1&info=4" "Mozilla/4.0 (compatible; MSIE 8.0; Windows NT 6.1; Trident/4.0; SIMBAR={CBAD4DBC-C235-4534-8091-3584B0D2746C}; SLCC2; .NET CLR 2.0.50727; .NET CLR 3.5.30729; .NET CLR 3.0.30729; Media Center PC 6.0; InfoPath.2; .NET4.0C; AskTB5.6)"
81.245.175.71 - - [30/Dec/2010:19:40:48 +0100] "GET /im/lang1/menu_com.gif HTTP/1.1" 200 2071 "http://www.fraicolo.fr/infos.php?lang=1&info=4" "Mozilla/4.0 (compatible; MSIE 8.0; Windows NT 6.1; Trident/4.0; SIMBAR={CBAD4DBC-C235-4534-8091-3584B0D2746C}; SLCC2; .NET CLR 2.0.50727; .NET CLR 3.5.30729; .NET CLR 3.0.30729; Media Center PC 6.0; InfoPath.2; .NET4.0C; AskTB5.6)"
81.245.175.71 - - [30/Dec/2010:19:40:48 +0100] "GET /im/payment.gif HTTP/1.1" 200 2578 "http://www.fraicolo.fr/infos.php?lang=1&info=4" "Mozilla/4.0 (compatible; MSIE 8.0; Windows NT 6.1; Trident/4.0; SIMBAR={CBAD4DBC-C235-4534-8091-3584B0D2746C}; SLCC2; .NET CLR 2.0.50727; .NET CLR 3.5.30729; .NET CLR 3.0.30729; Media Center PC 6.0; InfoPath.2; .NET4.0C; AskTB5.6)"
81.245.175.71 - - [30/Dec/2010:19:40:48 +0100] "GET /includes/menu/plus.gif HTTP/1.1" 200 71 "http://www.fraicolo.fr/infos.php?lang=1&info=4" "Mozilla/4.0 (compatible; MSIE 8.0; Windows NT 6.1; Trident/4.0; SIMBAR={CBAD4DBC-C235-4534-8091-3584B0D2746C}; SLCC2; .NET CLR 2.0.50727; .NET CLR 3.5.30729; .NET CLR 3.0.30729; Media Center PC 6.0; InfoPath.2; .NET4.0C; AskTB5.6)"
81.245.175.71 - - [30/Dec/2010:19:40:48 +0100] "GET /im/lang1/menu_infos.gif HTTP/1.1" 200 2010 "http://www.fraicolo.fr/infos.php?lang=1&info=4" "Mozilla/4.0 (compatible; MSIE 8.0; Windows NT 6.1; Trident/4.0; SIMBAR={CBAD4DBC-C235-4534-8091-3584B0D2746C}; SLCC2; .NET CLR 2.0.50727; .NET CLR 3.5.30729; .NET CLR 3.0.30729; Media Center PC 6.0; InfoPath.2; .NET4.0C; AskTB5.6)"
81.245.175.71 - - [30/Dec/2010:19:40:49 +0100] "GET /im/lang1/menu_id.gif HTTP/1.1" 200 2056 "http://www.fraicolo.fr/infos.php?lang=1&info=4" "Mozilla/4.0 (compatible; MSIE 8.0; Windows NT 6.1; Trident/4.0; SIMBAR={CBAD4DBC-C235-4534-8091-3584B0D2746C}; SLCC2; .NET CLR 2.0.50727; .NET CLR 3.5.30729; .NET CLR 3.0.30729; Media Center PC 6.0; InfoPath.2; .NET4.0C; AskTB5.6)"
81.245.175.71 - - [30/Dec/2010:19:40:49 +0100] "GET /im/ok.gif HTTP/1.1" 200 128 "http://www.fraicolo.fr/infos.php?lang=1&info=4" "Mozilla/4.0 (compatible; MSIE 8.0; Windows NT 6.1; Trident/4.0; SIMBAR={CBAD4DBC-C235-4534-8091-3584B0D2746C}; SLCC2; .NET CLR 2.0.50727; .NET CLR 3.5.30729; .NET CLR 3.0.30729; Media Center PC 6.0; InfoPath.2; .NET4.0C; AskTB5.6)"
81.245.175.71 - - [30/Dec/2010:19:40:49 +0100] "GET /im/zzz_gris.gif HTTP/1.1" 200 41 "http://www.fraicolo.fr/infos.php?lang=1&info=4" "Mozilla/4.0 (compatible; MSIE 8.0; Windows NT 6.1; Trident/4.0; SIMBAR={CBAD4DBC-C235-4534-8091-3584B0D2746C}; SLCC2; .NET CLR 2.0.50727; .NET CLR 3.5.30729; .NET CLR 3.0.30729; Media Center PC 6.0; InfoPath.2; .NET4.0C; AskTB5.6)"
81.245.175.71 - - [30/Dec/2010:19:40:49 +0100] "GET /im/background/menuright.gif HTTP/1.1" 200 1832 "http://www.fraicolo.fr/infos.php?lang=1&info=4" "Mozilla/4.0 (compatible; MSIE 8.0; Windows NT 6.1; Trident/4.0; SIMBAR={CBAD4DBC-C235-4534-8091-3584B0D2746C}; SLCC2; .NET CLR 2.0.50727; .NET CLR 3.5.30729; .NET CLR 3.0.30729; Media Center PC 6.0; InfoPath.2; .NET4.0C; AskTB5.6)"
81.245.175.71 - - [30/Dec/2010:19:40:49 +0100] "GET /im/lang1/menu_devis.gif HTTP/1.1" 200 1958 "http://www.fraicolo.fr/infos.php?lang=1&info=4" "Mozilla/4.0 (compatible; MSIE 8.0; Windows NT 6.1; Trident/4.0; SIMBAR={CBAD4DBC-C235-4534-8091-3584B0D2746C}; SLCC2; .NET CLR 2.0.50727; .NET CLR 3.5.30729; .NET CLR 3.0.30729; Media Center PC 6.0; InfoPath.2; .NET4.0C; AskTB5.6)"
81.245.175.71 - - [30/Dec/2010:19:40:49 +0100] "GET /im/lang1/menu_caddie.gif HTTP/1.1" 200 2067 "http://www.fraicolo.fr/infos.php?lang=1&info=4" "Mozilla/4.0 (compatible; MSIE 8.0; Windows NT 6.1; Trident/4.0; SIMBAR={CBAD4DBC-C235-4534-8091-3584B0D2746C}; SLCC2; .NET CLR 2.0.50727; .NET CLR 3.5.30729; .NET CLR 3.0.30729; Media Center PC 6.0; InfoPath.2; .NET4.0C; AskTB5.6)"
81.245.175.71 - - [30/Dec/2010:19:40:50 +0100] "GET /im/lang1/menu_subscribe.gif HTTP/1.1" 200 1877 "http://www.fraicolo.fr/infos.php?lang=1&info=4" "Mozilla/4.0 (compatible; MSIE 8.0; Windows NT 6.1; Trident/4.0; SIMBAR={CBAD4DBC-C235-4534-8091-3584B0D2746C}; SLCC2; .NET CLR 2.0.50727; .NET CLR 3.5.30729; .NET CLR 3.0.30729; Media Center PC 6.0; InfoPath.2; .NET4.0C; AskTB5.6)"
78.251.56.57 - - [30/Dec/2010:19:40:48 +0100] "GET /im/articles/ChipsTraiteur.JPG HTTP/1.1" 200 31181 "http://www.eternia-fr.net/news_903_film-13-le-maitre-de-l-illusion-zoroark-disponible-en-vostfr.html" "Mozilla/4.0 (compatible; MSIE 8.0; Windows NT 6.1; WOW64; Trident/4.0; GTB6.6; SLCC2; .NET CLR 2.0.50727; .NET CLR 3.5.30729; .NET CLR 3.0.30729; Media Center PC 6.0; .NET4.0C; AskTbGLSV5/5.8.0.12304)"
81.245.175.71 - - [30/Dec/2010:19:40:53 +0100] "GET /im/banner/bannercorporate1.jpg HTTP/1.1" 200 44430 "http://www.fraicolo.fr/infos.php?lang=1&info=4" "Mozilla/4.0 (compatible; MSIE 8.0; Windows NT 6.1; Trident/4.0; SIMBAR={CBAD4DBC-C235-4534-8091-3584B0D2746C}; SLCC2; .NET CLR 2.0.50727; .NET CLR 3.5.30729; .NET CLR 3.0.30729; Media Center PC 6.0; InfoPath.2; .NET4.0C; AskTB5.6)"
78.114.175.15 - - [30/Dec/2010:19:40:54 +0100] "GET /im/articles/Lasagne.JPG HTTP/1.1" 200 26926 "http://www.ohmydollz.com/?p=fiche&pseudo=ecole---primaire" "Mozilla/5.0 (Windows; U; Windows NT 5.1; fr; rv:1.9.1.16) Gecko/20101130 Firefox/3.5.16 (.NET CLR 3.5.30729)"
193.252.118.176 - - [30/Dec/2010:19:41:01 +0100] "GET /description.php?lang=1&id=1232 HTTP/1.1" 404 - "-" "Mozilla/5.0 (Windows; U; Windows NT 5.1; fr; rv:1.8.1) VoilaBot BETA 1.2 (support.voilabot@orange-ftgroup.com)"
194.150.236.161 - - [30/Dec/2010:19:41:02 +0100] "HEAD /im/banner/Affiliation_Fraicolo_120x60.gif HTTP/1.1" 200 - "-" "-"
88.180.185.8 - - [30/Dec/2010:19:41:00 +0100] "GET /im/articles/ChipsTraiteur.JPG HTTP/1.1" 200 31181 "http://www.eternia-fr.net/news_903_film-13-le-maitre-de-l-illusion-zoroark-disponible-en-vostfr.html" "Mozilla/5.0 (Windows; U; Windows NT 6.1; en-US) AppleWebKit/534.10 (KHTML, like Gecko) Chrome/8.0.552.215 Safari/534.10"
81.245.175.71 - - [30/Dec/2010:19:41:15 +0100] "GET /im/background/module_left.gif HTTP/1.1" 200 323 "http://www.fraicolo.fr/infos.php?lang=1&info=4" "Mozilla/4.0 (compatible; MSIE 8.0; Windows NT 6.1; Trident/4.0; SIMBAR={CBAD4DBC-C235-4534-8091-3584B0D2746C}; SLCC2; .NET CLR 2.0.50727; .NET CLR 3.5.30729; .NET CLR 3.0.30729; Media Center PC 6.0; InfoPath.2; .NET4.0C; AskTB5.6)"
81.245.175.71 - - [30/Dec/2010:19:41:15 +0100] "GET /im/zzz.gif HTTP/1.1" 200 49 "http://www.fraicolo.fr/infos.php?lang=1&info=4" "Mozilla/4.0 (compatible; MSIE 8.0; Windows NT 6.1; Trident/4.0; SIMBAR={CBAD4DBC-C235-4534-8091-3584B0D2746C}; SLCC2; .NET CLR 2.0.50727; .NET CLR 3.5.30729; .NET CLR 3.0.30729; Media Center PC 6.0; InfoPath.2; .NET4.0C; AskTB5.6)"
194.150.236.161 - - [30/Dec/2010:19:41:07 +0100] "GET /im/banner/Affiliation_Fraicolo_120x60.gif HTTP/1.1" 200 16471 "-" "PHP/5.2.6"
81.245.175.71 - - [30/Dec/2010:19:41:30 +0100] "GET /im/fleche_right_grey.gif HTTP/1.1" 200 58 "http://www.fraicolo.fr/infos.php?lang=1&info=4" "Mozilla/4.0 (compatible; MSIE 8.0; Windows NT 6.1; Trident/4.0; SIMBAR={CBAD4DBC-C235-4534-8091-3584B0D2746C}; SLCC2; .NET CLR 2.0.50727; .NET CLR 3.5.30729; .NET CLR 3.0.30729; Media Center PC 6.0; InfoPath.2; .NET4.0C; AskTB5.6)"
86.75.210.93 - - [30/Dec/2010:19:41:10 +0100] "GET /im/articles/FromageBlanc.JPG HTTP/1.1" 200 21399 "-" "Mozilla/5.0 (Windows; U; Windows NT 6.1; fr; rv:1.9.2.2) Gecko/20100316 Firefox/3.6.2"
81.245.175.71 - - [30/Dec/2010:19:41:33 +0100] "GET /list.php?lang=1&path=38&num=18&action=n&sort=Article&page=0 HTTP/1.1" 200 11703 "http://www.fraicolo.fr/infos.php?lang=1&info=4" "Mozilla/4.0 (compatible; MSIE 8.0; Windows NT 6.1; Trident/4.0; SIMBAR={CBAD4DBC-C235-4534-8091-3584B0D2746C}; SLCC2; .NET CLR 2.0.50727; .NET CLR 3.5.30729; .NET CLR 3.0.30729; Media Center PC 6.0; InfoPath.2; .NET4.0C; AskTB5.6)"
83.76.103.170 - - [30/Dec/2010:19:41:07 +0100] "GET /im/articles/AgneauCotes.JPG HTTP/1.1" 200 61940 "http://www.rodeosaladgang.biz/" "Mozilla/4.0 (compatible; MSIE 8.0; Windows NT 6.0; Trident/4.0; GTB6.6; SLCC1; .NET CLR 2.0.50727; Media Center PC 5.0; .NET CLR 3.5.30729; .NET4.0C; .NET CLR 3.0.30729; AskTbPTF/5.9.1.14019)"
81.245.175.71 - - [30/Dec/2010:19:41:41 +0100] "GET /im/fleche_right_grey.gif HTTP/1.1" 200 58 "http://www.fraicolo.fr/infos.php?lang=1&info=4" "Mozilla/4.0 (compatible; MSIE 8.0; Windows NT 6.1; Trident/4.0; SIMBAR={CBAD4DBC-C235-4534-8091-3584B0D2746C}; SLCC2; .NET CLR 2.0.50727; .NET CLR 3.5.30729; .NET CLR 3.0.30729; Media Center PC 6.0; InfoPath.2; .NET4.0C; AskTB5.6)"
81.245.175.71 - - [30/Dec/2010:19:41:43 +0100] "GET /im/fleche_right_grey.gif HTTP/1.1" 200 58 "http://www.fraicolo.fr/infos.php?lang=1&info=4" "Mozilla/4.0 (compatible; MSIE 8.0; Windows NT 6.1; Trident/4.0; SIMBAR={CBAD4DBC-C235-4534-8091-3584B0D2746C}; SLCC2; .NET CLR 2.0.50727; .NET CLR 3.5.30729; .NET CLR 3.0.30729; Media Center PC 6.0; InfoPath.2; .NET4.0C; AskTB5.6)"
81.245.175.71 - - [30/Dec/2010:19:41:48 +0100] "GET /im/fleche_right_grey.gif HTTP/1.1" 200 58 "http://www.fraicolo.fr/infos.php?lang=1&info=4" "Mozilla/4.0 (compatible; MSIE 8.0; Windows NT 6.1; Trident/4.0; SIMBAR={CBAD4DBC-C235-4534-8091-3584B0D2746C}; SLCC2; .NET CLR 2.0.50727; .NET CLR 3.5.30729; .NET CLR 3.0.30729; Media Center PC 6.0; InfoPath.2; .NET4.0C; AskTB5.6)"
81.245.175.71 - - [30/Dec/2010:19:41:48 +0100] "GET /list.php?lang=1&path=109&num=40&action=n&sort=Article&page=0 HTTP/1.1" 200 12266 "http://www.fraicolo.fr/infos.php?lang=1&info=4" "Mozilla/4.0 (compatible; MSIE 8.0; Windows NT 6.1; Trident/4.0; SIMBAR={CBAD4DBC-C235-4534-8091-3584B0D2746C}; SLCC2; .NET CLR 2.0.50727; .NET CLR 3.5.30729; .NET CLR 3.0.30729; Media Center PC 6.0; InfoPath.2; .NET4.0C; AskTB5.6)"
81.245.175.71 - - [30/Dec/2010:19:41:55 +0100] "GET /im/fleche_right_grey.gif HTTP/1.1" 200 58 "http://www.fraicolo.fr/infos.php?lang=1&info=4" "Mozilla/4.0 (compatible; MSIE 8.0; Windows NT 6.1; Trident/4.0; SIMBAR={CBAD4DBC-C235-4534-8091-3584B0D2746C}; SLCC2; .NET CLR 2.0.50727; .NET CLR 3.5.30729; .NET CLR 3.0.30729; Media Center PC 6.0; InfoPath.2; .NET4.0C; AskTB5.6)"
81.245.175.71 - - [30/Dec/2010:19:41:56 +0100] "GET /im/fleche_right_grey.gif HTTP/1.1" 200 58 "http://www.fraicolo.fr/infos.php?lang=1&info=4" "Mozilla/4.0 (compatible; MSIE 8.0; Windows NT 6.1; Trident/4.0; SIMBAR={CBAD4DBC-C235-4534-8091-3584B0D2746C}; SLCC2; .NET CLR 2.0.50727; .NET CLR 3.5.30729; .NET CLR 3.0.30729; Media Center PC 6.0; InfoPath.2; .NET4.0C; AskTB5.6)"
81.245.175.71 - - [30/Dec/2010:19:41:58 +0100] "GET /list.php?lang=1&path=41&num=20&action=n&sort=Article&page=0 HTTP/1.1" 200 12680 "http://www.fraicolo.fr/infos.php?lang=1&info=4" "Mozilla/4.0 (compatible; MSIE 8.0; Windows NT 6.1; Trident/4.0; SIMBAR={CBAD4DBC-C235-4534-8091-3584B0D2746C}; SLCC2; .NET CLR 2.0.50727; .NET CLR 3.5.30729; .NET CLR 3.0.30729; Media Center PC 6.0; InfoPath.2; .NET4.0C; AskTB5.6)"
24.226.239.39 - - [30/Dec/2010:19:42:01 +0100] "GET /im/articles/ChipsTraiteur.JPG HTTP/1.1" 304 - "http://www.eternia-fr.net/news_903_film-13-le-maitre-de-l-illusion-zoroark-disponible-en-vostfr.html" "Mozilla/4.0 (compatible; MSIE 7.0; Windows NT 5.1; Trident/4.0; GTB5; .NET CLR 1.1.4322; .NET CLR 3.0.04506.30; InfoPath.1; .NET CLR 2.0.50727; .NET CLR 3.0.4506.2152; .NET CLR 3.5.30729; OfficeLiveConnector.1.3; OfficeLivePatch.0.0)"
82.216.45.41 - - [30/Dec/2010:19:42:04 +0100] "GET /description.php?lang2=1&id=204&path=105 HTTP/1.1" 200 11351 "http://www.twenga.fr/r.php?tp=7220936622901042986&site_id=54815&refurl=23db8b97d26d4da9e6b6fa9e5ec02411&pos=4&dir=6&link_type=4&dd_seq=6&pmt=0" "Mozilla/5.0 (Windows; U; Windows NT 6.1; fr; rv:1.9.2.13) Gecko/20101203 Firefox/3.6.13"
93.14.72.16 - - [30/Dec/2010:19:42:33 +0100] "GET /im/articles/ChipsTraiteur.JPG HTTP/1.1" 304 - "http://www.eternia-fr.net/news_903_film-13-le-maitre-de-l-illusion-zoroark-disponible-en-vostfr.html" "Mozilla/4.0 (compatible; MSIE 8.0; Windows NT 6.1; WOW64; Trident/4.0; GTB6.6; SLCC2; .NET CLR 2.0.50727; .NET CLR 3.5.30729; .NET CLR 3.0.30729; Media Center PC 6.0; OfficeLiveConnector.1.5; OfficeLivePatch.1.3; .NET4.0C)"
85.168.93.43 - - [30/Dec/2010:19:38:09 +0100] "GET /im/articles/ChipsTraiteur.JPG HTTP/1.1" 200 31181 "http://www.eternia-fr.net/news_903_film-13-le-maitre-de-l-illusion-zoroark-disponible-en-vostfr.html" "Mozilla/4.0 (compatible; MSIE 8.0; Windows NT 6.1; Trident/4.0; GTB6.6; SLCC2; .NET CLR 2.0.50727; .NET CLR 3.5.30729; .NET CLR 3.0.30729; Media Center PC 6.0; .NET CLR 3.0.30618; .NET4.0C; Media Center PC 5.0; SLCC1; SRS_IT_E8790577B276595035AF92)"
89.170.54.223 - - [30/Dec/2010:19:43:12 +0100] "GET /im/articles/ChipsTraiteur.JPG HTTP/1.1" 200 31181 "http://www.eternia-fr.net/news_898_film-13-aux-usa-titre-bw-18-noms-us-des-singes-date-de-sortie-fr-de-b-w.html" "Mozilla/4.0 (compatible; MSIE 8.0; Windows NT 6.0; Trident/4.0; SLCC1; .NET CLR 2.0.50727; Media Center PC 5.0; .NET CLR 3.5.30729; .NET CLR 3.0.30618; .NET4.0C; ShopperReports 3.0.497.0; SRS_IT_E8790571B5765B5535AA90)"
77.198.251.189 - - [30/Dec/2010:19:43:25 +0100] "GET /im/articles/Lasagne.JPG HTTP/1.1" 200 26926 "http://www.stereopoly.com/jeu/profil.php?id=844300" "Mozilla/5.0 (Windows; U; Windows NT 6.0; fr; rv:1.9.2.13) Gecko/20101203 Firefox/3.6.13"
86.75.210.93 - - [30/Dec/2010:19:39:04 +0100] "GET /im/banner/bannercorporate1.jpg HTTP/1.1" 200 44430 "http://www.fraicolo.fr/list.php?lang=1&path=54&sort=Article&page=0" "Mozilla/5.0 (Windows; U; Windows NT 6.1; fr; rv:1.9.2.2) Gecko/20100316 Firefox/3.6.2"
90.5.220.212 - - [30/Dec/2010:19:39:05 +0100] "GET /im/articles/Lasagne.JPG HTTP/1.1" 200 26926 "http://stereopoly.com/jeu/profil.php?id=844300" "Mozilla/4.0 (compatible; MSIE 8.0; Windows NT 6.1; WOW64; Trident/4.0; SLCC2; .NET CLR 2.0.50727; .NET CLR 3.5.30729; .NET CLR 3.0.30729; Media Center PC 6.0; MAAU; OfficeLiveConnector.1.5; OfficeLivePatch.1.3; .NET4.0C; InfoPath.2)"
86.75.210.93 - - [30/Dec/2010:19:39:07 +0100] "GET /im/articles/Activia.JPG HTTP/1.1" 200 40983 "http://www.fraicolo.fr/list.php?lang=1&path=54&sort=Article&page=0" "Mozilla/5.0 (Windows; U; Windows NT 6.1; fr; rv:1.9.2.2) Gecko/20100316 Firefox/3.6.2"
86.75.210.93 - - [30/Dec/2010:19:39:09 +0100] "GET /im/articles/FromageBlanc.JPG HTTP/1.1" 200 21399 "http://www.google.fr/imgres?imgurl=http://www.fraicolo.fr/im/articles/FromageBlanc.JPG&imgrefurl=http://www.fraicolo.fr/list.php%3Flang%3D1%26path%3D54%26sort%3DArticle%26page%3D0&h=527&w=456&sz=21&tbnid=dDIEvf6KB0iITM:&tbnh=132&tbnw=114&prev=/images%3Fq%3Dfromage%2Bblanc&zoom=1&q=fromage+blanc&usg=__OKZ7rcV_LSpS3_Y5-cQDVBC8Gg0=&sa=X&ei=w9EcTbq6DcGa8QOwl_jRBQ&ved=0CEkQ9QEwBA" "Mozilla/5.0 (Windows; U; Windows NT 6.1; fr; rv:1.9.2.2) Gecko/20100316 Firefox/3.6.2"
194.150.236.161 - - [30/Dec/2010:19:44:28 +0100] "HEAD /im/banner/Affiliation_Fraicolo_120x60.gif HTTP/1.1" 200 - "-" "-"
194.150.236.161 - - [30/Dec/2010:19:44:34 +0100] "GET /im/banner/Affiliation_Fraicolo_120x60.gif HTTP/1.1" 200 16471 "-" "PHP/5.2.6"
86.218.196.201 - - [30/Dec/2010:19:44:37 +0100] "GET /im/articles/JambonsBIO.JPG HTTP/1.1" 200 19769 "http://www.google.fr/imgres?imgurl=http://fraicolo.fr/im/articles/JambonsBIO.JPG&imgrefurl=http://fraicolo.fr/list.php%3Flang%3D1%26path%3D79%26page%3D0%26sort%3DPrix%26AdSearch%3Don&usg=__N9VU3y6QdDiPgUwbMcLeW5dsHTI=&h=334&w=500&sz=20&hl=fr&start=3&zoom=1&itbs=1&tbnid=tQgiKLuRsnafxM:&tbnh=87&tbnw=130&prev=/images%3Fq%3Dde%2Bla%2Bviande%2B(jambon%2Bblanc)%26hl%3Dfr%26sa%3DG%26gbv%3D2%26tbs%3Disch:1" "Mozilla/4.0 (compatible; MSIE 8.0; Windows NT 6.1; WOW64; Trident/4.0; SLCC2; .NET CLR 2.0.50727; .NET CLR 3.5.30729; .NET CLR 3.0.30729; Media Center PC 6.0; OfficeLiveConnector.1.3; OfficeLivePatch.0.0; .NET4.0C)"
86.218.196.201 - - [30/Dec/2010:19:44:38 +0100] "GET /im/articles/JambonsBIO.JPG HTTP/1.1" 200 19769 "http://www.google.fr/imgres?imgurl=http://fraicolo.fr/im/articles/JambonsBIO.JPG&imgrefurl=http://fraicolo.fr/list.php%3Flang%3D1%26path%3D79%26page%3D0%26sort%3DPrix%26AdSearch%3Don&usg=__N9VU3y6QdDiPgUwbMcLeW5dsHTI=&h=334&w=500&sz=20&hl=fr&start=3&zoom=1&itbs=1&tbnid=tQgiKLuRsnafxM:&tbnh=87&tbnw=130&prev=/images%3Fq%3Dde%2Bla%2Bviande%2B(jambon%2Bblanc)%26hl%3Dfr%26sa%3DG%26gbv%3D2%26tbs%3Disch:1" "Mozilla/4.0 (compatible; MSIE 8.0; Windows NT 6.1; WOW64; Trident/4.0; SLCC2; .NET CLR 2.0.50727; .NET CLR 3.5.30729; .NET CLR 3.0.30729; Media Center PC 6.0; OfficeLiveConnector.1.3; OfficeLivePatch.0.0; .NET4.0C)"
86.218.196.201 - - [30/Dec/2010:19:44:38 +0100] "GET /im/articles/JambonsBIO.JPG HTTP/1.1" 200 19769 "http://www.google.fr/imgres?imgurl=http://fraicolo.fr/im/articles/JambonsBIO.JPG&imgrefurl=http://fraicolo.fr/list.php%3Flang%3D1%26path%3D79%26page%3D0%26sort%3DPrix%26AdSearch%3Don&usg=__N9VU3y6QdDiPgUwbMcLeW5dsHTI=&h=334&w=500&sz=20&hl=fr&start=3&zoom=1&itbs=1&tbnid=tQgiKLuRsnafxM:&tbnh=87&tbnw=130&prev=/images%3Fq%3Dde%2Bla%2Bviande%2B(jambon%2Bblanc)%26hl%3Dfr%26sa%3DG%26gbv%3D2%26tbs%3Disch:1" "Mozilla/4.0 (compatible; MSIE 8.0; Windows NT 6.1; WOW64; Trident/4.0; SLCC2; .NET CLR 2.0.50727; .NET CLR 3.5.30729; .NET CLR 3.0.30729; Media Center PC 6.0; OfficeLiveConnector.1.3; OfficeLivePatch.0.0; .NET4.0C)"
86.218.196.201 - - [30/Dec/2010:19:44:43 +0100] "GET /im/articles/JambonsBIO.JPG HTTP/1.1" 200 19769 "http://www.google.fr/imgres?imgurl=http://fraicolo.fr/im/articles/JambonsBIO.JPG&imgrefurl=http://fraicolo.fr/list.php%3Flang%3D1%26path%3D79%26page%3D0%26sort%3DPrix%26AdSearch%3Don&usg=__N9VU3y6QdDiPgUwbMcLeW5dsHTI=&h=334&w=500&sz=20&hl=fr&start=3&zoom=1&itbs=1&tbnid=tQgiKLuRsnafxM:&tbnh=87&tbnw=130&prev=/images%3Fq%3Dde%2Bla%2Bviande%2B(jambon%2Bblanc)%26hl%3Dfr%26sa%3DG%26gbv%3D2%26tbs%3Disch:1" "Mozilla/4.0 (compatible; MSIE 8.0; Windows NT 6.1; WOW64; Trident/4.0; SLCC2; .NET CLR 2.0.50727; .NET CLR 3.5.30729; .NET CLR 3.0.30729; Media Center PC 6.0; OfficeLiveConnector.1.3; OfficeLivePatch.0.0; .NET4.0C)"
86.218.196.201 - - [30/Dec/2010:19:44:48 +0100] "GET /favicon.ico HTTP/1.1" 200 293 "-" "Mozilla/4.0 (compatible; MSIE 8.0; Windows NT 6.1; WOW64; Trident/4.0; SLCC2; .NET CLR 2.0.50727; .NET CLR 3.5.30729; .NET CLR 3.0.30729; Media Center PC 6.0; OfficeLiveConnector.1.3; OfficeLivePatch.0.0; .NET4.0C)"
90.54.25.108 - - [30/Dec/2010:19:44:51 +0100] "GET /im/articles/BarquetteFraise.JPG HTTP/1.1" 200 60638 "http://www.mamanstestent.com/search?updated-max=2010-09-09T21%3A40%3A00%2B02%3A00&max-results=5" "Mozilla/5.0 (Macintosh; U; Intel Mac OS X 10.6; fr; rv:1.9.2.12) Gecko/20101026 Firefox/3.6.12"
74.112.239.71 - - [30/Dec/2010:19:45:01 +0100] "GET /im/articles/ChipsTraiteur.JPG HTTP/1.1" 200 31181 "http://www.eternia-fr.net/news_900_date-de-sortie-de-b-w-noms.html" "Mozilla/5.0 (Windows; U; Windows NT 6.1; en-US) AppleWebKit/534.10 (KHTML, like Gecko) Chrome/8.0.552.224 Safari/534.10"
81.52.143.30 - - [30/Dec/2010:19:45:27 +0100] "GET /description.php?lang=1&id=1158 HTTP/1.1" 404 - "-" "Mozilla/5.0 (Windows; U; Windows NT 5.1; fr; rv:1.8.1) VoilaBot BETA 1.2 (support.voilabot@orange-ftgroup.com)"
77.201.199.116 - - [30/Dec/2010:19:45:41 +0100] "GET /im/articles/ChipsTraiteur.JPG HTTP/1.1" 200 31181 "http://www.eternia-fr.net/news_903_film-13-le-maitre-de-l-illusion-zoroark-disponible-en-vostfr.html" "Mozilla/4.0 (compatible; MSIE 8.0; Windows NT 5.1; Trident/4.0; .NET CLR 2.0.50727; .NET CLR 3.0.4506.2152; .NET CLR 3.5.30729; AskTB5.6)"
90.32.202.205 - - [30/Dec/2010:19:40:47 +0100] "GET /im/articles/AgneauCotes.JPG HTTP/1.1" 200 61940 "http://www.rodeosaladgang.biz/" "Mozilla/5.0 (Windows; U; Windows NT 6.0; fr-FR) AppleWebKit/533.19.4 (KHTML, like Gecko) Version/5.0.3 Safari/533.19.4"
78.237.173.32 - - [30/Dec/2010:19:40:48 +0100] "GET /im/articles/AgneauCotes.JPG HTTP/1.1" 200 61940 "http://www.rodeosaladgang.biz/" "Mozilla/5.0 (Macintosh; U; Intel Mac OS X 10_5_8; en-US) AppleWebKit/534.10 (KHTML, like Gecko) Chrome/8.0.552.231 Safari/534.10"
83.112.191.222 - - [30/Dec/2010:19:45:52 +0100] "GET /im/articles/SodasCocaCola.JPG HTTP/1.1" 304 - "http://mon-amie.eklablog.com/salut-tout-le-mondes-a2406742" "Mozilla/5.0 (Windows; U; Windows NT 6.1; en-US) AppleWebKit/534.10 (KHTML, like Gecko) Chrome/8.0.552.224 Safari/534.10"
41.250.96.153 - - [30/Dec/2010:19:45:54 +0100] "GET /list.php?lang=1&path=62&page=0&sort=Article HTTP/1.1" 200 12056 "http://www.google.fr/imgres?imgurl=http://www.fraicolo.fr/im/articles/SodasFanta.JPG&imgrefurl=http://www.fraicolo.fr/list.php%3Flang%3D1%26path%3D62%26page%3D0%26sort%3DArticle&usg=__o4XoQFIXqwnGXTwgiB1PUdIh96c=&h=578&w=427&sz=29&hl=fr&start=16&zoom=1&itbs=1&tbnid=0RLy9980PMLBEM:&tbnh=134&tbnw=99&prev=/images%3Fq%3Dfanta%26hl%3Dfr%26prmdo%3D1%26tbs%3Disch:1,isz:m,isc:white,ic:color" "Mozilla/5.0 (Windows; U; Windows NT 5.1; fr; rv:1.9.2) Gecko/20100115 Firefox/3.6"
41.250.96.153 - - [30/Dec/2010:19:45:55 +0100] "GET /im/banner/bannercorporate1.jpg HTTP/1.1" 200 44430 "http://www.fraicolo.fr/list.php?lang=1&path=62&page=0&sort=Article" "Mozilla/5.0 (Windows; U; Windows NT 5.1; fr; rv:1.9.2) Gecko/20100115 Firefox/3.6"
41.250.96.153 - - [30/Dec/2010:19:45:57 +0100] "GET /im/LOGOFraicolo.png HTTP/1.1" 200 21138 "http://www.fraicolo.fr/list.php?lang=1&path=62&page=0&sort=Article" "Mozilla/5.0 (Windows; U; Windows NT 5.1; fr; rv:1.9.2) Gecko/20100115 Firefox/3.6"
41.250.96.153 - - [30/Dec/2010:19:46:03 +0100] "GET /includes/popImage.js HTTP/1.1" 200 1233 "http://www.fraicolo.fr/list.php?lang=1&path=62&page=0&sort=Article" "Mozilla/5.0 (Windows; U; Windows NT 5.1; fr; rv:1.9.2) Gecko/20100115 Firefox/3.6"
41.250.96.153 - - [30/Dec/2010:19:46:03 +0100] "GET /im/zzz.gif HTTP/1.1" 200 49 "http://www.fraicolo.fr/list.php?lang=1&path=62&page=0&sort=Article" "Mozilla/5.0 (Windows; U; Windows NT 5.1; fr; rv:1.9.2) Gecko/20100115 Firefox/3.6"
41.250.96.153 - - [30/Dec/2010:19:46:04 +0100] "GET /im/accueil.gif HTTP/1.1" 200 511 "http://www.fraicolo.fr/list.php?lang=1&path=62&page=0&sort=Article" "Mozilla/5.0 (Windows; U; Windows NT 5.1; fr; rv:1.9.2) Gecko/20100115 Firefox/3.6"
41.250.96.153 - - [30/Dec/2010:19:46:15 +0100] "GET /css/scss.css HTTP/1.1" 200 3683 "http://www.fraicolo.fr/list.php?lang=1&path=62&page=0&sort=Article" "Mozilla/5.0 (Windows; U; Windows NT 5.1; fr; rv:1.9.2) Gecko/20100115 Firefox/3.6"
41.250.96.153 - - [30/Dec/2010:19:46:16 +0100] "GET /includes/menu/plus.gif HTTP/1.1" 200 71 "http://www.fraicolo.fr/list.php?lang=1&path=62&page=0&sort=Article" "Mozilla/5.0 (Windows; U; Windows NT 5.1; fr; rv:1.9.2) Gecko/20100115 Firefox/3.6"
41.250.96.153 - - [30/Dec/2010:19:46:16 +0100] "GET /im/lang1/menu_search.gif HTTP/1.1" 200 1955 "http://www.fraicolo.fr/list.php?lang=1&path=62&page=0&sort=Article" "Mozilla/5.0 (Windows; U; Windows NT 5.1; fr; rv:1.9.2) Gecko/20100115 Firefox/3.6"
41.250.96.153 - - [30/Dec/2010:19:46:16 +0100] "GET /im/search.gif HTTP/1.1" 200 681 "http://www.fraicolo.fr/list.php?lang=1&path=62&page=0&sort=Article" "Mozilla/5.0 (Windows; U; Windows NT 5.1; fr; rv:1.9.2) Gecko/20100115 Firefox/3.6"
41.250.96.153 - - [30/Dec/2010:19:46:19 +0100] "GET /im/articles/SodasFanta.JPG HTTP/1.1" 200 29422 "http://www.google.fr/imgres?imgurl=http://www.fraicolo.fr/im/articles/SodasFanta.JPG&imgrefurl=http://www.fraicolo.fr/list.php%3Flang%3D1%26path%3D62%26page%3D0%26sort%3DArticle&usg=__o4XoQFIXqwnGXTwgiB1PUdIh96c=&h=578&w=427&sz=29&hl=fr&start=16&zoom=1&itbs=1&tbnid=0RLy9980PMLBEM:&tbnh=134&tbnw=99&prev=/images%3Fq%3Dfanta%26hl%3Dfr%26prmdo%3D1%26tbs%3Disch:1,isz:m,isc:white,ic:color" "Mozilla/5.0 (Windows; U; Windows NT 5.1; fr; rv:1.9.2) Gecko/20100115 Firefox/3.6"
41.250.96.153 - - [30/Dec/2010:19:46:22 +0100] "GET /im/lang1/menu_com.gif HTTP/1.1" 200 2071 "http://www.fraicolo.fr/list.php?lang=1&path=62&page=0&sort=Article" "Mozilla/5.0 (Windows; U; Windows NT 5.1; fr; rv:1.9.2) Gecko/20100115 Firefox/3.6"
78.231.21.74 - - [30/Dec/2010:19:46:22 +0100] "GET /im/ HTTP/1.1" 302 20 "http://www.google.fr/imgres?imgurl=http://www.fraicolo.fr/im/articles/PetitsFours.JPG&imgrefurl=http://www.fraicolo.fr/printAll.php&usg=__iOXomOOYMhGLhx_e7rwkWwJ0ph0=&h=315&w=426&sz=40&hl=fr&start=26&zoom=1&um=1&itbs=1&tbnid=i6q4OZEqeHPbyM:&tbnh=93&tbnw=126&prev=/images%3Fq%3Drecette%2Bde%2Bpetits%2Bfours%2Bsal%25C3%25A9%26start%3D21%26um%3D1%26hl%3Dfr%26client%3Dfirefox-a%26sa%3DN%26rls%3Dorg.mozilla:fr:official%26gbv%3D2%26ndsp%3D21%26tbs%3Disch:1" "Mozilla/5.0 (Windows; U; Windows NT 6.0; fr; rv:1.9.1.16) Gecko/20101130 Firefox/3.5.16 ( .NET CLR 3.5.30729; .NET4.0C)"
78.231.21.74 - - [30/Dec/2010:19:46:24 +0100] "GET /index.php HTTP/1.1" 302 1543 "http://www.google.fr/imgres?imgurl=http://www.fraicolo.fr/im/articles/PetitsFours.JPG&imgrefurl=http://www.fraicolo.fr/printAll.php&usg=__iOXomOOYMhGLhx_e7rwkWwJ0ph0=&h=315&w=426&sz=40&hl=fr&start=26&zoom=1&um=1&itbs=1&tbnid=i6q4OZEqeHPbyM:&tbnh=93&tbnw=126&prev=/images%3Fq%3Drecette%2Bde%2Bpetits%2Bfours%2Bsal%25C3%25A9%26start%3D21%26um%3D1%26hl%3Dfr%26client%3Dfirefox-a%26sa%3DN%26rls%3Dorg.mozilla:fr:official%26gbv%3D2%26ndsp%3D21%26tbs%3Disch:1" "Mozilla/5.0 (Windows; U; Windows NT 6.0; fr; rv:1.9.1.16) Gecko/20101130 Firefox/3.5.16 ( .NET CLR 3.5.30729; .NET4.0C)"
78.231.21.74 - - [30/Dec/2010:19:46:25 +0100] "GET /catalog.php HTTP/1.1" 200 10909 "http://www.google.fr/imgres?imgurl=http://www.fraicolo.fr/im/articles/PetitsFours.JPG&imgrefurl=http://www.fraicolo.fr/printAll.php&usg=__iOXomOOYMhGLhx_e7rwkWwJ0ph0=&h=315&w=426&sz=40&hl=fr&start=26&zoom=1&um=1&itbs=1&tbnid=i6q4OZEqeHPbyM:&tbnh=93&tbnw=126&prev=/images%3Fq%3Drecette%2Bde%2Bpetits%2Bfours%2Bsal%25C3%25A9%26start%3D21%26um%3D1%26hl%3Dfr%26client%3Dfirefox-a%26sa%3DN%26rls%3Dorg.mozilla:fr:official%26gbv%3D2%26ndsp%3D21%26tbs%3Disch:1" "Mozilla/5.0 (Windows; U; Windows NT 6.0; fr; rv:1.9.1.16) Gecko/20101130 Firefox/3.5.16 ( .NET CLR 3.5.30729; .NET4.0C)"
194.150.236.161 - - [30/Dec/2010:19:46:26 +0100] "HEAD /im/banner/Affiliation_Fraicolo_120x60.gif HTTP/1.1" 200 - "-" "-"
78.231.21.74 - - [30/Dec/2010:19:46:30 +0100] "GET /favicon.ico HTTP/1.1" 200 293 "-" "Mozilla/5.0 (Windows; U; Windows NT 6.0; fr; rv:1.9.1.16) Gecko/20101130 Firefox/3.5.16 ( .NET CLR 3.5.30729; .NET4.0C)"
78.231.21.74 - - [30/Dec/2010:19:46:31 +0100] "GET /css/scss.css HTTP/1.1" 200 3683 "http://www.fraicolo.fr/catalog.php" "Mozilla/5.0 (Windows; U; Windows NT 6.0; fr; rv:1.9.1.16) Gecko/20101130 Firefox/3.5.16 ( .NET CLR 3.5.30729; .NET4.0C)"
194.150.236.161 - - [30/Dec/2010:19:46:32 +0100] "GET /im/banner/Affiliation_Fraicolo_120x60.gif HTTP/1.1" 200 16471 "-" "PHP/5.2.6"
41.250.96.153 - - [30/Dec/2010:19:46:34 +0100] "GET /im/path.gif HTTP/1.1" 200 363 "http://www.fraicolo.fr/list.php?lang=1&path=62&page=0&sort=Article" "Mozilla/5.0 (Windows; U; Windows NT 5.1; fr; rv:1.9.2) Gecko/20100115 Firefox/3.6"
41.250.96.153 - - [30/Dec/2010:19:46:47 +0100] "GET /list.php?lang=1&path=62&page=0&sort=Article HTTP/1.1" 200 12056 "http://www.google.fr/imgres?imgurl=http://www.fraicolo.fr/im/articles/SodasFanta.JPG&imgrefurl=http://www.fraicolo.fr/list.php%3Flang%3D1%26path%3D62%26page%3D0%26sort%3DArticle&usg=__o4XoQFIXqwnGXTwgiB1PUdIh96c=&h=578&w=427&sz=29&hl=fr&start=16&zoom=1&itbs=1&tbnid=0RLy9980PMLBEM:&tbnh=134&tbnw=99&prev=/images%3Fq%3Dfanta%26hl%3Dfr%26prmdo%3D1%26tbs%3Disch:1,isz:m,isc:white,ic:color" "Mozilla/5.0 (Windows; U; Windows NT 5.1; fr; rv:1.9.2) Gecko/20100115 Firefox/3.6"
41.250.96.153 - - [30/Dec/2010:19:46:47 +0100] "GET /list.php?lang=1&path=62&page=0&sort=Article HTTP/1.1" 200 12056 "http://www.google.fr/imgres?imgurl=http://www.fraicolo.fr/im/articles/SodasFanta.JPG&imgrefurl=http://www.fraicolo.fr/list.php%3Flang%3D1%26path%3D62%26page%3D0%26sort%3DArticle&usg=__o4XoQFIXqwnGXTwgiB1PUdIh96c=&h=578&w=427&sz=29&hl=fr&start=16&zoom=1&itbs=1&tbnid=0RLy9980PMLBEM:&tbnh=134&tbnw=99&prev=/images%3Fq%3Dfanta%26hl%3Dfr%26prmdo%3D1%26tbs%3Disch:1,isz:m,isc:white,ic:color" "Mozilla/5.0 (Windows; U; Windows NT 5.1; fr; rv:1.9.2) Gecko/20100115 Firefox/3.6"
79.86.181.211 - - [30/Dec/2010:19:46:40 +0100] "GET /im/articles/PanierFete.JPG HTTP/1.1" 206 65433 "http://montpellier.onvasortir.com/reveillons-nous-et-allons-hop-2011-496181.html" "Mozilla/4.0 (compatible; MSIE 8.0; Windows NT 6.1; WOW64; Trident/4.0; SLCC2; .NET CLR 2.0.50727; .NET CLR 3.5.30729; .NET CLR 3.0.30729; Media Center PC 6.0; HPNTDF; .NET4.0C)"
88.170.234.246 - - [30/Dec/2010:19:47:32 +0100] "GET /im/articles/PetitsFours.JPG HTTP/1.1" 200 40495 "http://www.unitedcats.com/fr/forum/674/53968/noel-feerique-pour-spock/100" "Mozilla/4.0 (compatible; MSIE 8.0; Windows NT 6.0; Trident/4.0; FunWebProducts; SLCC1; .NET CLR 2.0.50727; Media Center PC 5.0; .NET CLR 1.1.4322; .NET4.0C; .NET CLR 3.5.30729; SRS_IT_E879057EB7765B5536A997; SRS_IT_E879057EB6765B5131A094; .NET CLR 3.0.30729; SRS_IT_E879057EB3765A5A31A898; SRS_IT_E879057EB3765B5337A899; SRS_IT_E8790476BD765B5737AE90; SRS_IT_E8790476BC76545436A891; SRS_IT_E8790474B67654563FAF91; ShopperReports 3.0.517.0; SRS_IT_E8790473B476545A36A890; BO1IE8_v1;ENUS)"
67.195.112.48 - - [30/Dec/2010:19:47:51 +0100] "GET /description.php?lang=1&path=140&sort=Article&page=0&id=1720 HTTP/1.0" 200 11087 "-" "Mozilla/5.0 (compatible; Yahoo! Slurp; http://help.yahoo.com/help/us/ysearch/slurp)"
41.107.16.131 - - [30/Dec/2010:19:47:59 +0100] "GET /im/articles/PommeJaune.jpg HTTP/1.1" 200 13409 "http://beautpermanent.blogspot.com/2010_07_01_archive.html" "Mozilla/4.0 (compatible; MSIE 7.0; Windows NT 6.1; Trident/4.0; GTB6.6; SLCC2; .NET CLR 2.0.50727; .NET CLR 3.5.30729; .NET CLR 3.0.30729; Media Center PC 6.0; InfoPath.2)"
194.150.236.161 - - [30/Dec/2010:19:48:30 +0100] "HEAD /im/banner/Affiliation_Fraicolo_120x60.gif HTTP/1.1" 200 - "-" "-"
194.150.236.161 - - [30/Dec/2010:19:48:33 +0100] "GET /im/banner/Affiliation_Fraicolo_120x60.gif HTTP/1.1" 200 16471 "-" "PHP/5.2.6"
78.231.21.74 - - [30/Dec/2010:19:49:40 +0100] "GET /im/lang1/menu_search.gif HTTP/1.1" 200 1955 "http://www.fraicolo.fr/catalog.php" "Mozilla/5.0 (Windows; U; Windows NT 6.0; fr; rv:1.9.1.16) Gecko/20101130 Firefox/3.5.16 ( .NET CLR 3.5.30729; .NET4.0C)"
78.231.21.74 - - [30/Dec/2010:19:49:41 +0100] "GET /im/zzz.gif HTTP/1.1" 200 49 "http://www.fraicolo.fr/catalog.php" "Mozilla/5.0 (Windows; U; Windows NT 6.0; fr; rv:1.9.1.16) Gecko/20101130 Firefox/3.5.16 ( .NET CLR 3.5.30729; .NET4.0C)"
78.231.21.74 - - [30/Dec/2010:19:49:41 +0100] "GET /im/lang1/menu_com.gif HTTP/1.1" 200 2071 "http://www.fraicolo.fr/catalog.php" "Mozilla/5.0 (Windows; U; Windows NT 6.0; fr; rv:1.9.1.16) Gecko/20101130 Firefox/3.5.16 ( .NET CLR 3.5.30729; .NET4.0C)"
78.231.21.74 - - [30/Dec/2010:19:49:42 +0100] "GET /im/payment.gif HTTP/1.1" 200 2578 "http://www.fraicolo.fr/catalog.php" "Mozilla/5.0 (Windows; U; Windows NT 6.0; fr; rv:1.9.1.16) Gecko/20101130 Firefox/3.5.16 ( .NET CLR 3.5.30729; .NET4.0C)"
78.231.21.74 - - [30/Dec/2010:19:49:43 +0100] "GET /im/background/bg_green.gif HTTP/1.1" 200 2395 "http://www.fraicolo.fr/css/scss.css" "Mozilla/5.0 (Windows; U; Windows NT 6.0; fr; rv:1.9.1.16) Gecko/20101130 Firefox/3.5.16 ( .NET CLR 3.5.30729; .NET4.0C)"
78.231.21.74 - - [30/Dec/2010:19:49:44 +0100] "GET /im/LOGOFraicolo.png HTTP/1.1" 200 21138 "http://www.fraicolo.fr/catalog.php" "Mozilla/5.0 (Windows; U; Windows NT 6.0; fr; rv:1.9.1.16) Gecko/20101130 Firefox/3.5.16 ( .NET CLR 3.5.30729; .NET4.0C)"
83.167.61.77 - - [30/Dec/2010:19:49:44 +0100] "GET /im/articles/ChipsTraiteur.JPG HTTP/1.1" 200 31181 "http://www.eternia-fr.net/news_899_best-wishes-14-disponible-en-vostfr.html" "Mozilla/4.0 (compatible; MSIE 8.0; Windows NT 5.1; Trident/4.0; SIMBAR={F709315D-C30E-11DF-B86D-0011D8C5DB2A}; GTB6.6; .NET CLR 2.0.50727; .NET CLR 3.0.4506.2152; .NET CLR 3.5.30729)"
78.231.21.74 - - [30/Dec/2010:19:49:46 +0100] "GET /im/lang1/menu_infos.gif HTTP/1.1" 200 2010 "http://www.fraicolo.fr/catalog.php" "Mozilla/5.0 (Windows; U; Windows NT 6.0; fr; rv:1.9.1.16) Gecko/20101130 Firefox/3.5.16 ( .NET CLR 3.5.30729; .NET4.0C)"
78.231.21.74 - - [30/Dec/2010:19:49:47 +0100] "GET /includes/menu/plus.gif HTTP/1.1" 200 71 "http://www.fraicolo.fr/catalog.php" "Mozilla/5.0 (Windows; U; Windows NT 6.0; fr; rv:1.9.1.16) Gecko/20101130 Firefox/3.5.16 ( .NET CLR 3.5.30729; .NET4.0C)"
78.231.21.74 - - [30/Dec/2010:19:49:48 +0100] "GET /im/search.gif HTTP/1.1" 200 681 "http://www.fraicolo.fr/catalog.php" "Mozilla/5.0 (Windows; U; Windows NT 6.0; fr; rv:1.9.1.16) Gecko/20101130 Firefox/3.5.16 ( .NET CLR 3.5.30729; .NET4.0C)"
78.231.21.74 - - [30/Dec/2010:19:49:42 +0100] "GET /im/banner/bannercorporate1.jpg HTTP/1.1" 200 44430 "http://www.fraicolo.fr/catalog.php" "Mozilla/5.0 (Windows; U; Windows NT 6.0; fr; rv:1.9.1.16) Gecko/20101130 Firefox/3.5.16 ( .NET CLR 3.5.30729; .NET4.0C)"
78.231.21.74 - - [30/Dec/2010:19:49:59 +0100] "GET /im/lang1/menu_caddie.gif HTTP/1.1" 200 2067 "http://www.fraicolo.fr/catalog.php" "Mozilla/5.0 (Windows; U; Windows NT 6.0; fr; rv:1.9.1.16) Gecko/20101130 Firefox/3.5.16 ( .NET CLR 3.5.30729; .NET4.0C)"
78.231.21.74 - - [30/Dec/2010:19:49:59 +0100] "GET /im/fleche_bottom.gif HTTP/1.1" 200 57 "http://www.fraicolo.fr/css/scss.css" "Mozilla/5.0 (Windows; U; Windows NT 6.0; fr; rv:1.9.1.16) Gecko/20101130 Firefox/3.5.16 ( .NET CLR 3.5.30729; .NET4.0C)"
78.231.21.74 - - [30/Dec/2010:19:50:03 +0100] "GET /im/background/menuleft.gif HTTP/1.1" 200 1837 "http://www.fraicolo.fr/css/scss.css" "Mozilla/5.0 (Windows; U; Windows NT 6.0; fr; rv:1.9.1.16) Gecko/20101130 Firefox/3.5.16 ( .NET CLR 3.5.30729; .NET4.0C)"
78.231.21.74 - - [30/Dec/2010:19:50:03 +0100] "GET /im/background/module_left.gif HTTP/1.1" 200 323 "http://www.fraicolo.fr/css/scss.css" "Mozilla/5.0 (Windows; U; Windows NT 6.0; fr; rv:1.9.1.16) Gecko/20101130 Firefox/3.5.16 ( .NET CLR 3.5.30729; .NET4.0C)"
78.231.21.74 - - [30/Dec/2010:19:50:04 +0100] "GET /im/ok.gif HTTP/1.1" 200 128 "http://www.fraicolo.fr/catalog.php" "Mozilla/5.0 (Windows; U; Windows NT 6.0; fr; rv:1.9.1.16) Gecko/20101130 Firefox/3.5.16 ( .NET CLR 3.5.30729; .NET4.0C)"
78.231.21.74 - - [30/Dec/2010:19:50:12 +0100] "GET /im/lang1/menu_id.gif HTTP/1.1" 200 2056 "http://www.fraicolo.fr/catalog.php" "Mozilla/5.0 (Windows; U; Windows NT 6.0; fr; rv:1.9.1.16) Gecko/20101130 Firefox/3.5.16 ( .NET CLR 3.5.30729; .NET4.0C)"
78.231.21.74 - - [30/Dec/2010:19:50:15 +0100] "GET /im/background/menuright.gif HTTP/1.1" 200 1832 "http://www.fraicolo.fr/css/scss.css" "Mozilla/5.0 (Windows; U; Windows NT 6.0; fr; rv:1.9.1.16) Gecko/20101130 Firefox/3.5.16 ( .NET CLR 3.5.30729; .NET4.0C)"
78.231.21.74 - - [30/Dec/2010:19:50:13 +0100] "GET /im/background/bg_shop_green.gif HTTP/1.1" 200 49144 "http://www.fraicolo.fr/css/scss.css" "Mozilla/5.0 (Windows; U; Windows NT 6.0; fr; rv:1.9.1.16) Gecko/20101130 Firefox/3.5.16 ( .NET CLR 3.5.30729; .NET4.0C)"
78.231.21.74 - - [30/Dec/2010:19:50:20 +0100] "GET /im/lang1/menu_subscribe.gif HTTP/1.1" 200 1877 "http://www.fraicolo.fr/catalog.php" "Mozilla/5.0 (Windows; U; Windows NT 6.0; fr; rv:1.9.1.16) Gecko/20101130 Firefox/3.5.16 ( .NET CLR 3.5.30729; .NET4.0C)"
78.231.21.74 - - [30/Dec/2010:19:50:22 +0100] "GET /im/fleche_right.gif HTTP/1.1" 200 58 "http://www.fraicolo.fr/catalog.php" "Mozilla/5.0 (Windows; U; Windows NT 6.0; fr; rv:1.9.1.16) Gecko/20101130 Firefox/3.5.16 ( .NET CLR 3.5.30729; .NET4.0C)"
78.231.21.74 - - [30/Dec/2010:19:50:24 +0100] "GET /im/lang1/menu_devis.gif HTTP/1.1" 200 1958 "http://www.fraicolo.fr/catalog.php" "Mozilla/5.0 (Windows; U; Windows NT 6.0; fr; rv:1.9.1.16) Gecko/20101130 Firefox/3.5.16 ( .NET CLR 3.5.30729; .NET4.0C)"
78.231.21.74 - - [30/Dec/2010:19:50:57 +0100] "GET /catalog.php HTTP/1.1" 200 10910 "http://www.fraicolo.fr/catalog.php" "Mozilla/5.0 (Windows; U; Windows NT 6.0; fr; rv:1.9.1.16) Gecko/20101130 Firefox/3.5.16 ( .NET CLR 3.5.30729; .NET4.0C)"
86.218.196.201 - - [30/Dec/2010:19:51:15 +0100] "GET /list.php?lang=1&path=79&page=0&sort=Prix&AdSearch=on HTTP/1.1" 200 18105 "http://www.google.fr/imgres?imgurl=http://fraicolo.fr/im/articles/JambonsBIO.JPG&imgrefurl=http://fraicolo.fr/list.php%3Flang%3D1%26path%3D79%26page%3D0%26sort%3DPrix%26AdSearch%3Don&usg=__N9VU3y6QdDiPgUwbMcLeW5dsHTI=&h=334&w=500&sz=20&hl=fr&start=3&zoom=1&itbs=1&tbnid=tQgiKLuRsnafxM:&tbnh=87&tbnw=130&prev=/images%3Fq%3Dde%2Bla%2Bviande%2B(jambon%2Bblanc)%26hl%3Dfr%26gbv%3D2%26tbs%3Disch:1" "Mozilla/4.0 (compatible; MSIE 8.0; Windows NT 6.1; WOW64; Trident/4.0; SLCC2; .NET CLR 2.0.50727; .NET CLR 3.5.30729; .NET CLR 3.0.30729; Media Center PC 6.0; OfficeLiveConnector.1.3; OfficeLivePatch.0.0; .NET4.0C)"
79.86.181.211 - - [30/Dec/2010:19:46:19 +0100] "GET /im/articles/PanierFete.JPG HTTP/1.1" 200 67909 "http://montpellier.onvasortir.com/reveillons-nous-et-allons-hop-2011-496181.html" "Mozilla/4.0 (compatible; MSIE 8.0; Windows NT 6.1; WOW64; Trident/4.0; SLCC2; .NET CLR 2.0.50727; .NET CLR 3.5.30729; .NET CLR 3.0.30729; Media Center PC 6.0; HPNTDF; .NET4.0C)"
89.83.153.152 - - [30/Dec/2010:19:46:25 +0100] "GET /im/articles/RaisinBlanc.jpg HTTP/1.1" 200 50263 "http://alerte-environnement.fr/?p=1910" "Mozilla/4.0 (compatible; MSIE 8.0; Windows NT 6.1; Trident/4.0; GTB6.6; SLCC2; .NET CLR 2.0.50727; .NET CLR 3.5.30729; .NET CLR 3.0.30729; Media Center PC 6.0; .NET4.0C; InfoPath.2)"
78.115.10.46 - - [30/Dec/2010:19:48:26 +0100] "GET /im/articles/ChipsTraiteur.JPG HTTP/1.1" 200 31181 "http://www.eternia-fr.net/news_903_film-13-le-maitre-de-l-illusion-zoroark-disponible-en-vostfr.html" "Mozilla/5.0 (Windows; U; Windows NT 6.1; en-US) AppleWebKit/534.10 (KHTML, like Gecko) Chrome/8.0.552.224 Safari/534.10"
78.115.10.46 - - [30/Dec/2010:19:50:03 +0100] "GET /im/articles/ChipsTraiteur.JPG HTTP/1.1" 200 31181 "http://www.eternia-fr.net/news_903_film-13-le-maitre-de-l-illusion-zoroark-disponible-en-vostfr.html" "Mozilla/5.0 (Windows; U; Windows NT 6.1; en-US) AppleWebKit/534.10 (KHTML, like Gecko) Chrome/8.0.552.224 Safari/534.10"
79.95.158.42 - - [30/Dec/2010:19:51:43 +0100] "GET /im/articles/PanierFete.JPG HTTP/1.1" 304 - "http://montpellier.onvasortir.com/reveillons-nous-et-allons-hop-2011-496181.html" "Mozilla/4.0 (compatible; MSIE 8.0; Windows NT 6.0; Trident/4.0; GTB6.6; Mozilla/4.0 (compatible; MSIE 6.0; Windows NT 5.1; SV1) ; SLCC1; .NET CLR 2.0.50727; .NET CLR 3.0.30618; .NET CLR 3.5.30729; OfficeLiveConnector.1.3; OfficeLivePatch.0.0; .NET4.0C)"
89.226.161.143 - - [30/Dec/2010:19:53:20 +0100] "GET /list.php?lang=1&path=97&sort=Article&page=0 HTTP/1.1" 200 15282 "http://www.google.fr/imgres?imgurl=http://www.fraicolo.fr/im/articles/PetitsSuissesGervais.JPG&imgrefurl=http://www.fraicolo.fr/list.php%3Flang%3D1%26path%3D97%26sort%3DArticle%26page%3D0&usg=__Buu3lKNCNYk9M0jQcAlrqTcNWJY=&h=596&w=746&sz=59&hl=fr&start=15&zoom=1&um=1&itbs=1&tbnid=zdL5CxE-oUuFrM:&tbnh=113&tbnw=141&prev=/images%3Fq%3Dpetits%2Bsuissses%26um%3D1%26hl%3Dfr%26sa%3DN%26tbs%3Disch:1" "Mozilla/5.0 (Windows; U; Windows NT 6.0; en-US) AppleWebKit/534.10 (KHTML, like Gecko) Chrome/8.0.552.224 Safari/534.10"
