66.249.71.6 - - [30/Dec/2010:20:48:08 +0100] "GET /description.php?lang=1&path=61&id=627 HTTP/1.1" 200 11152 "-" "Mozilla/5.0 (compatible; Googlebot/2.1; +http://www.google.com/bot.html)"
89.170.107.222 - - [30/Dec/2010:20:48:15 +0100] "GET /list.php?lang=1&path=34&sort=Article&page=0 HTTP/1.1" 200 11970 "http://www.google.fr/imgres?imgurl=http://www.fraicolo.fr/im/articles/PommeJaune.jpg&imgrefurl=http://www.fraicolo.fr/list.php%3Flang%3D1%26path%3D34%26sort%3DArticle%26page%3D0&usg=__nG57QuoU_UOXU6dsTrSS4vuKVEQ=&h=404&w=390&sz=14&hl=fr&start=15&zoom=1&um=1&itbs=1&tbnid=JR_p-UwrQQzAwM:&tbnh=124&tbnw=120&prev=/images%3Fq%3Dpomme%26um%3D1%26hl%3Dfr%26tbs%3Disch:1" "Mozilla/4.0 (compatible; MSIE 8.0; Windows NT 5.1; Trident/4.0; .NET CLR 2.0.50727; .NET CLR 3.0.4506.2152; .NET CLR 3.5.30729)"
109.210.144.83 - - [30/Dec/2010:20:48:33 +0100] "GET /im/articles/PetitBeurre.JPG HTTP/1.1" 200 47114 "http://www.team-shaolin.com/forums/topic/10666-idee-de-defis/" "Mozilla/5.0 (Windows; U; Windows NT 5.1; en-US) AppleWebKit/534.10 (KHTML, like Gecko) Chrome/8.0.552.224 Safari/534.10"
194.150.236.161 - - [30/Dec/2010:20:48:38 +0100] "HEAD /im/banner/Affiliation_Fraicolo_120x60.gif HTTP/1.1" 200 - "-" "-"
194.150.236.161 - - [30/Dec/2010:20:48:39 +0100] "GET /im/banner/Affiliation_Fraicolo_120x60.gif HTTP/1.1" 200 16471 "-" "PHP/5.2.6"
207.46.204.179 - - [30/Dec/2010:20:48:51 +0100] "GET /page_box.php?module=menu_devis HTTP/1.1" 200 10361 "-" "Mozilla/5.0 (compatible; bingbot/2.0; +http://www.bing.com/bingbot.htm)"
66.249.71.193 - - [30/Dec/2010:20:49:01 +0100] "GET /description.php?lang=1&path=71&sort=Prix&page=0&id=655&AdSearch=on HTTP/1.1" 200 12192 "-" "Mozilla/5.0 (compatible; Googlebot/2.1; +http://www.google.com/bot.html)"
79.125.41.141 - - [30/Dec/2010:20:49:21 +0100] "GET /im/articles/Physalis.JPG HTTP/1.1" 200 6561 "-" "ShopWiki/1.0 ( +http://www.shopwiki.com/wiki/Help:Bot)"
82.122.221.145 - - [30/Dec/2010:20:49:21 +0100] "GET /im/articles/ChipsTraiteur.JPG HTTP/1.1" 200 31181 "http://www.eternia-fr.net/news_896_best-wishes-13-disponible-en-vostfr.html" "Mozilla/4.0 (compatible; MSIE 8.0; Windows NT 6.1; Trident/4.0; SLCC2; .NET CLR 2.0.50727; .NET CLR 3.5.30729; .NET CLR 3.0.30729; Media Center PC 6.0; InfoPath.3; .NET4.0C)"
90.21.162.159 - - [30/Dec/2010:20:49:33 +0100] "GET /im/articles/ChipsTraiteur.JPG HTTP/1.1" 200 31181 "http://www.eternia-fr.net/news_903_film-13-le-maitre-de-l-illusion-zoroark-disponible-en-vostfr.html" "Mozilla/4.0 (compatible; MSIE 8.0; Windows NT 6.1; WOW64; Trident/4.0; SLCC2; .NET CLR 2.0.50727; .NET CLR 3.5.30729; .NET CLR 3.0.30729; Media Center PC 6.0; .NET4.0C)"
66.249.71.6 - - [30/Dec/2010:20:49:39 +0100] "GET /categories.php?lang=1&path=157&num=91&action=e&sort=Article&page=0 HTTP/1.1" 200 11979 "-" "Mozilla/5.0 (compatible; Googlebot/2.1; +http://www.google.com/bot.html)"
83.112.191.222 - - [30/Dec/2010:20:49:42 +0100] "GET /im/articles/SodasCocaCola.JPG HTTP/1.1" 304 - "http://mon-amie.eklablog.com/salut-tout-le-mondes-a2406742" "Mozilla/5.0 (Windows; U; Windows NT 6.1; en-US) AppleWebKit/534.10 (KHTML, like Gecko) Chrome/8.0.552.224 Safari/534.10"
67.195.112.48 - - [30/Dec/2010:20:49:55 +0100] "GET /categories.php?lang=e&path=100&num=1&action=e HTTP/1.0" 200 16108 "-" "Mozilla/5.0 (compatible; Yahoo! Slurp; http://help.yahoo.com/help/us/ysearch/slurp)"
66.249.71.6 - - [30/Dec/2010:20:49:56 +0100] "GET /categories.php?lang=1&path=29&num=17&action=n&sort=Article&AdSearch=on HTTP/1.1" 200 16705 "-" "Mozilla/5.0 (compatible; Googlebot/2.1; +http://www.google.com/bot.html)"
208.80.194.26 - - [30/Dec/2010:20:49:59 +0100] "GET / HTTP/1.0" 302 3354 "-" "Mozilla/4.0 (compatible; MSIE 7.0; Windows NT 5.1; SIMBAR={A1867BE4-F04F-4D76-8AD9-0642D8785988}; .NET CLR 1.1.4322; .NET CLR 2.0.50727; .NET CLR 3.0.04506.30; SpamBlockerUtility 4.8.4)"
208.80.194.26 - - [30/Dec/2010:20:50:00 +0100] "GET /catalog.php HTTP/1.0" 200 69779 "-" "Mozilla/4.0 (compatible; MSIE 6.0; Windows NT 5.1; SV1; FunWebProducts; acc=jocker; acc=none)"
66.249.71.193 - - [30/Dec/2010:20:50:07 +0100] "GET /description.php?lang=1&path=98&id=1656&AdSearch=on HTTP/1.1" 200 12227 "-" "Mozilla/5.0 (compatible; Googlebot/2.1; +http://www.google.com/bot.html)"
90.32.202.205 - - [30/Dec/2010:20:50:15 +0100] "GET /im/articles/AgneauCotes.JPG HTTP/1.1" 200 61940 "http://www.rodeosaladgang.biz/" "Mozilla/5.0 (Windows; U; Windows NT 6.0; fr-FR) AppleWebKit/533.19.4 (KHTML, like Gecko) Version/5.0.3 Safari/533.19.4"
212.195.161.216 - - [30/Dec/2010:20:50:22 +0100] "GET /im/articles/PepitoLait.JPG HTTP/1.1" 200 55844 "http://www.clubic.com/forum/et-a-part-ca/kinder-vs-pepito-id715910-page1.html" "Mozilla/5.0 (Windows; U; Windows NT 6.1; en-US) AppleWebKit/534.10 (KHTML, like Gecko) Chrome/8.0.552.224 Safari/534.10"
212.195.161.216 - - [30/Dec/2010:20:50:33 +0100] "GET /favicon.ico HTTP/1.1" 200 293 "-" "Mozilla/5.0 (Windows; U; Windows NT 6.1; en-US) AppleWebKit/534.10 (KHTML, like Gecko) Chrome/8.0.552.224 Safari/534.10"
89.123.62.26 - - [30/Dec/2010:20:50:34 +0100] "GET / HTTP/1.1" 302 3354 "-" "Java/1.6.0_04"
194.150.236.161 - - [30/Dec/2010:20:50:35 +0100] "HEAD /im/banner/Affiliation_Fraicolo_120x60.gif HTTP/1.1" 200 - "-" "-"
194.150.236.161 - - [30/Dec/2010:20:50:35 +0100] "GET /im/banner/Affiliation_Fraicolo_120x60.gif HTTP/1.1" 200 16471 "-" "PHP/5.2.6"
89.123.62.26 - - [30/Dec/2010:20:50:34 +0100] "GET /catalog.php HTTP/1.1" 200 69779 "-" "Java/1.6.0_04"
89.123.62.26 - - [30/Dec/2010:20:50:37 +0100] "GET /affiliation.php HTTP/1.1" 200 76404 "-" "Java/1.6.0_04"
89.123.62.26 - - [30/Dec/2010:20:50:38 +0100] "GET /bannerHit.php?id=7&url=http://www.fraicolo.fr HTTP/1.1" 302 - "-" "Java/1.6.0_04"
89.123.62.26 - - [30/Dec/2010:20:50:39 +0100] "GET / HTTP/1.1" 302 3354 "-" "Java/1.6.0_04"
89.123.62.26 - - [30/Dec/2010:20:50:41 +0100] "GET /catalog.php HTTP/1.1" 200 69779 "-" "Java/1.6.0_04"
89.123.62.26 - - [30/Dec/2010:20:50:43 +0100] "GET /caddie.php HTTP/1.1" 200 68757 "-" "Java/1.6.0_04"
89.123.62.26 - - [30/Dec/2010:20:50:45 +0100] "GET /catalog.php?AdSearch=on HTTP/1.1" 200 74333 "-" "Java/1.6.0_04"
89.123.62.26 - - [30/Dec/2010:20:50:50 +0100] "GET /categories.php?lang=1&path=100&num=1&action=n&sort=Article HTTP/1.1" 200 139729 "-" "Java/1.6.0_04"
89.123.62.26 - - [30/Dec/2010:20:50:57 +0100] "GET /infos.php?lang=1&info=10 HTTP/1.1" 200 73311 "-" "Java/1.6.0_04"
89.123.62.26 - - [30/Dec/2010:20:51:00 +0100] "GET /list.php?lang=1&path=101&num=2&action=n&sort=Article&page=0 HTTP/1.1" 200 80692 "-" "Java/1.6.0_04"
89.123.62.26 - - [30/Dec/2010:20:51:05 +0100] "GET /page_box.php?module=menu_devis HTTP/1.1" 200 70121 "-" "Java/1.6.0_04"
89.123.62.26 - - [30/Dec/2010:20:51:09 +0100] "GET /printAll.php HTTP/1.1" 200 326141 "-" "Java/1.6.0_04"
194.150.236.161 - - [30/Dec/2010:20:51:17 +0100] "HEAD /im/banner/Affiliation_Fraicolo_120x60.gif HTTP/1.1" 200 - "-" "-"
194.150.236.161 - - [30/Dec/2010:20:51:17 +0100] "GET /im/banner/Affiliation_Fraicolo_120x60.gif HTTP/1.1" 200 16471 "-" "PHP/5.2.6"
89.123.62.26 - - [30/Dec/2010:20:51:15 +0100] "GET /savecart.php?lang=1 HTTP/1.1" 200 75789 "-" "Java/1.6.0_04"
82.243.232.199 - - [30/Dec/2010:20:51:18 +0100] "GET /im/articles/ChipsTraiteur.JPG HTTP/1.1" 200 31181 "http://www.eternia-fr.net/news_898_film-13-aux-usa-titre-bw-18-noms-us-des-singes-date-de-sortie-fr-de-b-w.html" "Mozilla/4.0 (compatible; MSIE 8.0; Windows NT 5.1; Trident/4.0; .NET CLR 1.1.4322; .NET CLR 2.0.50727; .NET CLR 3.0.04506.30; .NET CLR 3.0.4506.2152; .NET CLR 3.5.30729)"
89.123.62.26 - - [30/Dec/2010:20:51:18 +0100] "GET /use_fidelity_points.php HTTP/1.1" 200 3111 "-" "Java/1.6.0_04"
89.123.62.26 - - [30/Dec/2010:20:51:19 +0100] "GET /use_search.php HTTP/1.1" 200 3117 "-" "Java/1.6.0_04"
88.161.251.179 - - [30/Dec/2010:20:51:20 +0100] "GET /categories.php?lang=e&path=100&num=1&action=e HTTP/1.1" 200 16261 "http://www.google.fr/imgres?imgurl=http://www.fraicolo.fr/im/articles/FeuilleteSaintJacques.JPG&imgrefurl=http://www.fraicolo.fr/categories.php%3Flang%3De%26path%3D100%26num%3D1%26action%3De&usg=__pqF3D0KZSE5sDzznBD_i01-59FY=&h=273&w=292&sz=9&hl=fr&start=272&zoom=1&itbs=1&tbnid=z895CcZp2I6pIM:&tbnh=108&tbnw=115&prev=/images%3Fq%3Dfeuillet%25C3%25A9%26start%3D260%26hl%3Dfr%26sa%3DN%26gbv%3D2%26ndsp%3D20%26tbs%3Disch:1" "Mozilla/4.0 (compatible; MSIE 8.0; Windows NT 6.1; Win64; x64; Trident/4.0; GTB6.6; .NET CLR 2.0.50727; SLCC2; .NET CLR 3.5.30729; .NET CLR 3.0.30729; Media Center PC 6.0; .NET4.0C)"
88.161.251.179 - - [30/Dec/2010:20:51:20 +0100] "GET /includes/popImage.js HTTP/1.1" 200 1233 "http://www.fraicolo.fr/categories.php?lang=e&path=100&num=1&action=e" "Mozilla/4.0 (compatible; MSIE 8.0; Windows NT 6.1; Win64; x64; Trident/4.0; GTB6.6; .NET CLR 2.0.50727; SLCC2; .NET CLR 3.5.30729; .NET CLR 3.0.30729; Media Center PC 6.0; .NET4.0C)"
88.161.251.179 - - [30/Dec/2010:20:51:21 +0100] "GET /css/scss.css HTTP/1.1" 200 3683 "http://www.fraicolo.fr/categories.php?lang=e&path=100&num=1&action=e" "Mozilla/4.0 (compatible; MSIE 8.0; Windows NT 6.1; Win64; x64; Trident/4.0; GTB6.6; .NET CLR 2.0.50727; SLCC2; .NET CLR 3.5.30729; .NET CLR 3.0.30729; Media Center PC 6.0; .NET4.0C)"
88.161.251.179 - - [30/Dec/2010:20:51:21 +0100] "GET /im/LOGOFraicolo.png HTTP/1.1" 200 21138 "http://www.fraicolo.fr/categories.php?lang=e&path=100&num=1&action=e" "Mozilla/4.0 (compatible; MSIE 8.0; Windows NT 6.1; Win64; x64; Trident/4.0; GTB6.6; .NET CLR 2.0.50727; SLCC2; .NET CLR 3.5.30729; .NET CLR 3.0.30729; Media Center PC 6.0; .NET4.0C)"
88.161.251.179 - - [30/Dec/2010:20:51:21 +0100] "GET /im/path.gif HTTP/1.1" 200 363 "http://www.fraicolo.fr/categories.php?lang=e&path=100&num=1&action=e" "Mozilla/4.0 (compatible; MSIE 8.0; Windows NT 6.1; Win64; x64; Trident/4.0; GTB6.6; .NET CLR 2.0.50727; SLCC2; .NET CLR 3.5.30729; .NET CLR 3.0.30729; Media Center PC 6.0; .NET4.0C)"
88.161.251.179 - - [30/Dec/2010:20:51:21 +0100] "GET /im/zzz.gif HTTP/1.1" 200 49 "http://www.fraicolo.fr/categories.php?lang=e&path=100&num=1&action=e" "Mozilla/4.0 (compatible; MSIE 8.0; Windows NT 6.1; Win64; x64; Trident/4.0; GTB6.6; .NET CLR 2.0.50727; SLCC2; .NET CLR 3.5.30729; .NET CLR 3.0.30729; Media Center PC 6.0; .NET4.0C)"
88.161.251.179 - - [30/Dec/2010:20:51:21 +0100] "GET /im/lang1/menu_search.gif HTTP/1.1" 200 1955 "http://www.fraicolo.fr/categories.php?lang=e&path=100&num=1&action=e" "Mozilla/4.0 (compatible; MSIE 8.0; Windows NT 6.1; Win64; x64; Trident/4.0; GTB6.6; .NET CLR 2.0.50727; SLCC2; .NET CLR 3.5.30729; .NET CLR 3.0.30729; Media Center PC 6.0; .NET4.0C)"
88.161.251.179 - - [30/Dec/2010:20:51:21 +0100] "GET /im/background/bg_green.gif HTTP/1.1" 200 2395 "http://www.fraicolo.fr/categories.php?lang=e&path=100&num=1&action=e" "Mozilla/4.0 (compatible; MSIE 8.0; Windows NT 6.1; Win64; x64; Trident/4.0; GTB6.6; .NET CLR 2.0.50727; SLCC2; .NET CLR 3.5.30729; .NET CLR 3.0.30729; Media Center PC 6.0; .NET4.0C)"
88.161.251.179 - - [30/Dec/2010:20:51:21 +0100] "GET /csshover.htc HTTP/1.1" 200 1166 "-" "Mozilla/4.0 (compatible; MSIE 8.0; Windows NT 6.1; Win64; x64; Trident/4.0; GTB6.6; .NET CLR 2.0.50727; SLCC2; .NET CLR 3.5.30729; .NET CLR 3.0.30729; Media Center PC 6.0; .NET4.0C)"
88.161.251.179 - - [30/Dec/2010:20:51:21 +0100] "GET /im/accueil.gif HTTP/1.1" 200 511 "http://www.fraicolo.fr/categories.php?lang=e&path=100&num=1&action=e" "Mozilla/4.0 (compatible; MSIE 8.0; Windows NT 6.1; Win64; x64; Trident/4.0; GTB6.6; .NET CLR 2.0.50727; SLCC2; .NET CLR 3.5.30729; .NET CLR 3.0.30729; Media Center PC 6.0; .NET4.0C)"
88.161.251.179 - - [30/Dec/2010:20:51:21 +0100] "GET /im/fleche_bottom.gif HTTP/1.1" 200 57 "http://www.fraicolo.fr/categories.php?lang=e&path=100&num=1&action=e" "Mozilla/4.0 (compatible; MSIE 8.0; Windows NT 6.1; Win64; x64; Trident/4.0; GTB6.6; .NET CLR 2.0.50727; SLCC2; .NET CLR 3.5.30729; .NET CLR 3.0.30729; Media Center PC 6.0; .NET4.0C)"
88.161.251.179 - - [30/Dec/2010:20:51:21 +0100] "GET /im/fleche_right.gif HTTP/1.1" 200 58 "http://www.fraicolo.fr/categories.php?lang=e&path=100&num=1&action=e" "Mozilla/4.0 (compatible; MSIE 8.0; Windows NT 6.1; Win64; x64; Trident/4.0; GTB6.6; .NET CLR 2.0.50727; SLCC2; .NET CLR 3.5.30729; .NET CLR 3.0.30729; Media Center PC 6.0; .NET4.0C)"
88.161.251.179 - - [30/Dec/2010:20:51:21 +0100] "GET /im/background/menuleft.gif HTTP/1.1" 200 1837 "http://www.fraicolo.fr/categories.php?lang=e&path=100&num=1&action=e" "Mozilla/4.0 (compatible; MSIE 8.0; Windows NT 6.1; Win64; x64; Trident/4.0; GTB6.6; .NET CLR 2.0.50727; SLCC2; .NET CLR 3.5.30729; .NET CLR 3.0.30729; Media Center PC 6.0; .NET4.0C)"
88.161.251.179 - - [30/Dec/2010:20:51:21 +0100] "GET /im/banner/bannercorporate1.jpg HTTP/1.1" 200 44430 "http://www.fraicolo.fr/categories.php?lang=e&path=100&num=1&action=e" "Mozilla/4.0 (compatible; MSIE 8.0; Windows NT 6.1; Win64; x64; Trident/4.0; GTB6.6; .NET CLR 2.0.50727; SLCC2; .NET CLR 3.5.30729; .NET CLR 3.0.30729; Media Center PC 6.0; .NET4.0C)"
88.161.251.179 - - [30/Dec/2010:20:51:21 +0100] "GET /im/background/module_left.gif HTTP/1.1" 200 323 "http://www.fraicolo.fr/categories.php?lang=e&path=100&num=1&action=e" "Mozilla/4.0 (compatible; MSIE 8.0; Windows NT 6.1; Win64; x64; Trident/4.0; GTB6.6; .NET CLR 2.0.50727; SLCC2; .NET CLR 3.5.30729; .NET CLR 3.0.30729; Media Center PC 6.0; .NET4.0C)"
88.161.251.179 - - [30/Dec/2010:20:51:21 +0100] "GET /im/search.gif HTTP/1.1" 200 681 "http://www.fraicolo.fr/categories.php?lang=e&path=100&num=1&action=e" "Mozilla/4.0 (compatible; MSIE 8.0; Windows NT 6.1; Win64; x64; Trident/4.0; GTB6.6; .NET CLR 2.0.50727; SLCC2; .NET CLR 3.5.30729; .NET CLR 3.0.30729; Media Center PC 6.0; .NET4.0C)"
88.161.251.179 - - [30/Dec/2010:20:51:21 +0100] "GET /im/lang1/menu_com.gif HTTP/1.1" 200 2071 "http://www.fraicolo.fr/categories.php?lang=e&path=100&num=1&action=e" "Mozilla/4.0 (compatible; MSIE 8.0; Windows NT 6.1; Win64; x64; Trident/4.0; GTB6.6; .NET CLR 2.0.50727; SLCC2; .NET CLR 3.5.30729; .NET CLR 3.0.30729; Media Center PC 6.0; .NET4.0C)"
88.161.251.179 - - [30/Dec/2010:20:51:21 +0100] "GET /includes/menu/plus.gif HTTP/1.1" 200 71 "http://www.fraicolo.fr/categories.php?lang=e&path=100&num=1&action=e" "Mozilla/4.0 (compatible; MSIE 8.0; Windows NT 6.1; Win64; x64; Trident/4.0; GTB6.6; .NET CLR 2.0.50727; SLCC2; .NET CLR 3.5.30729; .NET CLR 3.0.30729; Media Center PC 6.0; .NET4.0C)"
88.161.251.179 - - [30/Dec/2010:20:51:21 +0100] "GET /im/payment.gif HTTP/1.1" 200 2578 "http://www.fraicolo.fr/categories.php?lang=e&path=100&num=1&action=e" "Mozilla/4.0 (compatible; MSIE 8.0; Windows NT 6.1; Win64; x64; Trident/4.0; GTB6.6; .NET CLR 2.0.50727; SLCC2; .NET CLR 3.5.30729; .NET CLR 3.0.30729; Media Center PC 6.0; .NET4.0C)"
89.123.62.26 - - [30/Dec/2010:20:51:20 +0100] "GET /your_account.php HTTP/1.1" 200 82600 "-" "Java/1.6.0_04"
88.161.251.179 - - [30/Dec/2010:20:51:22 +0100] "GET /im/zzz_gris.gif HTTP/1.1" 200 41 "http://www.fraicolo.fr/categories.php?lang=e&path=100&num=1&action=e" "Mozilla/4.0 (compatible; MSIE 8.0; Windows NT 6.1; Win64; x64; Trident/4.0; GTB6.6; .NET CLR 2.0.50727; SLCC2; .NET CLR 3.5.30729; .NET CLR 3.0.30729; Media Center PC 6.0; .NET4.0C)"
88.161.251.179 - - [30/Dec/2010:20:51:22 +0100] "GET /im/articles/GalettePdT.JPG HTTP/1.1" 200 16630 "http://www.fraicolo.fr/categories.php?lang=e&path=100&num=1&action=e" "Mozilla/4.0 (compatible; MSIE 8.0; Windows NT 6.1; Win64; x64; Trident/4.0; GTB6.6; .NET CLR 2.0.50727; SLCC2; .NET CLR 3.5.30729; .NET CLR 3.0.30729; Media Center PC 6.0; .NET4.0C)"
88.161.251.179 - - [30/Dec/2010:20:51:22 +0100] "GET /im/stockok.gif HTTP/1.1" 200 920 "http://www.fraicolo.fr/categories.php?lang=e&path=100&num=1&action=e" "Mozilla/4.0 (compatible; MSIE 8.0; Windows NT 6.1; Win64; x64; Trident/4.0; GTB6.6; .NET CLR 2.0.50727; SLCC2; .NET CLR 3.5.30729; .NET CLR 3.0.30729; Media Center PC 6.0; .NET4.0C)"
88.161.251.179 - - [30/Dec/2010:20:51:22 +0100] "GET /im/articles/FoieGrasLafitteFigues.JPG HTTP/1.1" 200 25273 "http://www.fraicolo.fr/categories.php?lang=e&path=100&num=1&action=e" "Mozilla/4.0 (compatible; MSIE 8.0; Windows NT 6.1; Win64; x64; Trident/4.0; GTB6.6; .NET CLR 2.0.50727; SLCC2; .NET CLR 3.5.30729; .NET CLR 3.0.30729; Media Center PC 6.0; .NET4.0C)"
88.161.251.179 - - [30/Dec/2010:20:51:21 +0100] "GET /im/background/bg_shop_green.gif HTTP/1.1" 200 49144 "http://www.fraicolo.fr/categories.php?lang=e&path=100&num=1&action=e" "Mozilla/4.0 (compatible; MSIE 8.0; Windows NT 6.1; Win64; x64; Trident/4.0; GTB6.6; .NET CLR 2.0.50727; SLCC2; .NET CLR 3.5.30729; .NET CLR 3.0.30729; Media Center PC 6.0; .NET4.0C)"
88.161.251.179 - - [30/Dec/2010:20:51:22 +0100] "GET /im/articles/CaviarAubergineBIO.JPG HTTP/1.1" 200 6946 "http://www.fraicolo.fr/categories.php?lang=e&path=100&num=1&action=e" "Mozilla/4.0 (compatible; MSIE 8.0; Windows NT 6.1; Win64; x64; Trident/4.0; GTB6.6; .NET CLR 2.0.50727; SLCC2; .NET CLR 3.5.30729; .NET CLR 3.0.30729; Media Center PC 6.0; .NET4.0C)"
88.161.251.179 - - [30/Dec/2010:20:51:22 +0100] "GET /im/articles/Blinis.JPG HTTP/1.1" 200 26261 "http://www.fraicolo.fr/categories.php?lang=e&path=100&num=1&action=e" "Mozilla/4.0 (compatible; MSIE 8.0; Windows NT 6.1; Win64; x64; Trident/4.0; GTB6.6; .NET CLR 2.0.50727; SLCC2; .NET CLR 3.5.30729; .NET CLR 3.0.30729; Media Center PC 6.0; .NET4.0C)"
88.161.251.179 - - [30/Dec/2010:20:51:22 +0100] "GET /im/articles/FeuilleteTomate.JPG HTTP/1.1" 200 15911 "http://www.fraicolo.fr/categories.php?lang=e&path=100&num=1&action=e" "Mozilla/4.0 (compatible; MSIE 8.0; Windows NT 6.1; Win64; x64; Trident/4.0; GTB6.6; .NET CLR 2.0.50727; SLCC2; .NET CLR 3.5.30729; .NET CLR 3.0.30729; Media Center PC 6.0; .NET4.0C)"
88.161.251.179 - - [30/Dec/2010:20:51:22 +0100] "GET /im/articles/Quenelle.JPG HTTP/1.1" 200 16808 "http://www.fraicolo.fr/categories.php?lang=e&path=100&num=1&action=e" "Mozilla/4.0 (compatible; MSIE 8.0; Windows NT 6.1; Win64; x64; Trident/4.0; GTB6.6; .NET CLR 2.0.50727; SLCC2; .NET CLR 3.5.30729; .NET CLR 3.0.30729; Media Center PC 6.0; .NET4.0C)"
88.161.251.179 - - [30/Dec/2010:20:51:22 +0100] "GET /im/articles/FeuilleteSaintJacques.JPG HTTP/1.1" 200 8954 "http://www.fraicolo.fr/categories.php?lang=e&path=100&num=1&action=e" "Mozilla/4.0 (compatible; MSIE 8.0; Windows NT 6.1; Win64; x64; Trident/4.0; GTB6.6; .NET CLR 2.0.50727; SLCC2; .NET CLR 3.5.30729; .NET CLR 3.0.30729; Media Center PC 6.0; .NET4.0C)"
88.161.251.179 - - [30/Dec/2010:20:51:22 +0100] "GET /im/articles/TarteOignonLardon.JPG HTTP/1.1" 200 55997 "http://www.fraicolo.fr/categories.php?lang=e&path=100&num=1&action=e" "Mozilla/4.0 (compatible; MSIE 8.0; Windows NT 6.1; Win64; x64; Trident/4.0; GTB6.6; .NET CLR 2.0.50727; SLCC2; .NET CLR 3.5.30729; .NET CLR 3.0.30729; Media Center PC 6.0; .NET4.0C)"
88.161.251.179 - - [30/Dec/2010:20:51:22 +0100] "GET /im/articles/Lasagne.JPG HTTP/1.1" 200 26926 "http://www.fraicolo.fr/categories.php?lang=e&path=100&num=1&action=e" "Mozilla/4.0 (compatible; MSIE 8.0; Windows NT 6.1; Win64; x64; Trident/4.0; GTB6.6; .NET CLR 2.0.50727; SLCC2; .NET CLR 3.5.30729; .NET CLR 3.0.30729; Media Center PC 6.0; .NET4.0C)"
88.161.251.179 - - [30/Dec/2010:20:51:22 +0100] "GET /im/articles/CoquilleSaintJacques.JPG HTTP/1.1" 200 27941 "http://www.fraicolo.fr/categories.php?lang=e&path=100&num=1&action=e" "Mozilla/4.0 (compatible; MSIE 8.0; Windows NT 6.1; Win64; x64; Trident/4.0; GTB6.6; .NET CLR 2.0.50727; SLCC2; .NET CLR 3.5.30729; .NET CLR 3.0.30729; Media Center PC 6.0; .NET4.0C)"
88.161.251.179 - - [30/Dec/2010:20:51:22 +0100] "GET /im/articles/EpinardCreme.JPG HTTP/1.1" 200 21303 "http://www.fraicolo.fr/categories.php?lang=e&path=100&num=1&action=e" "Mozilla/4.0 (compatible; MSIE 8.0; Windows NT 6.1; Win64; x64; Trident/4.0; GTB6.6; .NET CLR 2.0.50727; SLCC2; .NET CLR 3.5.30729; .NET CLR 3.0.30729; Media Center PC 6.0; .NET4.0C)"
88.161.251.179 - - [30/Dec/2010:20:51:22 +0100] "GET /im/articles/FoieGrasLafitteEspelette.JPG HTTP/1.1" 200 41124 "http://www.fraicolo.fr/categories.php?lang=e&path=100&num=1&action=e" "Mozilla/4.0 (compatible; MSIE 8.0; Windows NT 6.1; Win64; x64; Trident/4.0; GTB6.6; .NET CLR 2.0.50727; SLCC2; .NET CLR 3.5.30729; .NET CLR 3.0.30729; Media Center PC 6.0; .NET4.0C)"
88.161.251.179 - - [30/Dec/2010:20:51:22 +0100] "GET /im/articles/FeuilleteSaintJacques.JPG HTTP/1.1" 200 8954 "http://www.google.fr/imgres?imgurl=http://www.fraicolo.fr/im/articles/FeuilleteSaintJacques.JPG&imgrefurl=http://www.fraicolo.fr/categories.php%3Flang%3De%26path%3D100%26num%3D1%26action%3De&usg=__pqF3D0KZSE5sDzznBD_i01-59FY=&h=273&w=292&sz=9&hl=fr&start=272&zoom=1&itbs=1&tbnid=z895CcZp2I6pIM:&tbnh=108&tbnw=115&prev=/images%3Fq%3Dfeuillet%25C3%25A9%26start%3D260%26hl%3Dfr%26sa%3DN%26gbv%3D2%26ndsp%3D20%26tbs%3Disch:1" "Mozilla/4.0 (compatible; MSIE 8.0; Windows NT 6.1; Win64; x64; Trident/4.0; GTB6.6; .NET CLR 2.0.50727; SLCC2; .NET CLR 3.5.30729; .NET CLR 3.0.30729; Media Center PC 6.0; .NET4.0C)"
88.161.251.179 - - [30/Dec/2010:20:51:22 +0100] "GET /im/background/menuright.gif HTTP/1.1" 200 1832 "http://www.fraicolo.fr/categories.php?lang=e&path=100&num=1&action=e" "Mozilla/4.0 (compatible; MSIE 8.0; Windows NT 6.1; Win64; x64; Trident/4.0; GTB6.6; .NET CLR 2.0.50727; SLCC2; .NET CLR 3.5.30729; .NET CLR 3.0.30729; Media Center PC 6.0; .NET4.0C)"
88.161.251.179 - - [30/Dec/2010:20:51:23 +0100] "GET /favicon.ico HTTP/1.1" 200 293 "-" "Mozilla/4.0 (compatible; MSIE 8.0; Windows NT 6.1; Win64; x64; Trident/4.0; GTB6.6; .NET CLR 2.0.50727; SLCC2; .NET CLR 3.5.30729; .NET CLR 3.0.30729; Media Center PC 6.0; .NET4.0C)"
89.123.62.26 - - [30/Dec/2010:20:51:23 +0100] "GET /affiliation_account.php?lang=1 HTTP/1.1" 200 68481 "-" "Java/1.6.0_04"
89.123.62.26 - - [30/Dec/2010:20:51:25 +0100] "GET /affiliation_conditions.php HTTP/1.1" 200 13534 "-" "Java/1.6.0_04"
89.123.62.26 - - [30/Dec/2010:20:51:26 +0100] "GET /affiliation_links.php HTTP/1.1" 200 4277 "-" "Java/1.6.0_04"
89.123.62.26 - - [30/Dec/2010:20:51:27 +0100] "GET /description.php?lang=1&path=101&id=767 HTTP/1.1" 200 72685 "-" "Java/1.6.0_04"
89.123.62.26 - - [30/Dec/2010:20:51:29 +0100] "GET /puce_leg.php HTTP/1.1" 200 3848 "-" "Java/1.6.0_04"
89.123.62.26 - - [30/Dec/2010:20:51:30 +0100] "GET /add.php HTTP/1.1" 302 - "-" "Java/1.6.0_04"
89.123.62.26 - - [30/Dec/2010:20:51:31 +0100] "GET /add.php HTTP/1.1" 302 - "-" "Java/1.6.0_04"
89.123.62.26 - - [30/Dec/2010:20:51:31 +0100] "GET /add.php HTTP/1.1" 302 - "-" "Java/1.6.0_04"
92.144.16.42 - - [30/Dec/2010:20:51:32 +0100] "GET /im/articles/ChipsTraiteur.JPG HTTP/1.1" 200 31181 "http://www.eternia-fr.net/news_903_film-13-le-maitre-de-l-illusion-zoroark-disponible-en-vostfr.html" "Mozilla/5.0 (Windows; U; Windows NT 5.1; fr; rv:1.9.2.13) Gecko/20101203 Firefox/3.6.13 ( .NET CLR 3.5.30729)"
89.123.62.26 - - [30/Dec/2010:20:51:32 +0100] "GET /add.php HTTP/1.1" 302 - "-" "Java/1.6.0_04"
89.123.62.26 - - [30/Dec/2010:20:51:32 +0100] "GET /add.php HTTP/1.1" 302 - "-" "Java/1.6.0_04"
88.161.251.179 - - [30/Dec/2010:20:51:33 +0100] "GET /categories.php?lang=e&path=100&num=1&action=e HTTP/1.1" 200 16102 "http://www.google.fr/imgres?imgurl=http://www.fraicolo.fr/im/articles/FeuilleteSaintJacques.JPG&imgrefurl=http://www.fraicolo.fr/categories.php%3Flang%3De%26path%3D100%26num%3D1%26action%3De&usg=__pqF3D0KZSE5sDzznBD_i01-59FY=&h=273&w=292&sz=9&hl=fr&start=272&zoom=1&itbs=1&tbnid=z895CcZp2I6pIM:&tbnh=108&tbnw=115&prev=/images%3Fq%3Dfeuillet%25C3%25A9%26start%3D260%26hl%3Dfr%26sa%3DN%26gbv%3D2%26ndsp%3D20%26tbs%3Disch:1" "Mozilla/4.0 (compatible; MSIE 8.0; Windows NT 6.1; Win64; x64; Trident/4.0; GTB6.6; .NET CLR 2.0.50727; SLCC2; .NET CLR 3.5.30729; .NET CLR 3.0.30729; Media Center PC 6.0; .NET4.0C)"
89.123.62.26 - - [30/Dec/2010:20:51:33 +0100] "GET /add.php HTTP/1.1" 302 - "-" "Java/1.6.0_04"
89.123.62.26 - - [30/Dec/2010:20:51:33 +0100] "GET /add.php HTTP/1.1" 302 - "-" "Java/1.6.0_04"
89.123.62.26 - - [30/Dec/2010:20:51:34 +0100] "GET /add.php HTTP/1.1" 302 - "-" "Java/1.6.0_04"
89.123.62.26 - - [30/Dec/2010:20:51:35 +0100] "GET /add.php HTTP/1.1" 302 - "-" "Java/1.6.0_04"
89.123.62.26 - - [30/Dec/2010:20:51:35 +0100] "GET /add.php HTTP/1.1" 302 - "-" "Java/1.6.0_04"
89.123.62.26 - - [30/Dec/2010:20:51:36 +0100] "GET /add.php HTTP/1.1" 302 - "-" "Java/1.6.0_04"
92.136.121.212 - - [30/Dec/2010:20:51:42 +0100] "GET /im/articles/ChipsTraiteur.JPG HTTP/1.1" 200 31181 "http://www.eternia-fr.net/news_903_film-13-le-maitre-de-l-illusion-zoroark-disponible-en-vostfr.html" "Mozilla/4.0 (compatible; MSIE 8.0; Windows NT 6.0; Trident/4.0; SLCC1; .NET CLR 2.0.50727; Media Center PC 5.0; .NET CLR 3.5.30729; .NET CLR 3.0.30729; .NET4.0C; AskTB5.6)"
89.123.62.26 - - [30/Dec/2010:20:51:42 +0100] "GET /add.php HTTP/1.1" 302 - "-" "Java/1.6.0_04"
67.195.112.48 - - [30/Dec/2010:20:51:43 +0100] "GET /description.php?lang=1&path=139&id=959 HTTP/1.0" 200 11121 "-" "Mozilla/5.0 (compatible; Yahoo! Slurp; http://help.yahoo.com/help/us/ysearch/slurp)"
89.123.62.26 - - [30/Dec/2010:20:51:44 +0100] "GET /add.php HTTP/1.1" 302 - "-" "Java/1.6.0_04"
89.123.62.26 - - [30/Dec/2010:20:51:44 +0100] "GET /add.php HTTP/1.1" 302 - "-" "Java/1.6.0_04"
89.123.62.26 - - [30/Dec/2010:20:51:45 +0100] "GET /add.php HTTP/1.1" 302 - "-" "Java/1.6.0_04"
89.123.62.26 - - [30/Dec/2010:20:51:46 +0100] "GET /add.php HTTP/1.1" 302 - "-" "Java/1.6.0_04"
89.123.62.26 - - [30/Dec/2010:20:51:46 +0100] "GET /add.php HTTP/1.1" 302 - "-" "Java/1.6.0_04"
89.123.62.26 - - [30/Dec/2010:20:51:47 +0100] "GET /add.php HTTP/1.1" 302 - "-" "Java/1.6.0_04"
67.195.112.48 - - [30/Dec/2010:20:51:47 +0100] "GET /list.php?lang=1&path=84&num=105&action=n&sort=Article&page=0 HTTP/1.0" 200 14110 "-" "Mozilla/5.0 (compatible; Yahoo! Slurp; http://help.yahoo.com/help/us/ysearch/slurp)"
89.123.62.26 - - [30/Dec/2010:20:51:48 +0100] "GET /add.php HTTP/1.1" 302 - "-" "Java/1.6.0_04"
89.123.62.26 - - [30/Dec/2010:20:51:48 +0100] "GET /add.php HTTP/1.1" 302 - "-" "Java/1.6.0_04"
89.123.62.26 - - [30/Dec/2010:20:51:49 +0100] "GET /pass_recover.php HTTP/1.1" 200 2801 "-" "Java/1.6.0_04"
89.123.62.26 - - [30/Dec/2010:20:51:49 +0100] "GET /sendToFriend.php?fromUrl=/description.php?lang=1|path=101|id=767 HTTP/1.1" 404 - "-" "Java/1.6.0_04"
89.123.62.26 - - [30/Dec/2010:20:51:50 +0100] "GET /im/LOGOFraicolo.png HTTP/1.1" 200 21138 "-" "Java/1.6.0_04"
89.123.62.26 - - [30/Dec/2010:20:51:51 +0100] "GET /includes/popImage.js HTTP/1.1" 200 3564 "-" "Java/1.6.0_04"
89.123.62.26 - - [30/Dec/2010:20:51:51 +0100] "GET /includes/redirectSearch.php HTTP/1.1" 302 - "-" "Java/1.6.0_04"
89.123.62.26 - - [30/Dec/2010:20:51:52 +0100] "GET /search.php?lang=&sort=Article&search_query=&page=0 HTTP/1.1" 200 69840 "-" "Java/1.6.0_04"
89.123.62.26 - - [30/Dec/2010:20:51:54 +0100] "GET /search.php?lang=&sort=Article&search_query=&page=0&AdSearch=on HTTP/1.1" 200 78948 "-" "Java/1.6.0_04"
194.150.236.161 - - [30/Dec/2010:20:51:55 +0100] "HEAD /im/banner/Affiliation_Fraicolo_250x250.gif HTTP/1.1" 200 - "-" "-"
194.150.236.161 - - [30/Dec/2010:20:51:55 +0100] "GET /im/banner/Affiliation_Fraicolo_250x250.gif HTTP/1.1" 200 75255 "-" "PHP/5.2.6"
89.123.62.26 - - [30/Dec/2010:20:51:55 +0100] "GET /ipos/index.php?lang=1&css=scss HTTP/1.1" 200 20921 "-" "Java/1.6.0_04"
89.123.62.26 - - [30/Dec/2010:20:51:56 +0100] "GET /includes/affiliation.php HTTP/1.1" 404 - "-" "Java/1.6.0_04"
89.123.62.26 - - [30/Dec/2010:20:51:56 +0100] "GET /includes/bannerHit.php?id=7&url=http://www.fraicolo.fr HTTP/1.1" 404 - "-" "Java/1.6.0_04"
89.123.62.26 - - [30/Dec/2010:20:51:57 +0100] "GET /includes/caddie.php HTTP/1.1" 404 - "-" "Java/1.6.0_04"
89.123.62.26 - - [30/Dec/2010:20:51:57 +0100] "GET /includes/catalog.php?lang=1&path=0&num=1&action=c&reset=1 HTTP/1.1" 404 - "-" "Java/1.6.0_04"
194.150.236.161 - - [30/Dec/2010:20:52:10 +0100] "HEAD /im/banner/Affiliation_Fraicolo_250x250.gif HTTP/1.1" 200 - "-" "-"
194.150.236.161 - - [30/Dec/2010:20:52:11 +0100] "GET /im/banner/Affiliation_Fraicolo_250x250.gif HTTP/1.1" 200 75255 "-" "PHP/5.2.6"
93.186.31.238 - - [30/Dec/2010:20:52:31 +0100] "GET /im/articles/ChouBlanc.JPG HTTP/1.0" 200 6834 "http://www.google.be/m/imgres?q=chou+bland+&start=1&site=images&imgid=LUnHLYip-OibJM:&imgsz=6834&imgurl=http://www.fraicolo.fr/im/articles/ChouBlanc.JPG&imgrefurl=http://www.fraicolo.fr/categories.php?lang%3D1%26path%3D29%26num%3D17%26action%3Dn%26sort%3DArticle&ht=213&wd=276&tbnh=88&tbnw=114&ei=7uIcTfHIIcOojAfrgK-GAQ&ved=0CA4Q9QEwAQ" "BlackBerry8900/4.6.1.310 Profile/MIDP-2.0 Configuration/CLDC-1.1 VendorID/147"
81.249.194.103 - - [30/Dec/2010:20:52:31 +0100] "GET /im/articles/ChipsTraiteur.JPG HTTP/1.1" 200 31181 "http://www.eternia-fr.net/news_903_film-13-le-maitre-de-l-illusion-zoroark-disponible-en-vostfr.html" "Mozilla/5.0 (Windows; U; Windows NT 6.1; en-US) AppleWebKit/534.10 (KHTML, like Gecko) Chrome/8.0.552.224 Safari/534.10"
91.88.156.210 - - [30/Dec/2010:20:52:33 +0100] "GET /im/articles/ChipsTraiteur.JPG HTTP/1.1" 200 31181 "http://www.eternia-fr.net/news_903_film-13-le-maitre-de-l-illusion-zoroark-disponible-en-vostfr.html" "Mozilla/4.0 (compatible; MSIE 8.0; Windows NT 5.1; Trident/4.0; GTB6; FBSMTWB; .NET CLR 1.0.3705; .NET CLR 2.0.50727; .NET CLR 3.0.4506.2152; .NET CLR 3.5.30729; .NET CLR 1.1.4322; Media Center PC 4.0; .NET4.0C; .NET4.0E)"
193.252.149.13 - - [30/Dec/2010:20:52:33 +0100] "GET /description.php?lang=1&path=79&id=698 HTTP/1.1" 404 - "-" "Mozilla/5.0 (Windows; U; Windows NT 5.1; fr; rv:1.8.1) VoilaBot BETA 1.2 (support.voilabot@orange-ftgroup.com)"
65.52.104.37 - - [30/Dec/2010:20:52:35 +0100] "GET /closed.php?lang=1 HTTP/1.1" 200 3070 "-" "Mozilla/4.0 (compatible; MSIE 6.0; Windows NT 5.2; SLCC1; .NET CLR 1.1.4325; .NET CLR 2.0.50727; .NET CLR 3.0.30729)"
78.241.241.99 - - [30/Dec/2010:20:52:34 +0100] "GET /im/articles/BarquetteFraise.JPG HTTP/1.1" 200 60638 "http://www.mamanstestent.com/2010/09/les-vacances-avec-nainsjai-dit-vacances.html" "Mozilla/4.0 (compatible; MSIE 8.0; Windows NT 5.1; Trident/4.0; .NET CLR 1.1.4322; .NET CLR 2.0.50727; .NET CLR 3.0.4506.2152; .NET CLR 3.5.30729)"
84.98.254.185 - - [30/Dec/2010:20:52:37 +0100] "GET /im/articles/ChipsTraiteur.JPG HTTP/1.1" 200 31181 "http://www.eternia-fr.net/news_903_film-13-le-maitre-de-l-illusion-zoroark-disponible-en-vostfr.html" "Mozilla/4.0 (compatible; MSIE 7.0; Windows NT 6.0; Trident/4.0; SLCC1; .NET CLR 2.0.50727; Media Center PC 5.0; .NET CLR 3.5.30729; .NET CLR 3.0.30729; .NET4.0C)"
65.52.104.37 - - [30/Dec/2010:20:52:39 +0100] "GET /css/scss.css HTTP/1.1" 200 3683 "http://www.fraicolo.fr/closed.php?lang=1" "Mozilla/4.0 (compatible; MSIE 6.0; Windows NT 5.2; SLCC1; .NET CLR 1.1.4325; .NET CLR 2.0.50727; .NET CLR 3.0.30729)"
65.52.104.37 - - [30/Dec/2010:20:52:42 +0100] "GET /includes/popImage.js HTTP/1.1" 200 1233 "http://www.fraicolo.fr/closed.php?lang=1" "Mozilla/4.0 (compatible; MSIE 6.0; Windows NT 5.2; SLCC1; .NET CLR 1.1.4325; .NET CLR 2.0.50727; .NET CLR 3.0.30729)"
86.212.76.158 - - [30/Dec/2010:20:52:45 +0100] "GET /im/articles/BarquetteFraise.JPG HTTP/1.1" 200 60638 "http://www.mamanstestent.com/search?updated-max=2010-09-09T21%3A40%3A00%2B02%3A00&max-results=5" "Mozilla/5.0 (Windows; U; Windows NT 6.1; fr; rv:1.9.2.13) Gecko/20101203 Firefox/3.6.13"
65.52.104.37 - - [30/Dec/2010:20:52:46 +0100] "GET /includes/turing.php?tur=yww92 HTTP/1.1" 200 3557 "http://www.fraicolo.fr/closed.php?lang=1" "Mozilla/4.0 (compatible; MSIE 6.0; Windows NT 5.2; SLCC1; .NET CLR 1.1.4325; .NET CLR 2.0.50727; .NET CLR 3.0.30729)"
93.24.14.142 - - [30/Dec/2010:20:53:00 +0100] "GET /im/articles/Saint%20Felicien.JPG HTTP/1.1" 200 7815 "http://www.retraite-active.lesclesdumidi.com/forum/viewtopic,t,14212.html" "Mozilla/5.0 (Windows; U; Windows NT 5.1; fr; rv:1.9.2.13) Gecko/20101203 Firefox/3.6.13 (.NET CLR 3.5.30729)"
67.195.112.48 - - [30/Dec/2010:20:53:00 +0100] "GET /categories.php?lang=1&path=77&num=83&action=n&sort=Article HTTP/1.0" 200 12547 "-" "Mozilla/5.0 (compatible; Yahoo! Slurp; http://help.yahoo.com/help/us/ysearch/slurp)"
194.150.236.161 - - [30/Dec/2010:20:53:02 +0100] "HEAD /im/banner/Affiliation_Fraicolo_120x60.gif HTTP/1.1" 200 - "-" "-"
194.150.236.161 - - [30/Dec/2010:20:53:03 +0100] "GET /im/banner/Affiliation_Fraicolo_120x60.gif HTTP/1.1" 200 16471 "-" "PHP/5.2.6"
67.195.112.48 - - [30/Dec/2010:20:53:10 +0100] "GET /description.php?lang=1&path=39&sort=Article&page=0&id=513 HTTP/1.0" 200 11150 "-" "Mozilla/5.0 (compatible; Yahoo! Slurp; http://help.yahoo.com/help/us/ysearch/slurp)"
194.150.236.161 - - [30/Dec/2010:20:53:41 +0100] "HEAD /im/banner/Affiliation_Fraicolo_120x60.gif HTTP/1.1" 200 - "-" "-"
194.150.236.161 - - [30/Dec/2010:20:53:41 +0100] "HEAD /im/banner/Affiliation_Fraicolo_120x60.gif HTTP/1.1" 200 - "-" "-"
194.150.236.161 - - [30/Dec/2010:20:53:42 +0100] "GET /im/banner/Affiliation_Fraicolo_120x60.gif HTTP/1.1" 200 16471 "-" "PHP/5.2.6"
194.150.236.161 - - [30/Dec/2010:20:53:42 +0100] "GET /im/banner/Affiliation_Fraicolo_120x60.gif HTTP/1.1" 200 16471 "-" "PHP/5.2.6"
194.150.236.161 - - [30/Dec/2010:20:53:43 +0100] "HEAD /im/banner/Affiliation_Fraicolo_120x60.gif HTTP/1.1" 200 - "-" "-"
194.150.236.161 - - [30/Dec/2010:20:53:44 +0100] "GET /im/banner/Affiliation_Fraicolo_120x60.gif HTTP/1.1" 200 16471 "-" "PHP/5.2.6"
81.249.85.31 - - [30/Dec/2010:20:53:48 +0100] "GET /favicon.ico HTTP/1.0" 200 1150 "-" "Safari/6533.19.4 CFNetwork/454.11.5 Darwin/10.5.0 (i386) (iMac6%2C1)"
194.150.236.161 - - [30/Dec/2010:20:53:51 +0100] "HEAD /im/banner/Affiliation_Fraicolo_120x60.gif HTTP/1.1" 200 - "-" "-"
194.150.236.161 - - [30/Dec/2010:20:53:51 +0100] "GET /im/banner/Affiliation_Fraicolo_120x60.gif HTTP/1.1" 200 16471 "-" "PHP/5.2.6"
82.253.235.244 - - [30/Dec/2010:20:53:54 +0100] "GET /im/articles/ChipsTraiteur.JPG HTTP/1.1" 200 31181 "http://www.eternia-fr.net/news_900_date-de-sortie-de-b-w-noms.html" "Mozilla/5.0 (Windows; U; Windows NT 6.1; en-US) AppleWebKit/534.10 (KHTML, like Gecko) Chrome/8.0.552.224 Safari/534.10"
85.68.44.165 - - [30/Dec/2010:20:54:01 +0100] "GET /im/articles/ChipsTraiteur.JPG HTTP/1.1" 304 - "http://www.eternia-fr.net/news_903_film-13-le-maitre-de-l-illusion-zoroark-disponible-en-vostfr.html" "Mozilla/4.0 (compatible; MSIE 7.0; Windows NT 5.1; InfoPath.1; .NET CLR 1.1.4322; .NET CLR 2.0.50727; .NET CLR 3.0.04506.30; .NET CLR 3.0.04506.648; OfficeLiveConnector.1.3; OfficeLivePatch.0.0; ShopperReports 3.0.497.0; SRS_IT_E8790571B6765A553FA090)"
194.150.236.161 - - [30/Dec/2010:20:54:01 +0100] "HEAD /im/banner/Affiliation_Fraicolo_120x60.gif HTTP/1.1" 200 - "-" "-"
194.150.236.161 - - [30/Dec/2010:20:54:01 +0100] "GET /im/banner/Affiliation_Fraicolo_120x60.gif HTTP/1.1" 200 16471 "-" "PHP/5.2.6"
194.150.236.161 - - [30/Dec/2010:20:54:14 +0100] "HEAD /im/banner/Affiliation_Fraicolo_120x60.gif HTTP/1.1" 200 - "-" "-"
194.150.236.161 - - [30/Dec/2010:20:54:14 +0100] "GET /im/banner/Affiliation_Fraicolo_120x60.gif HTTP/1.1" 200 16471 "-" "PHP/5.2.6"
213.213.218.238 - - [30/Dec/2010:20:54:34 +0100] "GET /list.php?lang=1&path=54&sort=Article&page=0 HTTP/1.1" 200 13516 "-" "Mozilla/4.0 (compatible; MSIE 8.0; Windows NT 6.0; Trident/4.0; SLCC1; .NET CLR 2.0.50727; Media Center PC 5.0; .NET CLR 3.5.30729; .NET CLR 3.0.30729; .NET4.0C)"
213.213.218.238 - - [30/Dec/2010:20:54:36 +0100] "GET /favicon.ico HTTP/1.1" 200 293 "-" "Mozilla/4.0 (compatible; MSIE 8.0; Windows NT 6.0; Trident/4.0; SLCC1; .NET CLR 2.0.50727; Media Center PC 5.0; .NET CLR 3.5.30729; .NET CLR 3.0.30729; .NET4.0C)"
213.213.218.238 - - [30/Dec/2010:20:54:36 +0100] "GET /im/fleche_right_grey.gif HTTP/1.1" 200 58 "http://www.fraicolo.fr/list.php?lang=1&path=54&sort=Article&page=0" "Mozilla/4.0 (compatible; MSIE 8.0; Windows NT 6.0; Trident/4.0; SLCC1; .NET CLR 2.0.50727; Media Center PC 5.0; .NET CLR 3.5.30729; .NET CLR 3.0.30729; .NET4.0C)"
213.213.218.238 - - [30/Dec/2010:20:54:37 +0100] "GET /im/fleche_right_grey.gif HTTP/1.1" 200 58 "http://www.fraicolo.fr/list.php?lang=1&path=54&sort=Article&page=0" "Mozilla/4.0 (compatible; MSIE 8.0; Windows NT 6.0; Trident/4.0; SLCC1; .NET CLR 2.0.50727; Media Center PC 5.0; .NET CLR 3.5.30729; .NET CLR 3.0.30729; .NET4.0C)"
213.213.218.238 - - [30/Dec/2010:20:54:42 +0100] "GET /im/loader.gif HTTP/1.1" 200 1158 "http://www.fraicolo.fr/list.php?lang=1&path=54&sort=Article&page=0" "Mozilla/4.0 (compatible; MSIE 8.0; Windows NT 6.0; Trident/4.0; SLCC1; .NET CLR 2.0.50727; Media Center PC 5.0; .NET CLR 3.5.30729; .NET CLR 3.0.30729; .NET4.0C)"
213.213.218.238 - - [30/Dec/2010:20:54:42 +0100] "GET /im/fleche_right_grey.gif HTTP/1.1" 200 58 "http://www.fraicolo.fr/list.php?lang=1&path=54&sort=Article&page=0" "Mozilla/4.0 (compatible; MSIE 8.0; Windows NT 6.0; Trident/4.0; SLCC1; .NET CLR 2.0.50727; Media Center PC 5.0; .NET CLR 3.5.30729; .NET CLR 3.0.30729; .NET4.0C)"
95.176.75.244 - - [30/Dec/2010:20:54:51 +0100] "GET /im/banner/Affiliation_Fraicolo_120x60.gif HTTP/1.1" 200 16471 "http://serv2.euro-clic.com/" "Mozilla/4.0 (compatible; MSIE 8.0; Windows NT 5.1; Trident/4.0; .NET CLR 1.1.4322; .NET CLR 2.0.50727; .NET CLR 3.0.4506.2152; .NET CLR 3.5.30729; OfficeLiveConnector.1.5; OfficeLivePatch.1.3; .NET4.0C; .NET4.0E)"
213.213.218.238 - - [30/Dec/2010:20:54:55 +0100] "GET /im/payment.gif HTTP/1.1" 304 - "http://www.fraicolo.fr/list.php?lang=1&path=54&sort=Article&page=0" "Mozilla/4.0 (compatible; MSIE 8.0; Windows NT 6.0; Trident/4.0; SLCC1; .NET CLR 2.0.50727; Media Center PC 5.0; .NET CLR 3.5.30729; .NET CLR 3.0.30729; .NET4.0C)"
66.249.71.193 - - [30/Dec/2010:20:55:03 +0100] "GET /description.php?lang=1&id=1150&AdSearch=on HTTP/1.1" 200 12246 "-" "Mozilla/5.0 (compatible; Googlebot/2.1; +http://www.google.com/bot.html)"
194.150.236.161 - - [30/Dec/2010:20:55:13 +0100] "HEAD /im/banner/Affiliation_Fraicolo_120x60.gif HTTP/1.1" 200 - "-" "-"
194.150.236.161 - - [30/Dec/2010:20:55:13 +0100] "GET /im/banner/Affiliation_Fraicolo_120x60.gif HTTP/1.1" 200 16471 "-" "PHP/5.2.6"
66.249.71.193 - - [30/Dec/2010:20:55:32 +0100] "GET /description.php?lang=1&id=1538 HTTP/1.1" 200 11084 "-" "Mozilla/5.0 (compatible; Googlebot/2.1; +http://www.google.com/bot.html)"
80.214.254.13 - - [30/Dec/2010:20:56:09 +0100] "GET /im/articles/ChipsTraiteur.JPG HTTP/1.1" 200 31181 "http://www.eternia-fr.net/news_903_film-13-le-maitre-de-l-illusion-zoroark-disponible-en-vostfr.html" "Mozilla/4.0 (compatible; MSIE 7.0; Windows NT 6.0; GTB5; SLCC1; .NET CLR 2.0.50727; Media Center PC 5.0; .NET CLR 3.5.30729; .NET CLR 3.0.30618; .NET4.0C; AskTB5.6)"
77.202.161.62 - - [30/Dec/2010:20:56:50 +0100] "GET /im/articles/ChipsTraiteur.JPG HTTP/1.1" 200 31181 "http://www.eternia-fr.net/news_903_film-13-le-maitre-de-l-illusion-zoroark-disponible-en-vostfr.html" "Mozilla/4.0 (compatible; MSIE 8.0; Windows NT 6.1; WOW64; Trident/4.0; GTB6.6; SLCC2; .NET CLR 2.0.50727; .NET CLR 3.5.30729; .NET CLR 3.0.30729; Media Center PC 6.0; .NET4.0C)"
41.137.59.49 - - [30/Dec/2010:20:56:55 +0100] "GET /im/articles/PommeJaune.jpg HTTP/1.1" 200 13409 "http://www.google.co.ma/imgres?imgurl=http://www.fraicolo.fr/im/articles/PommeJaune.jpg&imgrefurl=http://www.fraicolo.fr/list.php%3Flang%3D1%26path%3D34%26sort%3DArticle%26page%3D0&usg=__nG57QuoU_UOXU6dsTrSS4vuKVEQ=&h=404&w=390&sz=14&hl=fr&start=0&zoom=1&tbnid=JR_p-UwrQQzAwM:&tbnh=125&tbnw=119&prev=/images%3Fq%3Dpomme%26hl%3Dfr%26gbv%3D2%26biw%3D1024%26bih%3D564%26tbs%3Disch:1&itbs=1&iact=hc&vpx=411&vpy=244&dur=3100&hovh=229&hovw=221&tx=127&ty=145&ei=7-McTebACJKGhQfliIm4Dg&oei=7-McTebACJKGhQfliIm4Dg&esq=1&page=1&ndsp=18&ved=1t:429,r:14,s:0" "Mozilla/5.0 (Windows; U; Windows NT 5.1; fr; rv:1.9.2.13) Gecko/20101203 Firefox/3.6.13"
41.137.59.49 - - [30/Dec/2010:20:56:55 +0100] "GET /list.php?lang=1&path=34&sort=Article&page=0 HTTP/1.1" 200 11970 "http://www.google.co.ma/imgres?imgurl=http://www.fraicolo.fr/im/articles/PommeJaune.jpg&imgrefurl=http://www.fraicolo.fr/list.php%3Flang%3D1%26path%3D34%26sort%3DArticle%26page%3D0&usg=__nG57QuoU_UOXU6dsTrSS4vuKVEQ=&h=404&w=390&sz=14&hl=fr&start=0&zoom=1&tbnid=JR_p-UwrQQzAwM:&tbnh=125&tbnw=119&prev=/images%3Fq%3Dpomme%26hl%3Dfr%26gbv%3D2%26biw%3D1024%26bih%3D564%26tbs%3Disch:1&itbs=1&iact=hc&vpx=411&vpy=244&dur=3100&hovh=229&hovw=221&tx=127&ty=145&ei=7-McTebACJKGhQfliIm4Dg&oei=7-McTebACJKGhQfliIm4Dg&esq=1&page=1&ndsp=18&ved=1t:429,r:14,s:0" "Mozilla/5.0 (Windows; U; Windows NT 5.1; fr; rv:1.9.2.13) Gecko/20101203 Firefox/3.6.13"
41.137.59.49 - - [30/Dec/2010:20:56:57 +0100] "GET /css/scss.css HTTP/1.1" 200 3683 "http://www.fraicolo.fr/list.php?lang=1&path=34&sort=Article&page=0" "Mozilla/5.0 (Windows; U; Windows NT 5.1; fr; rv:1.9.2.13) Gecko/20101203 Firefox/3.6.13"
41.137.59.49 - - [30/Dec/2010:20:56:57 +0100] "GET /im/accueil.gif HTTP/1.1" 200 511 "http://www.fraicolo.fr/list.php?lang=1&path=34&sort=Article&page=0" "Mozilla/5.0 (Windows; U; Windows NT 5.1; fr; rv:1.9.2.13) Gecko/20101203 Firefox/3.6.13"
41.137.59.49 - - [30/Dec/2010:20:56:57 +0100] "GET /im/zzz.gif HTTP/1.1" 200 49 "http://www.fraicolo.fr/list.php?lang=1&path=34&sort=Article&page=0" "Mozilla/5.0 (Windows; U; Windows NT 5.1; fr; rv:1.9.2.13) Gecko/20101203 Firefox/3.6.13"
41.137.59.49 - - [30/Dec/2010:20:56:57 +0100] "GET /im/banner/bannercorporate1.jpg HTTP/1.1" 200 44430 "http://www.fraicolo.fr/list.php?lang=1&path=34&sort=Article&page=0" "Mozilla/5.0 (Windows; U; Windows NT 5.1; fr; rv:1.9.2.13) Gecko/20101203 Firefox/3.6.13"
41.137.59.49 - - [30/Dec/2010:20:56:57 +0100] "GET /im/path.gif HTTP/1.1" 200 363 "http://www.fraicolo.fr/list.php?lang=1&path=34&sort=Article&page=0" "Mozilla/5.0 (Windows; U; Windows NT 5.1; fr; rv:1.9.2.13) Gecko/20101203 Firefox/3.6.13"
41.137.59.49 - - [30/Dec/2010:20:56:57 +0100] "GET /im/lang1/menu_search.gif HTTP/1.1" 200 1955 "http://www.fraicolo.fr/list.php?lang=1&path=34&sort=Article&page=0" "Mozilla/5.0 (Windows; U; Windows NT 5.1; fr; rv:1.9.2.13) Gecko/20101203 Firefox/3.6.13"
41.137.59.49 - - [30/Dec/2010:20:56:57 +0100] "GET /includes/menu/plus.gif HTTP/1.1" 200 71 "http://www.fraicolo.fr/list.php?lang=1&path=34&sort=Article&page=0" "Mozilla/5.0 (Windows; U; Windows NT 5.1; fr; rv:1.9.2.13) Gecko/20101203 Firefox/3.6.13"
41.137.59.49 - - [30/Dec/2010:20:56:58 +0100] "GET /im/lang1/menu_com.gif HTTP/1.1" 200 2071 "http://www.fraicolo.fr/list.php?lang=1&path=34&sort=Article&page=0" "Mozilla/5.0 (Windows; U; Windows NT 5.1; fr; rv:1.9.2.13) Gecko/20101203 Firefox/3.6.13"
41.137.59.49 - - [30/Dec/2010:20:56:58 +0100] "GET /im/articles/PommeRoyalGalaBIO.JPG HTTP/1.1" 200 5482 "http://www.fraicolo.fr/list.php?lang=1&path=34&sort=Article&page=0" "Mozilla/5.0 (Windows; U; Windows NT 5.1; fr; rv:1.9.2.13) Gecko/20101203 Firefox/3.6.13"
41.137.59.49 - - [30/Dec/2010:20:56:58 +0100] "GET /im/articles/PoireComice.JPG HTTP/1.1" 200 27177 "http://www.fraicolo.fr/list.php?lang=1&path=34&sort=Article&page=0" "Mozilla/5.0 (Windows; U; Windows NT 5.1; fr; rv:1.9.2.13) Gecko/20101203 Firefox/3.6.13"
41.137.59.49 - - [30/Dec/2010:20:57:00 +0100] "GET /im/LOGOFraicolo.png HTTP/1.1" 200 21138 "http://www.fraicolo.fr/list.php?lang=1&path=34&sort=Article&page=0" "Mozilla/5.0 (Windows; U; Windows NT 5.1; fr; rv:1.9.2.13) Gecko/20101203 Firefox/3.6.13"
41.137.59.49 - - [30/Dec/2010:20:57:00 +0100] "GET /im/stockok.gif HTTP/1.1" 200 920 "http://www.fraicolo.fr/list.php?lang=1&path=34&sort=Article&page=0" "Mozilla/5.0 (Windows; U; Windows NT 5.1; fr; rv:1.9.2.13) Gecko/20101203 Firefox/3.6.13"
41.137.59.49 - - [30/Dec/2010:20:57:01 +0100] "GET /im/articles/PoireConf.JPG HTTP/1.1" 200 10264 "http://www.fraicolo.fr/list.php?lang=1&path=34&sort=Article&page=0" "Mozilla/5.0 (Windows; U; Windows NT 5.1; fr; rv:1.9.2.13) Gecko/20101203 Firefox/3.6.13"
41.137.59.49 - - [30/Dec/2010:20:57:02 +0100] "GET /im/articles/Pommesvertes.jpg HTTP/1.1" 200 3256 "http://www.fraicolo.fr/list.php?lang=1&path=34&sort=Article&page=0" "Mozilla/5.0 (Windows; U; Windows NT 5.1; fr; rv:1.9.2.13) Gecko/20101203 Firefox/3.6.13"
41.137.59.49 - - [30/Dec/2010:20:57:02 +0100] "GET /includes/popImage.js HTTP/1.1" 200 1233 "http://www.fraicolo.fr/list.php?lang=1&path=34&sort=Article&page=0" "Mozilla/5.0 (Windows; U; Windows NT 5.1; fr; rv:1.9.2.13) Gecko/20101203 Firefox/3.6.13"
41.137.59.49 - - [30/Dec/2010:20:57:02 +0100] "GET /im/cart.gif HTTP/1.1" 200 574 "http://www.fraicolo.fr/list.php?lang=1&path=34&sort=Article&page=0" "Mozilla/5.0 (Windows; U; Windows NT 5.1; fr; rv:1.9.2.13) Gecko/20101203 Firefox/3.6.13"
41.137.59.49 - - [30/Dec/2010:20:57:03 +0100] "GET /im/payment.gif HTTP/1.1" 200 2578 "http://www.fraicolo.fr/list.php?lang=1&path=34&sort=Article&page=0" "Mozilla/5.0 (Windows; U; Windows NT 5.1; fr; rv:1.9.2.13) Gecko/20101203 Firefox/3.6.13"
41.137.59.49 - - [30/Dec/2010:20:57:03 +0100] "GET /im/articles/PommePinkLady.JPG HTTP/1.1" 200 7916 "http://www.fraicolo.fr/list.php?lang=1&path=34&sort=Article&page=0" "Mozilla/5.0 (Windows; U; Windows NT 5.1; fr; rv:1.9.2.13) Gecko/20101203 Firefox/3.6.13"
41.137.59.49 - - [30/Dec/2010:20:57:04 +0100] "GET /im/cart_rem.gif HTTP/1.1" 200 368 "http://www.fraicolo.fr/list.php?lang=1&path=34&sort=Article&page=0" "Mozilla/5.0 (Windows; U; Windows NT 5.1; fr; rv:1.9.2.13) Gecko/20101203 Firefox/3.6.13"
41.137.59.49 - - [30/Dec/2010:20:57:04 +0100] "GET /im/lang1/menu_infos.gif HTTP/1.1" 200 2010 "http://www.fraicolo.fr/list.php?lang=1&path=34&sort=Article&page=0" "Mozilla/5.0 (Windows; U; Windows NT 5.1; fr; rv:1.9.2.13) Gecko/20101203 Firefox/3.6.13"
41.137.59.49 - - [30/Dec/2010:20:57:04 +0100] "GET /im/lang1/cart_add.gif HTTP/1.1" 200 481 "http://www.fraicolo.fr/list.php?lang=1&path=34&sort=Article&page=0" "Mozilla/5.0 (Windows; U; Windows NT 5.1; fr; rv:1.9.2.13) Gecko/20101203 Firefox/3.6.13"
41.137.59.49 - - [30/Dec/2010:20:57:05 +0100] "GET /im/fleche_right.gif HTTP/1.1" 200 58 "http://www.fraicolo.fr/list.php?lang=1&path=34&sort=Article&page=0" "Mozilla/5.0 (Windows; U; Windows NT 5.1; fr; rv:1.9.2.13) Gecko/20101203 Firefox/3.6.13"
41.137.59.49 - - [30/Dec/2010:20:57:05 +0100] "GET /im/lang1/menu_id.gif HTTP/1.1" 200 2056 "http://www.fraicolo.fr/list.php?lang=1&path=34&sort=Article&page=0" "Mozilla/5.0 (Windows; U; Windows NT 5.1; fr; rv:1.9.2.13) Gecko/20101203 Firefox/3.6.13"
41.137.59.49 - - [30/Dec/2010:20:57:05 +0100] "GET /im/lang1/menu_caddie.gif HTTP/1.1" 200 2067 "http://www.fraicolo.fr/list.php?lang=1&path=34&sort=Article&page=0" "Mozilla/5.0 (Windows; U; Windows NT 5.1; fr; rv:1.9.2.13) Gecko/20101203 Firefox/3.6.13"
41.137.59.49 - - [30/Dec/2010:20:57:05 +0100] "GET /im/lang1/menu_devis.gif HTTP/1.1" 200 1958 "http://www.fraicolo.fr/list.php?lang=1&path=34&sort=Article&page=0" "Mozilla/5.0 (Windows; U; Windows NT 5.1; fr; rv:1.9.2.13) Gecko/20101203 Firefox/3.6.13"
41.137.59.49 - - [30/Dec/2010:20:57:05 +0100] "GET /im/lang1/menu_subscribe.gif HTTP/1.1" 200 1877 "http://www.fraicolo.fr/list.php?lang=1&path=34&sort=Article&page=0" "Mozilla/5.0 (Windows; U; Windows NT 5.1; fr; rv:1.9.2.13) Gecko/20101203 Firefox/3.6.13"
41.137.59.49 - - [30/Dec/2010:20:57:06 +0100] "GET /im/search.gif HTTP/1.1" 200 681 "http://www.fraicolo.fr/list.php?lang=1&path=34&sort=Article&page=0" "Mozilla/5.0 (Windows; U; Windows NT 5.1; fr; rv:1.9.2.13) Gecko/20101203 Firefox/3.6.13"
41.137.59.49 - - [30/Dec/2010:20:57:07 +0100] "GET /im/cart_opt.gif HTTP/1.1" 200 365 "http://www.fraicolo.fr/list.php?lang=1&path=34&sort=Article&page=0" "Mozilla/5.0 (Windows; U; Windows NT 5.1; fr; rv:1.9.2.13) Gecko/20101203 Firefox/3.6.13"
41.137.59.49 - - [30/Dec/2010:20:57:07 +0100] "GET /im/background/module_left.gif HTTP/1.1" 200 323 "http://www.fraicolo.fr/css/scss.css" "Mozilla/5.0 (Windows; U; Windows NT 5.1; fr; rv:1.9.2.13) Gecko/20101203 Firefox/3.6.13"
41.137.59.49 - - [30/Dec/2010:20:57:08 +0100] "GET /im/background/bg_shop_green.gif HTTP/1.1" 200 49144 "http://www.fraicolo.fr/css/scss.css" "Mozilla/5.0 (Windows; U; Windows NT 5.1; fr; rv:1.9.2.13) Gecko/20101203 Firefox/3.6.13"
41.137.59.49 - - [30/Dec/2010:20:57:08 +0100] "GET /im/background/menuleft.gif HTTP/1.1" 200 1837 "http://www.fraicolo.fr/css/scss.css" "Mozilla/5.0 (Windows; U; Windows NT 5.1; fr; rv:1.9.2.13) Gecko/20101203 Firefox/3.6.13"
41.137.59.49 - - [30/Dec/2010:20:57:08 +0100] "GET /list.php?lang=1&path=34&sort=Article&page=0 HTTP/1.1" 200 11970 "http://www.fraicolo.fr/list.php?lang=1&path=34&sort=Article&page=0" "Mozilla/5.0 (Windows; U; Windows NT 5.1; fr; rv:1.9.2.13) Gecko/20101203 Firefox/3.6.13"
41.137.59.49 - - [30/Dec/2010:20:57:08 +0100] "GET /im/background/bg_green.gif HTTP/1.1" 200 2395 "http://www.fraicolo.fr/css/scss.css" "Mozilla/5.0 (Windows; U; Windows NT 5.1; fr; rv:1.9.2.13) Gecko/20101203 Firefox/3.6.13"
194.150.236.161 - - [30/Dec/2010:20:57:08 +0100] "HEAD /im/banner/Affiliation_Fraicolo_468x60.gif HTTP/1.1" 200 - "-" "-"
41.137.59.49 - - [30/Dec/2010:20:57:08 +0100] "GET /im/ok.gif HTTP/1.1" 200 128 "http://www.fraicolo.fr/list.php?lang=1&path=34&sort=Article&page=0" "Mozilla/5.0 (Windows; U; Windows NT 5.1; fr; rv:1.9.2.13) Gecko/20101203 Firefox/3.6.13"
41.137.59.49 - - [30/Dec/2010:20:57:08 +0100] "GET /im/articles/PommeReinette.JPG HTTP/1.1" 200 15659 "http://www.fraicolo.fr/list.php?lang=1&path=34&sort=Article&page=0" "Mozilla/5.0 (Windows; U; Windows NT 5.1; fr; rv:1.9.2.13) Gecko/20101203 Firefox/3.6.13"
41.137.59.49 - - [30/Dec/2010:20:57:09 +0100] "GET /im/cart_out.gif HTTP/1.1" 200 1030 "http://www.fraicolo.fr/list.php?lang=1&path=34&sort=Article&page=0" "Mozilla/5.0 (Windows; U; Windows NT 5.1; fr; rv:1.9.2.13) Gecko/20101203 Firefox/3.6.13"
41.137.59.49 - - [30/Dec/2010:20:57:09 +0100] "GET /im/fleche_bottom.gif HTTP/1.1" 200 57 "http://www.fraicolo.fr/css/scss.css" "Mozilla/5.0 (Windows; U; Windows NT 5.1; fr; rv:1.9.2.13) Gecko/20101203 Firefox/3.6.13"
194.150.236.161 - - [30/Dec/2010:20:57:09 +0100] "GET /im/banner/Affiliation_Fraicolo_468x60.gif HTTP/1.1" 200 41076 "-" "PHP/5.2.6"
41.137.59.49 - - [30/Dec/2010:20:57:09 +0100] "GET /im/background/menuright.gif HTTP/1.1" 200 1832 "http://www.fraicolo.fr/css/scss.css" "Mozilla/5.0 (Windows; U; Windows NT 5.1; fr; rv:1.9.2.13) Gecko/20101203 Firefox/3.6.13"
