194.150.236.161 - - [30/Dec/2010:20:21:04 +0100] "HEAD /im/banner/Affiliation_Fraicolo_120x60.gif HTTP/1.1" 200 - "-" "-"
66.249.71.193 - - [30/Dec/2010:20:21:04 +0100] "GET /description.php?lang=1&path=56&sort=Article&page=0&id=1443&AdSearch=off HTTP/1.1" 200 11128 "-" "Mozilla/5.0 (compatible; Googlebot/2.1; +http://www.google.com/bot.html)"
194.150.236.161 - - [30/Dec/2010:20:21:04 +0100] "GET /im/banner/Affiliation_Fraicolo_120x60.gif HTTP/1.1" 200 16471 "-" "PHP/5.2.6"
88.163.181.40 - - [30/Dec/2010:20:21:08 +0100] "GET /im/articles/ChipsTraiteur.JPG HTTP/1.1" 200 31181 "http://www.eternia-fr.net/news_900_date-de-sortie-de-b-w-noms.html" "Mozilla/5.0 (Windows; U; Windows NT 5.1; fr; rv:1.9.0.19) Gecko/2010031422 Firefox/3.0.19 (.NET CLR 3.5.30729)"
66.249.71.6 - - [30/Dec/2010:20:21:09 +0100] "GET /infos.php?lang=1&info=7 HTTP/1.1" 200 12521 "-" "Mozilla/5.0 (compatible; Googlebot/2.1; +http://www.google.com/bot.html)"
66.249.71.6 - - [30/Dec/2010:20:21:21 +0100] "GET /categories.php?lang=e&path=77&num=76&action=e&AdSearch=off HTTP/1.1" 200 11431 "-" "Mozilla/5.0 (compatible; Googlebot/2.1; +http://www.google.com/bot.html)"
66.249.71.6 - - [30/Dec/2010:20:21:29 +0100] "GET /categories.php?lang=1&path=30&num=48&action=n&sort=Article&page=0 HTTP/1.1" 200 16131 "-" "Mozilla/5.0 (compatible; Googlebot/2.1; +http://www.google.com/bot.html)"
66.249.71.6 - - [30/Dec/2010:20:21:33 +0100] "GET /categories.php?lang=e&path=87&num=61&action=e&AdSearch=off HTTP/1.1" 200 15575 "-" "Mozilla/5.0 (compatible; Googlebot/2.1; +http://www.google.com/bot.html)"
81.52.143.31 - - [30/Dec/2010:20:21:33 +0100] "GET /description.php?lang=1&path=80&sort=Article&page=0&id=934 HTTP/1.1" 404 - "-" "Mozilla/5.0 (Windows; U; Windows NT 5.1; fr; rv:1.8.1) VoilaBot BETA 1.2 (support.voilabot@orange-ftgroup.com)"
66.249.71.6 - - [30/Dec/2010:20:21:56 +0100] "GET /categories.php?lang=1&path=87&num=63&action=n&sort=Article&page=0&AdSearch=on HTTP/1.1" 200 16796 "-" "Mozilla/5.0 (compatible; Googlebot/2.1; +http://www.google.com/bot.html)"
89.170.57.38 - - [30/Dec/2010:20:21:56 +0100] "GET /im/articles/ChipsTraiteur.JPG HTTP/1.1" 200 31181 "http://www.eternia-fr.net/news_903_film-13-le-maitre-de-l-illusion-zoroark-disponible-en-vostfr.html" "Mozilla/5.0 (Windows; U; Windows NT 6.0; en-US) AppleWebKit/534.10 (KHTML, like Gecko) Chrome/8.0.552.224 Safari/534.10"
83.197.207.105 - - [30/Dec/2010:20:22:15 +0100] "GET /im/articles/ChipsTraiteur.JPG HTTP/1.1" 200 31181 "http://www.eternia-fr.net/news_903_film-13-le-maitre-de-l-illusion-zoroark-disponible-en-vostfr.html" "Mozilla/5.0 (Windows; U; Windows NT 5.1; fr; rv:1.9.2.13) Gecko/20101203 Firefox/3.6.13 GTB7.1"
85.69.253.160 - - [30/Dec/2010:20:22:43 +0100] "GET /im/articles/Granola.JPG HTTP/1.1" 200 59905 "-" "Mozilla/5.0 (Windows; U; Windows NT 6.1; fr; rv:1.9.2.13) Gecko/20101203 Firefox/3.6.13 GTB7.1"
194.150.236.161 - - [30/Dec/2010:20:22:49 +0100] "HEAD /im/banner/Affiliation_Fraicolo_120x60.gif HTTP/1.1" 200 - "-" "-"
194.150.236.161 - - [30/Dec/2010:20:22:50 +0100] "GET /im/banner/Affiliation_Fraicolo_120x60.gif HTTP/1.1" 200 16471 "-" "PHP/5.2.6"
66.249.71.193 - - [30/Dec/2010:20:22:52 +0100] "GET /description.php?lang=1&path=69&id=1626 HTTP/1.1" 200 11476 "-" "Mozilla/5.0 (compatible; Googlebot/2.1; +http://www.google.com/bot.html)"
66.249.71.193 - - [30/Dec/2010:20:23:02 +0100] "GET /categories.php?lang=1&path=89&num=57&action=e&sort=Article&page=0&AdSearch=on HTTP/1.1" 200 16442 "-" "Mozilla/5.0 (compatible; Googlebot/2.1; +http://www.google.com/bot.html)"
194.150.236.161 - - [30/Dec/2010:20:23:05 +0100] "HEAD /im/banner/Affiliation_Fraicolo_120x60.gif HTTP/1.1" 200 - "-" "-"
194.150.236.161 - - [30/Dec/2010:20:23:05 +0100] "GET /im/banner/Affiliation_Fraicolo_120x60.gif HTTP/1.1" 200 16471 "-" "PHP/5.2.6"
66.249.71.6 - - [30/Dec/2010:20:23:11 +0100] "GET /categories.php?lang=e&path=89&num=61&action=e&AdSearch=on HTTP/1.1" 200 16475 "-" "Mozilla/5.0 (compatible; Googlebot/2.1; +http://www.google.com/bot.html)"
89.170.201.119 - - [30/Dec/2010:20:23:34 +0100] "GET /im/articles/ChipsTraiteur.JPG HTTP/1.1" 200 31181 "http://www.eternia-fr.net/news_903_film-13-le-maitre-de-l-illusion-zoroark-disponible-en-vostfr.html" "Mozilla/5.0 (Windows; U; Windows NT 6.1; fr; rv:1.9.2.13) Gecko/20101203 Firefox/3.6.13"
66.249.71.6 - - [30/Dec/2010:20:23:34 +0100] "GET /list.php?lang=1&path=42&page=0&sort=Article&AdSearch=on HTTP/1.1" 200 14563 "-" "Mozilla/5.0 (compatible; Googlebot/2.1; +http://www.google.com/bot.html)"
81.249.85.31 - - [30/Dec/2010:20:23:48 +0100] "GET /favicon.ico HTTP/1.0" 200 1150 "-" "Safari/6533.19.4 CFNetwork/454.11.5 Darwin/10.5.0 (i386) (iMac6%2C1)"
193.252.118.176 - - [30/Dec/2010:20:24:13 +0100] "GET /description.php?lang=1&id=997 HTTP/1.1" 404 - "-" "Mozilla/5.0 (Windows; U; Windows NT 5.1; fr; rv:1.8.1) VoilaBot BETA 1.2 (support.voilabot@orange-ftgroup.com)"
194.150.236.161 - - [30/Dec/2010:20:24:16 +0100] "HEAD /im/banner/Affiliation_Fraicolo_120x60.gif HTTP/1.1" 200 - "-" "-"
194.150.236.161 - - [30/Dec/2010:20:24:17 +0100] "GET /im/banner/Affiliation_Fraicolo_120x60.gif HTTP/1.1" 200 16471 "-" "PHP/5.2.6"
67.195.112.48 - - [30/Dec/2010:20:24:23 +0100] "GET /categories.php?lang=1&path=106&num=19&action=n&sort=Article HTTP/1.0" 200 13168 "-" "Mozilla/5.0 (compatible; Yahoo! Slurp; http://help.yahoo.com/help/us/ysearch/slurp)"
82.227.170.243 - - [30/Dec/2010:20:24:26 +0100] "GET /im/articles/ChipsTraiteur.JPG HTTP/1.1" 200 31181 "http://www.eternia-fr.net/news_733_titre-dp-180-181-et-182.html" "Mozilla/5.0 (Windows; U; Windows NT 6.0; fr; rv:1.9.1.16) Gecko/20101130 Firefox/3.5.16 GTB7.1 ( .NET CLR 3.5.30729; .NET4.0C)"
82.227.170.243 - - [30/Dec/2010:20:24:28 +0100] "GET /im/articles/ChipsTraiteur.JPG HTTP/1.1" 206 19928 "http://www.eternia-fr.net/news_733_titre-dp-180-181-et-182.html" "Mozilla/5.0 (Windows; U; Windows NT 6.0; fr; rv:1.9.1.16) Gecko/20101130 Firefox/3.5.16 GTB7.1 ( .NET CLR 3.5.30729; .NET4.0C)"
82.227.170.243 - - [30/Dec/2010:20:24:33 +0100] "GET /im/articles/ChipsTraiteur.JPG HTTP/1.1" 206 19928 "http://www.eternia-fr.net/news_733_titre-dp-180-181-et-182.html" "Mozilla/5.0 (Windows; U; Windows NT 6.0; fr; rv:1.9.1.16) Gecko/20101130 Firefox/3.5.16 GTB7.1 ( .NET CLR 3.5.30729; .NET4.0C)"
82.227.170.243 - - [30/Dec/2010:20:24:35 +0100] "GET /im/articles/ChipsTraiteur.JPG HTTP/1.1" 206 19928 "http://www.eternia-fr.net/news_733_titre-dp-180-181-et-182.html" "Mozilla/5.0 (Windows; U; Windows NT 6.0; fr; rv:1.9.1.16) Gecko/20101130 Firefox/3.5.16 GTB7.1 ( .NET CLR 3.5.30729; .NET4.0C)"
66.249.71.6 - - [30/Dec/2010:20:24:46 +0100] "GET /categories.php?lang=1&path=29&num=16&action=n&sort=Article&page=0&AdSearch=on HTTP/1.1" 200 16721 "-" "Mozilla/5.0 (compatible; Googlebot/2.1; +http://www.google.com/bot.html)"
67.195.112.48 - - [30/Dec/2010:20:24:48 +0100] "GET /list.php?lang=1&path=61&num=62&action=e&sort=Article&page=0 HTTP/1.0" 200 13127 "-" "Mozilla/5.0 (compatible; Yahoo! Slurp; http://help.yahoo.com/help/us/ysearch/slurp)"
79.86.56.56 - - [30/Dec/2010:20:24:56 +0100] "GET /im/articles/ChipsTraiteur.JPG HTTP/1.1" 200 31181 "-" "Mozilla/5.0 (Windows; U; Windows NT 6.0; fr; rv:1.9.2.13) Gecko/20101203 AskTbUT2V5/3.9.1.14019 Firefox/3.6.13 ( .NET CLR 3.5.30729; .NET4.0C)"
96.20.69.220 - - [30/Dec/2010:20:25:31 +0100] "GET /im/articles/Fjord.JPG HTTP/1.1" 200 51992 "http://www.google.ca/imgres?imgurl=http://www.fraicolo.fr/im/articles/Fjord.JPG&imgrefurl=http://www.fraicolo.fr/description.php%3Fid%3D579&h=603&w=828&sz=51&tbnid=zs4hAoXQTdImzM:&tbnh=105&tbnw=144&prev=/images%3Fq%3Dyaourt%2Bfjord&zoom=1&q=yaourt+fjord&hl=fr&usg=__WTrgq2xbNiDy7fYRCDYdXUdOywI=&sa=X&ei=rNwcTfKsA4H98AbDqNT1DQ&ved=0CDAQ9QEwBQ" "Mozilla/5.0 (Windows; U; Windows NT 5.1; en-US) AppleWebKit/534.10 (KHTML, like Gecko) Chrome/8.0.552.224 Safari/534.10"
96.20.69.220 - - [30/Dec/2010:20:25:31 +0100] "GET /description.php?id=579 HTTP/1.1" 200 11110 "http://www.google.ca/imgres?imgurl=http://www.fraicolo.fr/im/articles/Fjord.JPG&imgrefurl=http://www.fraicolo.fr/description.php%3Fid%3D579&h=603&w=828&sz=51&tbnid=zs4hAoXQTdImzM:&tbnh=105&tbnw=144&prev=/images%3Fq%3Dyaourt%2Bfjord&zoom=1&q=yaourt+fjord&hl=fr&usg=__WTrgq2xbNiDy7fYRCDYdXUdOywI=&sa=X&ei=rNwcTfKsA4H98AbDqNT1DQ&ved=0CDAQ9QEwBQ" "Mozilla/5.0 (Windows; U; Windows NT 5.1; en-US) AppleWebKit/534.10 (KHTML, like Gecko) Chrome/8.0.552.224 Safari/534.10"
96.20.69.220 - - [30/Dec/2010:20:25:32 +0100] "GET /css/scss.css HTTP/1.1" 200 3683 "http://www.fraicolo.fr/description.php?id=579" "Mozilla/5.0 (Windows; U; Windows NT 5.1; en-US) AppleWebKit/534.10 (KHTML, like Gecko) Chrome/8.0.552.224 Safari/534.10"
96.20.69.220 - - [30/Dec/2010:20:25:32 +0100] "GET /includes/popImage.js HTTP/1.1" 200 1233 "http://www.fraicolo.fr/description.php?id=579" "Mozilla/5.0 (Windows; U; Windows NT 5.1; en-US) AppleWebKit/534.10 (KHTML, like Gecko) Chrome/8.0.552.224 Safari/534.10"
96.20.69.220 - - [30/Dec/2010:20:25:32 +0100] "GET /im/background/bg_green.gif HTTP/1.1" 200 2395 "http://www.fraicolo.fr/description.php?id=579" "Mozilla/5.0 (Windows; U; Windows NT 5.1; en-US) AppleWebKit/534.10 (KHTML, like Gecko) Chrome/8.0.552.224 Safari/534.10"
96.20.69.220 - - [30/Dec/2010:20:25:32 +0100] "GET /im/LOGOFraicolo.png HTTP/1.1" 200 21138 "http://www.fraicolo.fr/description.php?id=579" "Mozilla/5.0 (Windows; U; Windows NT 5.1; en-US) AppleWebKit/534.10 (KHTML, like Gecko) Chrome/8.0.552.224 Safari/534.10"
96.20.69.220 - - [30/Dec/2010:20:25:32 +0100] "GET /im/zzz.gif HTTP/1.1" 200 49 "http://www.fraicolo.fr/description.php?id=579" "Mozilla/5.0 (Windows; U; Windows NT 5.1; en-US) AppleWebKit/534.10 (KHTML, like Gecko) Chrome/8.0.552.224 Safari/534.10"
96.20.69.220 - - [30/Dec/2010:20:25:32 +0100] "GET /im/accueil.gif HTTP/1.1" 200 511 "http://www.fraicolo.fr/description.php?id=579" "Mozilla/5.0 (Windows; U; Windows NT 5.1; en-US) AppleWebKit/534.10 (KHTML, like Gecko) Chrome/8.0.552.224 Safari/534.10"
96.20.69.220 - - [30/Dec/2010:20:25:32 +0100] "GET /im/fleche_bottom.gif HTTP/1.1" 200 57 "http://www.fraicolo.fr/description.php?id=579" "Mozilla/5.0 (Windows; U; Windows NT 5.1; en-US) AppleWebKit/534.10 (KHTML, like Gecko) Chrome/8.0.552.224 Safari/534.10"
96.20.69.220 - - [30/Dec/2010:20:25:32 +0100] "GET /im/path.gif HTTP/1.1" 200 363 "http://www.fraicolo.fr/description.php?id=579" "Mozilla/5.0 (Windows; U; Windows NT 5.1; en-US) AppleWebKit/534.10 (KHTML, like Gecko) Chrome/8.0.552.224 Safari/534.10"
96.20.69.220 - - [30/Dec/2010:20:25:32 +0100] "GET /im/background/menuleft.gif HTTP/1.1" 200 1837 "http://www.fraicolo.fr/description.php?id=579" "Mozilla/5.0 (Windows; U; Windows NT 5.1; en-US) AppleWebKit/534.10 (KHTML, like Gecko) Chrome/8.0.552.224 Safari/534.10"
96.20.69.220 - - [30/Dec/2010:20:25:32 +0100] "GET /im/background/bg_shop_green.gif HTTP/1.1" 200 49144 "http://www.fraicolo.fr/description.php?id=579" "Mozilla/5.0 (Windows; U; Windows NT 5.1; en-US) AppleWebKit/534.10 (KHTML, like Gecko) Chrome/8.0.552.224 Safari/534.10"
96.20.69.220 - - [30/Dec/2010:20:25:32 +0100] "GET /im/background/module_left.gif HTTP/1.1" 200 323 "http://www.fraicolo.fr/description.php?id=579" "Mozilla/5.0 (Windows; U; Windows NT 5.1; en-US) AppleWebKit/534.10 (KHTML, like Gecko) Chrome/8.0.552.224 Safari/534.10"
96.20.69.220 - - [30/Dec/2010:20:25:32 +0100] "GET /im/lang1/menu_search.gif HTTP/1.1" 200 1955 "http://www.fraicolo.fr/description.php?id=579" "Mozilla/5.0 (Windows; U; Windows NT 5.1; en-US) AppleWebKit/534.10 (KHTML, like Gecko) Chrome/8.0.552.224 Safari/534.10"
96.20.69.220 - - [30/Dec/2010:20:25:32 +0100] "GET /im/search.gif HTTP/1.1" 200 681 "http://www.fraicolo.fr/description.php?id=579" "Mozilla/5.0 (Windows; U; Windows NT 5.1; en-US) AppleWebKit/534.10 (KHTML, like Gecko) Chrome/8.0.552.224 Safari/534.10"
96.20.69.220 - - [30/Dec/2010:20:25:32 +0100] "GET /includes/menu/plus.gif HTTP/1.1" 200 71 "http://www.fraicolo.fr/description.php?id=579" "Mozilla/5.0 (Windows; U; Windows NT 5.1; en-US) AppleWebKit/534.10 (KHTML, like Gecko) Chrome/8.0.552.224 Safari/534.10"
96.20.69.220 - - [30/Dec/2010:20:25:32 +0100] "GET /im/banner/bannercorporate1.jpg HTTP/1.1" 200 44430 "http://www.fraicolo.fr/description.php?id=579" "Mozilla/5.0 (Windows; U; Windows NT 5.1; en-US) AppleWebKit/534.10 (KHTML, like Gecko) Chrome/8.0.552.224 Safari/534.10"
96.20.69.220 - - [30/Dec/2010:20:25:32 +0100] "GET /im/lang1/menu_com.gif HTTP/1.1" 200 2071 "http://www.fraicolo.fr/description.php?id=579" "Mozilla/5.0 (Windows; U; Windows NT 5.1; en-US) AppleWebKit/534.10 (KHTML, like Gecko) Chrome/8.0.552.224 Safari/534.10"
96.20.69.220 - - [30/Dec/2010:20:25:32 +0100] "GET /im/payment.gif HTTP/1.1" 200 2578 "http://www.fraicolo.fr/description.php?id=579" "Mozilla/5.0 (Windows; U; Windows NT 5.1; en-US) AppleWebKit/534.10 (KHTML, like Gecko) Chrome/8.0.552.224 Safari/534.10"
96.20.69.220 - - [30/Dec/2010:20:25:32 +0100] "GET /im/f_prev.gif HTTP/1.1" 200 68 "http://www.fraicolo.fr/description.php?id=579" "Mozilla/5.0 (Windows; U; Windows NT 5.1; en-US) AppleWebKit/534.10 (KHTML, like Gecko) Chrome/8.0.552.224 Safari/534.10"
96.20.69.220 - - [30/Dec/2010:20:25:32 +0100] "GET /im/f_next.gif HTTP/1.1" 200 67 "http://www.fraicolo.fr/description.php?id=579" "Mozilla/5.0 (Windows; U; Windows NT 5.1; en-US) AppleWebKit/534.10 (KHTML, like Gecko) Chrome/8.0.552.224 Safari/534.10"
96.20.69.220 - - [30/Dec/2010:20:25:32 +0100] "GET /im/lang1/cart_add.gif HTTP/1.1" 200 481 "http://www.fraicolo.fr/description.php?id=579" "Mozilla/5.0 (Windows; U; Windows NT 5.1; en-US) AppleWebKit/534.10 (KHTML, like Gecko) Chrome/8.0.552.224 Safari/534.10"
96.20.69.220 - - [30/Dec/2010:20:25:32 +0100] "GET /im/stockok.gif HTTP/1.1" 200 920 "http://www.fraicolo.fr/description.php?id=579" "Mozilla/5.0 (Windows; U; Windows NT 5.1; en-US) AppleWebKit/534.10 (KHTML, like Gecko) Chrome/8.0.552.224 Safari/534.10"
96.20.69.220 - - [30/Dec/2010:20:25:32 +0100] "GET /im/lang1/articles.gif HTTP/1.1" 200 1100 "http://www.fraicolo.fr/description.php?id=579" "Mozilla/5.0 (Windows; U; Windows NT 5.1; en-US) AppleWebKit/534.10 (KHTML, like Gecko) Chrome/8.0.552.224 Safari/534.10"
96.20.69.220 - - [30/Dec/2010:20:25:32 +0100] "GET /im/background/menuright.gif HTTP/1.1" 200 1832 "http://www.fraicolo.fr/description.php?id=579" "Mozilla/5.0 (Windows; U; Windows NT 5.1; en-US) AppleWebKit/534.10 (KHTML, like Gecko) Chrome/8.0.552.224 Safari/534.10"
96.20.69.220 - - [30/Dec/2010:20:25:32 +0100] "GET /im/lang1/menu_infos.gif HTTP/1.1" 200 2010 "http://www.fraicolo.fr/description.php?id=579" "Mozilla/5.0 (Windows; U; Windows NT 5.1; en-US) AppleWebKit/534.10 (KHTML, like Gecko) Chrome/8.0.552.224 Safari/534.10"
96.20.69.220 - - [30/Dec/2010:20:25:32 +0100] "GET /im/fleche_right.gif HTTP/1.1" 200 58 "http://www.fraicolo.fr/description.php?id=579" "Mozilla/5.0 (Windows; U; Windows NT 5.1; en-US) AppleWebKit/534.10 (KHTML, like Gecko) Chrome/8.0.552.224 Safari/534.10"
96.20.69.220 - - [30/Dec/2010:20:25:32 +0100] "GET /im/lang1/menu_id.gif HTTP/1.1" 200 2056 "http://www.fraicolo.fr/description.php?id=579" "Mozilla/5.0 (Windows; U; Windows NT 5.1; en-US) AppleWebKit/534.10 (KHTML, like Gecko) Chrome/8.0.552.224 Safari/534.10"
96.20.69.220 - - [30/Dec/2010:20:25:32 +0100] "GET /im/ok.gif HTTP/1.1" 200 128 "http://www.fraicolo.fr/description.php?id=579" "Mozilla/5.0 (Windows; U; Windows NT 5.1; en-US) AppleWebKit/534.10 (KHTML, like Gecko) Chrome/8.0.552.224 Safari/534.10"
96.20.69.220 - - [30/Dec/2010:20:25:32 +0100] "GET /im/lang1/menu_caddie.gif HTTP/1.1" 200 2067 "http://www.fraicolo.fr/description.php?id=579" "Mozilla/5.0 (Windows; U; Windows NT 5.1; en-US) AppleWebKit/534.10 (KHTML, like Gecko) Chrome/8.0.552.224 Safari/534.10"
96.20.69.220 - - [30/Dec/2010:20:25:32 +0100] "GET /im/lang1/menu_devis.gif HTTP/1.1" 200 1958 "http://www.fraicolo.fr/description.php?id=579" "Mozilla/5.0 (Windows; U; Windows NT 5.1; en-US) AppleWebKit/534.10 (KHTML, like Gecko) Chrome/8.0.552.224 Safari/534.10"
96.20.69.220 - - [30/Dec/2010:20:25:32 +0100] "GET /im/lang1/menu_subscribe.gif HTTP/1.1" 200 1877 "http://www.fraicolo.fr/description.php?id=579" "Mozilla/5.0 (Windows; U; Windows NT 5.1; en-US) AppleWebKit/534.10 (KHTML, like Gecko) Chrome/8.0.552.224 Safari/534.10"
96.20.69.220 - - [30/Dec/2010:20:25:32 +0100] "GET /description.php?id=579 HTTP/1.1" 200 11110 "http://www.fraicolo.fr/description.php?id=579" "Mozilla/5.0 (Windows; U; Windows NT 5.1; en-US) AppleWebKit/534.10 (KHTML, like Gecko) Chrome/8.0.552.224 Safari/534.10"
96.20.69.220 - - [30/Dec/2010:20:25:34 +0100] "GET /description.php?id=579 HTTP/1.1" 200 11110 "http://www.google.ca/imgres?imgurl=http://www.fraicolo.fr/im/articles/Fjord.JPG&imgrefurl=http://www.fraicolo.fr/description.php%3Fid%3D579&h=603&w=828&sz=51&tbnid=zs4hAoXQTdImzM:&tbnh=105&tbnw=144&prev=/images%3Fq%3Dyaourt%2Bfjord&zoom=1&q=yaourt+fjord&hl=fr&usg=__WTrgq2xbNiDy7fYRCDYdXUdOywI=&sa=X&ei=rNwcTfKsA4H98AbDqNT1DQ&ved=0CDAQ9QEwBQ" "Mozilla/5.0 (Windows; U; Windows NT 5.1; en-US) AppleWebKit/534.10 (KHTML, like Gecko) Chrome/8.0.552.224 Safari/534.10"
96.20.69.220 - - [30/Dec/2010:20:25:34 +0100] "GET /description.php?id=579 HTTP/1.1" 200 11110 "http://www.fraicolo.fr/description.php?id=579" "Mozilla/5.0 (Windows; U; Windows NT 5.1; en-US) AppleWebKit/534.10 (KHTML, like Gecko) Chrome/8.0.552.224 Safari/534.10"
96.20.69.220 - - [30/Dec/2010:20:25:34 +0100] "GET /favicon.ico HTTP/1.1" 200 293 "-" "Mozilla/5.0 (Windows; U; Windows NT 5.1; en-US) AppleWebKit/534.10 (KHTML, like Gecko) Chrome/8.0.552.224 Safari/534.10"
194.150.236.161 - - [30/Dec/2010:20:25:36 +0100] "HEAD /im/banner/Affiliation_Fraicolo_120x60.gif HTTP/1.1" 200 - "-" "-"
194.150.236.161 - - [30/Dec/2010:20:25:36 +0100] "GET /im/banner/Affiliation_Fraicolo_120x60.gif HTTP/1.1" 200 16471 "-" "PHP/5.2.6"
90.23.11.209 - - [30/Dec/2010:20:25:41 +0100] "GET /im/articles/ChipsTraiteur.JPG HTTP/1.1" 200 31181 "http://www.eternia-fr.net/news_761_mise-a-jour-des-biographies.html" "Mozilla/5.0 (Macintosh; U; Intel Mac OS X 10_5_8; fr-fr) AppleWebKit/533.19.4 (KHTML, like Gecko) Version/5.0.3 Safari/533.19.4"
66.249.71.193 - - [30/Dec/2010:20:25:52 +0100] "GET /list.php?lang=1&sort=specials_last_day&page=0&target=promo&path=42&view=42&AdSearch=on HTTP/1.1" 200 11415 "-" "Mozilla/5.0 (compatible; Googlebot/2.1; +http://www.google.com/bot.html)"
83.112.191.222 - - [30/Dec/2010:20:26:28 +0100] "GET /im/articles/SodasCocaCola.JPG HTTP/1.1" 200 24471 "http://mon-amie.eklablog.com/salut-tout-le-mondes-a2406742" "Mozilla/5.0 (Windows; U; Windows NT 6.1; en-US) AppleWebKit/534.10 (KHTML, like Gecko) Chrome/8.0.552.224 Safari/534.10"
66.249.71.6 - - [30/Dec/2010:20:26:30 +0100] "GET /description.php?lang=1&path=68&id=&AdSearch=off HTTP/1.1" 404 - "-" "Mozilla/5.0 (compatible; Googlebot/2.1; +http://www.google.com/bot.html)"
83.112.191.222 - - [30/Dec/2010:20:27:00 +0100] "GET /im/articles/SodasCocaCola.JPG HTTP/1.1" 304 - "http://mon-amie.eklablog.com/salut-tout-le-mondes-a2406742" "Mozilla/5.0 (Windows; U; Windows NT 6.1; en-US) AppleWebKit/534.10 (KHTML, like Gecko) Chrome/8.0.552.224 Safari/534.10"
194.150.236.161 - - [30/Dec/2010:20:27:07 +0100] "HEAD /im/banner/Affiliation_Fraicolo_120x60.gif HTTP/1.1" 200 - "-" "-"
194.150.236.161 - - [30/Dec/2010:20:27:07 +0100] "GET /im/banner/Affiliation_Fraicolo_120x60.gif HTTP/1.1" 200 16471 "-" "PHP/5.2.6"
67.195.112.48 - - [30/Dec/2010:20:27:11 +0100] "GET /description.php?lang=1&id=407 HTTP/1.0" 200 11109 "-" "Mozilla/5.0 (compatible; Yahoo! Slurp; http://help.yahoo.com/help/us/ysearch/slurp)"
194.150.236.161 - - [30/Dec/2010:20:27:15 +0100] "HEAD /im/banner/Affiliation_Fraicolo_120x60.gif HTTP/1.1" 200 - "-" "-"
194.150.236.161 - - [30/Dec/2010:20:27:15 +0100] "GET /im/banner/Affiliation_Fraicolo_120x60.gif HTTP/1.1" 200 16471 "-" "PHP/5.2.6"
92.151.58.37 - - [30/Dec/2010:20:27:16 +0100] "GET /im/articles/ChipsTraiteur.JPG HTTP/1.1" 200 31181 "http://www.eternia-fr.net/news_903_film-13-le-maitre-de-l-illusion-zoroark-disponible-en-vostfr.html" "Mozilla/4.0 (compatible; MSIE 8.0; Windows NT 6.0; Trident/4.0; GTB6.6; Mozilla/4.0 (compatible; MSIE 6.0; Windows NT 5.1; SV1) ; SLCC1; .NET CLR 2.0.50727; Media Center PC 5.0; .NET CLR 1.1.4322; .NET CLR 3.5.30729; .NET4.0C; .NET CLR 3.0.30729; AskTB5.5)"
83.197.159.156 - - [30/Dec/2010:20:27:19 +0100] "GET /im/articles/ChipsTraiteur.JPG HTTP/1.1" 200 31181 "http://www.eternia-fr.net/news_903_film-13-le-maitre-de-l-illusion-zoroark-disponible-en-vostfr.html" "Mozilla/5.0 (Windows; U; Windows NT 5.1; fr; rv:1.9.2.13) Gecko/20101203 Firefox/3.6.13 ( .NET CLR 3.5.30729)"
194.150.236.161 - - [30/Dec/2010:20:27:21 +0100] "HEAD /im/banner/Affiliation_Fraicolo_120x60.gif HTTP/1.1" 200 - "-" "-"
194.150.236.161 - - [30/Dec/2010:20:27:21 +0100] "GET /im/banner/Affiliation_Fraicolo_120x60.gif HTTP/1.1" 200 16471 "-" "PHP/5.2.6"
79.85.125.150 - - [30/Dec/2010:20:27:22 +0100] "GET /list.php?lang=1&path=34&sort=Article&page=0 HTTP/1.1" 200 11970 "http://www.google.fr/imgres?imgurl=http://www.fraicolo.fr/im/articles/PommeJaune.jpg&imgrefurl=http://www.fraicolo.fr/list.php%3Flang%3D1%26path%3D34%26sort%3DArticle%26page%3D0&usg=__nG57QuoU_UOXU6dsTrSS4vuKVEQ=&h=404&w=390&sz=14&hl=fr&start=15&zoom=1&um=1&itbs=1&tbnid=JR_p-UwrQQzAwM:&tbnh=124&tbnw=120&prev=/images%3Fq%3Dpomme%26um%3D1%26hl%3Dfr%26sa%3DN%26rlz%3D1C1GGGE_frFR383FR383%26ndsp%3D20%26tbs%3Disch:1" "Mozilla/5.0 (Windows; U; Windows NT 6.1; en-US) AppleWebKit/534.10 (KHTML, like Gecko) Chrome/8.0.552.224 Safari/534.10"
79.85.125.150 - - [30/Dec/2010:20:27:23 +0100] "GET /im/articles/PommeJaune.jpg HTTP/1.1" 200 13409 "http://www.google.fr/imgres?imgurl=http://www.fraicolo.fr/im/articles/PommeJaune.jpg&imgrefurl=http://www.fraicolo.fr/list.php%3Flang%3D1%26path%3D34%26sort%3DArticle%26page%3D0&usg=__nG57QuoU_UOXU6dsTrSS4vuKVEQ=&h=404&w=390&sz=14&hl=fr&start=15&zoom=1&um=1&itbs=1&tbnid=JR_p-UwrQQzAwM:&tbnh=124&tbnw=120&prev=/images%3Fq%3Dpomme%26um%3D1%26hl%3Dfr%26sa%3DN%26rlz%3D1C1GGGE_frFR383FR383%26ndsp%3D20%26tbs%3Disch:1" "Mozilla/5.0 (Windows; U; Windows NT 6.1; en-US) AppleWebKit/534.10 (KHTML, like Gecko) Chrome/8.0.552.224 Safari/534.10"
79.85.125.150 - - [30/Dec/2010:20:27:24 +0100] "GET /favicon.ico HTTP/1.1" 200 293 "-" "Mozilla/5.0 (Windows; U; Windows NT 6.1; en-US) AppleWebKit/534.10 (KHTML, like Gecko) Chrome/8.0.552.224 Safari/534.10"
85.218.67.226 - - [30/Dec/2010:20:27:25 +0100] "GET /im/articles/ChipsTraiteur.JPG HTTP/1.1" 200 31181 "http://www.eternia-fr.net/news_744_nintendo-presente-la-nintendo-3ds.html" "Mozilla/5.0 (Macintosh; U; Intel Mac OS X 10.6; fr; rv:1.9.2.13) Gecko/20101203 Firefox/3.6.13"
79.85.125.150 - - [30/Dec/2010:20:27:25 +0100] "GET /list.php?lang=1&path=34&sort=Article&page=0 HTTP/1.1" 200 11970 "http://www.google.fr/imgres?imgurl=http://www.fraicolo.fr/im/articles/PommeJaune.jpg&imgrefurl=http://www.fraicolo.fr/list.php%3Flang%3D1%26path%3D34%26sort%3DArticle%26page%3D0&usg=__nG57QuoU_UOXU6dsTrSS4vuKVEQ=&h=404&w=390&sz=14&hl=fr&start=15&zoom=1&um=1&itbs=1&tbnid=JR_p-UwrQQzAwM:&tbnh=124&tbnw=120&prev=/images%3Fq%3Dpomme%26um%3D1%26hl%3Dfr%26sa%3DN%26rlz%3D1C1GGGE_frFR383FR383%26ndsp%3D20%26tbs%3Disch:1" "Mozilla/5.0 (Windows; U; Windows NT 6.1; en-US) AppleWebKit/534.10 (KHTML, like Gecko) Chrome/8.0.552.224 Safari/534.10"
79.85.125.150 - - [30/Dec/2010:20:27:26 +0100] "GET /css/scss.css HTTP/1.1" 200 3683 "http://www.fraicolo.fr/list.php?lang=1&path=34&sort=Article&page=0" "Mozilla/5.0 (Windows; U; Windows NT 6.1; en-US) AppleWebKit/534.10 (KHTML, like Gecko) Chrome/8.0.552.224 Safari/534.10"
79.85.125.150 - - [30/Dec/2010:20:27:26 +0100] "GET /includes/popImage.js HTTP/1.1" 200 1233 "http://www.fraicolo.fr/list.php?lang=1&path=34&sort=Article&page=0" "Mozilla/5.0 (Windows; U; Windows NT 6.1; en-US) AppleWebKit/534.10 (KHTML, like Gecko) Chrome/8.0.552.224 Safari/534.10"
66.249.71.193 - - [30/Dec/2010:20:27:29 +0100] "GET /description.php?lang=1&path=99&id=1725 HTTP/1.1" 200 11143 "-" "Mozilla/5.0 (compatible; Googlebot/2.1; +http://www.google.com/bot.html)"
66.249.71.193 - - [30/Dec/2010:20:27:31 +0100] "GET /description.php?lang=1&path=135&sort=Article&page=0&id=1140 HTTP/1.1" 200 11112 "-" "Mozilla/5.0 (compatible; Googlebot/2.1; +http://www.google.com/bot.html)"
66.249.71.193 - - [30/Dec/2010:20:27:48 +0100] "GET /description.php?lang=1&id=1318 HTTP/1.1" 200 11143 "-" "Mozilla/5.0 (compatible; Googlebot/2.1; +http://www.google.com/bot.html)"
207.46.13.100 - - [30/Dec/2010:20:27:55 +0100] "GET /description.php?lang=1&path=63&sort=Article&page=0&id=492 HTTP/1.1" 200 11123 "-" "Mozilla/5.0 (compatible; bingbot/2.0; +http://www.bing.com/bingbot.htm)"
194.150.236.161 - - [30/Dec/2010:20:28:03 +0100] "HEAD /im/banner/Affiliation_Fraicolo_120x60.gif HTTP/1.1" 200 - "-" "-"
194.150.236.161 - - [30/Dec/2010:20:28:03 +0100] "GET /im/banner/Affiliation_Fraicolo_120x60.gif HTTP/1.1" 200 16471 "-" "PHP/5.2.6"
66.249.71.6 - - [30/Dec/2010:20:28:04 +0100] "GET /categories.php?lang=e&path=77&num=83&action=e HTTP/1.1" 200 12110 "-" "Mozilla/5.0 (compatible; Googlebot/2.1; +http://www.google.com/bot.html)"
83.112.178.56 - - [30/Dec/2010:20:28:08 +0100] "GET /im/articles/ChipsTraiteur.JPG HTTP/1.1" 200 31181 "http://www.eternia-fr.net/news_895_mise-a-jour-du-site-fr-pokemon-bw.html" "Opera/9.80 (Windows NT 6.1; U; fr) Presto/2.7.62 Version/11.00"
66.249.71.6 - - [30/Dec/2010:20:28:29 +0100] "GET /categories.php?lang=1&path=106&num=26&action=e&AdSearch=on HTTP/1.1" 200 14257 "-" "Mozilla/5.0 (compatible; Googlebot/2.1; +http://www.google.com/bot.html)"
194.150.236.162 - - [30/Dec/2010:20:28:34 +0100] "HEAD /im/banner/Affiliation_Fraicolo_468x60.gif HTTP/1.1" 200 - "-" "-"
194.150.236.162 - - [30/Dec/2010:20:28:34 +0100] "GET /im/banner/Affiliation_Fraicolo_468x60.gif HTTP/1.0" 200 41076 "-" "-"
66.249.71.6 - - [30/Dec/2010:20:28:54 +0100] "GET /list.php?lang=1&path=135&page=0&sort=Article HTTP/1.1" 200 11825 "-" "Mozilla/5.0 (compatible; Googlebot/2.1; +http://www.google.com/bot.html)"
194.150.236.161 - - [30/Dec/2010:20:29:24 +0100] "HEAD /im/banner/Affiliation_Fraicolo_120x60.gif HTTP/1.1" 200 - "-" "-"
194.150.236.161 - - [30/Dec/2010:20:29:24 +0100] "GET /im/banner/Affiliation_Fraicolo_120x60.gif HTTP/1.1" 200 16471 "-" "PHP/5.2.6"
194.150.236.162 - - [30/Dec/2010:20:29:34 +0100] "HEAD /im/banner/Affiliation_Fraicolo_468x60.gif HTTP/1.1" 200 - "-" "-"
194.150.236.162 - - [30/Dec/2010:20:29:34 +0100] "GET /im/banner/Affiliation_Fraicolo_468x60.gif HTTP/1.0" 200 41076 "-" "-"
194.150.236.161 - - [30/Dec/2010:20:29:39 +0100] "HEAD /im/banner/Affiliation_Fraicolo_120x60.gif HTTP/1.1" 200 - "-" "-"
194.150.236.162 - - [30/Dec/2010:20:29:39 +0100] "HEAD /im/banner/Affiliation_Fraicolo_468x60.gif HTTP/1.1" 200 - "-" "-"
194.150.236.162 - - [30/Dec/2010:20:29:39 +0100] "GET /im/banner/Affiliation_Fraicolo_468x60.gif HTTP/1.0" 200 41076 "-" "-"
194.150.236.161 - - [30/Dec/2010:20:29:39 +0100] "GET /im/banner/Affiliation_Fraicolo_120x60.gif HTTP/1.1" 200 16471 "-" "PHP/5.2.6"
66.249.71.6 - - [30/Dec/2010:20:29:40 +0100] "GET /categories.php?lang=e&path=150&num=43&action=e HTTP/1.1" 200 15274 "-" "Mozilla/5.0 (compatible; Googlebot/2.1; +http://www.google.com/bot.html)"
194.150.236.162 - - [30/Dec/2010:20:29:42 +0100] "HEAD /im/banner/Affiliation_Fraicolo_468x60.gif HTTP/1.1" 200 - "-" "-"
194.150.236.162 - - [30/Dec/2010:20:29:42 +0100] "GET /im/banner/Affiliation_Fraicolo_468x60.gif HTTP/1.0" 200 41076 "-" "-"
90.17.222.170 - - [30/Dec/2010:20:30:01 +0100] "GET /list.php?lang=1&path=53&sort=Article&page=0 HTTP/1.1" 200 11662 "http://www.google.fr/imgres?imgurl=http://www.fraicolo.fr/im/articles/Beurre-.JPG&imgrefurl=http://www.fraicolo.fr/list.php%3Flang%3D1%26path%3D53%26sort%3DArticle%26page%3D0&usg=__5PsLWG7NyZf1edPIViyeWS0BP5M=&h=612&w=828&sz=44&hl=fr&start=4&zoom=1&um=1&itbs=1&tbnid=P7LgeYyc3cePkM:&tbnh=106&tbnw=144&prev=/images%3Fq%3Dimage%2Bde%2Bbeurre%26um%3D1%26hl%3Dfr%26sa%3DN%26rlz%3D1R2RNTN_frFR353%26ndsp%3D20%26tbs%3Disch:1" "Mozilla/4.0 (compatible; MSIE 7.0; Windows NT 5.1; Trident/4.0; GTB6.4; Orange 8.0; .NET CLR 1.0.3705; .NET CLR 1.1.4322; Media Center PC 4.0; .NET CLR 2.0.50727; .NET CLR 3.0.4506.2152; .NET CLR 3.5.30729)"
90.17.222.170 - - [30/Dec/2010:20:30:02 +0100] "GET /im/articles/Beurre-.JPG HTTP/1.1" 200 44718 "http://www.google.fr/imgres?imgurl=http://www.fraicolo.fr/im/articles/Beurre-.JPG&imgrefurl=http://www.fraicolo.fr/list.php%3Flang%3D1%26path%3D53%26sort%3DArticle%26page%3D0&usg=__5PsLWG7NyZf1edPIViyeWS0BP5M=&h=612&w=828&sz=44&hl=fr&start=4&zoom=1&um=1&itbs=1&tbnid=P7LgeYyc3cePkM:&tbnh=106&tbnw=144&prev=/images%3Fq%3Dimage%2Bde%2Bbeurre%26um%3D1%26hl%3Dfr%26sa%3DN%26rlz%3D1R2RNTN_frFR353%26ndsp%3D20%26tbs%3Disch:1" "Mozilla/4.0 (compatible; MSIE 8.0; Windows NT 5.1; Trident/4.0; GTB6.4; Orange 8.0; .NET CLR 1.0.3705; .NET CLR 1.1.4322; Media Center PC 4.0; .NET CLR 2.0.50727; .NET CLR 3.0.4506.2152; .NET CLR 3.5.30729)"
90.17.222.170 - - [30/Dec/2010:20:30:03 +0100] "GET /favicon.ico HTTP/1.1" 200 293 "-" "Mozilla/4.0 (compatible; MSIE 8.0; Windows NT 5.1; Trident/4.0; GTB6.4; Orange 8.0; .NET CLR 1.0.3705; .NET CLR 1.1.4322; Media Center PC 4.0; .NET CLR 2.0.50727; .NET CLR 3.0.4506.2152; .NET CLR 3.5.30729)"
66.249.71.193 - - [30/Dec/2010:20:30:18 +0100] "GET /description.php?lang=1&path=145&sort=Article&page=0&id=1422&AdSearch=off HTTP/1.1" 200 11100 "-" "Mozilla/5.0 (compatible; Googlebot/2.1; +http://www.google.com/bot.html)"
41.225.154.129 - - [30/Dec/2010:20:30:22 +0100] "GET /im/articles/PommeJaune.jpg HTTP/1.1" 200 13409 "http://www.google.com/imgres?imgurl=http://www.fraicolo.fr/im/articles/PommeJaune.jpg&imgrefurl=http://www.fraicolo.fr/list.php%3Flang%3D1%26path%3D34%26sort%3DArticle%26page%3D0&usg=__nG57QuoU_UOXU6dsTrSS4vuKVEQ=&h=404&w=390&sz=14&hl=fr&start=0&zoom=1&tbnid=JR_p-UwrQQzAwM:&tbnh=151&tbnw=147&prev=/images%3Fq%3Dpomme%26um%3D1%26hl%3Dfr%26biw%3D1600%26bih%3D809%26tbs%3Disch:1&um=1&itbs=1&iact=hc&vpx=1208&vpy=275&dur=1938&hovh=229&hovw=221&tx=92&ty=108&ei=xt0cTZaqBITrOcrn0O4I&oei=xt0cTZaqBITrOcrn0O4I&esq=1&page=1&ndsp=32&ved=1t:429,r:14,s:0" "Mozilla/5.0 (Windows; U; Windows NT 5.1; en-US) AppleWebKit/534.10 (KHTML, like Gecko) Chrome/8.0.552.224 Safari/534.10"
41.225.154.129 - - [30/Dec/2010:20:30:22 +0100] "GET /list.php?lang=1&path=34&sort=Article&page=0 HTTP/1.1" 200 11970 "http://www.google.com/imgres?imgurl=http://www.fraicolo.fr/im/articles/PommeJaune.jpg&imgrefurl=http://www.fraicolo.fr/list.php%3Flang%3D1%26path%3D34%26sort%3DArticle%26page%3D0&usg=__nG57QuoU_UOXU6dsTrSS4vuKVEQ=&h=404&w=390&sz=14&hl=fr&start=0&zoom=1&tbnid=JR_p-UwrQQzAwM:&tbnh=151&tbnw=147&prev=/images%3Fq%3Dpomme%26um%3D1%26hl%3Dfr%26biw%3D1600%26bih%3D809%26tbs%3Disch:1&um=1&itbs=1&iact=hc&vpx=1208&vpy=275&dur=1938&hovh=229&hovw=221&tx=92&ty=108&ei=xt0cTZaqBITrOcrn0O4I&oei=xt0cTZaqBITrOcrn0O4I&esq=1&page=1&ndsp=32&ved=1t:429,r:14,s:0" "Mozilla/5.0 (Windows; U; Windows NT 5.1; en-US) AppleWebKit/534.10 (KHTML, like Gecko) Chrome/8.0.552.224 Safari/534.10"
41.225.154.129 - - [30/Dec/2010:20:30:23 +0100] "GET /css/scss.css HTTP/1.1" 200 3683 "http://www.fraicolo.fr/list.php?lang=1&path=34&sort=Article&page=0" "Mozilla/5.0 (Windows; U; Windows NT 5.1; en-US) AppleWebKit/534.10 (KHTML, like Gecko) Chrome/8.0.552.224 Safari/534.10"
41.225.154.129 - - [30/Dec/2010:20:30:23 +0100] "GET /includes/popImage.js HTTP/1.1" 200 1233 "http://www.fraicolo.fr/list.php?lang=1&path=34&sort=Article&page=0" "Mozilla/5.0 (Windows; U; Windows NT 5.1; en-US) AppleWebKit/534.10 (KHTML, like Gecko) Chrome/8.0.552.224 Safari/534.10"
41.225.154.129 - - [30/Dec/2010:20:30:23 +0100] "GET /im/background/bg_green.gif HTTP/1.1" 200 2395 "http://www.fraicolo.fr/list.php?lang=1&path=34&sort=Article&page=0" "Mozilla/5.0 (Windows; U; Windows NT 5.1; en-US) AppleWebKit/534.10 (KHTML, like Gecko) Chrome/8.0.552.224 Safari/534.10"
41.225.154.129 - - [30/Dec/2010:20:30:23 +0100] "GET /im/LOGOFraicolo.png HTTP/1.1" 200 21138 "http://www.fraicolo.fr/list.php?lang=1&path=34&sort=Article&page=0" "Mozilla/5.0 (Windows; U; Windows NT 5.1; en-US) AppleWebKit/534.10 (KHTML, like Gecko) Chrome/8.0.552.224 Safari/534.10"
41.225.154.129 - - [30/Dec/2010:20:30:23 +0100] "GET /im/zzz.gif HTTP/1.1" 200 49 "http://www.fraicolo.fr/list.php?lang=1&path=34&sort=Article&page=0" "Mozilla/5.0 (Windows; U; Windows NT 5.1; en-US) AppleWebKit/534.10 (KHTML, like Gecko) Chrome/8.0.552.224 Safari/534.10"
41.225.154.129 - - [30/Dec/2010:20:30:23 +0100] "GET /im/accueil.gif HTTP/1.1" 200 511 "http://www.fraicolo.fr/list.php?lang=1&path=34&sort=Article&page=0" "Mozilla/5.0 (Windows; U; Windows NT 5.1; en-US) AppleWebKit/534.10 (KHTML, like Gecko) Chrome/8.0.552.224 Safari/534.10"
41.225.154.129 - - [30/Dec/2010:20:30:23 +0100] "GET /im/fleche_bottom.gif HTTP/1.1" 200 57 "http://www.fraicolo.fr/list.php?lang=1&path=34&sort=Article&page=0" "Mozilla/5.0 (Windows; U; Windows NT 5.1; en-US) AppleWebKit/534.10 (KHTML, like Gecko) Chrome/8.0.552.224 Safari/534.10"
41.225.154.129 - - [30/Dec/2010:20:30:23 +0100] "GET /im/path.gif HTTP/1.1" 200 363 "http://www.fraicolo.fr/list.php?lang=1&path=34&sort=Article&page=0" "Mozilla/5.0 (Windows; U; Windows NT 5.1; en-US) AppleWebKit/534.10 (KHTML, like Gecko) Chrome/8.0.552.224 Safari/534.10"
173.192.238.40 - - [30/Dec/2010:20:30:24 +0100] "GET /rss.xml HTTP/1.1" 304 - "-" "Mozilla/5.0 (X11; U; Linux x86_64; en-US; rv:1.9.0.19; aggregator:Spinn3r (Spinn3r 3.1); http://spinn3r.com/robot) Gecko/2010040121 Firefox/3.0.19"
41.225.154.129 - - [30/Dec/2010:20:30:24 +0100] "GET /im/background/menuleft.gif HTTP/1.1" 200 1837 "http://www.fraicolo.fr/list.php?lang=1&path=34&sort=Article&page=0" "Mozilla/5.0 (Windows; U; Windows NT 5.1; en-US) AppleWebKit/534.10 (KHTML, like Gecko) Chrome/8.0.552.224 Safari/534.10"
41.225.154.129 - - [30/Dec/2010:20:30:23 +0100] "GET /im/background/bg_shop_green.gif HTTP/1.1" 200 49144 "http://www.fraicolo.fr/list.php?lang=1&path=34&sort=Article&page=0" "Mozilla/5.0 (Windows; U; Windows NT 5.1; en-US) AppleWebKit/534.10 (KHTML, like Gecko) Chrome/8.0.552.224 Safari/534.10"
41.225.154.129 - - [30/Dec/2010:20:30:24 +0100] "GET /im/background/module_left.gif HTTP/1.1" 200 323 "http://www.fraicolo.fr/list.php?lang=1&path=34&sort=Article&page=0" "Mozilla/5.0 (Windows; U; Windows NT 5.1; en-US) AppleWebKit/534.10 (KHTML, like Gecko) Chrome/8.0.552.224 Safari/534.10"
41.225.154.129 - - [30/Dec/2010:20:30:24 +0100] "GET /im/lang1/menu_search.gif HTTP/1.1" 200 1955 "http://www.fraicolo.fr/list.php?lang=1&path=34&sort=Article&page=0" "Mozilla/5.0 (Windows; U; Windows NT 5.1; en-US) AppleWebKit/534.10 (KHTML, like Gecko) Chrome/8.0.552.224 Safari/534.10"
41.225.154.129 - - [30/Dec/2010:20:30:24 +0100] "GET /im/search.gif HTTP/1.1" 200 681 "http://www.fraicolo.fr/list.php?lang=1&path=34&sort=Article&page=0" "Mozilla/5.0 (Windows; U; Windows NT 5.1; en-US) AppleWebKit/534.10 (KHTML, like Gecko) Chrome/8.0.552.224 Safari/534.10"
41.225.154.129 - - [30/Dec/2010:20:30:24 +0100] "GET /includes/menu/plus.gif HTTP/1.1" 200 71 "http://www.fraicolo.fr/list.php?lang=1&path=34&sort=Article&page=0" "Mozilla/5.0 (Windows; U; Windows NT 5.1; en-US) AppleWebKit/534.10 (KHTML, like Gecko) Chrome/8.0.552.224 Safari/534.10"
41.225.154.129 - - [30/Dec/2010:20:30:23 +0100] "GET /im/banner/bannercorporate1.jpg HTTP/1.1" 200 44430 "http://www.fraicolo.fr/list.php?lang=1&path=34&sort=Article&page=0" "Mozilla/5.0 (Windows; U; Windows NT 5.1; en-US) AppleWebKit/534.10 (KHTML, like Gecko) Chrome/8.0.552.224 Safari/534.10"
41.225.154.129 - - [30/Dec/2010:20:30:24 +0100] "GET /im/lang1/menu_com.gif HTTP/1.1" 200 2071 "http://www.fraicolo.fr/list.php?lang=1&path=34&sort=Article&page=0" "Mozilla/5.0 (Windows; U; Windows NT 5.1; en-US) AppleWebKit/534.10 (KHTML, like Gecko) Chrome/8.0.552.224 Safari/534.10"
41.225.154.129 - - [30/Dec/2010:20:30:24 +0100] "GET /list.php?lang=1&path=34&sort=Article&page=0 HTTP/1.1" 200 11970 "http://www.fraicolo.fr/list.php?lang=1&path=34&sort=Article&page=0" "Mozilla/5.0 (Windows; U; Windows NT 5.1; en-US) AppleWebKit/534.10 (KHTML, like Gecko) Chrome/8.0.552.224 Safari/534.10"
41.225.154.129 - - [30/Dec/2010:20:30:24 +0100] "GET /im/payment.gif HTTP/1.1" 200 2578 "http://www.fraicolo.fr/list.php?lang=1&path=34&sort=Article&page=0" "Mozilla/5.0 (Windows; U; Windows NT 5.1; en-US) AppleWebKit/534.10 (KHTML, like Gecko) Chrome/8.0.552.224 Safari/534.10"
41.225.154.129 - - [30/Dec/2010:20:30:24 +0100] "GET /im/articles/PommeRoyalGalaBIO.JPG HTTP/1.1" 200 5482 "http://www.fraicolo.fr/list.php?lang=1&path=34&sort=Article&page=0" "Mozilla/5.0 (Windows; U; Windows NT 5.1; en-US) AppleWebKit/534.10 (KHTML, like Gecko) Chrome/8.0.552.224 Safari/534.10"
41.225.154.129 - - [30/Dec/2010:20:30:24 +0100] "GET /im/stockok.gif HTTP/1.1" 200 920 "http://www.fraicolo.fr/list.php?lang=1&path=34&sort=Article&page=0" "Mozilla/5.0 (Windows; U; Windows NT 5.1; en-US) AppleWebKit/534.10 (KHTML, like Gecko) Chrome/8.0.552.224 Safari/534.10"
41.225.154.129 - - [30/Dec/2010:20:30:24 +0100] "GET /im/lang1/cart_add.gif HTTP/1.1" 200 481 "http://www.fraicolo.fr/list.php?lang=1&path=34&sort=Article&page=0" "Mozilla/5.0 (Windows; U; Windows NT 5.1; en-US) AppleWebKit/534.10 (KHTML, like Gecko) Chrome/8.0.552.224 Safari/534.10"
41.225.154.129 - - [30/Dec/2010:20:30:24 +0100] "GET /im/articles/PoireComice.JPG HTTP/1.1" 200 27177 "http://www.fraicolo.fr/list.php?lang=1&path=34&sort=Article&page=0" "Mozilla/5.0 (Windows; U; Windows NT 5.1; en-US) AppleWebKit/534.10 (KHTML, like Gecko) Chrome/8.0.552.224 Safari/534.10"
41.225.154.129 - - [30/Dec/2010:20:30:25 +0100] "GET /im/articles/PoireConf.JPG HTTP/1.1" 200 10264 "http://www.fraicolo.fr/list.php?lang=1&path=34&sort=Article&page=0" "Mozilla/5.0 (Windows; U; Windows NT 5.1; en-US) AppleWebKit/534.10 (KHTML, like Gecko) Chrome/8.0.552.224 Safari/534.10"
41.225.154.129 - - [30/Dec/2010:20:30:25 +0100] "GET /im/articles/PommeReinette.JPG HTTP/1.1" 200 15659 "http://www.fraicolo.fr/list.php?lang=1&path=34&sort=Article&page=0" "Mozilla/5.0 (Windows; U; Windows NT 5.1; en-US) AppleWebKit/534.10 (KHTML, like Gecko) Chrome/8.0.552.224 Safari/534.10"
41.225.154.129 - - [30/Dec/2010:20:30:25 +0100] "GET /im/articles/Pommesvertes.jpg HTTP/1.1" 200 3256 "http://www.fraicolo.fr/list.php?lang=1&path=34&sort=Article&page=0" "Mozilla/5.0 (Windows; U; Windows NT 5.1; en-US) AppleWebKit/534.10 (KHTML, like Gecko) Chrome/8.0.552.224 Safari/534.10"
41.225.154.129 - - [30/Dec/2010:20:30:25 +0100] "GET /im/articles/PommePinkLady.JPG HTTP/1.1" 200 7916 "http://www.fraicolo.fr/list.php?lang=1&path=34&sort=Article&page=0" "Mozilla/5.0 (Windows; U; Windows NT 5.1; en-US) AppleWebKit/534.10 (KHTML, like Gecko) Chrome/8.0.552.224 Safari/534.10"
194.150.236.161 - - [30/Dec/2010:20:30:25 +0100] "HEAD /im/banner/Affiliation_Fraicolo_120x60.gif HTTP/1.1" 200 - "-" "-"
41.225.154.129 - - [30/Dec/2010:20:30:25 +0100] "GET /im/cart.gif HTTP/1.1" 200 574 "http://www.fraicolo.fr/list.php?lang=1&path=34&sort=Article&page=0" "Mozilla/5.0 (Windows; U; Windows NT 5.1; en-US) AppleWebKit/534.10 (KHTML, like Gecko) Chrome/8.0.552.224 Safari/534.10"
41.225.154.129 - - [30/Dec/2010:20:30:25 +0100] "GET /im/cart_rem.gif HTTP/1.1" 200 368 "http://www.fraicolo.fr/list.php?lang=1&path=34&sort=Article&page=0" "Mozilla/5.0 (Windows; U; Windows NT 5.1; en-US) AppleWebKit/534.10 (KHTML, like Gecko) Chrome/8.0.552.224 Safari/534.10"
41.225.154.129 - - [30/Dec/2010:20:30:26 +0100] "GET /im/cart_opt.gif HTTP/1.1" 200 365 "http://www.fraicolo.fr/list.php?lang=1&path=34&sort=Article&page=0" "Mozilla/5.0 (Windows; U; Windows NT 5.1; en-US) AppleWebKit/534.10 (KHTML, like Gecko) Chrome/8.0.552.224 Safari/534.10"
41.225.154.129 - - [30/Dec/2010:20:30:26 +0100] "GET /im/cart_out.gif HTTP/1.1" 200 1030 "http://www.fraicolo.fr/list.php?lang=1&path=34&sort=Article&page=0" "Mozilla/5.0 (Windows; U; Windows NT 5.1; en-US) AppleWebKit/534.10 (KHTML, like Gecko) Chrome/8.0.552.224 Safari/534.10"
41.225.154.129 - - [30/Dec/2010:20:30:26 +0100] "GET /im/background/menuright.gif HTTP/1.1" 200 1832 "http://www.fraicolo.fr/list.php?lang=1&path=34&sort=Article&page=0" "Mozilla/5.0 (Windows; U; Windows NT 5.1; en-US) AppleWebKit/534.10 (KHTML, like Gecko) Chrome/8.0.552.224 Safari/534.10"
41.225.154.129 - - [30/Dec/2010:20:30:26 +0100] "GET /im/lang1/menu_infos.gif HTTP/1.1" 200 2010 "http://www.fraicolo.fr/list.php?lang=1&path=34&sort=Article&page=0" "Mozilla/5.0 (Windows; U; Windows NT 5.1; en-US) AppleWebKit/534.10 (KHTML, like Gecko) Chrome/8.0.552.224 Safari/534.10"
41.225.154.129 - - [30/Dec/2010:20:30:26 +0100] "GET /im/fleche_right.gif HTTP/1.1" 200 58 "http://www.fraicolo.fr/list.php?lang=1&path=34&sort=Article&page=0" "Mozilla/5.0 (Windows; U; Windows NT 5.1; en-US) AppleWebKit/534.10 (KHTML, like Gecko) Chrome/8.0.552.224 Safari/534.10"
41.225.154.129 - - [30/Dec/2010:20:30:26 +0100] "GET /im/lang1/menu_id.gif HTTP/1.1" 200 2056 "http://www.fraicolo.fr/list.php?lang=1&path=34&sort=Article&page=0" "Mozilla/5.0 (Windows; U; Windows NT 5.1; en-US) AppleWebKit/534.10 (KHTML, like Gecko) Chrome/8.0.552.224 Safari/534.10"
41.225.154.129 - - [30/Dec/2010:20:30:26 +0100] "GET /im/ok.gif HTTP/1.1" 200 128 "http://www.fraicolo.fr/list.php?lang=1&path=34&sort=Article&page=0" "Mozilla/5.0 (Windows; U; Windows NT 5.1; en-US) AppleWebKit/534.10 (KHTML, like Gecko) Chrome/8.0.552.224 Safari/534.10"
41.225.154.129 - - [30/Dec/2010:20:30:26 +0100] "GET /im/lang1/menu_caddie.gif HTTP/1.1" 200 2067 "http://www.fraicolo.fr/list.php?lang=1&path=34&sort=Article&page=0" "Mozilla/5.0 (Windows; U; Windows NT 5.1; en-US) AppleWebKit/534.10 (KHTML, like Gecko) Chrome/8.0.552.224 Safari/534.10"
194.150.236.161 - - [30/Dec/2010:20:30:26 +0100] "GET /im/banner/Affiliation_Fraicolo_120x60.gif HTTP/1.1" 200 16471 "-" "PHP/5.2.6"
41.225.154.129 - - [30/Dec/2010:20:30:26 +0100] "GET /im/lang1/menu_devis.gif HTTP/1.1" 200 1958 "http://www.fraicolo.fr/list.php?lang=1&path=34&sort=Article&page=0" "Mozilla/5.0 (Windows; U; Windows NT 5.1; en-US) AppleWebKit/534.10 (KHTML, like Gecko) Chrome/8.0.552.224 Safari/534.10"
41.225.154.129 - - [30/Dec/2010:20:30:26 +0100] "GET /im/lang1/menu_subscribe.gif HTTP/1.1" 200 1877 "http://www.fraicolo.fr/list.php?lang=1&path=34&sort=Article&page=0" "Mozilla/5.0 (Windows; U; Windows NT 5.1; en-US) AppleWebKit/534.10 (KHTML, like Gecko) Chrome/8.0.552.224 Safari/534.10"
41.230.222.97 - - [30/Dec/2010:20:30:46 +0100] "GET /categories.php?lang=e&path=28&num=9&action=e HTTP/1.1" 200 15215 "http://www.google.fr/imgres?imgurl=http://www.fraicolo.fr/im/articles/Bananes.jpg&imgrefurl=http://www.fraicolo.fr/categories.php%3Flang%3De%26path%3D28%26num%3D9%26action%3De&usg=__lIePDcM3GWZAVQEjF50UvWv-6Ck=&h=1125&w=1500&sz=78&hl=fr&start=35&zoom=1&um=1&itbs=1&tbnid=ICZc6dG3ZkfKPM:&tbnh=113&tbnw=150&prev=/images%3Fq%3Dbanane%26start%3D20%26um%3D1%26hl%3Dfr%26sa%3DN%26ndsp%3D20%26tbs%3Disch:1" "Mozilla/5.0 (Windows; U; Windows NT 5.1; en-US) AppleWebKit/534.10 (KHTML, like Gecko) Chrome/8.0.552.224 Safari/534.10"
41.230.222.97 - - [30/Dec/2010:20:30:47 +0100] "GET /css/scss.css HTTP/1.1" 200 3683 "http://www.fraicolo.fr/categories.php?lang=e&path=28&num=9&action=e" "Mozilla/5.0 (Windows; U; Windows NT 5.1; en-US) AppleWebKit/534.10 (KHTML, like Gecko) Chrome/8.0.552.224 Safari/534.10"
41.230.222.97 - - [30/Dec/2010:20:30:47 +0100] "GET /includes/popImage.js HTTP/1.1" 200 1233 "http://www.fraicolo.fr/categories.php?lang=e&path=28&num=9&action=e" "Mozilla/5.0 (Windows; U; Windows NT 5.1; en-US) AppleWebKit/534.10 (KHTML, like Gecko) Chrome/8.0.552.224 Safari/534.10"
83.112.178.56 - - [30/Dec/2010:20:30:48 +0100] "GET /im/articles/ChipsTraiteur.JPG HTTP/1.1" 304 - "http://www.eternia-fr.net/news_895_mise-a-jour-du-site-fr-pokemon-bw.html" "Opera/9.80 (Windows NT 6.1; U; fr) Presto/2.7.62 Version/11.00"
66.249.71.193 - - [30/Dec/2010:20:30:48 +0100] "GET /description.php?lang=1&path=99&id=1534 HTTP/1.1" 200 11135 "-" "Mozilla/5.0 (compatible; Googlebot/2.1; +http://www.google.com/bot.html)"
41.230.222.97 - - [30/Dec/2010:20:30:48 +0100] "GET /im/articles/Bananes.jpg HTTP/1.1" 200 79634 "http://www.google.fr/imgres?imgurl=http://www.fraicolo.fr/im/articles/Bananes.jpg&imgrefurl=http://www.fraicolo.fr/categories.php%3Flang%3De%26path%3D28%26num%3D9%26action%3De&usg=__lIePDcM3GWZAVQEjF50UvWv-6Ck=&h=1125&w=1500&sz=78&hl=fr&start=35&zoom=1&um=1&itbs=1&tbnid=ICZc6dG3ZkfKPM:&tbnh=113&tbnw=150&prev=/images%3Fq%3Dbanane%26start%3D20%26um%3D1%26hl%3Dfr%26sa%3DN%26ndsp%3D20%26tbs%3Disch:1" "Mozilla/5.0 (Windows; U; Windows NT 5.1; en-US) AppleWebKit/534.10 (KHTML, like Gecko) Chrome/8.0.552.224 Safari/534.10"
41.230.222.97 - - [30/Dec/2010:20:30:50 +0100] "GET /favicon.ico HTTP/1.1" 200 293 "-" "Mozilla/5.0 (Windows; U; Windows NT 5.1; en-US) AppleWebKit/534.10 (KHTML, like Gecko) Chrome/8.0.552.224 Safari/534.10"
41.230.222.97 - - [30/Dec/2010:20:30:52 +0100] "GET /categories.php?lang=e&path=28&num=9&action=e HTTP/1.1" 200 15206 "http://www.google.fr/imgres?imgurl=http://www.fraicolo.fr/im/articles/Bananes.jpg&imgrefurl=http://www.fraicolo.fr/categories.php%3Flang%3De%26path%3D28%26num%3D9%26action%3De&usg=__lIePDcM3GWZAVQEjF50UvWv-6Ck=&h=1125&w=1500&sz=78&hl=fr&start=35&zoom=1&um=1&itbs=1&tbnid=ICZc6dG3ZkfKPM:&tbnh=113&tbnw=150&prev=/images%3Fq%3Dbanane%26start%3D20%26um%3D1%26hl%3Dfr%26sa%3DN%26ndsp%3D20%26tbs%3Disch:1" "Mozilla/5.0 (Windows; U; Windows NT 5.1; en-US) AppleWebKit/534.10 (KHTML, like Gecko) Chrome/8.0.552.224 Safari/534.10"
41.230.222.97 - - [30/Dec/2010:20:30:53 +0100] "GET /css/scss.css HTTP/1.1" 200 3683 "http://www.fraicolo.fr/categories.php?lang=e&path=28&num=9&action=e" "Mozilla/5.0 (Windows; U; Windows NT 5.1; en-US) AppleWebKit/534.10 (KHTML, like Gecko) Chrome/8.0.552.224 Safari/534.10"
41.230.222.97 - - [30/Dec/2010:20:30:53 +0100] "GET /includes/popImage.js HTTP/1.1" 200 1233 "http://www.fraicolo.fr/categories.php?lang=e&path=28&num=9&action=e" "Mozilla/5.0 (Windows; U; Windows NT 5.1; en-US) AppleWebKit/534.10 (KHTML, like Gecko) Chrome/8.0.552.224 Safari/534.10"
41.230.222.97 - - [30/Dec/2010:20:30:54 +0100] "GET /im/background/bg_green.gif HTTP/1.1" 200 2395 "http://www.fraicolo.fr/categories.php?lang=e&path=28&num=9&action=e" "Mozilla/5.0 (Windows; U; Windows NT 5.1; en-US) AppleWebKit/534.10 (KHTML, like Gecko) Chrome/8.0.552.224 Safari/534.10"
41.230.222.97 - - [30/Dec/2010:20:30:54 +0100] "GET /im/background/bg_shop_green.gif HTTP/1.1" 200 49144 "http://www.fraicolo.fr/categories.php?lang=e&path=28&num=9&action=e" "Mozilla/5.0 (Windows; U; Windows NT 5.1; en-US) AppleWebKit/534.10 (KHTML, like Gecko) Chrome/8.0.552.224 Safari/534.10"
41.230.222.97 - - [30/Dec/2010:20:30:54 +0100] "GET /im/LOGOFraicolo.png HTTP/1.1" 200 21138 "http://www.fraicolo.fr/categories.php?lang=e&path=28&num=9&action=e" "Mozilla/5.0 (Windows; U; Windows NT 5.1; en-US) AppleWebKit/534.10 (KHTML, like Gecko) Chrome/8.0.552.224 Safari/534.10"
41.230.222.97 - - [30/Dec/2010:20:30:54 +0100] "GET /im/fleche_bottom.gif HTTP/1.1" 200 57 "http://www.fraicolo.fr/categories.php?lang=e&path=28&num=9&action=e" "Mozilla/5.0 (Windows; U; Windows NT 5.1; en-US) AppleWebKit/534.10 (KHTML, like Gecko) Chrome/8.0.552.224 Safari/534.10"
41.230.222.97 - - [30/Dec/2010:20:30:54 +0100] "GET /im/zzz.gif HTTP/1.1" 200 49 "http://www.fraicolo.fr/categories.php?lang=e&path=28&num=9&action=e" "Mozilla/5.0 (Windows; U; Windows NT 5.1; en-US) AppleWebKit/534.10 (KHTML, like Gecko) Chrome/8.0.552.224 Safari/534.10"
41.230.222.97 - - [30/Dec/2010:20:30:54 +0100] "GET /im/accueil.gif HTTP/1.1" 200 511 "http://www.fraicolo.fr/categories.php?lang=e&path=28&num=9&action=e" "Mozilla/5.0 (Windows; U; Windows NT 5.1; en-US) AppleWebKit/534.10 (KHTML, like Gecko) Chrome/8.0.552.224 Safari/534.10"
41.230.222.97 - - [30/Dec/2010:20:30:54 +0100] "GET /im/path.gif HTTP/1.1" 200 363 "http://www.fraicolo.fr/categories.php?lang=e&path=28&num=9&action=e" "Mozilla/5.0 (Windows; U; Windows NT 5.1; en-US) AppleWebKit/534.10 (KHTML, like Gecko) Chrome/8.0.552.224 Safari/534.10"
41.230.222.97 - - [30/Dec/2010:20:30:54 +0100] "GET /im/background/menuleft.gif HTTP/1.1" 200 1837 "http://www.fraicolo.fr/categories.php?lang=e&path=28&num=9&action=e" "Mozilla/5.0 (Windows; U; Windows NT 5.1; en-US) AppleWebKit/534.10 (KHTML, like Gecko) Chrome/8.0.552.224 Safari/534.10"
41.230.222.97 - - [30/Dec/2010:20:30:55 +0100] "GET /im/background/module_left.gif HTTP/1.1" 200 323 "http://www.fraicolo.fr/categories.php?lang=e&path=28&num=9&action=e" "Mozilla/5.0 (Windows; U; Windows NT 5.1; en-US) AppleWebKit/534.10 (KHTML, like Gecko) Chrome/8.0.552.224 Safari/534.10"
41.230.222.97 - - [30/Dec/2010:20:30:55 +0100] "GET /im/lang1/menu_search.gif HTTP/1.1" 200 1955 "http://www.fraicolo.fr/categories.php?lang=e&path=28&num=9&action=e" "Mozilla/5.0 (Windows; U; Windows NT 5.1; en-US) AppleWebKit/534.10 (KHTML, like Gecko) Chrome/8.0.552.224 Safari/534.10"
41.230.222.97 - - [30/Dec/2010:20:30:55 +0100] "GET /im/search.gif HTTP/1.1" 200 681 "http://www.fraicolo.fr/categories.php?lang=e&path=28&num=9&action=e" "Mozilla/5.0 (Windows; U; Windows NT 5.1; en-US) AppleWebKit/534.10 (KHTML, like Gecko) Chrome/8.0.552.224 Safari/534.10"
41.230.222.97 - - [30/Dec/2010:20:30:55 +0100] "GET /includes/menu/plus.gif HTTP/1.1" 200 71 "http://www.fraicolo.fr/categories.php?lang=e&path=28&num=9&action=e" "Mozilla/5.0 (Windows; U; Windows NT 5.1; en-US) AppleWebKit/534.10 (KHTML, like Gecko) Chrome/8.0.552.224 Safari/534.10"
41.230.222.97 - - [30/Dec/2010:20:30:54 +0100] "GET /im/banner/bannercorporate1.jpg HTTP/1.1" 200 44430 "http://www.fraicolo.fr/categories.php?lang=e&path=28&num=9&action=e" "Mozilla/5.0 (Windows; U; Windows NT 5.1; en-US) AppleWebKit/534.10 (KHTML, like Gecko) Chrome/8.0.552.224 Safari/534.10"
41.230.222.97 - - [30/Dec/2010:20:30:55 +0100] "GET /im/lang1/menu_com.gif HTTP/1.1" 200 2071 "http://www.fraicolo.fr/categories.php?lang=e&path=28&num=9&action=e" "Mozilla/5.0 (Windows; U; Windows NT 5.1; en-US) AppleWebKit/534.10 (KHTML, like Gecko) Chrome/8.0.552.224 Safari/534.10"
