78.20.80.4 - - [30/Dec/2010:22:33:17 +0100] "GET /im/articles/MICHELmyrtille.JPG HTTP/1.1" 200 10564 "http://www.fraicolo.fr/categories.php?lang=1&path=30&num=48&action=n&sort=Article" "Mozilla/4.0 (compatible; MSIE 7.0; Windows NT 6.0; GTB6.6; SLCC1; .NET CLR 2.0.50727; Media Center PC 5.0; .NET CLR 3.0.04506; InfoPath.2)"
78.20.80.4 - - [30/Dec/2010:22:33:17 +0100] "GET /im/articles/BiochampsFromBlanc0pc.JPG HTTP/1.1" 200 21022 "http://www.fraicolo.fr/categories.php?lang=1&path=30&num=48&action=n&sort=Article" "Mozilla/4.0 (compatible; MSIE 7.0; Windows NT 6.0; GTB6.6; SLCC1; .NET CLR 2.0.50727; Media Center PC 5.0; .NET CLR 3.0.04506; InfoPath.2)"
78.20.80.4 - - [30/Dec/2010:22:33:17 +0100] "GET /im/articles/BioCantal.JPG HTTP/1.1" 200 16051 "http://www.fraicolo.fr/categories.php?lang=1&path=30&num=48&action=n&sort=Article" "Mozilla/4.0 (compatible; MSIE 7.0; Windows NT 6.0; GTB6.6; SLCC1; .NET CLR 2.0.50727; Media Center PC 5.0; .NET CLR 3.0.04506; InfoPath.2)"
78.20.80.4 - - [30/Dec/2010:22:33:18 +0100] "GET /im/articles/BeurreBIO.JPG HTTP/1.1" 200 45096 "http://www.fraicolo.fr/categories.php?lang=1&path=30&num=48&action=n&sort=Article" "Mozilla/4.0 (compatible; MSIE 7.0; Windows NT 6.0; GTB6.6; SLCC1; .NET CLR 2.0.50727; Media Center PC 5.0; .NET CLR 3.0.04506; InfoPath.2)"
78.20.80.4 - - [30/Dec/2010:22:33:18 +0100] "GET /im/articles/BourgogneCranberries.JPG HTTP/1.1" 200 23733 "http://www.fraicolo.fr/categories.php?lang=1&path=30&num=48&action=n&sort=Article" "Mozilla/4.0 (compatible; MSIE 7.0; Windows NT 6.0; GTB6.6; SLCC1; .NET CLR 2.0.50727; Media Center PC 5.0; .NET CLR 3.0.04506; InfoPath.2)"
78.20.80.4 - - [30/Dec/2010:22:33:18 +0100] "GET /im/articles/Brebille.JPG HTTP/1.1" 200 21542 "http://www.fraicolo.fr/categories.php?lang=1&path=30&num=48&action=n&sort=Article" "Mozilla/4.0 (compatible; MSIE 7.0; Windows NT 6.0; GTB6.6; SLCC1; .NET CLR 2.0.50727; Media Center PC 5.0; .NET CLR 3.0.04506; InfoPath.2)"
78.20.80.4 - - [30/Dec/2010:22:33:18 +0100] "GET /im/lang1/menu_infos.gif HTTP/1.1" 200 2010 "http://www.fraicolo.fr/categories.php?lang=1&path=30&num=48&action=n&sort=Article" "Mozilla/4.0 (compatible; MSIE 7.0; Windows NT 6.0; GTB6.6; SLCC1; .NET CLR 2.0.50727; Media Center PC 5.0; .NET CLR 3.0.04506; InfoPath.2)"
78.20.80.4 - - [30/Dec/2010:22:33:18 +0100] "GET /im/lang1/menu_id.gif HTTP/1.1" 200 2056 "http://www.fraicolo.fr/categories.php?lang=1&path=30&num=48&action=n&sort=Article" "Mozilla/4.0 (compatible; MSIE 7.0; Windows NT 6.0; GTB6.6; SLCC1; .NET CLR 2.0.50727; Media Center PC 5.0; .NET CLR 3.0.04506; InfoPath.2)"
78.20.80.4 - - [30/Dec/2010:22:33:18 +0100] "GET /im/lang1/menu_caddie.gif HTTP/1.1" 200 2067 "http://www.fraicolo.fr/categories.php?lang=1&path=30&num=48&action=n&sort=Article" "Mozilla/4.0 (compatible; MSIE 7.0; Windows NT 6.0; GTB6.6; SLCC1; .NET CLR 2.0.50727; Media Center PC 5.0; .NET CLR 3.0.04506; InfoPath.2)"
78.20.80.4 - - [30/Dec/2010:22:33:18 +0100] "GET /im/ok.gif HTTP/1.1" 200 128 "http://www.fraicolo.fr/categories.php?lang=1&path=30&num=48&action=n&sort=Article" "Mozilla/4.0 (compatible; MSIE 7.0; Windows NT 6.0; GTB6.6; SLCC1; .NET CLR 2.0.50727; Media Center PC 5.0; .NET CLR 3.0.04506; InfoPath.2)"
78.20.80.4 - - [30/Dec/2010:22:33:18 +0100] "GET /im/lang1/menu_devis.gif HTTP/1.1" 200 1958 "http://www.fraicolo.fr/categories.php?lang=1&path=30&num=48&action=n&sort=Article" "Mozilla/4.0 (compatible; MSIE 7.0; Windows NT 6.0; GTB6.6; SLCC1; .NET CLR 2.0.50727; Media Center PC 5.0; .NET CLR 3.0.04506; InfoPath.2)"
78.20.80.4 - - [30/Dec/2010:22:33:18 +0100] "GET /im/lang1/menu_subscribe.gif HTTP/1.1" 200 1877 "http://www.fraicolo.fr/categories.php?lang=1&path=30&num=48&action=n&sort=Article" "Mozilla/4.0 (compatible; MSIE 7.0; Windows NT 6.0; GTB6.6; SLCC1; .NET CLR 2.0.50727; Media Center PC 5.0; .NET CLR 3.0.04506; InfoPath.2)"
78.20.80.4 - - [30/Dec/2010:22:33:18 +0100] "GET /im/background/menuright.gif HTTP/1.1" 200 1832 "http://www.fraicolo.fr/categories.php?lang=1&path=30&num=48&action=n&sort=Article" "Mozilla/4.0 (compatible; MSIE 7.0; Windows NT 6.0; GTB6.6; SLCC1; .NET CLR 2.0.50727; Media Center PC 5.0; .NET CLR 3.0.04506; InfoPath.2)"
89.3.238.3 - - [30/Dec/2010:22:33:46 +0100] "GET /im/articles/Granola.JPG HTTP/1.1" 200 59905 "-" "Mozilla/5.0 (Windows; U; Windows NT 6.1; fr; rv:1.9.2.13) Gecko/20101203 Firefox/3.6.13"
194.150.236.161 - - [30/Dec/2010:22:33:47 +0100] "HEAD /im/banner/Affiliation_Fraicolo_120x60.gif HTTP/1.1" 200 - "-" "-"
194.150.236.161 - - [30/Dec/2010:22:33:47 +0100] "GET /im/banner/Affiliation_Fraicolo_120x60.gif HTTP/1.1" 200 16471 "-" "PHP/5.2.6"
66.249.71.193 - - [30/Dec/2010:22:34:00 +0100] "GET /list.php?lang=1&path=0&num=0&action=e&sort=Article&page=0 HTTP/1.1" 404 - "-" "Mozilla/5.0 (compatible; Googlebot/2.1; +http://www.google.com/bot.html)"
193.252.149.13 - - [30/Dec/2010:22:34:14 +0100] "GET /description.php?lang=1&id=1009 HTTP/1.1" 404 - "-" "Mozilla/5.0 (Windows; U; Windows NT 5.1; fr; rv:1.8.1) VoilaBot BETA 1.2 (support.voilabot@orange-ftgroup.com)"
82.252.197.220 - - [30/Dec/2010:22:34:38 +0100] "GET /im/articles/ChipsTraiteur.JPG HTTP/1.1" 200 31181 "http://www.eternia-fr.net/news_903_film-13-le-maitre-de-l-illusion-zoroark-disponible-en-vostfr.html" "Mozilla/5.0 (Windows; U; Windows NT 6.0; fr; rv:1.9.0.19) Gecko/2010031422 Firefox/3.0.19 ( .NET CLR 3.5.30729; .NET4.0C)"
194.150.236.161 - - [30/Dec/2010:22:34:42 +0100] "HEAD /im/banner/Affiliation_Fraicolo_120x60.gif HTTP/1.1" 200 - "-" "-"
194.150.236.161 - - [30/Dec/2010:22:34:42 +0100] "GET /im/banner/Affiliation_Fraicolo_120x60.gif HTTP/1.1" 200 16471 "-" "PHP/5.2.6"
81.52.143.30 - - [30/Dec/2010:22:34:58 +0100] "GET /description.php?lang=1&path=124&sort=Article&page=0&id=903 HTTP/1.1" 404 - "-" "Mozilla/5.0 (Windows; U; Windows NT 5.1; fr; rv:1.8.1) VoilaBot BETA 1.2 (support.voilabot@orange-ftgroup.com)"
123.125.71.52 - - [30/Dec/2010:22:35:03 +0100] "GET /im/articles/PoivronRougeBIO.JPG HTTP/1.1" 200 8055 "-" "Baiduspider-image+(+http://www.baidu.com/search/spider.htm)"
86.68.50.141 - - [30/Dec/2010:22:35:05 +0100] "GET /im/articles/ChipsTraiteur.JPG HTTP/1.1" 200 31181 "http://www.eternia-fr.net/news_857_best-wishes-04-disponible-en-vostfr.html" "Mozilla/4.0 (compatible; MSIE 7.0; Windows NT 5.1; FunWebProducts; GTB6.6; .NET CLR 2.0.50727; .NET CLR 3.0.4506.2152; .NET CLR 3.5.30729)"
66.249.71.6 - - [30/Dec/2010:22:35:05 +0100] "GET /description.php?lang=1&path=33&sort=Id&page=0&id=420&AdSearch=on HTTP/1.1" 200 12170 "-" "Mozilla/5.0 (compatible; Googlebot/2.1; +http://www.google.com/bot.html)"
194.150.236.161 - - [30/Dec/2010:22:35:11 +0100] "HEAD /im/banner/Affiliation_Fraicolo_120x60.gif HTTP/1.1" 200 - "-" "-"
86.68.50.141 - - [30/Dec/2010:22:35:11 +0100] "GET /im/articles/ChipsTraiteur.JPG HTTP/1.1" 206 27252 "http://www.eternia-fr.net/news_857_best-wishes-04-disponible-en-vostfr.html" "Mozilla/4.0 (compatible; MSIE 7.0; Windows NT 5.1; FunWebProducts; GTB6.6; .NET CLR 2.0.50727; .NET CLR 3.0.4506.2152; .NET CLR 3.5.30729)"
194.150.236.161 - - [30/Dec/2010:22:35:12 +0100] "GET /im/banner/Affiliation_Fraicolo_120x60.gif HTTP/1.1" 200 16471 "-" "PHP/5.2.6"
213.213.218.238 - - [30/Dec/2010:22:35:25 +0100] "GET /im/payment.gif HTTP/1.1" 304 - "http://www.fraicolo.fr/list.php?lang=1&path=54&sort=Article&page=0" "Mozilla/4.0 (compatible; MSIE 8.0; Windows NT 6.0; Trident/4.0; SLCC1; .NET CLR 2.0.50727; Media Center PC 5.0; .NET CLR 3.5.30729; .NET CLR 3.0.30729; .NET4.0C)"
67.195.112.48 - - [30/Dec/2010:22:35:55 +0100] "GET /description.php?lang=1&path=57&id=1451 HTTP/1.0" 200 11087 "-" "Mozilla/5.0 (compatible; Yahoo! Slurp; http://help.yahoo.com/help/us/ysearch/slurp)"
194.150.236.161 - - [30/Dec/2010:22:36:03 +0100] "HEAD /im/banner/Affiliation_Fraicolo_120x60.gif HTTP/1.1" 200 - "-" "-"
194.150.236.161 - - [30/Dec/2010:22:36:03 +0100] "GET /im/banner/Affiliation_Fraicolo_120x60.gif HTTP/1.1" 200 16471 "-" "PHP/5.2.6"
213.213.218.238 - - [30/Dec/2010:22:36:04 +0100] "GET /im/payment.gif HTTP/1.1" 304 - "http://www.fraicolo.fr/list.php?lang=1&path=54&sort=Article&page=0" "Mozilla/4.0 (compatible; MSIE 8.0; Windows NT 6.0; Trident/4.0; SLCC1; .NET CLR 2.0.50727; Media Center PC 5.0; .NET CLR 3.5.30729; .NET CLR 3.0.30729; .NET4.0C)"
194.150.236.161 - - [30/Dec/2010:22:36:13 +0100] "HEAD /im/banner/Affiliation_Fraicolo_120x60.gif HTTP/1.1" 200 - "-" "-"
194.150.236.161 - - [30/Dec/2010:22:36:13 +0100] "GET /im/banner/Affiliation_Fraicolo_120x60.gif HTTP/1.1" 200 16471 "-" "PHP/5.2.6"
207.46.204.213 - - [30/Dec/2010:22:36:17 +0100] "GET /categories.php?lang=e&path=30&num=34&action=e HTTP/1.1" 200 16130 "-" "Mozilla/4.0 (compatible; MSIE 7.0; Windows NT 5.2; SLCC1; .NET CLR 1.1.4322; .NET CLR 2.0.40607; .NET CLR 3.0.04506.648)"
207.46.204.213 - - [30/Dec/2010:22:36:23 +0100] "GET /css/scss.css HTTP/1.1" 200 3683 "http://www.fraicolo.fr/categories.php?lang=e&path=30&num=34&action=e" "Mozilla/4.0 (compatible; MSIE 7.0; Windows NT 5.2; SLCC1; .NET CLR 1.1.4322; .NET CLR 2.0.40607; .NET CLR 3.0.04506.648)"
207.46.204.213 - - [30/Dec/2010:22:36:31 +0100] "GET /includes/popImage.js HTTP/1.1" 200 1233 "http://www.fraicolo.fr/categories.php?lang=e&path=30&num=34&action=e" "Mozilla/4.0 (compatible; MSIE 7.0; Windows NT 5.2; SLCC1; .NET CLR 1.1.4322; .NET CLR 2.0.40607; .NET CLR 3.0.04506.648)"
81.56.95.217 - - [30/Dec/2010:22:36:38 +0100] "GET /im/articles/ChipsTraiteur.JPG HTTP/1.1" 200 31181 "http://www.eternia-fr.net/news_903_film-13-le-maitre-de-l-illusion-zoroark-disponible-en-vostfr.html" "Mozilla/4.0 (compatible; MSIE 8.0; Windows NT 6.1; WOW64; Trident/4.0; GTB6.6; SLCC2; .NET CLR 2.0.50727; .NET CLR 3.5.30729; .NET CLR 3.0.30729; Media Center PC 6.0; MDDC; InfoPath.1; .NET4.0C)"
213.213.218.238 - - [30/Dec/2010:22:36:43 +0100] "GET /im/payment.gif HTTP/1.1" 304 - "http://www.fraicolo.fr/list.php?lang=1&path=54&sort=Article&page=0" "Mozilla/4.0 (compatible; MSIE 8.0; Windows NT 6.0; Trident/4.0; SLCC1; .NET CLR 2.0.50727; Media Center PC 5.0; .NET CLR 3.5.30729; .NET CLR 3.0.30729; .NET4.0C)"
90.17.186.99 - - [30/Dec/2010:22:36:46 +0100] "GET /im/articles/Lasagne.JPG HTTP/1.1" 200 26926 "http://www.stereopoly.com/jeu/profil.php?id=844300" "Mozilla/4.0 (compatible; MSIE 7.0; Windows NT 6.0; FBSMTWB; GTB6.6; SLCC1; .NET CLR 2.0.50727; Media Center PC 5.0; .NET CLR 3.5.30729; .NET4.0C; .NET CLR 3.0.30729)"
194.150.236.161 - - [30/Dec/2010:22:36:48 +0100] "HEAD /im/banner/Affiliation_Fraicolo_120x60.gif HTTP/1.1" 200 - "-" "-"
194.150.236.161 - - [30/Dec/2010:22:36:49 +0100] "GET /im/banner/Affiliation_Fraicolo_120x60.gif HTTP/1.1" 200 16471 "-" "PHP/5.2.6"
173.192.238.37 - - [30/Dec/2010:22:36:55 +0100] "GET / HTTP/1.1" 302 1543 "-" "Mozilla/5.0 (X11; U; Linux x86_64; en-US; rv:1.9.0.19; aggregator:Spinn3r (Spinn3r 3.1); http://spinn3r.com/robot) Gecko/2010040121 Firefox/3.0.19"
173.192.238.37 - - [30/Dec/2010:22:36:55 +0100] "GET /catalog.php HTTP/1.1" 200 10909 "-" "Mozilla/5.0 (X11; U; Linux x86_64; en-US; rv:1.9.0.19; aggregator:Spinn3r (Spinn3r 3.1); http://spinn3r.com/robot) Gecko/2010040121 Firefox/3.0.19"
81.52.143.33 - - [30/Dec/2010:22:37:37 +0100] "GET /description.php?lang=1&path=80&sort=Article&page=0&id=736 HTTP/1.1" 404 - "-" "Mozilla/5.0 (Windows; U; Windows NT 5.1; fr; rv:1.8.1) VoilaBot BETA 1.2 (support.voilabot@orange-ftgroup.com)"
78.112.52.62 - - [30/Dec/2010:22:37:39 +0100] "GET /im/articles/PommeRoyale.jpg HTTP/1.1" 200 14187 "http://aroundmyworld.over-blog.com/categorie-11054092.html" "Mozilla/4.0 (compatible; MSIE 8.0; Windows NT 6.1; WOW64; Trident/4.0; SLCC2; .NET CLR 2.0.50727; .NET CLR 3.5.30729; .NET CLR 3.0.30729; Media Center PC 6.0; .NET4.0C)"
194.150.236.161 - - [30/Dec/2010:22:37:44 +0100] "HEAD /im/banner/Affiliation_Fraicolo_120x60.gif HTTP/1.1" 200 - "-" "-"
194.150.236.161 - - [30/Dec/2010:22:37:45 +0100] "GET /im/banner/Affiliation_Fraicolo_120x60.gif HTTP/1.1" 200 16471 "-" "PHP/5.2.6"
24.37.75.232 - - [30/Dec/2010:22:37:51 +0100] "GET /im/articles/ChipsTraiteur.JPG HTTP/1.1" 200 31181 "http://www.eternia-fr.net/news_903_film-13-le-maitre-de-l-illusion-zoroark-disponible-en-vostfr.html" "Mozilla/5.0 (Windows; U; Windows NT 6.1; fr; rv:1.9.2.13) Gecko/20101203 AskTbMYC/3.9.1.14019 Firefox/3.6.13 GTB7.1"
66.249.71.6 - - [30/Dec/2010:22:38:15 +0100] "GET /list.php?lang=1&path=144&num=55&action=n&sort=Article&page=0&AdSearch=on HTTP/1.1" 200 12799 "-" "Mozilla/5.0 (compatible; Googlebot/2.1; +http://www.google.com/bot.html)"
81.249.85.31 - - [30/Dec/2010:22:38:48 +0100] "GET /favicon.ico HTTP/1.0" 200 1150 "-" "Safari/6533.19.4 CFNetwork/454.11.5 Darwin/10.5.0 (i386) (iMac6%2C1)"
194.150.236.161 - - [30/Dec/2010:22:39:14 +0100] "HEAD /im/banner/Affiliation_Fraicolo_120x60.gif HTTP/1.1" 200 - "-" "-"
194.150.236.161 - - [30/Dec/2010:22:39:15 +0100] "GET /im/banner/Affiliation_Fraicolo_120x60.gif HTTP/1.1" 200 16471 "-" "PHP/5.2.6"
66.249.71.6 - - [30/Dec/2010:22:39:32 +0100] "GET /description.php?lang=1&path=41&id=475&AdSearch=on HTTP/1.1" 200 12164 "-" "Mozilla/5.0 (compatible; Googlebot/2.1; +http://www.google.com/bot.html)"
77.199.94.226 - - [30/Dec/2010:22:39:45 +0100] "GET /im/articles/SodasCocaCola.JPG HTTP/1.1" 200 24471 "http://mon-amie.eklablog.com/" "Mozilla/5.0 (Windows; U; Windows NT 5.1; en-US) AppleWebKit/534.10 (KHTML, like Gecko) Chrome/8.0.552.224 Safari/534.10"
81.52.143.33 - - [30/Dec/2010:22:40:05 +0100] "GET /description.php?lang=1&path=79&sort=Article&page=0&id=696 HTTP/1.1" 404 - "-" "Mozilla/5.0 (Windows; U; Windows NT 5.1; fr; rv:1.8.1) VoilaBot BETA 1.2 (support.voilabot@orange-ftgroup.com)"
67.195.112.48 - - [30/Dec/2010:22:40:17 +0100] "GET /description.php?lang=1&id=643 HTTP/1.0" 200 11193 "-" "Mozilla/5.0 (compatible; Yahoo! Slurp; http://help.yahoo.com/help/us/ysearch/slurp)"
207.46.13.138 - - [30/Dec/2010:22:40:20 +0100] "GET /description.php?lang=1&id=657 HTTP/1.1" 200 11159 "-" "Mozilla/5.0 (compatible; bingbot/2.0; +http://www.bing.com/bingbot.htm)"
207.46.195.233 - - [30/Dec/2010:22:40:23 +0100] "GET /description.php?lang=1&id=1406 HTTP/1.1" 200 11125 "-" "Mozilla/5.0 (compatible; bingbot/2.0; +http://www.bing.com/bingbot.htm)"
188.48.120.216 - - [30/Dec/2010:22:40:26 +0100] "GET /im/articles/BarquetteFraise.JPG HTTP/1.1" 200 60638 "http://forum.hawaaworld.com/showthread.php?t=1590937&page=14" "Mozilla/4.0 (compatible; MSIE 7.0; Windows NT 6.0; GTB6.6; SLCC1; .NET CLR 2.0.50727; InfoPath.2; .NET CLR 3.5.30729; .NET CLR 3.0.30618)"
194.150.236.161 - - [30/Dec/2010:22:40:36 +0100] "HEAD /im/banner/Affiliation_Fraicolo_120x60.gif HTTP/1.1" 200 - "-" "-"
194.150.236.161 - - [30/Dec/2010:22:40:36 +0100] "GET /im/banner/Affiliation_Fraicolo_120x60.gif HTTP/1.1" 200 16471 "-" "PHP/5.2.6"
207.46.13.95 - - [30/Dec/2010:22:40:51 +0100] "GET /description.php?lang=1&path=79&sort=Article&page=0&id=237 HTTP/1.1" 200 11349 "-" "Mozilla/5.0 (compatible; bingbot/2.0; +http://www.bing.com/bingbot.htm)"
194.150.236.161 - - [30/Dec/2010:22:40:58 +0100] "HEAD /im/banner/Affiliation_Fraicolo_120x60.gif HTTP/1.1" 200 - "-" "-"
194.150.236.161 - - [30/Dec/2010:22:40:58 +0100] "GET /im/banner/Affiliation_Fraicolo_120x60.gif HTTP/1.1" 200 16471 "-" "PHP/5.2.6"
88.182.201.3 - - [30/Dec/2010:22:41:03 +0100] "GET /im/articles/ChipsTraiteur.JPG HTTP/1.1" 200 31181 "http://forum.gulli.fr/htm2/pokemon-adieu-aurore-et-pierre-venez-lachez-les-vos-me,m-1074064.aspx" "Mozilla/5.0 (Windows; U; Windows NT 6.0; fr; rv:1.9.2.13) Gecko/20101203 Firefox/3.6.13 ( .NET CLR 3.5.30729; .NET4.0C)"
194.150.236.161 - - [30/Dec/2010:22:41:20 +0100] "HEAD /im/banner/Affiliation_Fraicolo_120x60.gif HTTP/1.1" 200 - "-" "-"
194.150.236.161 - - [30/Dec/2010:22:41:20 +0100] "GET /im/banner/Affiliation_Fraicolo_120x60.gif HTTP/1.1" 200 16471 "-" "PHP/5.2.6"
81.247.62.105 - - [30/Dec/2010:22:41:21 +0100] "GET /im/articles/ChipsTraiteur.JPG HTTP/1.1" 200 31181 "http://www.eternia-fr.net/news_903_film-13-le-maitre-de-l-illusion-zoroark-disponible-en-vostfr.html" "Mozilla/4.0 (compatible; MSIE 7.0; Windows NT 6.1; Trident/4.0; GTB6.6; SLCC2; .NET CLR 2.0.50727; .NET CLR 3.5.30729; .NET CLR 3.0.30729; .NET4.0C)"
207.46.199.54 - - [30/Dec/2010:22:41:23 +0100] "GET /description.php?lang=1&path=139&sort=Article&page=0&id=325 HTTP/1.1" 200 11115 "-" "Mozilla/5.0 (compatible; bingbot/2.0; +http://www.bing.com/bingbot.htm)"
67.195.112.48 - - [30/Dec/2010:22:41:25 +0100] "GET /categories.php?lang=1&path=32&num=25&action=c HTTP/1.0" 200 15387 "-" "Mozilla/5.0 (compatible; Yahoo! Slurp; http://help.yahoo.com/help/us/ysearch/slurp)"
83.112.191.222 - - [30/Dec/2010:22:41:29 +0100] "GET /im/articles/SodasCocaCola.JPG HTTP/1.1" 304 - "http://mon-amie.eklablog.com/salut-tout-le-mondes-a2406742" "Mozilla/5.0 (Windows; U; Windows NT 6.1; en-US) AppleWebKit/534.10 (KHTML, like Gecko) Chrome/8.0.552.224 Safari/534.10"
67.195.112.48 - - [30/Dec/2010:22:41:36 +0100] "GET /description.php?lang=1&path=167&sort=Article&page=0&id=374 HTTP/1.0" 200 11174 "-" "Mozilla/5.0 (compatible; Yahoo! Slurp; http://help.yahoo.com/help/us/ysearch/slurp)"
194.150.236.161 - - [30/Dec/2010:22:41:44 +0100] "HEAD /im/banner/Affiliation_Fraicolo_120x60.gif HTTP/1.1" 200 - "-" "-"
194.150.236.161 - - [30/Dec/2010:22:41:45 +0100] "GET /im/banner/Affiliation_Fraicolo_120x60.gif HTTP/1.1" 200 16471 "-" "PHP/5.2.6"
66.249.71.193 - - [30/Dec/2010:22:42:12 +0100] "GET /list.php?lang=1&path=0&num=0&action=n&sort=Article&page=0 HTTP/1.1" 404 - "-" "Mozilla/5.0 (compatible; Googlebot/2.1; +http://www.google.com/bot.html)"
67.195.112.48 - - [30/Dec/2010:22:42:46 +0100] "GET /description.php?lang=1&id=821 HTTP/1.0" 200 11094 "-" "Mozilla/5.0 (compatible; Yahoo! Slurp; http://help.yahoo.com/help/us/ysearch/slurp)"
67.195.112.48 - - [30/Dec/2010:22:42:58 +0100] "GET /description.php?lang=1&path=71&sort=Article&page=0&id=1293 HTTP/1.0" 200 11228 "-" "Mozilla/5.0 (compatible; Yahoo! Slurp; http://help.yahoo.com/help/us/ysearch/slurp)"
194.150.236.161 - - [30/Dec/2010:22:42:59 +0100] "HEAD /im/banner/Affiliation_Fraicolo_120x60.gif HTTP/1.1" 200 - "-" "-"
194.150.236.161 - - [30/Dec/2010:22:43:00 +0100] "GET /im/banner/Affiliation_Fraicolo_120x60.gif HTTP/1.1" 200 16471 "-" "PHP/5.2.6"
86.68.116.7 - - [30/Dec/2010:22:43:07 +0100] "GET /im/articles/ChipsTraiteur.JPG HTTP/1.1" 200 31181 "http://www.eternia-fr.net/news_896_best-wishes-13-disponible-en-vostfr.html" "Mozilla/5.0 (Windows; U; Windows NT 6.1; fr; rv:1.9.2.13) Gecko/20101203 Firefox/3.6.13"
66.249.71.6 - - [30/Dec/2010:22:43:42 +0100] "GET /categories.php?lang=1&path=87&num=69&action=n&sort=Article&page=0&AdSearch=on HTTP/1.1" 200 16762 "-" "Mozilla/5.0 (compatible; Googlebot/2.1; +http://www.google.com/bot.html)"
66.249.71.6 - - [30/Dec/2010:22:43:43 +0100] "GET /description.php?id=488&AdSearch=on HTTP/1.1" 200 12175 "-" "Mozilla/5.0 (compatible; Googlebot/2.1; +http://www.google.com/bot.html)"
66.249.71.193 - - [30/Dec/2010:22:43:46 +0100] "GET /description.php?lang=1&id=1268&AdSearch=on HTTP/1.1" 200 12225 "-" "Mozilla/5.0 (compatible; Googlebot/2.1; +http://www.google.com/bot.html)"
66.249.71.6 - - [30/Dec/2010:22:44:06 +0100] "GET /categories.php?lang=1&path=89&num=61&action=n&sort=Article HTTP/1.1" 200 15346 "-" "Mozilla/5.0 (compatible; Googlebot/2.1; +http://www.google.com/bot.html)"
67.195.112.48 - - [30/Dec/2010:22:44:11 +0100] "GET /description.php?lang=1&path=151&id=1546 HTTP/1.0" 200 11122 "-" "Mozilla/5.0 (compatible; Yahoo! Slurp; http://help.yahoo.com/help/us/ysearch/slurp)"
83.114.87.66 - - [30/Dec/2010:22:44:14 +0100] "GET /im/articles/AgneauCotes.JPG HTTP/1.1" 200 61940 "http://www.rodeosaladgang.biz/" "Mozilla/5.0 (Windows; U; Windows NT 6.0; fr-FR) AppleWebKit/533.16 (KHTML, like Gecko) Version/5.0 Safari/533.16"
66.249.71.193 - - [30/Dec/2010:22:44:19 +0100] "GET /description.php?lang=1&id=1266&AdSearch=on HTTP/1.1" 200 12238 "-" "Mozilla/5.0 (compatible; Googlebot/2.1; +http://www.google.com/bot.html)"
66.249.71.6 - - [30/Dec/2010:22:44:24 +0100] "GET /ipos/description.php?lang=1&path=41&sort=Article&page=0&path=41&id=527 HTTP/1.1" 200 3561 "-" "Mozilla/5.0 (compatible; Googlebot/2.1; +http://www.google.com/bot.html)"
82.123.71.108 - - [30/Dec/2010:22:44:38 +0100] "GET /categories.php?lang=1&path=30&num=48&action=n&sort=Article HTTP/1.1" 200 16264 "http://www.google.fr/imgres?imgurl=http://www.fraicolo.fr/im/articles/LaitBouteille.JPG&imgrefurl=http://www.fraicolo.fr/categories.php%3Flang%3D1%26path%3D30%26num%3D48%26action%3Dn%26sort%3DArticle&usg=__b3bKYYTpYXIbx7qJIRH5KdtUCk0=&h=668&w=446&sz=16&hl=fr&start=6&zoom=1&um=1&itbs=1&tbnid=vEWjK9JXrfthwM:&tbnh=138&tbnw=92&prev=/images%3Fq%3DBouteille%2Blait%2B%25C3%25A9cr%25C3%25A9m%25C3%25A9%26um%3D1%26hl%3Dfr%26sa%3DN%26ndsp%3D21%26tbs%3Disch:1,isz:m" "Mozilla/5.0 (Windows; U; Windows NT 6.1; en-US) AppleWebKit/534.10 (KHTML, like Gecko) Chrome/8.0.552.224 Safari/534.10"
82.123.71.108 - - [30/Dec/2010:22:44:39 +0100] "GET /im/articles/LaitBouteille.JPG HTTP/1.1" 200 16054 "http://www.google.fr/imgres?imgurl=http://www.fraicolo.fr/im/articles/LaitBouteille.JPG&imgrefurl=http://www.fraicolo.fr/categories.php%3Flang%3D1%26path%3D30%26num%3D48%26action%3Dn%26sort%3DArticle&usg=__b3bKYYTpYXIbx7qJIRH5KdtUCk0=&h=668&w=446&sz=16&hl=fr&start=6&zoom=1&um=1&itbs=1&tbnid=vEWjK9JXrfthwM:&tbnh=138&tbnw=92&prev=/images%3Fq%3DBouteille%2Blait%2B%25C3%25A9cr%25C3%25A9m%25C3%25A9%26um%3D1%26hl%3Dfr%26sa%3DN%26ndsp%3D21%26tbs%3Disch:1,isz:m" "Mozilla/5.0 (Windows; U; Windows NT 6.1; en-US) AppleWebKit/534.10 (KHTML, like Gecko) Chrome/8.0.552.224 Safari/534.10"
82.123.71.108 - - [30/Dec/2010:22:44:39 +0100] "GET /favicon.ico HTTP/1.1" 200 293 "-" "Mozilla/5.0 (Windows; U; Windows NT 6.1; en-US) AppleWebKit/534.10 (KHTML, like Gecko) Chrome/8.0.552.224 Safari/534.10"
82.123.71.108 - - [30/Dec/2010:22:44:55 +0100] "GET /im/articles/LaitBouteille.JPG HTTP/1.1" 200 16054 "-" "Mozilla/4.0 (compatible; MSIE 7.0; Windows NT 6.1; WOW64; Trident/4.0; GTB6.6; SLCC2; .NET CLR 2.0.50727; .NET CLR 3.5.30729; .NET CLR 3.0.30729; Media Center PC 6.0; .NET4.0C; MATM; ms-office; MSOffice 14)"
82.225.56.111 - - [30/Dec/2010:22:44:59 +0100] "GET /im/articles/ChipsTraiteur.JPG HTTP/1.1" 304 - "http://www.eternia-fr.net/news_903_film-13-le-maitre-de-l-illusion-zoroark-disponible-en-vostfr.html" "Mozilla/4.0 (compatible; MSIE 8.0; Windows NT 6.0; Trident/4.0; SLCC1; .NET CLR 2.0.50727; Media Center PC 5.0; eSobiSubscriber 2.0.4.16; .NET4.0C; .NET CLR 3.5.30729; .NET CLR 3.0.30729; yie8)"
88.167.215.170 - - [30/Dec/2010:22:45:03 +0100] "GET /im/articles/ChipsTraiteur.JPG HTTP/1.1" 200 31181 "http://www.eternia-fr.net/news_903_film-13-le-maitre-de-l-illusion-zoroark-disponible-en-vostfr.html" "Mozilla/5.0 (Windows; U; Windows NT 5.1; fr; rv:1.9.0.19) Gecko/2010031422 AskTbFF/3.9.1.14019 Firefox/3.0.19 ( .NET CLR 3.5.30729)"
77.200.120.64 - - [30/Dec/2010:22:45:19 +0100] "GET /im/articles/ChipsTraiteur.JPG HTTP/1.1" 200 31181 "http://www.eternia-fr.net/news_903_film-13-le-maitre-de-l-illusion-zoroark-disponible-en-vostfr.html" "Mozilla/5.0 (iPad; U; CPU OS 4_2_1 like Mac OS X; fr-fr) AppleWebKit/533.17.9 (KHTML, like Gecko) Version/5.0.2 Mobile/8C148 Safari/6533.18.5"
194.150.236.161 - - [30/Dec/2010:22:45:24 +0100] "HEAD /im/banner/Affiliation_Fraicolo_120x60.gif HTTP/1.1" 200 - "-" "-"
194.150.236.161 - - [30/Dec/2010:22:45:24 +0100] "GET /im/banner/Affiliation_Fraicolo_120x60.gif HTTP/1.1" 200 16471 "-" "PHP/5.2.6"
66.249.71.6 - - [30/Dec/2010:22:45:26 +0100] "GET /ipos/description.php?lang=1&path=41&sort=Article&page=0&path=41&id=1237 HTTP/1.1" 200 3525 "-" "Mozilla/5.0 (compatible; Googlebot/2.1; +http://www.google.com/bot.html)"
72.47.228.11 - - [30/Dec/2010:22:45:32 +0100] "GET / HTTP/1.1" 302 3354 "-" "Mozilla/4.0 (compatible; MSIE 7.01; Windows NT 5.0)"
72.47.228.11 - - [30/Dec/2010:22:45:33 +0100] "GET /catalog.php HTTP/1.1" 200 69779 "-" "Mozilla/4.0 (compatible; MSIE 7.01; Windows NT 5.0)"
92.147.216.224 - - [30/Dec/2010:22:45:44 +0100] "GET /description.php?lang2=1&id=204&path=105 HTTP/1.1" 200 11351 "http://www.twenga.fr/r.php?tp=7220936622901042986&site_id=54815&refurl=23db8b97d26d4da9e6b6fa9e5ec02411&pos=19&dir=8&link_type=2&dd_seq=21&pmt=0" "Mozilla/5.0 (Windows; U; Windows NT 6.0; fr; rv:1.9.2.13) Gecko/20101203 Firefox/3.6.13 ( .NET CLR 3.5.30729; .NET4.0C)"
92.147.216.224 - - [30/Dec/2010:22:45:45 +0100] "GET /css/scss.css HTTP/1.1" 200 3683 "http://www.fraicolo.fr/description.php?lang2=1&id=204&path=105" "Mozilla/5.0 (Windows; U; Windows NT 6.0; fr; rv:1.9.2.13) Gecko/20101203 Firefox/3.6.13 ( .NET CLR 3.5.30729; .NET4.0C)"
92.147.216.224 - - [30/Dec/2010:22:45:45 +0100] "GET /includes/popImage.js HTTP/1.1" 200 1233 "http://www.fraicolo.fr/description.php?lang2=1&id=204&path=105" "Mozilla/5.0 (Windows; U; Windows NT 6.0; fr; rv:1.9.2.13) Gecko/20101203 Firefox/3.6.13 ( .NET CLR 3.5.30729; .NET4.0C)"
92.147.216.224 - - [30/Dec/2010:22:45:45 +0100] "GET /im/zzz.gif HTTP/1.1" 200 49 "http://www.fraicolo.fr/description.php?lang2=1&id=204&path=105" "Mozilla/5.0 (Windows; U; Windows NT 6.0; fr; rv:1.9.2.13) Gecko/20101203 Firefox/3.6.13 ( .NET CLR 3.5.30729; .NET4.0C)"
92.147.216.224 - - [30/Dec/2010:22:45:45 +0100] "GET /im/accueil.gif HTTP/1.1" 200 511 "http://www.fraicolo.fr/description.php?lang2=1&id=204&path=105" "Mozilla/5.0 (Windows; U; Windows NT 6.0; fr; rv:1.9.2.13) Gecko/20101203 Firefox/3.6.13 ( .NET CLR 3.5.30729; .NET4.0C)"
92.147.216.224 - - [30/Dec/2010:22:45:45 +0100] "GET /im/LOGOFraicolo.png HTTP/1.1" 200 21138 "http://www.fraicolo.fr/description.php?lang2=1&id=204&path=105" "Mozilla/5.0 (Windows; U; Windows NT 6.0; fr; rv:1.9.2.13) Gecko/20101203 Firefox/3.6.13 ( .NET CLR 3.5.30729; .NET4.0C)"
92.147.216.224 - - [30/Dec/2010:22:45:45 +0100] "GET /im/lang1/menu_search.gif HTTP/1.1" 200 1955 "http://www.fraicolo.fr/description.php?lang2=1&id=204&path=105" "Mozilla/5.0 (Windows; U; Windows NT 6.0; fr; rv:1.9.2.13) Gecko/20101203 Firefox/3.6.13 ( .NET CLR 3.5.30729; .NET4.0C)"
92.147.216.224 - - [30/Dec/2010:22:45:45 +0100] "GET /im/path.gif HTTP/1.1" 200 363 "http://www.fraicolo.fr/description.php?lang2=1&id=204&path=105" "Mozilla/5.0 (Windows; U; Windows NT 6.0; fr; rv:1.9.2.13) Gecko/20101203 Firefox/3.6.13 ( .NET CLR 3.5.30729; .NET4.0C)"
92.147.216.224 - - [30/Dec/2010:22:45:45 +0100] "GET /favicon.ico HTTP/1.1" 200 293 "-" "Mozilla/5.0 (Windows; U; Windows NT 6.0; fr; rv:1.9.2.13) Gecko/20101203 Firefox/3.6.13 ( .NET CLR 3.5.30729; .NET4.0C)"
92.147.216.224 - - [30/Dec/2010:22:45:45 +0100] "GET /im/payment.gif HTTP/1.1" 200 2578 "http://www.fraicolo.fr/description.php?lang2=1&id=204&path=105" "Mozilla/5.0 (Windows; U; Windows NT 6.0; fr; rv:1.9.2.13) Gecko/20101203 Firefox/3.6.13 ( .NET CLR 3.5.30729; .NET4.0C)"
92.147.216.224 - - [30/Dec/2010:22:45:46 +0100] "GET /includes/menu/plus.gif HTTP/1.1" 200 71 "http://www.fraicolo.fr/description.php?lang2=1&id=204&path=105" "Mozilla/5.0 (Windows; U; Windows NT 6.0; fr; rv:1.9.2.13) Gecko/20101203 Firefox/3.6.13 ( .NET CLR 3.5.30729; .NET4.0C)"
92.147.216.224 - - [30/Dec/2010:22:45:46 +0100] "GET /im/lang1/menu_com.gif HTTP/1.1" 200 2071 "http://www.fraicolo.fr/description.php?lang2=1&id=204&path=105" "Mozilla/5.0 (Windows; U; Windows NT 6.0; fr; rv:1.9.2.13) Gecko/20101203 Firefox/3.6.13 ( .NET CLR 3.5.30729; .NET4.0C)"
92.147.216.224 - - [30/Dec/2010:22:45:46 +0100] "GET /im/f_prev.gif HTTP/1.1" 200 68 "http://www.fraicolo.fr/description.php?lang2=1&id=204&path=105" "Mozilla/5.0 (Windows; U; Windows NT 6.0; fr; rv:1.9.2.13) Gecko/20101203 Firefox/3.6.13 ( .NET CLR 3.5.30729; .NET4.0C)"
92.147.216.224 - - [30/Dec/2010:22:45:46 +0100] "GET /im/f_next.gif HTTP/1.1" 200 67 "http://www.fraicolo.fr/description.php?lang2=1&id=204&path=105" "Mozilla/5.0 (Windows; U; Windows NT 6.0; fr; rv:1.9.2.13) Gecko/20101203 Firefox/3.6.13 ( .NET CLR 3.5.30729; .NET4.0C)"
92.147.216.224 - - [30/Dec/2010:22:45:46 +0100] "GET /im/stockok.gif HTTP/1.1" 200 920 "http://www.fraicolo.fr/description.php?lang2=1&id=204&path=105" "Mozilla/5.0 (Windows; U; Windows NT 6.0; fr; rv:1.9.2.13) Gecko/20101203 Firefox/3.6.13 ( .NET CLR 3.5.30729; .NET4.0C)"
92.147.216.224 - - [30/Dec/2010:22:45:46 +0100] "GET /im/lang1/articles.gif HTTP/1.1" 200 1100 "http://www.fraicolo.fr/description.php?lang2=1&id=204&path=105" "Mozilla/5.0 (Windows; U; Windows NT 6.0; fr; rv:1.9.2.13) Gecko/20101203 Firefox/3.6.13 ( .NET CLR 3.5.30729; .NET4.0C)"
92.147.216.224 - - [30/Dec/2010:22:45:46 +0100] "GET /im/lang1/menu_infos.gif HTTP/1.1" 200 2010 "http://www.fraicolo.fr/description.php?lang2=1&id=204&path=105" "Mozilla/5.0 (Windows; U; Windows NT 6.0; fr; rv:1.9.2.13) Gecko/20101203 Firefox/3.6.13 ( .NET CLR 3.5.30729; .NET4.0C)"
92.147.216.224 - - [30/Dec/2010:22:45:46 +0100] "GET /im/fleche_right.gif HTTP/1.1" 200 58 "http://www.fraicolo.fr/description.php?lang2=1&id=204&path=105" "Mozilla/5.0 (Windows; U; Windows NT 6.0; fr; rv:1.9.2.13) Gecko/20101203 Firefox/3.6.13 ( .NET CLR 3.5.30729; .NET4.0C)"
92.147.216.224 - - [30/Dec/2010:22:45:46 +0100] "GET /im/lang1/menu_id.gif HTTP/1.1" 200 2056 "http://www.fraicolo.fr/description.php?lang2=1&id=204&path=105" "Mozilla/5.0 (Windows; U; Windows NT 6.0; fr; rv:1.9.2.13) Gecko/20101203 Firefox/3.6.13 ( .NET CLR 3.5.30729; .NET4.0C)"
92.147.216.224 - - [30/Dec/2010:22:45:45 +0100] "GET /im/banner/bannercorporate1.jpg HTTP/1.1" 200 44430 "http://www.fraicolo.fr/description.php?lang2=1&id=204&path=105" "Mozilla/5.0 (Windows; U; Windows NT 6.0; fr; rv:1.9.2.13) Gecko/20101203 Firefox/3.6.13 ( .NET CLR 3.5.30729; .NET4.0C)"
92.147.216.224 - - [30/Dec/2010:22:45:46 +0100] "GET /im/lang1/menu_caddie.gif HTTP/1.1" 200 2067 "http://www.fraicolo.fr/description.php?lang2=1&id=204&path=105" "Mozilla/5.0 (Windows; U; Windows NT 6.0; fr; rv:1.9.2.13) Gecko/20101203 Firefox/3.6.13 ( .NET CLR 3.5.30729; .NET4.0C)"
92.147.216.224 - - [30/Dec/2010:22:45:46 +0100] "GET /im/lang1/menu_devis.gif HTTP/1.1" 200 1958 "http://www.fraicolo.fr/description.php?lang2=1&id=204&path=105" "Mozilla/5.0 (Windows; U; Windows NT 6.0; fr; rv:1.9.2.13) Gecko/20101203 Firefox/3.6.13 ( .NET CLR 3.5.30729; .NET4.0C)"
92.147.216.224 - - [30/Dec/2010:22:45:46 +0100] "GET /im/lang1/menu_subscribe.gif HTTP/1.1" 200 1877 "http://www.fraicolo.fr/description.php?lang2=1&id=204&path=105" "Mozilla/5.0 (Windows; U; Windows NT 6.0; fr; rv:1.9.2.13) Gecko/20101203 Firefox/3.6.13 ( .NET CLR 3.5.30729; .NET4.0C)"
92.147.216.224 - - [30/Dec/2010:22:45:47 +0100] "GET /im/background/bg_green.gif HTTP/1.1" 200 2395 "http://www.fraicolo.fr/css/scss.css" "Mozilla/5.0 (Windows; U; Windows NT 6.0; fr; rv:1.9.2.13) Gecko/20101203 Firefox/3.6.13 ( .NET CLR 3.5.30729; .NET4.0C)"
92.147.216.224 - - [30/Dec/2010:22:45:47 +0100] "GET /im/search.gif HTTP/1.1" 200 681 "http://www.fraicolo.fr/description.php?lang2=1&id=204&path=105" "Mozilla/5.0 (Windows; U; Windows NT 6.0; fr; rv:1.9.2.13) Gecko/20101203 Firefox/3.6.13 ( .NET CLR 3.5.30729; .NET4.0C)"
92.147.216.224 - - [30/Dec/2010:22:45:47 +0100] "GET /im/fleche_bottom.gif HTTP/1.1" 200 57 "http://www.fraicolo.fr/css/scss.css" "Mozilla/5.0 (Windows; U; Windows NT 6.0; fr; rv:1.9.2.13) Gecko/20101203 Firefox/3.6.13 ( .NET CLR 3.5.30729; .NET4.0C)"
92.147.216.224 - - [30/Dec/2010:22:45:47 +0100] "GET /im/background/menuleft.gif HTTP/1.1" 200 1837 "http://www.fraicolo.fr/css/scss.css" "Mozilla/5.0 (Windows; U; Windows NT 6.0; fr; rv:1.9.2.13) Gecko/20101203 Firefox/3.6.13 ( .NET CLR 3.5.30729; .NET4.0C)"
92.147.216.224 - - [30/Dec/2010:22:45:47 +0100] "GET /im/background/module_left.gif HTTP/1.1" 200 323 "http://www.fraicolo.fr/css/scss.css" "Mozilla/5.0 (Windows; U; Windows NT 6.0; fr; rv:1.9.2.13) Gecko/20101203 Firefox/3.6.13 ( .NET CLR 3.5.30729; .NET4.0C)"
92.147.216.224 - - [30/Dec/2010:22:45:47 +0100] "GET /im/lang1/cart_add.gif HTTP/1.1" 200 481 "http://www.fraicolo.fr/description.php?lang2=1&id=204&path=105" "Mozilla/5.0 (Windows; U; Windows NT 6.0; fr; rv:1.9.2.13) Gecko/20101203 Firefox/3.6.13 ( .NET CLR 3.5.30729; .NET4.0C)"
92.147.216.224 - - [30/Dec/2010:22:45:47 +0100] "GET /im/ok.gif HTTP/1.1" 200 128 "http://www.fraicolo.fr/description.php?lang2=1&id=204&path=105" "Mozilla/5.0 (Windows; U; Windows NT 6.0; fr; rv:1.9.2.13) Gecko/20101203 Firefox/3.6.13 ( .NET CLR 3.5.30729; .NET4.0C)"
92.147.216.224 - - [30/Dec/2010:22:45:47 +0100] "GET /description.php?lang2=1&id=204&path=105 HTTP/1.1" 200 11351 "http://www.fraicolo.fr/description.php?lang2=1&id=204&path=105" "Mozilla/5.0 (Windows; U; Windows NT 6.0; fr; rv:1.9.2.13) Gecko/20101203 Firefox/3.6.13 ( .NET CLR 3.5.30729; .NET4.0C)"
92.147.216.224 - - [30/Dec/2010:22:45:47 +0100] "GET /im/background/menuright.gif HTTP/1.1" 200 1832 "http://www.fraicolo.fr/css/scss.css" "Mozilla/5.0 (Windows; U; Windows NT 6.0; fr; rv:1.9.2.13) Gecko/20101203 Firefox/3.6.13 ( .NET CLR 3.5.30729; .NET4.0C)"
92.147.216.224 - - [30/Dec/2010:22:45:47 +0100] "GET /im/background/bg_shop_green.gif HTTP/1.1" 200 49144 "http://www.fraicolo.fr/css/scss.css" "Mozilla/5.0 (Windows; U; Windows NT 6.0; fr; rv:1.9.2.13) Gecko/20101203 Firefox/3.6.13 ( .NET CLR 3.5.30729; .NET4.0C)"
92.147.216.224 - - [30/Dec/2010:22:45:46 +0100] "GET /im/articles/AgneauEpaule-.jpg HTTP/1.1" 200 58106 "http://www.fraicolo.fr/description.php?lang2=1&id=204&path=105" "Mozilla/5.0 (Windows; U; Windows NT 6.0; fr; rv:1.9.2.13) Gecko/20101203 Firefox/3.6.13 ( .NET CLR 3.5.30729; .NET4.0C)"
92.147.216.224 - - [30/Dec/2010:22:45:50 +0100] "GET /im/fleche_bottom_grey.gif HTTP/1.1" 200 57 "http://www.fraicolo.fr/css/scss.css" "Mozilla/5.0 (Windows; U; Windows NT 6.0; fr; rv:1.9.2.13) Gecko/20101203 Firefox/3.6.13 ( .NET CLR 3.5.30729; .NET4.0C)"
72.47.228.11 - - [30/Dec/2010:22:45:53 +0100] "GET / HTTP/1.1" 302 3354 "-" "Mozilla/4.0 (compatible; MSIE 7.01; Windows NT 5.0)"
72.47.228.11 - - [30/Dec/2010:22:45:53 +0100] "GET /catalog.php HTTP/1.1" 200 69779 "-" "Mozilla/4.0 (compatible; MSIE 7.01; Windows NT 5.0)"
82.225.56.111 - - [30/Dec/2010:22:46:04 +0100] "GET /im/articles/ChipsTraiteur.JPG HTTP/1.1" 304 - "http://www.eternia-fr.net/news_903_film-13-le-maitre-de-l-illusion-zoroark-disponible-en-vostfr.html" "Mozilla/4.0 (compatible; MSIE 8.0; Windows NT 6.0; Trident/4.0; SLCC1; .NET CLR 2.0.50727; Media Center PC 5.0; eSobiSubscriber 2.0.4.16; .NET4.0C; .NET CLR 3.5.30729; .NET CLR 3.0.30729; yie8)"
84.102.192.35 - - [30/Dec/2010:22:46:06 +0100] "GET /im/articles/ChipsTraiteur.JPG HTTP/1.1" 200 31181 "http://www.eternia-fr.net/news_897_titre-bw-016-et-017.html" "Mozilla/5.0 (iPod; U; CPU iPhone OS 3_1_2 like Mac OS X; fr-fr) AppleWebKit/528.18 (KHTML, like Gecko) Mobile/7D11"
207.46.195.106 - - [30/Dec/2010:22:46:23 +0100] "GET /description.php?lang=1&id=618 HTTP/1.1" 200 11142 "-" "Mozilla/5.0 (compatible; bingbot/2.0; +http://www.bing.com/bingbot.htm)"
66.249.71.6 - - [30/Dec/2010:22:46:47 +0100] "GET /description.php?id=637 HTTP/1.1" 200 11146 "-" "Mozilla/5.0 (compatible; Googlebot/2.1; +http://www.google.com/bot.html)"
84.102.192.35 - - [30/Dec/2010:22:46:53 +0100] "GET /im/articles/ChipsTraiteur.JPG HTTP/1.1" 200 31181 "http://www.eternia-fr.net/news_897_titre-bw-016-et-017.html" "Mozilla/5.0 (iPod; U; CPU iPhone OS 3_1_2 like Mac OS X; fr-fr) AppleWebKit/528.18 (KHTML, like Gecko) Mobile/7D11"
81.52.143.26 - - [30/Dec/2010:22:47:03 +0100] "GET /description.php?lang=1&path=79&id=679 HTTP/1.1" 404 - "-" "Mozilla/5.0 (Windows; U; Windows NT 5.1; fr; rv:1.8.1) VoilaBot BETA 1.2 (support.voilabot@orange-ftgroup.com)"
78.226.56.189 - - [30/Dec/2010:22:47:10 +0100] "GET /im/articles/ChipsTraiteur.JPG HTTP/1.1" 200 31181 "http://www.eternia-fr.net/news_799_nouveau-pokemon-dans-le-pokemon-sunday.html" "Mozilla/5.0 (Macintosh; U; Intel Mac OS X 10_6_5; fr-fr) AppleWebKit/533.19.4 (KHTML, like Gecko) Version/5.0.3 Safari/533.19.4"
93.24.54.238 - - [30/Dec/2010:22:47:15 +0100] "GET /im/articles/ChipsTraiteur.JPG HTTP/1.1" 304 - "http://www.eternia-fr.net/news_903_film-13-le-maitre-de-l-illusion-zoroark-disponible-en-vostfr.html" "Mozilla/4.0 (compatible; MSIE 8.0; Windows NT 5.1; Trident/4.0; GTB6.6; .NET CLR 1.1.4322; .NET CLR 2.0.50727; .NET CLR 3.0.4506.2152; .NET CLR 3.5.30729)"
77.198.251.189 - - [30/Dec/2010:22:47:20 +0100] "GET /im/articles/Lasagne.JPG HTTP/1.1" 200 26926 "http://www.stereopoly.com/jeu/profil.php?id=844300" "Mozilla/5.0 (Windows; U; Windows NT 6.0; fr; rv:1.9.2.13) Gecko/20101203 Firefox/3.6.13"
178.199.64.228 - - [30/Dec/2010:22:47:53 +0100] "GET /im/articles/ChipsTraiteur.JPG HTTP/1.1" 200 31181 "http://www.eternia-fr.net/news_903_film-13-le-maitre-de-l-illusion-zoroark-disponible-en-vostfr.html" "Opera/9.80 (Windows NT 6.1; U; fr) Presto/2.7.62 Version/11.00"
82.225.56.111 - - [30/Dec/2010:22:48:16 +0100] "GET /im/articles/ChipsTraiteur.JPG HTTP/1.1" 304 - "http://www.eternia-fr.net/news_903_film-13-le-maitre-de-l-illusion-zoroark-disponible-en-vostfr.html" "Mozilla/4.0 (compatible; MSIE 8.0; Windows NT 6.0; Trident/4.0; SLCC1; .NET CLR 2.0.50727; Media Center PC 5.0; eSobiSubscriber 2.0.4.16; .NET4.0C; .NET CLR 3.5.30729; .NET CLR 3.0.30729; yie8)"
66.249.71.193 - - [30/Dec/2010:22:48:23 +0100] "GET /description.php?lang=1&path=98&id=1657&AdSearch=on HTTP/1.1" 200 12215 "-" "Mozilla/5.0 (compatible; Googlebot/2.1; +http://www.google.com/bot.html)"
207.46.199.48 - - [30/Dec/2010:22:48:24 +0100] "GET /description.php?lang=1&path=84&sort=Article&page=0&id=1291 HTTP/1.1" 200 11243 "-" "Mozilla/5.0 (compatible; bingbot/2.0; +http://www.bing.com/bingbot.htm)"
67.195.112.48 - - [30/Dec/2010:22:48:37 +0100] "GET /description.php?lang=1&path=96&sort=Article&page=0&id=614 HTTP/1.0" 200 11137 "-" "Mozilla/5.0 (compatible; Yahoo! Slurp; http://help.yahoo.com/help/us/ysearch/slurp)"
79.95.4.197 - - [30/Dec/2010:22:48:47 +0100] "GET /im/articles/BarquetteFraise.JPG HTTP/1.1" 200 60638 "http://www.mamanstestent.com/2010/09/les-vacances-avec-nainsjai-dit-vacances.html" "Mozilla/5.0 (Windows; U; Windows NT 6.0; fr; rv:1.9.2.13) Gecko/20101203 Firefox/3.6.13 (.NET CLR 3.5.30729)"
90.2.232.138 - - [30/Dec/2010:22:48:52 +0100] "GET /im/articles/ChipsTraiteur.JPG HTTP/1.1" 200 31181 "http://www.eternia-fr.net/news_903_film-13-le-maitre-de-l-illusion-zoroark-disponible-en-vostfr.html" "Mozilla/4.0 (compatible; MSIE 7.0; Windows NT 6.0; GTB6.6; SLCC1; .NET CLR 2.0.50727; Media Center PC 5.0; .NET CLR 3.5.30729; .NET CLR 3.0.30618; InfoPath.1; .NET4.0C)"
84.102.192.35 - - [30/Dec/2010:22:48:59 +0100] "GET /im/articles/ChipsTraiteur.JPG HTTP/1.1" 200 31181 "http://www.eternia-fr.net/news_903_film-13-le-maitre-de-l-illusion-zoroark-disponible-en-vostfr.html" "Mozilla/5.0 (iPod; U; CPU iPhone OS 3_1_2 like Mac OS X; fr-fr) AppleWebKit/528.18 (KHTML, like Gecko) Mobile/7D11"
90.31.210.140 - - [30/Dec/2010:22:49:23 +0100] "GET /im/articles/AgneauCotes.JPG HTTP/1.1" 200 61940 "http://www.rodeosaladgang.biz/" "Mozilla/5.0 (Windows; U; Windows NT 6.0; fr-FR) AppleWebKit/533.19.4 (KHTML, like Gecko) Version/5.0.3 Safari/533.19.4"
82.123.71.108 - - [30/Dec/2010:22:49:28 +0100] "GET /categories.php?lang=1&path=30&num=48&action=n&sort=Article HTTP/1.1" 200 16228 "http://www.google.fr/imgres?imgurl=http://www.fraicolo.fr/im/articles/LaitBouteille.JPG&imgrefurl=http://www.fraicolo.fr/categories.php%3Flang%3D1%26path%3D30%26num%3D48%26action%3Dn%26sort%3DArticle&usg=__b3bKYYTpYXIbx7qJIRH5KdtUCk0=&h=668&w=446&sz=16&hl=fr&start=6&zoom=1&um=1&itbs=1&tbnid=vEWjK9JXrfthwM:&tbnh=138&tbnw=92&prev=/images%3Fq%3DBouteille%2Blait%2B%25C3%25A9cr%25C3%25A9m%25C3%25A9%26um%3D1%26hl%3Dfr%26sa%3DN%26ndsp%3D21%26tbs%3Disch:1,isz:m" "Mozilla/5.0 (Windows; U; Windows NT 6.1; en-US) AppleWebKit/534.10 (KHTML, like Gecko) Chrome/8.0.552.224 Safari/534.10"
82.123.71.108 - - [30/Dec/2010:22:49:29 +0100] "GET /css/scss.css HTTP/1.1" 200 3683 "http://www.fraicolo.fr/categories.php?lang=1&path=30&num=48&action=n&sort=Article" "Mozilla/5.0 (Windows; U; Windows NT 6.1; en-US) AppleWebKit/534.10 (KHTML, like Gecko) Chrome/8.0.552.224 Safari/534.10"
82.123.71.108 - - [30/Dec/2010:22:49:29 +0100] "GET /includes/popImage.js HTTP/1.1" 200 1233 "http://www.fraicolo.fr/categories.php?lang=1&path=30&num=48&action=n&sort=Article" "Mozilla/5.0 (Windows; U; Windows NT 6.1; en-US) AppleWebKit/534.10 (KHTML, like Gecko) Chrome/8.0.552.224 Safari/534.10"
82.123.71.108 - - [30/Dec/2010:22:49:30 +0100] "GET /im/background/bg_green.gif HTTP/1.1" 200 2395 "http://www.fraicolo.fr/categories.php?lang=1&path=30&num=48&action=n&sort=Article" "Mozilla/5.0 (Windows; U; Windows NT 6.1; en-US) AppleWebKit/534.10 (KHTML, like Gecko) Chrome/8.0.552.224 Safari/534.10"
82.123.71.108 - - [30/Dec/2010:22:49:30 +0100] "GET /im/fleche_bottom.gif HTTP/1.1" 200 57 "http://www.fraicolo.fr/categories.php?lang=1&path=30&num=48&action=n&sort=Article" "Mozilla/5.0 (Windows; U; Windows NT 6.1; en-US) AppleWebKit/534.10 (KHTML, like Gecko) Chrome/8.0.552.224 Safari/534.10"
82.123.71.108 - - [30/Dec/2010:22:49:30 +0100] "GET /im/zzz.gif HTTP/1.1" 200 49 "http://www.fraicolo.fr/categories.php?lang=1&path=30&num=48&action=n&sort=Article" "Mozilla/5.0 (Windows; U; Windows NT 6.1; en-US) AppleWebKit/534.10 (KHTML, like Gecko) Chrome/8.0.552.224 Safari/534.10"
82.123.71.108 - - [30/Dec/2010:22:49:30 +0100] "GET /im/path.gif HTTP/1.1" 200 363 "http://www.fraicolo.fr/categories.php?lang=1&path=30&num=48&action=n&sort=Article" "Mozilla/5.0 (Windows; U; Windows NT 6.1; en-US) AppleWebKit/534.10 (KHTML, like Gecko) Chrome/8.0.552.224 Safari/534.10"
82.123.71.108 - - [30/Dec/2010:22:49:30 +0100] "GET /im/background/menuleft.gif HTTP/1.1" 200 1837 "http://www.fraicolo.fr/categories.php?lang=1&path=30&num=48&action=n&sort=Article" "Mozilla/5.0 (Windows; U; Windows NT 6.1; en-US) AppleWebKit/534.10 (KHTML, like Gecko) Chrome/8.0.552.224 Safari/534.10"
82.123.71.108 - - [30/Dec/2010:22:49:30 +0100] "GET /im/background/bg_shop_green.gif HTTP/1.1" 200 49144 "http://www.fraicolo.fr/categories.php?lang=1&path=30&num=48&action=n&sort=Article" "Mozilla/5.0 (Windows; U; Windows NT 6.1; en-US) AppleWebKit/534.10 (KHTML, like Gecko) Chrome/8.0.552.224 Safari/534.10"
82.123.71.108 - - [30/Dec/2010:22:49:30 +0100] "GET /im/background/module_left.gif HTTP/1.1" 200 323 "http://www.fraicolo.fr/categories.php?lang=1&path=30&num=48&action=n&sort=Article" "Mozilla/5.0 (Windows; U; Windows NT 6.1; en-US) AppleWebKit/534.10 (KHTML, like Gecko) Chrome/8.0.552.224 Safari/534.10"
82.123.71.108 - - [30/Dec/2010:22:49:30 +0100] "GET /im/lang1/menu_search.gif HTTP/1.1" 200 1955 "http://www.fraicolo.fr/categories.php?lang=1&path=30&num=48&action=n&sort=Article" "Mozilla/5.0 (Windows; U; Windows NT 6.1; en-US) AppleWebKit/534.10 (KHTML, like Gecko) Chrome/8.0.552.224 Safari/534.10"
82.123.71.108 - - [30/Dec/2010:22:49:30 +0100] "GET /im/search.gif HTTP/1.1" 200 681 "http://www.fraicolo.fr/categories.php?lang=1&path=30&num=48&action=n&sort=Article" "Mozilla/5.0 (Windows; U; Windows NT 6.1; en-US) AppleWebKit/534.10 (KHTML, like Gecko) Chrome/8.0.552.224 Safari/534.10"
82.123.71.108 - - [30/Dec/2010:22:49:30 +0100] "GET /includes/menu/plus.gif HTTP/1.1" 200 71 "http://www.fraicolo.fr/categories.php?lang=1&path=30&num=48&action=n&sort=Article" "Mozilla/5.0 (Windows; U; Windows NT 6.1; en-US) AppleWebKit/534.10 (KHTML, like Gecko) Chrome/8.0.552.224 Safari/534.10"
82.123.71.108 - - [30/Dec/2010:22:49:30 +0100] "GET /im/lang1/menu_com.gif HTTP/1.1" 200 2071 "http://www.fraicolo.fr/categories.php?lang=1&path=30&num=48&action=n&sort=Article" "Mozilla/5.0 (Windows; U; Windows NT 6.1; en-US) AppleWebKit/534.10 (KHTML, like Gecko) Chrome/8.0.552.224 Safari/534.10"
82.123.71.108 - - [30/Dec/2010:22:49:31 +0100] "GET /im/payment.gif HTTP/1.1" 200 2578 "http://www.fraicolo.fr/categories.php?lang=1&path=30&num=48&action=n&sort=Article" "Mozilla/5.0 (Windows; U; Windows NT 6.1; en-US) AppleWebKit/534.10 (KHTML, like Gecko) Chrome/8.0.552.224 Safari/534.10"
82.123.71.108 - - [30/Dec/2010:22:49:31 +0100] "GET /im/zzz_gris.gif HTTP/1.1" 200 41 "http://www.fraicolo.fr/categories.php?lang=1&path=30&num=48&action=n&sort=Article" "Mozilla/5.0 (Windows; U; Windows NT 6.1; en-US) AppleWebKit/534.10 (KHTML, like Gecko) Chrome/8.0.552.224 Safari/534.10"
82.123.71.108 - - [30/Dec/2010:22:49:31 +0100] "GET /im/accueil.gif HTTP/1.1" 200 511 "http://www.fraicolo.fr/categories.php?lang=1&path=30&num=48&action=n&sort=Article" "Mozilla/5.0 (Windows; U; Windows NT 6.1; en-US) AppleWebKit/534.10 (KHTML, like Gecko) Chrome/8.0.552.224 Safari/534.10"
82.123.71.108 - - [30/Dec/2010:22:49:31 +0100] "GET /im/articles/BioTartufo.JPG HTTP/1.1" 200 15378 "http://www.fraicolo.fr/categories.php?lang=1&path=30&num=48&action=n&sort=Article" "Mozilla/5.0 (Windows; U; Windows NT 6.1; en-US) AppleWebKit/534.10 (KHTML, like Gecko) Chrome/8.0.552.224 Safari/534.10"
82.123.71.108 - - [30/Dec/2010:22:49:30 +0100] "GET /categories.php?lang=1&path=30&num=48&action=n&sort=Article HTTP/1.1" 200 16191 "http://www.fraicolo.fr/categories.php?lang=1&path=30&num=48&action=n&sort=Article" "Mozilla/5.0 (Windows; U; Windows NT 6.1; en-US) AppleWebKit/534.10 (KHTML, like Gecko) Chrome/8.0.552.224 Safari/534.10"
82.123.71.108 - - [30/Dec/2010:22:49:31 +0100] "GET /im/stockok.gif HTTP/1.1" 200 920 "http://www.fraicolo.fr/categories.php?lang=1&path=30&num=48&action=n&sort=Article" "Mozilla/5.0 (Windows; U; Windows NT 6.1; en-US) AppleWebKit/534.10 (KHTML, like Gecko) Chrome/8.0.552.224 Safari/534.10"
82.123.71.108 - - [30/Dec/2010:22:49:31 +0100] "GET /im/articles/PetitSuisseBIO.JPG HTTP/1.1" 200 17575 "http://www.fraicolo.fr/categories.php?lang=1&path=30&num=48&action=n&sort=Article" "Mozilla/5.0 (Windows; U; Windows NT 6.1; en-US) AppleWebKit/534.10 (KHTML, like Gecko) Chrome/8.0.552.224 Safari/534.10"
82.123.71.108 - - [30/Dec/2010:22:49:31 +0100] "GET /im/LOGOFraicolo.png HTTP/1.1" 200 21138 "http://www.fraicolo.fr/categories.php?lang=1&path=30&num=48&action=n&sort=Article" "Mozilla/5.0 (Windows; U; Windows NT 6.1; en-US) AppleWebKit/534.10 (KHTML, like Gecko) Chrome/8.0.552.224 Safari/534.10"
82.123.71.108 - - [30/Dec/2010:22:49:31 +0100] "GET /im/banner/bannercorporate1.jpg HTTP/1.1" 200 44430 "http://www.fraicolo.fr/categories.php?lang=1&path=30&num=48&action=n&sort=Article" "Mozilla/5.0 (Windows; U; Windows NT 6.1; en-US) AppleWebKit/534.10 (KHTML, like Gecko) Chrome/8.0.552.224 Safari/534.10"
82.123.71.108 - - [30/Dec/2010:22:49:31 +0100] "GET /im/articles/PetitSuisseFruitsBIO.JPG HTTP/1.1" 200 16558 "http://www.fraicolo.fr/categories.php?lang=1&path=30&num=48&action=n&sort=Article" "Mozilla/5.0 (Windows; U; Windows NT 6.1; en-US) AppleWebKit/534.10 (KHTML, like Gecko) Chrome/8.0.552.224 Safari/534.10"
82.123.71.108 - - [30/Dec/2010:22:49:31 +0100] "GET /im/articles/Bleu-.JPG HTTP/1.1" 200 38963 "http://www.fraicolo.fr/categories.php?lang=1&path=30&num=48&action=n&sort=Article" "Mozilla/5.0 (Windows; U; Windows NT 6.1; en-US) AppleWebKit/534.10 (KHTML, like Gecko) Chrome/8.0.552.224 Safari/534.10"
82.123.71.108 - - [30/Dec/2010:22:49:31 +0100] "GET /im/articles/MamieNovaGourmandFruits.JPG HTTP/1.1" 200 43892 "http://www.fraicolo.fr/categories.php?lang=1&path=30&num=48&action=n&sort=Article" "Mozilla/5.0 (Windows; U; Windows NT 6.1; en-US) AppleWebKit/534.10 (KHTML, like Gecko) Chrome/8.0.552.224 Safari/534.10"
66.249.71.193 - - [30/Dec/2010:22:49:34 +0100] "GET /description.php?lang=1&id=1551 HTTP/1.1" 200 11116 "-" "Mozilla/5.0 (compatible; Googlebot/2.1; +http://www.google.com/bot.html)"
86.71.176.238 - - [30/Dec/2010:22:49:53 +0100] "GET /im/articles/ChipsTraiteur.JPG HTTP/1.1" 200 31181 "http://www.eternia-fr.net/news_903_film-13-le-maitre-de-l-illusion-zoroark-disponible-en-vostfr.html" "Mozilla/5.0 (Windows; U; Windows NT 6.1; en-US) AppleWebKit/532.5 (KHTML, like Gecko) Chrome/4.1.249.1064 Safari/532.5"
178.199.64.228 - - [30/Dec/2010:22:50:23 +0100] "GET /im/articles/ChipsTraiteur.JPG HTTP/1.1" 200 31181 "http://www.eternia-fr.net/news_903_film-13-le-maitre-de-l-illusion-zoroark-disponible-en-vostfr.html" "Opera/9.80 (Windows NT 6.1; U; fr) Presto/2.7.62 Version/11.00"
92.140.159.251 - - [30/Dec/2010:22:50:43 +0100] "GET /im/articles/ChipsTraiteur.JPG HTTP/1.1" 200 31181 "http://www.eternia-fr.net/news_889_du-nouveau-pour-pokemon-14.html" "Mozilla/5.0 (Windows; U; Windows NT 6.1; fr; rv:1.9.2.13) Gecko/20101203 Firefox/3.6.13"
178.199.64.228 - - [30/Dec/2010:22:50:44 +0100] "GET /im/articles/ChipsTraiteur.JPG HTTP/1.1" 200 31181 "http://www.eternia-fr.net/news_903_film-13-le-maitre-de-l-illusion-zoroark-disponible-en-vostfr.html" "Opera/9.80 (Windows NT 6.1; U; fr) Presto/2.7.62 Version/11.00"
86.209.9.106 - - [30/Dec/2010:22:50:52 +0100] "GET /im/articles/ChipsTraiteur.JPG HTTP/1.1" 200 31181 "http://www.eternia-fr.net/news_903_film-13-le-maitre-de-l-illusion-zoroark-disponible-en-vostfr.html" "Mozilla/5.0 (Windows; U; Windows NT 6.1; en-US) AppleWebKit/534.10 (KHTML, like Gecko) Chrome/8.0.552.224 Safari/534.10"
90.31.210.140 - - [30/Dec/2010:22:51:12 +0100] "GET /im/articles/AgneauCotes.JPG HTTP/1.1" 200 61940 "http://www.rodeosaladgang.biz/" "Mozilla/5.0 (Windows; U; Windows NT 6.0; fr-FR) AppleWebKit/533.19.4 (KHTML, like Gecko) Version/5.0.3 Safari/533.19.4"
86.196.35.64 - - [30/Dec/2010:22:51:35 +0100] "GET /im/articles/BarquetteFraise.JPG HTTP/1.1" 200 60638 "http://www.mamanstestent.com/2010/09/les-vacances-avec-nainsjai-dit-vacances.html" "Mozilla/5.0 (Windows; U; Windows NT 5.1; en-US) AppleWebKit/534.10 (KHTML, like Gecko) Chrome/8.0.552.224 Safari/534.10"
83.112.191.222 - - [30/Dec/2010:22:51:55 +0100] "GET /im/articles/SodasCocaCola.JPG HTTP/1.1" 304 - "http://mon-amie.eklablog.com/salut-tout-le-mondes-a2406742" "Mozilla/5.0 (Windows; U; Windows NT 6.1; en-US) AppleWebKit/534.10 (KHTML, like Gecko) Chrome/8.0.552.224 Safari/534.10"
66.249.71.6 - - [30/Dec/2010:22:52:19 +0100] "GET /categories.php?lang=1&path=100&num=1&action=n&sort=Article&page=0&AdSearch=on HTTP/1.1" 200 17119 "-" "Mozilla/5.0 (compatible; Googlebot/2.1; +http://www.google.com/bot.html)"
194.150.236.161 - - [30/Dec/2010:22:52:30 +0100] "HEAD /im/banner/Affiliation_Fraicolo_120x60.gif HTTP/1.1" 200 - "-" "-"
