78.249.189.124 - - [30/Dec/2010:22:11:53 +0100] "GET /im/articles/VerreCremeChocolat-.JPG HTTP/1.1" 200 14368 "http://www.fraicolo.fr/categories.php?lang=e&path=30&num=48&action=e" "Mozilla/4.0 (compatible; MSIE 8.0; Windows NT 5.1; Trident/4.0; GTB6.3; Tablet PC 1.7; .NET CLR 1.0.3705; .NET CLR 1.1.4322; .NET CLR 2.0.50727; .NET CLR 3.0.4506.2152; .NET CLR 3.5.30729; OfficeLiveConnector.1.4; OfficeLivePatch.1.3)"
88.131.106.6 - - [30/Dec/2010:22:11:57 +0100] "GET /robots.txt HTTP/1.0" 200 33 "-" "Mozilla/5.0 (Windows; U; Windows NT 5.1; en-US) Speedy Spider (http://www.entireweb.com/about/search_tech/speedy_spider/)"
88.131.106.5 - - [30/Dec/2010:22:11:57 +0100] "GET /pop_up.php?im=im/articles/Maizena.JPG HTTP/1.0" 200 144 "-" "Mozilla/5.0 (Windows; U; Windows NT 5.1; en-US) Speedy Spider (http://www.entireweb.com/about/search_tech/speedy_spider/)"
78.249.189.124 - - [30/Dec/2010:22:12:30 +0100] "GET /im/fleche_right_grey.gif HTTP/1.1" 200 58 "http://www.fraicolo.fr/categories.php?lang=e&path=30&num=48&action=e" "Mozilla/4.0 (compatible; MSIE 8.0; Windows NT 5.1; Trident/4.0; GTB6.3; Tablet PC 1.7; .NET CLR 1.0.3705; .NET CLR 1.1.4322; .NET CLR 2.0.50727; .NET CLR 3.0.4506.2152; .NET CLR 3.5.30729; OfficeLiveConnector.1.4; OfficeLivePatch.1.3)"
78.249.189.124 - - [30/Dec/2010:22:12:30 +0100] "GET /im/fleche_right_grey.gif HTTP/1.1" 200 58 "http://www.fraicolo.fr/categories.php?lang=e&path=30&num=48&action=e" "Mozilla/4.0 (compatible; MSIE 8.0; Windows NT 5.1; Trident/4.0; GTB6.3; Tablet PC 1.7; .NET CLR 1.0.3705; .NET CLR 1.1.4322; .NET CLR 2.0.50727; .NET CLR 3.0.4506.2152; .NET CLR 3.5.30729; OfficeLiveConnector.1.4; OfficeLivePatch.1.3)"
80.185.178.192 - - [30/Dec/2010:22:12:32 +0100] "GET /description.php?lang2=1&id=391&path=68 HTTP/1.1" 200 11144 "-" "Mozilla/4.0 (compatible; MSIE 8.0; Windows NT 5.1; Trident/4.0; GTB6.6; .NET CLR 1.1.4322; .NET CLR 2.0.50727; .NET CLR 3.0.04506.30; .NET CLR 3.0.04506.648)"
80.185.178.192 - - [30/Dec/2010:22:12:33 +0100] "GET /css/scss.css HTTP/1.1" 200 3683 "http://www.fraicolo.fr/description.php?lang2=1&id=391&path=68" "Mozilla/4.0 (compatible; MSIE 8.0; Windows NT 5.1; Trident/4.0; GTB6.6; .NET CLR 1.1.4322; .NET CLR 2.0.50727; .NET CLR 3.0.04506.30; .NET CLR 3.0.04506.648)"
78.249.189.124 - - [30/Dec/2010:22:12:33 +0100] "GET /list.php?lang=1&path=41&num=20&action=n&sort=Article&page=0 HTTP/1.1" 200 12680 "http://www.fraicolo.fr/categories.php?lang=e&path=30&num=48&action=e" "Mozilla/4.0 (compatible; MSIE 8.0; Windows NT 5.1; Trident/4.0; GTB6.3; Tablet PC 1.7; .NET CLR 1.0.3705; .NET CLR 1.1.4322; .NET CLR 2.0.50727; .NET CLR 3.0.4506.2152; .NET CLR 3.5.30729; OfficeLiveConnector.1.4; OfficeLivePatch.1.3)"
80.185.178.192 - - [30/Dec/2010:22:12:33 +0100] "GET /includes/popImage.js HTTP/1.1" 200 1233 "http://www.fraicolo.fr/description.php?lang2=1&id=391&path=68" "Mozilla/4.0 (compatible; MSIE 8.0; Windows NT 5.1; Trident/4.0; GTB6.6; .NET CLR 1.1.4322; .NET CLR 2.0.50727; .NET CLR 3.0.04506.30; .NET CLR 3.0.04506.648)"
80.185.178.192 - - [30/Dec/2010:22:12:33 +0100] "GET /im/LOGOFraicolo.png HTTP/1.1" 200 21138 "http://www.fraicolo.fr/description.php?lang2=1&id=391&path=68" "Mozilla/4.0 (compatible; MSIE 8.0; Windows NT 5.1; Trident/4.0; GTB6.6; .NET CLR 1.1.4322; .NET CLR 2.0.50727; .NET CLR 3.0.04506.30; .NET CLR 3.0.04506.648)"
80.185.178.192 - - [30/Dec/2010:22:12:33 +0100] "GET /im/zzz.gif HTTP/1.1" 200 49 "http://www.fraicolo.fr/description.php?lang2=1&id=391&path=68" "Mozilla/4.0 (compatible; MSIE 8.0; Windows NT 5.1; Trident/4.0; GTB6.6; .NET CLR 1.1.4322; .NET CLR 2.0.50727; .NET CLR 3.0.04506.30; .NET CLR 3.0.04506.648)"
80.185.178.192 - - [30/Dec/2010:22:12:33 +0100] "GET /im/background/bg_green.gif HTTP/1.1" 200 2395 "http://www.fraicolo.fr/description.php?lang2=1&id=391&path=68" "Mozilla/4.0 (compatible; MSIE 8.0; Windows NT 5.1; Trident/4.0; GTB6.6; .NET CLR 1.1.4322; .NET CLR 2.0.50727; .NET CLR 3.0.04506.30; .NET CLR 3.0.04506.648)"
80.185.178.192 - - [30/Dec/2010:22:12:33 +0100] "GET /csshover.htc HTTP/1.1" 200 1166 "-" "Mozilla/4.0 (compatible; MSIE 8.0; Windows NT 5.1; Trident/4.0; GTB6.6; .NET CLR 1.1.4322; .NET CLR 2.0.50727; .NET CLR 3.0.04506.30; .NET CLR 3.0.04506.648)"
80.185.178.192 - - [30/Dec/2010:22:12:33 +0100] "GET /im/banner/bannercorporate1.jpg HTTP/1.1" 200 44430 "http://www.fraicolo.fr/description.php?lang2=1&id=391&path=68" "Mozilla/4.0 (compatible; MSIE 8.0; Windows NT 5.1; Trident/4.0; GTB6.6; .NET CLR 1.1.4322; .NET CLR 2.0.50727; .NET CLR 3.0.04506.30; .NET CLR 3.0.04506.648)"
80.185.178.192 - - [30/Dec/2010:22:12:34 +0100] "GET /im/lang1/menu_search.gif HTTP/1.1" 200 1955 "http://www.fraicolo.fr/description.php?lang2=1&id=391&path=68" "Mozilla/4.0 (compatible; MSIE 8.0; Windows NT 5.1; Trident/4.0; GTB6.6; .NET CLR 1.1.4322; .NET CLR 2.0.50727; .NET CLR 3.0.04506.30; .NET CLR 3.0.04506.648)"
80.185.178.192 - - [30/Dec/2010:22:12:34 +0100] "GET /im/path.gif HTTP/1.1" 200 363 "http://www.fraicolo.fr/description.php?lang2=1&id=391&path=68" "Mozilla/4.0 (compatible; MSIE 8.0; Windows NT 5.1; Trident/4.0; GTB6.6; .NET CLR 1.1.4322; .NET CLR 2.0.50727; .NET CLR 3.0.04506.30; .NET CLR 3.0.04506.648)"
80.185.178.192 - - [30/Dec/2010:22:12:34 +0100] "GET /im/accueil.gif HTTP/1.1" 200 511 "http://www.fraicolo.fr/description.php?lang2=1&id=391&path=68" "Mozilla/4.0 (compatible; MSIE 8.0; Windows NT 5.1; Trident/4.0; GTB6.6; .NET CLR 1.1.4322; .NET CLR 2.0.50727; .NET CLR 3.0.04506.30; .NET CLR 3.0.04506.648)"
78.249.189.124 - - [30/Dec/2010:22:12:34 +0100] "GET /im/articles/CarottesBottesBIO.jpg HTTP/1.1" 200 18152 "http://www.fraicolo.fr/list.php?lang=1&path=41&num=20&action=n&sort=Article&page=0" "Mozilla/4.0 (compatible; MSIE 8.0; Windows NT 5.1; Trident/4.0; GTB6.3; Tablet PC 1.7; .NET CLR 1.0.3705; .NET CLR 1.1.4322; .NET CLR 2.0.50727; .NET CLR 3.0.4506.2152; .NET CLR 3.5.30729; OfficeLiveConnector.1.4; OfficeLivePatch.1.3)"
80.185.178.192 - - [30/Dec/2010:22:12:34 +0100] "GET /im/fleche_bottom.gif HTTP/1.1" 200 57 "http://www.fraicolo.fr/description.php?lang2=1&id=391&path=68" "Mozilla/4.0 (compatible; MSIE 8.0; Windows NT 5.1; Trident/4.0; GTB6.6; .NET CLR 1.1.4322; .NET CLR 2.0.50727; .NET CLR 3.0.04506.30; .NET CLR 3.0.04506.648)"
80.185.178.192 - - [30/Dec/2010:22:12:34 +0100] "GET /im/fleche_right.gif HTTP/1.1" 200 58 "http://www.fraicolo.fr/description.php?lang2=1&id=391&path=68" "Mozilla/4.0 (compatible; MSIE 8.0; Windows NT 5.1; Trident/4.0; GTB6.6; .NET CLR 1.1.4322; .NET CLR 2.0.50727; .NET CLR 3.0.04506.30; .NET CLR 3.0.04506.648)"
80.185.178.192 - - [30/Dec/2010:22:12:34 +0100] "GET /im/background/menuleft.gif HTTP/1.1" 200 1837 "http://www.fraicolo.fr/description.php?lang2=1&id=391&path=68" "Mozilla/4.0 (compatible; MSIE 8.0; Windows NT 5.1; Trident/4.0; GTB6.6; .NET CLR 1.1.4322; .NET CLR 2.0.50727; .NET CLR 3.0.04506.30; .NET CLR 3.0.04506.648)"
78.249.189.124 - - [30/Dec/2010:22:12:34 +0100] "GET /im/articles/CarotteBIO.JPG HTTP/1.1" 200 13383 "http://www.fraicolo.fr/list.php?lang=1&path=41&num=20&action=n&sort=Article&page=0" "Mozilla/4.0 (compatible; MSIE 8.0; Windows NT 5.1; Trident/4.0; GTB6.3; Tablet PC 1.7; .NET CLR 1.0.3705; .NET CLR 1.1.4322; .NET CLR 2.0.50727; .NET CLR 3.0.4506.2152; .NET CLR 3.5.30729; OfficeLiveConnector.1.4; OfficeLivePatch.1.3)"
80.185.178.192 - - [30/Dec/2010:22:12:34 +0100] "GET /im/background/module_left.gif HTTP/1.1" 200 323 "http://www.fraicolo.fr/description.php?lang2=1&id=391&path=68" "Mozilla/4.0 (compatible; MSIE 8.0; Windows NT 5.1; Trident/4.0; GTB6.6; .NET CLR 1.1.4322; .NET CLR 2.0.50727; .NET CLR 3.0.04506.30; .NET CLR 3.0.04506.648)"
78.249.189.124 - - [30/Dec/2010:22:12:34 +0100] "GET /im/articles/TomatesGrappesBIO-.JPG HTTP/1.1" 200 8447 "http://www.fraicolo.fr/list.php?lang=1&path=41&num=20&action=n&sort=Article&page=0" "Mozilla/4.0 (compatible; MSIE 8.0; Windows NT 5.1; Trident/4.0; GTB6.3; Tablet PC 1.7; .NET CLR 1.0.3705; .NET CLR 1.1.4322; .NET CLR 2.0.50727; .NET CLR 3.0.4506.2152; .NET CLR 3.5.30729; OfficeLiveConnector.1.4; OfficeLivePatch.1.3)"
78.249.189.124 - - [30/Dec/2010:22:12:34 +0100] "GET /im/articles/CarotteBotte.JPG HTTP/1.1" 200 24222 "http://www.fraicolo.fr/list.php?lang=1&path=41&num=20&action=n&sort=Article&page=0" "Mozilla/4.0 (compatible; MSIE 8.0; Windows NT 5.1; Trident/4.0; GTB6.3; Tablet PC 1.7; .NET CLR 1.0.3705; .NET CLR 1.1.4322; .NET CLR 2.0.50727; .NET CLR 3.0.4506.2152; .NET CLR 3.5.30729; OfficeLiveConnector.1.4; OfficeLivePatch.1.3)"
80.185.178.192 - - [30/Dec/2010:22:12:34 +0100] "GET /includes/menu/plus.gif HTTP/1.1" 200 71 "http://www.fraicolo.fr/description.php?lang2=1&id=391&path=68" "Mozilla/4.0 (compatible; MSIE 8.0; Windows NT 5.1; Trident/4.0; GTB6.6; .NET CLR 1.1.4322; .NET CLR 2.0.50727; .NET CLR 3.0.04506.30; .NET CLR 3.0.04506.648)"
78.249.189.124 - - [30/Dec/2010:22:12:34 +0100] "GET /im/articles/TomatesNormalesBIO.JPG HTTP/1.1" 200 4934 "http://www.fraicolo.fr/list.php?lang=1&path=41&num=20&action=n&sort=Article&page=0" "Mozilla/4.0 (compatible; MSIE 8.0; Windows NT 5.1; Trident/4.0; GTB6.3; Tablet PC 1.7; .NET CLR 1.0.3705; .NET CLR 1.1.4322; .NET CLR 2.0.50727; .NET CLR 3.0.4506.2152; .NET CLR 3.5.30729; OfficeLiveConnector.1.4; OfficeLivePatch.1.3)"
80.185.178.192 - - [30/Dec/2010:22:12:34 +0100] "GET /im/search.gif HTTP/1.1" 200 681 "http://www.fraicolo.fr/description.php?lang2=1&id=391&path=68" "Mozilla/4.0 (compatible; MSIE 8.0; Windows NT 5.1; Trident/4.0; GTB6.6; .NET CLR 1.1.4322; .NET CLR 2.0.50727; .NET CLR 3.0.04506.30; .NET CLR 3.0.04506.648)"
78.249.189.124 - - [30/Dec/2010:22:12:34 +0100] "GET /im/articles/Carottes.jpg HTTP/1.1" 200 6387 "http://www.fraicolo.fr/list.php?lang=1&path=41&num=20&action=n&sort=Article&page=0" "Mozilla/4.0 (compatible; MSIE 8.0; Windows NT 5.1; Trident/4.0; GTB6.3; Tablet PC 1.7; .NET CLR 1.0.3705; .NET CLR 1.1.4322; .NET CLR 2.0.50727; .NET CLR 3.0.4506.2152; .NET CLR 3.5.30729; OfficeLiveConnector.1.4; OfficeLivePatch.1.3)"
80.185.178.192 - - [30/Dec/2010:22:12:34 +0100] "GET /im/lang1/menu_com.gif HTTP/1.1" 200 2071 "http://www.fraicolo.fr/description.php?lang2=1&id=391&path=68" "Mozilla/4.0 (compatible; MSIE 8.0; Windows NT 5.1; Trident/4.0; GTB6.6; .NET CLR 1.1.4322; .NET CLR 2.0.50727; .NET CLR 3.0.04506.30; .NET CLR 3.0.04506.648)"
80.185.178.192 - - [30/Dec/2010:22:12:34 +0100] "GET /im/payment.gif HTTP/1.1" 200 2578 "http://www.fraicolo.fr/description.php?lang2=1&id=391&path=68" "Mozilla/4.0 (compatible; MSIE 8.0; Windows NT 5.1; Trident/4.0; GTB6.6; .NET CLR 1.1.4322; .NET CLR 2.0.50727; .NET CLR 3.0.04506.30; .NET CLR 3.0.04506.648)"
78.249.189.124 - - [30/Dec/2010:22:12:34 +0100] "GET /im/articles/TomatesCerises.jpg HTTP/1.1" 200 8672 "http://www.fraicolo.fr/list.php?lang=1&path=41&num=20&action=n&sort=Article&page=0" "Mozilla/4.0 (compatible; MSIE 8.0; Windows NT 5.1; Trident/4.0; GTB6.3; Tablet PC 1.7; .NET CLR 1.0.3705; .NET CLR 1.1.4322; .NET CLR 2.0.50727; .NET CLR 3.0.4506.2152; .NET CLR 3.5.30729; OfficeLiveConnector.1.4; OfficeLivePatch.1.3)"
80.185.178.192 - - [30/Dec/2010:22:12:34 +0100] "GET /im/f_prev.gif HTTP/1.1" 200 68 "http://www.fraicolo.fr/description.php?lang2=1&id=391&path=68" "Mozilla/4.0 (compatible; MSIE 8.0; Windows NT 5.1; Trident/4.0; GTB6.6; .NET CLR 1.1.4322; .NET CLR 2.0.50727; .NET CLR 3.0.04506.30; .NET CLR 3.0.04506.648)"
80.185.178.192 - - [30/Dec/2010:22:12:34 +0100] "GET /im/f_next.gif HTTP/1.1" 200 67 "http://www.fraicolo.fr/description.php?lang2=1&id=391&path=68" "Mozilla/4.0 (compatible; MSIE 8.0; Windows NT 5.1; Trident/4.0; GTB6.6; .NET CLR 1.1.4322; .NET CLR 2.0.50727; .NET CLR 3.0.04506.30; .NET CLR 3.0.04506.648)"
80.185.178.192 - - [30/Dec/2010:22:12:34 +0100] "GET /im/lang1/cart_add.gif HTTP/1.1" 200 481 "http://www.fraicolo.fr/description.php?lang2=1&id=391&path=68" "Mozilla/4.0 (compatible; MSIE 8.0; Windows NT 5.1; Trident/4.0; GTB6.6; .NET CLR 1.1.4322; .NET CLR 2.0.50727; .NET CLR 3.0.04506.30; .NET CLR 3.0.04506.648)"
80.185.178.192 - - [30/Dec/2010:22:12:34 +0100] "GET /im/stockok.gif HTTP/1.1" 200 920 "http://www.fraicolo.fr/description.php?lang2=1&id=391&path=68" "Mozilla/4.0 (compatible; MSIE 8.0; Windows NT 5.1; Trident/4.0; GTB6.6; .NET CLR 1.1.4322; .NET CLR 2.0.50727; .NET CLR 3.0.04506.30; .NET CLR 3.0.04506.648)"
78.249.189.124 - - [30/Dec/2010:22:12:34 +0100] "GET /im/articles/TomateJaune.JPG HTTP/1.1" 200 6966 "http://www.fraicolo.fr/list.php?lang=1&path=41&num=20&action=n&sort=Article&page=0" "Mozilla/4.0 (compatible; MSIE 8.0; Windows NT 5.1; Trident/4.0; GTB6.3; Tablet PC 1.7; .NET CLR 1.0.3705; .NET CLR 1.1.4322; .NET CLR 2.0.50727; .NET CLR 3.0.4506.2152; .NET CLR 3.5.30729; OfficeLiveConnector.1.4; OfficeLivePatch.1.3)"
80.185.178.192 - - [30/Dec/2010:22:12:34 +0100] "GET /im/lang1/menu_id.gif HTTP/1.1" 200 2056 "http://www.fraicolo.fr/description.php?lang2=1&id=391&path=68" "Mozilla/4.0 (compatible; MSIE 8.0; Windows NT 5.1; Trident/4.0; GTB6.6; .NET CLR 1.1.4322; .NET CLR 2.0.50727; .NET CLR 3.0.04506.30; .NET CLR 3.0.04506.648)"
80.185.178.192 - - [30/Dec/2010:22:12:34 +0100] "GET /im/lang1/menu_caddie.gif HTTP/1.1" 200 2067 "http://www.fraicolo.fr/description.php?lang2=1&id=391&path=68" "Mozilla/4.0 (compatible; MSIE 8.0; Windows NT 5.1; Trident/4.0; GTB6.6; .NET CLR 1.1.4322; .NET CLR 2.0.50727; .NET CLR 3.0.04506.30; .NET CLR 3.0.04506.648)"
80.185.178.192 - - [30/Dec/2010:22:12:33 +0100] "GET /im/background/bg_shop_green.gif HTTP/1.1" 200 49144 "http://www.fraicolo.fr/description.php?lang2=1&id=391&path=68" "Mozilla/4.0 (compatible; MSIE 8.0; Windows NT 5.1; Trident/4.0; GTB6.6; .NET CLR 1.1.4322; .NET CLR 2.0.50727; .NET CLR 3.0.04506.30; .NET CLR 3.0.04506.648)"
80.185.178.192 - - [30/Dec/2010:22:12:34 +0100] "GET /im/lang1/menu_devis.gif HTTP/1.1" 200 1958 "http://www.fraicolo.fr/description.php?lang2=1&id=391&path=68" "Mozilla/4.0 (compatible; MSIE 8.0; Windows NT 5.1; Trident/4.0; GTB6.6; .NET CLR 1.1.4322; .NET CLR 2.0.50727; .NET CLR 3.0.04506.30; .NET CLR 3.0.04506.648)"
80.185.178.192 - - [30/Dec/2010:22:12:34 +0100] "GET /im/lang1/menu_subscribe.gif HTTP/1.1" 200 1877 "http://www.fraicolo.fr/description.php?lang2=1&id=391&path=68" "Mozilla/4.0 (compatible; MSIE 8.0; Windows NT 5.1; Trident/4.0; GTB6.6; .NET CLR 1.1.4322; .NET CLR 2.0.50727; .NET CLR 3.0.04506.30; .NET CLR 3.0.04506.648)"
78.249.189.124 - - [30/Dec/2010:22:12:34 +0100] "GET /im/articles/TomatesCerisesGrappes.jpg HTTP/1.1" 200 13672 "http://www.fraicolo.fr/list.php?lang=1&path=41&num=20&action=n&sort=Article&page=0" "Mozilla/4.0 (compatible; MSIE 8.0; Windows NT 5.1; Trident/4.0; GTB6.3; Tablet PC 1.7; .NET CLR 1.0.3705; .NET CLR 1.1.4322; .NET CLR 2.0.50727; .NET CLR 3.0.4506.2152; .NET CLR 3.5.30729; OfficeLiveConnector.1.4; OfficeLivePatch.1.3)"
78.249.189.124 - - [30/Dec/2010:22:12:34 +0100] "GET /im/articles/TomatesGrappes.jpg HTTP/1.1" 200 7602 "http://www.fraicolo.fr/list.php?lang=1&path=41&num=20&action=n&sort=Article&page=0" "Mozilla/4.0 (compatible; MSIE 8.0; Windows NT 5.1; Trident/4.0; GTB6.3; Tablet PC 1.7; .NET CLR 1.0.3705; .NET CLR 1.1.4322; .NET CLR 2.0.50727; .NET CLR 3.0.4506.2152; .NET CLR 3.5.30729; OfficeLiveConnector.1.4; OfficeLivePatch.1.3)"
78.249.189.124 - - [30/Dec/2010:22:12:34 +0100] "GET /im/articles/TomateNormale.jpg HTTP/1.1" 200 5615 "http://www.fraicolo.fr/list.php?lang=1&path=41&num=20&action=n&sort=Article&page=0" "Mozilla/4.0 (compatible; MSIE 8.0; Windows NT 5.1; Trident/4.0; GTB6.3; Tablet PC 1.7; .NET CLR 1.0.3705; .NET CLR 1.1.4322; .NET CLR 2.0.50727; .NET CLR 3.0.4506.2152; .NET CLR 3.5.30729; OfficeLiveConnector.1.4; OfficeLivePatch.1.3)"
80.185.178.192 - - [30/Dec/2010:22:12:34 +0100] "GET /im/background/menuright.gif HTTP/1.1" 200 1832 "http://www.fraicolo.fr/description.php?lang2=1&id=391&path=68" "Mozilla/4.0 (compatible; MSIE 8.0; Windows NT 5.1; Trident/4.0; GTB6.6; .NET CLR 1.1.4322; .NET CLR 2.0.50727; .NET CLR 3.0.04506.30; .NET CLR 3.0.04506.648)"
78.249.189.124 - - [30/Dec/2010:22:12:34 +0100] "GET /im/cart_rem.gif HTTP/1.1" 200 368 "http://www.fraicolo.fr/list.php?lang=1&path=41&num=20&action=n&sort=Article&page=0" "Mozilla/4.0 (compatible; MSIE 8.0; Windows NT 5.1; Trident/4.0; GTB6.3; Tablet PC 1.7; .NET CLR 1.0.3705; .NET CLR 1.1.4322; .NET CLR 2.0.50727; .NET CLR 3.0.4506.2152; .NET CLR 3.5.30729; OfficeLiveConnector.1.4; OfficeLivePatch.1.3)"
80.185.178.192 - - [30/Dec/2010:22:12:34 +0100] "GET /im/lang1/menu_infos.gif HTTP/1.1" 200 2010 "http://www.fraicolo.fr/description.php?lang2=1&id=391&path=68" "Mozilla/4.0 (compatible; MSIE 8.0; Windows NT 5.1; Trident/4.0; GTB6.6; .NET CLR 1.1.4322; .NET CLR 2.0.50727; .NET CLR 3.0.04506.30; .NET CLR 3.0.04506.648)"
80.185.178.192 - - [30/Dec/2010:22:12:34 +0100] "GET /im/lang1/articles.gif HTTP/1.1" 200 1100 "http://www.fraicolo.fr/description.php?lang2=1&id=391&path=68" "Mozilla/4.0 (compatible; MSIE 8.0; Windows NT 5.1; Trident/4.0; GTB6.6; .NET CLR 1.1.4322; .NET CLR 2.0.50727; .NET CLR 3.0.04506.30; .NET CLR 3.0.04506.648)"
78.249.189.124 - - [30/Dec/2010:22:12:34 +0100] "GET /im/cart.gif HTTP/1.1" 200 574 "http://www.fraicolo.fr/list.php?lang=1&path=41&num=20&action=n&sort=Article&page=0" "Mozilla/4.0 (compatible; MSIE 8.0; Windows NT 5.1; Trident/4.0; GTB6.3; Tablet PC 1.7; .NET CLR 1.0.3705; .NET CLR 1.1.4322; .NET CLR 2.0.50727; .NET CLR 3.0.4506.2152; .NET CLR 3.5.30729; OfficeLiveConnector.1.4; OfficeLivePatch.1.3)"
80.185.178.192 - - [30/Dec/2010:22:12:34 +0100] "GET /im/ok.gif HTTP/1.1" 200 128 "http://www.fraicolo.fr/description.php?lang2=1&id=391&path=68" "Mozilla/4.0 (compatible; MSIE 8.0; Windows NT 5.1; Trident/4.0; GTB6.6; .NET CLR 1.1.4322; .NET CLR 2.0.50727; .NET CLR 3.0.04506.30; .NET CLR 3.0.04506.648)"
78.249.189.124 - - [30/Dec/2010:22:12:34 +0100] "GET /im/cart_opt.gif HTTP/1.1" 200 365 "http://www.fraicolo.fr/list.php?lang=1&path=41&num=20&action=n&sort=Article&page=0" "Mozilla/4.0 (compatible; MSIE 8.0; Windows NT 5.1; Trident/4.0; GTB6.3; Tablet PC 1.7; .NET CLR 1.0.3705; .NET CLR 1.1.4322; .NET CLR 2.0.50727; .NET CLR 3.0.4506.2152; .NET CLR 3.5.30729; OfficeLiveConnector.1.4; OfficeLivePatch.1.3)"
80.185.178.192 - - [30/Dec/2010:22:12:34 +0100] "GET /im/articles/GaletteSaintMichel.JPG HTTP/1.1" 200 52239 "http://www.fraicolo.fr/description.php?lang2=1&id=391&path=68" "Mozilla/4.0 (compatible; MSIE 8.0; Windows NT 5.1; Trident/4.0; GTB6.6; .NET CLR 1.1.4322; .NET CLR 2.0.50727; .NET CLR 3.0.04506.30; .NET CLR 3.0.04506.648)"
78.249.189.124 - - [30/Dec/2010:22:12:34 +0100] "GET /im/cart_out.gif HTTP/1.1" 200 1030 "http://www.fraicolo.fr/list.php?lang=1&path=41&num=20&action=n&sort=Article&page=0" "Mozilla/4.0 (compatible; MSIE 8.0; Windows NT 5.1; Trident/4.0; GTB6.3; Tablet PC 1.7; .NET CLR 1.0.3705; .NET CLR 1.1.4322; .NET CLR 2.0.50727; .NET CLR 3.0.4506.2152; .NET CLR 3.5.30729; OfficeLiveConnector.1.4; OfficeLivePatch.1.3)"
78.249.189.124 - - [30/Dec/2010:22:12:34 +0100] "GET /im/articles/TomateNormaleGrosse.JPG HTTP/1.1" 200 5846 "http://www.fraicolo.fr/list.php?lang=1&path=41&num=20&action=n&sort=Article&page=0" "Mozilla/4.0 (compatible; MSIE 8.0; Windows NT 5.1; Trident/4.0; GTB6.3; Tablet PC 1.7; .NET CLR 1.0.3705; .NET CLR 1.1.4322; .NET CLR 2.0.50727; .NET CLR 3.0.4506.2152; .NET CLR 3.5.30729; OfficeLiveConnector.1.4; OfficeLivePatch.1.3)"
80.185.178.192 - - [30/Dec/2010:22:12:35 +0100] "GET /favicon.ico HTTP/1.1" 200 293 "-" "Mozilla/4.0 (compatible; MSIE 8.0; Windows NT 5.1; Trident/4.0; GTB6.6; .NET CLR 1.1.4322; .NET CLR 2.0.50727; .NET CLR 3.0.04506.30; .NET CLR 3.0.04506.648)"
66.249.71.6 - - [30/Dec/2010:22:12:44 +0100] "GET /categories.php?lang=e&path=89&num=60&action=e HTTP/1.1" 200 15366 "-" "Mozilla/5.0 (compatible; Googlebot/2.1; +http://www.google.com/bot.html)"
78.249.189.124 - - [30/Dec/2010:22:13:17 +0100] "GET /categories.php?lang=e&path=30&num=48&action=e HTTP/1.1" 200 16226 "http://www.fraicolo.fr/categories.php?lang=e&path=150&num=43&action=e" "Mozilla/4.0 (compatible; MSIE 8.0; Windows NT 5.1; Trident/4.0; GTB6.3; Tablet PC 1.7; .NET CLR 1.0.3705; .NET CLR 1.1.4322; .NET CLR 2.0.50727; .NET CLR 3.0.4506.2152; .NET CLR 3.5.30729; OfficeLiveConnector.1.4; OfficeLivePatch.1.3)"
78.249.189.124 - - [30/Dec/2010:22:13:18 +0100] "GET /im/articles/Chevre%20rondin.jpg HTTP/1.1" 200 6140 "http://www.fraicolo.fr/categories.php?lang=e&path=30&num=48&action=e" "Mozilla/4.0 (compatible; MSIE 8.0; Windows NT 5.1; Trident/4.0; GTB6.3; Tablet PC 1.7; .NET CLR 1.0.3705; .NET CLR 1.1.4322; .NET CLR 2.0.50727; .NET CLR 3.0.4506.2152; .NET CLR 3.5.30729; OfficeLiveConnector.1.4; OfficeLivePatch.1.3)"
78.249.189.124 - - [30/Dec/2010:22:13:18 +0100] "GET /im/articles/Pont%20Leveque.JPG HTTP/1.1" 200 9021 "http://www.fraicolo.fr/categories.php?lang=e&path=30&num=48&action=e" "Mozilla/4.0 (compatible; MSIE 8.0; Windows NT 5.1; Trident/4.0; GTB6.3; Tablet PC 1.7; .NET CLR 1.0.3705; .NET CLR 1.1.4322; .NET CLR 2.0.50727; .NET CLR 3.0.4506.2152; .NET CLR 3.5.30729; OfficeLiveConnector.1.4; OfficeLivePatch.1.3)"
78.249.189.124 - - [30/Dec/2010:22:13:18 +0100] "GET /im/articles/Valencay.JPG HTTP/1.1" 200 4066 "http://www.fraicolo.fr/categories.php?lang=e&path=30&num=48&action=e" "Mozilla/4.0 (compatible; MSIE 8.0; Windows NT 5.1; Trident/4.0; GTB6.3; Tablet PC 1.7; .NET CLR 1.0.3705; .NET CLR 1.1.4322; .NET CLR 2.0.50727; .NET CLR 3.0.4506.2152; .NET CLR 3.5.30729; OfficeLiveConnector.1.4; OfficeLivePatch.1.3)"
78.249.189.124 - - [30/Dec/2010:22:13:18 +0100] "GET /im/articles/Chantilly.JPG HTTP/1.1" 200 2824 "http://www.fraicolo.fr/categories.php?lang=e&path=30&num=48&action=e" "Mozilla/4.0 (compatible; MSIE 8.0; Windows NT 5.1; Trident/4.0; GTB6.3; Tablet PC 1.7; .NET CLR 1.0.3705; .NET CLR 1.1.4322; .NET CLR 2.0.50727; .NET CLR 3.0.4506.2152; .NET CLR 3.5.30729; OfficeLiveConnector.1.4; OfficeLivePatch.1.3)"
78.249.189.124 - - [30/Dec/2010:22:13:18 +0100] "GET /im/articles/WeightFruits.JPG HTTP/1.1" 200 46581 "http://www.fraicolo.fr/categories.php?lang=e&path=30&num=48&action=e" "Mozilla/4.0 (compatible; MSIE 8.0; Windows NT 5.1; Trident/4.0; GTB6.3; Tablet PC 1.7; .NET CLR 1.0.3705; .NET CLR 1.1.4322; .NET CLR 2.0.50727; .NET CLR 3.0.4506.2152; .NET CLR 3.5.30729; OfficeLiveConnector.1.4; OfficeLivePatch.1.3)"
78.249.189.124 - - [30/Dec/2010:22:13:18 +0100] "GET /im/articles/Beurre-.JPG HTTP/1.1" 200 44718 "http://www.fraicolo.fr/categories.php?lang=e&path=30&num=48&action=e" "Mozilla/4.0 (compatible; MSIE 8.0; Windows NT 5.1; Trident/4.0; GTB6.3; Tablet PC 1.7; .NET CLR 1.0.3705; .NET CLR 1.1.4322; .NET CLR 2.0.50727; .NET CLR 3.0.4506.2152; .NET CLR 3.5.30729; OfficeLiveConnector.1.4; OfficeLivePatch.1.3)"
78.249.189.124 - - [30/Dec/2010:22:13:18 +0100] "GET /im/articles/OeufsauLait.JPG HTTP/1.1" 200 53658 "http://www.fraicolo.fr/categories.php?lang=e&path=30&num=48&action=e" "Mozilla/4.0 (compatible; MSIE 8.0; Windows NT 5.1; Trident/4.0; GTB6.3; Tablet PC 1.7; .NET CLR 1.0.3705; .NET CLR 1.1.4322; .NET CLR 2.0.50727; .NET CLR 3.0.4506.2152; .NET CLR 3.5.30729; OfficeLiveConnector.1.4; OfficeLivePatch.1.3)"
78.249.189.124 - - [30/Dec/2010:22:13:18 +0100] "GET /im/articles/LaitEcreme.JPG HTTP/1.1" 200 17852 "http://www.fraicolo.fr/categories.php?lang=e&path=30&num=48&action=e" "Mozilla/4.0 (compatible; MSIE 8.0; Windows NT 5.1; Trident/4.0; GTB6.3; Tablet PC 1.7; .NET CLR 1.0.3705; .NET CLR 1.1.4322; .NET CLR 2.0.50727; .NET CLR 3.0.4506.2152; .NET CLR 3.5.30729; OfficeLiveConnector.1.4; OfficeLivePatch.1.3)"
78.249.189.124 - - [30/Dec/2010:22:13:18 +0100] "GET /im/articles/YaourtVerreLaitEntier.JPG HTTP/1.1" 200 45408 "http://www.fraicolo.fr/categories.php?lang=e&path=30&num=48&action=e" "Mozilla/4.0 (compatible; MSIE 8.0; Windows NT 5.1; Trident/4.0; GTB6.3; Tablet PC 1.7; .NET CLR 1.0.3705; .NET CLR 1.1.4322; .NET CLR 2.0.50727; .NET CLR 3.0.4506.2152; .NET CLR 3.5.30729; OfficeLiveConnector.1.4; OfficeLivePatch.1.3)"
78.249.189.124 - - [30/Dec/2010:22:13:18 +0100] "GET /im/articles/Caprice%20des%20Dieux.jpg HTTP/1.1" 200 7502 "http://www.fraicolo.fr/categories.php?lang=e&path=30&num=48&action=e" "Mozilla/4.0 (compatible; MSIE 8.0; Windows NT 5.1; Trident/4.0; GTB6.3; Tablet PC 1.7; .NET CLR 1.0.3705; .NET CLR 1.1.4322; .NET CLR 2.0.50727; .NET CLR 3.0.4506.2152; .NET CLR 3.5.30729; OfficeLiveConnector.1.4; OfficeLivePatch.1.3)"
78.249.189.124 - - [30/Dec/2010:22:13:19 +0100] "GET /im/articles/MICHELframboise.JPG HTTP/1.1" 200 9775 "http://www.fraicolo.fr/categories.php?lang=e&path=30&num=48&action=e" "Mozilla/4.0 (compatible; MSIE 8.0; Windows NT 5.1; Trident/4.0; GTB6.3; Tablet PC 1.7; .NET CLR 1.0.3705; .NET CLR 1.1.4322; .NET CLR 2.0.50727; .NET CLR 3.0.4506.2152; .NET CLR 3.5.30729; OfficeLiveConnector.1.4; OfficeLivePatch.1.3)"
78.249.189.124 - - [30/Dec/2010:22:13:19 +0100] "GET /im/articles/BioChampsSojaVanille.JPG HTTP/1.1" 200 16852 "http://www.fraicolo.fr/categories.php?lang=e&path=30&num=48&action=e" "Mozilla/4.0 (compatible; MSIE 8.0; Windows NT 5.1; Trident/4.0; GTB6.3; Tablet PC 1.7; .NET CLR 1.0.3705; .NET CLR 1.1.4322; .NET CLR 2.0.50727; .NET CLR 3.0.4506.2152; .NET CLR 3.5.30729; OfficeLiveConnector.1.4; OfficeLivePatch.1.3)"
78.249.189.124 - - [30/Dec/2010:22:13:19 +0100] "GET /im/articles/BiochampsYaourtBrebisVanille.JPG HTTP/1.1" 200 7969 "http://www.fraicolo.fr/categories.php?lang=e&path=30&num=48&action=e" "Mozilla/4.0 (compatible; MSIE 8.0; Windows NT 5.1; Trident/4.0; GTB6.3; Tablet PC 1.7; .NET CLR 1.0.3705; .NET CLR 1.1.4322; .NET CLR 2.0.50727; .NET CLR 3.0.4506.2152; .NET CLR 3.5.30729; OfficeLiveConnector.1.4; OfficeLivePatch.1.3)"
78.249.189.124 - - [30/Dec/2010:22:13:19 +0100] "GET /im/articles/RizauLait.JPG HTTP/1.1" 200 58681 "http://www.fraicolo.fr/categories.php?lang=e&path=30&num=48&action=e" "Mozilla/4.0 (compatible; MSIE 8.0; Windows NT 5.1; Trident/4.0; GTB6.3; Tablet PC 1.7; .NET CLR 1.0.3705; .NET CLR 1.1.4322; .NET CLR 2.0.50727; .NET CLR 3.0.4506.2152; .NET CLR 3.5.30729; OfficeLiveConnector.1.4; OfficeLivePatch.1.3)"
78.249.189.124 - - [30/Dec/2010:22:13:19 +0100] "GET /im/articles/BiochampsFromBlanc20pc.JPG HTTP/1.1" 200 21164 "http://www.fraicolo.fr/categories.php?lang=e&path=30&num=48&action=e" "Mozilla/4.0 (compatible; MSIE 8.0; Windows NT 5.1; Trident/4.0; GTB6.3; Tablet PC 1.7; .NET CLR 1.0.3705; .NET CLR 1.1.4322; .NET CLR 2.0.50727; .NET CLR 3.0.4506.2152; .NET CLR 3.5.30729; OfficeLiveConnector.1.4; OfficeLivePatch.1.3)"
78.249.189.124 - - [30/Dec/2010:22:13:19 +0100] "GET /im/articles/BourgognePoivre.JPG HTTP/1.1" 200 25391 "http://www.fraicolo.fr/categories.php?lang=e&path=30&num=48&action=e" "Mozilla/4.0 (compatible; MSIE 8.0; Windows NT 5.1; Trident/4.0; GTB6.3; Tablet PC 1.7; .NET CLR 1.0.3705; .NET CLR 1.1.4322; .NET CLR 2.0.50727; .NET CLR 3.0.4506.2152; .NET CLR 3.5.30729; OfficeLiveConnector.1.4; OfficeLivePatch.1.3)"
78.249.189.124 - - [30/Dec/2010:22:13:19 +0100] "GET /im/articles/PrairiesYaourtFraiseRhub.JPG HTTP/1.1" 200 24286 "http://www.fraicolo.fr/categories.php?lang=e&path=30&num=48&action=e" "Mozilla/4.0 (compatible; MSIE 8.0; Windows NT 5.1; Trident/4.0; GTB6.3; Tablet PC 1.7; .NET CLR 1.0.3705; .NET CLR 1.1.4322; .NET CLR 2.0.50727; .NET CLR 3.0.4506.2152; .NET CLR 3.5.30729; OfficeLiveConnector.1.4; OfficeLivePatch.1.3)"
78.249.189.124 - - [30/Dec/2010:22:13:19 +0100] "GET /im/articles/PetitSuisseFruitsBIO.JPG HTTP/1.1" 200 16558 "http://www.fraicolo.fr/categories.php?lang=e&path=30&num=48&action=e" "Mozilla/4.0 (compatible; MSIE 8.0; Windows NT 5.1; Trident/4.0; GTB6.3; Tablet PC 1.7; .NET CLR 1.0.3705; .NET CLR 1.1.4322; .NET CLR 2.0.50727; .NET CLR 3.0.4506.2152; .NET CLR 3.5.30729; OfficeLiveConnector.1.4; OfficeLivePatch.1.3)"
78.249.189.124 - - [30/Dec/2010:22:13:19 +0100] "GET /im/articles/BioChampsSojaNature.JPG HTTP/1.1" 200 15655 "http://www.fraicolo.fr/categories.php?lang=e&path=30&num=48&action=e" "Mozilla/4.0 (compatible; MSIE 8.0; Windows NT 5.1; Trident/4.0; GTB6.3; Tablet PC 1.7; .NET CLR 1.0.3705; .NET CLR 1.1.4322; .NET CLR 2.0.50727; .NET CLR 3.0.4506.2152; .NET CLR 3.5.30729; OfficeLiveConnector.1.4; OfficeLivePatch.1.3)"
78.249.189.124 - - [30/Dec/2010:22:13:19 +0100] "GET /im/articles/YaourtEntierBIO.JPG HTTP/1.1" 200 20334 "http://www.fraicolo.fr/categories.php?lang=e&path=30&num=48&action=e" "Mozilla/4.0 (compatible; MSIE 8.0; Windows NT 5.1; Trident/4.0; GTB6.3; Tablet PC 1.7; .NET CLR 1.0.3705; .NET CLR 1.1.4322; .NET CLR 2.0.50727; .NET CLR 3.0.4506.2152; .NET CLR 3.5.30729; OfficeLiveConnector.1.4; OfficeLivePatch.1.3)"
78.249.189.124 - - [30/Dec/2010:22:13:19 +0100] "GET /im/articles/PlateauFromage12personnes.JPG HTTP/1.1" 200 21449 "http://www.fraicolo.fr/categories.php?lang=e&path=30&num=48&action=e" "Mozilla/4.0 (compatible; MSIE 8.0; Windows NT 5.1; Trident/4.0; GTB6.3; Tablet PC 1.7; .NET CLR 1.0.3705; .NET CLR 1.1.4322; .NET CLR 2.0.50727; .NET CLR 3.0.4506.2152; .NET CLR 3.5.30729; OfficeLiveConnector.1.4; OfficeLivePatch.1.3)"
78.249.189.124 - - [30/Dec/2010:22:13:20 +0100] "GET /im/articles/VeloutesFruix.JPG HTTP/1.1" 200 11722 "http://www.fraicolo.fr/categories.php?lang=e&path=30&num=48&action=e" "Mozilla/4.0 (compatible; MSIE 8.0; Windows NT 5.1; Trident/4.0; GTB6.3; Tablet PC 1.7; .NET CLR 1.0.3705; .NET CLR 1.1.4322; .NET CLR 2.0.50727; .NET CLR 3.0.4506.2152; .NET CLR 3.5.30729; OfficeLiveConnector.1.4; OfficeLivePatch.1.3)"
78.249.189.124 - - [30/Dec/2010:22:13:20 +0100] "GET /im/articles/Vigneron.JPG HTTP/1.1" 200 6266 "http://www.fraicolo.fr/categories.php?lang=e&path=30&num=48&action=e" "Mozilla/4.0 (compatible; MSIE 8.0; Windows NT 5.1; Trident/4.0; GTB6.3; Tablet PC 1.7; .NET CLR 1.0.3705; .NET CLR 1.1.4322; .NET CLR 2.0.50727; .NET CLR 3.0.4506.2152; .NET CLR 3.5.30729; OfficeLiveConnector.1.4; OfficeLivePatch.1.3)"
78.249.189.124 - - [30/Dec/2010:22:13:20 +0100] "GET /im/articles/CremeUHT.JPG HTTP/1.1" 200 20519 "http://www.fraicolo.fr/categories.php?lang=e&path=30&num=48&action=e" "Mozilla/4.0 (compatible; MSIE 8.0; Windows NT 5.1; Trident/4.0; GTB6.3; Tablet PC 1.7; .NET CLR 1.0.3705; .NET CLR 1.1.4322; .NET CLR 2.0.50727; .NET CLR 3.0.4506.2152; .NET CLR 3.5.30729; OfficeLiveConnector.1.4; OfficeLivePatch.1.3)"
78.249.189.124 - - [30/Dec/2010:22:13:20 +0100] "GET /im/articles/Actimel.JPG HTTP/1.1" 200 20341 "http://www.fraicolo.fr/categories.php?lang=e&path=30&num=48&action=e" "Mozilla/4.0 (compatible; MSIE 8.0; Windows NT 5.1; Trident/4.0; GTB6.3; Tablet PC 1.7; .NET CLR 1.0.3705; .NET CLR 1.1.4322; .NET CLR 2.0.50727; .NET CLR 3.0.4506.2152; .NET CLR 3.5.30729; OfficeLiveConnector.1.4; OfficeLivePatch.1.3)"
78.249.189.124 - - [30/Dec/2010:22:13:20 +0100] "GET /im/articles/CremeChocolat-.JPG HTTP/1.1" 200 67804 "http://www.fraicolo.fr/categories.php?lang=e&path=30&num=48&action=e" "Mozilla/4.0 (compatible; MSIE 8.0; Windows NT 5.1; Trident/4.0; GTB6.3; Tablet PC 1.7; .NET CLR 1.0.3705; .NET CLR 1.1.4322; .NET CLR 2.0.50727; .NET CLR 3.0.4506.2152; .NET CLR 3.5.30729; OfficeLiveConnector.1.4; OfficeLivePatch.1.3)"
78.249.189.124 - - [30/Dec/2010:22:13:20 +0100] "GET /im/articles/Mascarpone.jpg HTTP/1.1" 200 6356 "http://www.fraicolo.fr/categories.php?lang=e&path=30&num=48&action=e" "Mozilla/4.0 (compatible; MSIE 8.0; Windows NT 5.1; Trident/4.0; GTB6.3; Tablet PC 1.7; .NET CLR 1.0.3705; .NET CLR 1.1.4322; .NET CLR 2.0.50727; .NET CLR 3.0.4506.2152; .NET CLR 3.5.30729; OfficeLiveConnector.1.4; OfficeLivePatch.1.3)"
78.249.189.124 - - [30/Dec/2010:22:13:20 +0100] "GET /im/articles/MICHELmyrtille.JPG HTTP/1.1" 200 10564 "http://www.fraicolo.fr/categories.php?lang=e&path=30&num=48&action=e" "Mozilla/4.0 (compatible; MSIE 8.0; Windows NT 5.1; Trident/4.0; GTB6.3; Tablet PC 1.7; .NET CLR 1.0.3705; .NET CLR 1.1.4322; .NET CLR 2.0.50727; .NET CLR 3.0.4506.2152; .NET CLR 3.5.30729; OfficeLiveConnector.1.4; OfficeLivePatch.1.3)"
78.249.189.124 - - [30/Dec/2010:22:13:20 +0100] "GET /im/articles/LaitSojaCalcium.JPG HTTP/1.1" 200 8735 "http://www.fraicolo.fr/categories.php?lang=e&path=30&num=48&action=e" "Mozilla/4.0 (compatible; MSIE 8.0; Windows NT 5.1; Trident/4.0; GTB6.3; Tablet PC 1.7; .NET CLR 1.0.3705; .NET CLR 1.1.4322; .NET CLR 2.0.50727; .NET CLR 3.0.4506.2152; .NET CLR 3.5.30729; OfficeLiveConnector.1.4; OfficeLivePatch.1.3)"
78.249.189.124 - - [30/Dec/2010:22:13:20 +0100] "GET /im/articles/BiogamPetitSuisse.JPG HTTP/1.1" 200 18850 "http://www.fraicolo.fr/categories.php?lang=e&path=30&num=48&action=e" "Mozilla/4.0 (compatible; MSIE 8.0; Windows NT 5.1; Trident/4.0; GTB6.3; Tablet PC 1.7; .NET CLR 1.0.3705; .NET CLR 1.1.4322; .NET CLR 2.0.50727; .NET CLR 3.0.4506.2152; .NET CLR 3.5.30729; OfficeLiveConnector.1.4; OfficeLivePatch.1.3)"
78.249.189.124 - - [30/Dec/2010:22:13:20 +0100] "GET /categories.php?lang=e&path=150&num=43&action=e HTTP/1.1" 200 15271 "http://www.fraicolo.fr/categories.php?lang=e&path=89&num=60&action=e" "Mozilla/4.0 (compatible; MSIE 8.0; Windows NT 5.1; Trident/4.0; GTB6.3; Tablet PC 1.7; .NET CLR 1.0.3705; .NET CLR 1.1.4322; .NET CLR 2.0.50727; .NET CLR 3.0.4506.2152; .NET CLR 3.5.30729; OfficeLiveConnector.1.4; OfficeLivePatch.1.3)"
90.32.202.205 - - [30/Dec/2010:22:13:33 +0100] "GET /im/articles/AgneauCotes.JPG HTTP/1.1" 200 61940 "http://www.rodeosaladgang.biz/" "Mozilla/5.0 (Windows; U; Windows NT 6.0; fr-FR) AppleWebKit/533.19.4 (KHTML, like Gecko) Version/5.0.3 Safari/533.19.4"
66.249.71.6 - - [30/Dec/2010:22:13:38 +0100] "GET /list.php?lang=1&path=171&num=17&sort=Article&page=0&action=e HTTP/1.1" 200 11619 "-" "Mozilla/5.0 (compatible; Googlebot/2.1; +http://www.google.com/bot.html)"
80.8.92.17 - - [30/Dec/2010:22:13:39 +0100] "GET /im/articles/ChipsTraiteur.JPG HTTP/1.1" 304 - "http://www.eternia-fr.net/news_903_film-13-le-maitre-de-l-illusion-zoroark-disponible-en-vostfr.html" "Mozilla/4.0 (compatible; MSIE 8.0; Windows NT 5.1; Trident/4.0; GTB6.6; .NET CLR 1.0.3705; .NET CLR 1.1.4322; .NET CLR 2.0.50727; Media Center PC 4.0; InfoPath.2; .NET CLR 3.0.4506.2152; .NET CLR 3.5.30729; OfficeLiveConnector.1.3; OfficeLivePatch.0.0)"
194.150.236.161 - - [30/Dec/2010:22:13:54 +0100] "HEAD /im/banner/Affiliation_Fraicolo_120x60.gif HTTP/1.1" 200 - "-" "-"
194.150.236.161 - - [30/Dec/2010:22:13:55 +0100] "GET /im/banner/Affiliation_Fraicolo_120x60.gif HTTP/1.1" 200 16471 "-" "PHP/5.2.6"
82.66.52.97 - - [30/Dec/2010:22:15:00 +0100] "GET /im/articles/DattesBIO.JPG HTTP/1.1" 200 27862 "-" "Mozilla/5.0 (Windows; U; Windows NT 5.1; fr; rv:1.9.2.13) Gecko/20101203 Firefox/3.6.13"
82.66.52.97 - - [30/Dec/2010:22:15:01 +0100] "GET /im/articles/DattesBIO.JPG HTTP/1.1" 200 27862 "-" "Mozilla/5.0 (Windows; U; Windows NT 5.1; fr; rv:1.9.2.13) Gecko/20101203 Firefox/3.6.13"
207.46.199.185 - - [30/Dec/2010:22:15:34 +0100] "GET /robots.txt HTTP/1.1" 200 13 "-" "Mozilla/5.0 (compatible; bingbot/2.0; +http://www.bing.com/bingbot.htm)"
194.150.236.161 - - [30/Dec/2010:22:15:52 +0100] "HEAD /im/banner/Affiliation_Fraicolo_120x60.gif HTTP/1.1" 200 - "-" "-"
194.150.236.161 - - [30/Dec/2010:22:15:52 +0100] "GET /im/banner/Affiliation_Fraicolo_120x60.gif HTTP/1.1" 200 16471 "-" "PHP/5.2.6"
194.150.236.161 - - [30/Dec/2010:22:16:15 +0100] "HEAD /im/banner/Affiliation_Fraicolo_120x60.gif HTTP/1.1" 200 - "-" "-"
194.150.236.161 - - [30/Dec/2010:22:16:16 +0100] "GET /im/banner/Affiliation_Fraicolo_120x60.gif HTTP/1.1" 200 16471 "-" "PHP/5.2.6"
82.234.73.160 - - [30/Dec/2010:22:16:28 +0100] "GET /im/articles/ChipsTraiteur.JPG HTTP/1.1" 200 31181 "http://www.eternia-fr.net/news_903_film-13-le-maitre-de-l-illusion-zoroark-disponible-en-vostfr.html" "Mozilla/5.0 (Windows; U; Windows NT 5.1; en-US; rv:1.9.1.16) Gecko/20101130 Firefox/3.5.16 (.NET CLR 3.5.30729)"
87.88.210.44 - - [30/Dec/2010:22:16:51 +0100] "GET /list.php?lang=1&path=63&sort=Article&page=0 HTTP/1.1" 200 12280 "http://www.google.fr/imgres?imgurl=http://www.fraicolo.fr/im/articles/PersilFrise.JPG&imgrefurl=http://www.fraicolo.fr/list.php%3Flang%3D1%26path%3D63%26sort%3DArticle%26page%3D0&h=300&w=272&sz=12&tbnid=_vNvCwmUBaicxM:&tbnh=116&tbnw=105&prev=/images%3Fq%3Dpersil%2Bfris%25C3%25A9&zoom=1&q=persil+fris%C3%A9&usg=__yWzBARoxqoOFDnB6-fvtzqmmK7w=&sa=X&ei=u_YcTf7nL4as8gOIg-XABQ&ved=0CCYQ9QEwAw" "Mozilla/5.0 (Windows; U; Windows NT 5.1; fr; rv:1.9.2.4) Gecko/20100611 Firefox/3.6.4"
87.88.210.44 - - [30/Dec/2010:22:16:52 +0100] "GET /css/scss.css HTTP/1.1" 200 3683 "http://www.fraicolo.fr/list.php?lang=1&path=63&sort=Article&page=0" "Mozilla/5.0 (Windows; U; Windows NT 5.1; fr; rv:1.9.2.4) Gecko/20100611 Firefox/3.6.4"
87.88.210.44 - - [30/Dec/2010:22:16:52 +0100] "GET /im/LOGOFraicolo.png HTTP/1.1" 200 21138 "http://www.fraicolo.fr/list.php?lang=1&path=63&sort=Article&page=0" "Mozilla/5.0 (Windows; U; Windows NT 5.1; fr; rv:1.9.2.4) Gecko/20100611 Firefox/3.6.4"
87.88.210.44 - - [30/Dec/2010:22:16:52 +0100] "GET /includes/popImage.js HTTP/1.1" 200 1233 "http://www.fraicolo.fr/list.php?lang=1&path=63&sort=Article&page=0" "Mozilla/5.0 (Windows; U; Windows NT 5.1; fr; rv:1.9.2.4) Gecko/20100611 Firefox/3.6.4"
87.88.210.44 - - [30/Dec/2010:22:16:52 +0100] "GET /im/zzz.gif HTTP/1.1" 200 49 "http://www.fraicolo.fr/list.php?lang=1&path=63&sort=Article&page=0" "Mozilla/5.0 (Windows; U; Windows NT 5.1; fr; rv:1.9.2.4) Gecko/20100611 Firefox/3.6.4"
87.88.210.44 - - [30/Dec/2010:22:16:52 +0100] "GET /im/accueil.gif HTTP/1.1" 200 511 "http://www.fraicolo.fr/list.php?lang=1&path=63&sort=Article&page=0" "Mozilla/5.0 (Windows; U; Windows NT 5.1; fr; rv:1.9.2.4) Gecko/20100611 Firefox/3.6.4"
87.88.210.44 - - [30/Dec/2010:22:16:52 +0100] "GET /im/banner/bannercorporate1.jpg HTTP/1.1" 200 44430 "http://www.fraicolo.fr/list.php?lang=1&path=63&sort=Article&page=0" "Mozilla/5.0 (Windows; U; Windows NT 5.1; fr; rv:1.9.2.4) Gecko/20100611 Firefox/3.6.4"
87.88.210.44 - - [30/Dec/2010:22:16:52 +0100] "GET /im/path.gif HTTP/1.1" 200 363 "http://www.fraicolo.fr/list.php?lang=1&path=63&sort=Article&page=0" "Mozilla/5.0 (Windows; U; Windows NT 5.1; fr; rv:1.9.2.4) Gecko/20100611 Firefox/3.6.4"
87.88.210.44 - - [30/Dec/2010:22:16:52 +0100] "GET /im/lang1/menu_search.gif HTTP/1.1" 200 1955 "http://www.fraicolo.fr/list.php?lang=1&path=63&sort=Article&page=0" "Mozilla/5.0 (Windows; U; Windows NT 5.1; fr; rv:1.9.2.4) Gecko/20100611 Firefox/3.6.4"
87.88.210.44 - - [30/Dec/2010:22:16:52 +0100] "GET /includes/menu/plus.gif HTTP/1.1" 200 71 "http://www.fraicolo.fr/list.php?lang=1&path=63&sort=Article&page=0" "Mozilla/5.0 (Windows; U; Windows NT 5.1; fr; rv:1.9.2.4) Gecko/20100611 Firefox/3.6.4"
87.88.210.44 - - [30/Dec/2010:22:16:52 +0100] "GET /im/lang1/menu_com.gif HTTP/1.1" 200 2071 "http://www.fraicolo.fr/list.php?lang=1&path=63&sort=Article&page=0" "Mozilla/5.0 (Windows; U; Windows NT 5.1; fr; rv:1.9.2.4) Gecko/20100611 Firefox/3.6.4"
87.88.210.44 - - [30/Dec/2010:22:16:52 +0100] "GET /im/articles/Aneth.JPG HTTP/1.1" 200 5562 "http://www.fraicolo.fr/list.php?lang=1&path=63&sort=Article&page=0" "Mozilla/5.0 (Windows; U; Windows NT 5.1; fr; rv:1.9.2.4) Gecko/20100611 Firefox/3.6.4"
87.88.210.44 - - [30/Dec/2010:22:16:53 +0100] "GET /im/payment.gif HTTP/1.1" 200 2578 "http://www.fraicolo.fr/list.php?lang=1&path=63&sort=Article&page=0" "Mozilla/5.0 (Windows; U; Windows NT 5.1; fr; rv:1.9.2.4) Gecko/20100611 Firefox/3.6.4"
87.88.210.44 - - [30/Dec/2010:22:16:53 +0100] "GET /im/stockok.gif HTTP/1.1" 200 920 "http://www.fraicolo.fr/list.php?lang=1&path=63&sort=Article&page=0" "Mozilla/5.0 (Windows; U; Windows NT 5.1; fr; rv:1.9.2.4) Gecko/20100611 Firefox/3.6.4"
87.88.210.44 - - [30/Dec/2010:22:16:53 +0100] "GET /im/articles/HerbesBasilic.JPG HTTP/1.1" 200 8027 "http://www.fraicolo.fr/list.php?lang=1&path=63&sort=Article&page=0" "Mozilla/5.0 (Windows; U; Windows NT 5.1; fr; rv:1.9.2.4) Gecko/20100611 Firefox/3.6.4"
87.88.210.44 - - [30/Dec/2010:22:16:53 +0100] "GET /im/articles/Ciboulette.JPG HTTP/1.1" 200 22179 "http://www.fraicolo.fr/list.php?lang=1&path=63&sort=Article&page=0" "Mozilla/5.0 (Windows; U; Windows NT 5.1; fr; rv:1.9.2.4) Gecko/20100611 Firefox/3.6.4"
87.88.210.44 - - [30/Dec/2010:22:16:53 +0100] "GET /im/articles/Coriandre.JPG HTTP/1.1" 200 16279 "http://www.fraicolo.fr/list.php?lang=1&path=63&sort=Article&page=0" "Mozilla/5.0 (Windows; U; Windows NT 5.1; fr; rv:1.9.2.4) Gecko/20100611 Firefox/3.6.4"
87.88.210.44 - - [30/Dec/2010:22:16:53 +0100] "GET /im/articles/Estragon.JPG HTTP/1.1" 200 9416 "http://www.fraicolo.fr/list.php?lang=1&path=63&sort=Article&page=0" "Mozilla/5.0 (Windows; U; Windows NT 5.1; fr; rv:1.9.2.4) Gecko/20100611 Firefox/3.6.4"
87.88.210.44 - - [30/Dec/2010:22:16:53 +0100] "GET /im/articles/HerbesMenthe.JPG HTTP/1.1" 200 12129 "http://www.fraicolo.fr/list.php?lang=1&path=63&sort=Article&page=0" "Mozilla/5.0 (Windows; U; Windows NT 5.1; fr; rv:1.9.2.4) Gecko/20100611 Firefox/3.6.4"
87.88.210.44 - - [30/Dec/2010:22:16:53 +0100] "GET /im/articles/Oseille.JPG HTTP/1.1" 200 6476 "http://www.fraicolo.fr/list.php?lang=1&path=63&sort=Article&page=0" "Mozilla/5.0 (Windows; U; Windows NT 5.1; fr; rv:1.9.2.4) Gecko/20100611 Firefox/3.6.4"
87.88.210.44 - - [30/Dec/2010:22:16:53 +0100] "GET /im/articles/HerbesPersil.JPG HTTP/1.1" 200 13770 "http://www.fraicolo.fr/list.php?lang=1&path=63&sort=Article&page=0" "Mozilla/5.0 (Windows; U; Windows NT 5.1; fr; rv:1.9.2.4) Gecko/20100611 Firefox/3.6.4"
87.88.210.44 - - [30/Dec/2010:22:16:53 +0100] "GET /im/background/bg_green.gif HTTP/1.1" 200 2395 "http://www.fraicolo.fr/css/scss.css" "Mozilla/5.0 (Windows; U; Windows NT 5.1; fr; rv:1.9.2.4) Gecko/20100611 Firefox/3.6.4"
87.88.210.44 - - [30/Dec/2010:22:16:53 +0100] "GET /im/lang1/cart_add.gif HTTP/1.1" 200 481 "http://www.fraicolo.fr/list.php?lang=1&path=63&sort=Article&page=0" "Mozilla/5.0 (Windows; U; Windows NT 5.1; fr; rv:1.9.2.4) Gecko/20100611 Firefox/3.6.4"
87.88.210.44 - - [30/Dec/2010:22:16:53 +0100] "GET /im/background/menuleft.gif HTTP/1.1" 200 1837 "http://www.fraicolo.fr/css/scss.css" "Mozilla/5.0 (Windows; U; Windows NT 5.1; fr; rv:1.9.2.4) Gecko/20100611 Firefox/3.6.4"
87.88.210.44 - - [30/Dec/2010:22:16:53 +0100] "GET /im/background/bg_shop_green.gif HTTP/1.1" 200 49144 "http://www.fraicolo.fr/css/scss.css" "Mozilla/5.0 (Windows; U; Windows NT 5.1; fr; rv:1.9.2.4) Gecko/20100611 Firefox/3.6.4"
87.88.210.44 - - [30/Dec/2010:22:16:53 +0100] "GET /im/fleche_bottom.gif HTTP/1.1" 200 57 "http://www.fraicolo.fr/css/scss.css" "Mozilla/5.0 (Windows; U; Windows NT 5.1; fr; rv:1.9.2.4) Gecko/20100611 Firefox/3.6.4"
87.88.210.44 - - [30/Dec/2010:22:16:53 +0100] "GET /im/background/module_left.gif HTTP/1.1" 200 323 "http://www.fraicolo.fr/css/scss.css" "Mozilla/5.0 (Windows; U; Windows NT 5.1; fr; rv:1.9.2.4) Gecko/20100611 Firefox/3.6.4"
87.88.210.44 - - [30/Dec/2010:22:16:54 +0100] "GET /im/background/menuright.gif HTTP/1.1" 200 1832 "http://www.fraicolo.fr/css/scss.css" "Mozilla/5.0 (Windows; U; Windows NT 5.1; fr; rv:1.9.2.4) Gecko/20100611 Firefox/3.6.4"
87.88.210.44 - - [30/Dec/2010:22:16:54 +0100] "GET /im/articles/PersilFrise.JPG HTTP/1.1" 200 12135 "http://www.google.fr/imgres?imgurl=http://www.fraicolo.fr/im/articles/PersilFrise.JPG&imgrefurl=http://www.fraicolo.fr/list.php%3Flang%3D1%26path%3D63%26sort%3DArticle%26page%3D0&h=300&w=272&sz=12&tbnid=_vNvCwmUBaicxM:&tbnh=116&tbnw=105&prev=/images%3Fq%3Dpersil%2Bfris%25C3%25A9&zoom=1&q=persil+fris%C3%A9&usg=__yWzBARoxqoOFDnB6-fvtzqmmK7w=&sa=X&ei=u_YcTf7nL4as8gOIg-XABQ&ved=0CCYQ9QEwAw" "Mozilla/5.0 (Windows; U; Windows NT 5.1; fr; rv:1.9.2.4) Gecko/20100611 Firefox/3.6.4"
78.249.189.124 - - [30/Dec/2010:22:16:56 +0100] "GET /im/payment.gif HTTP/1.1" 304 - "http://www.fraicolo.fr/categories.php?lang=e&path=150&num=43&action=e" "Mozilla/4.0 (compatible; MSIE 8.0; Windows NT 5.1; Trident/4.0; GTB6.3; Tablet PC 1.7; .NET CLR 1.0.3705; .NET CLR 1.1.4322; .NET CLR 2.0.50727; .NET CLR 3.0.4506.2152; .NET CLR 3.5.30729; OfficeLiveConnector.1.4; OfficeLivePatch.1.3)"
194.150.236.161 - - [30/Dec/2010:22:17:20 +0100] "HEAD /im/banner/Affiliation_Fraicolo_120x60.gif HTTP/1.1" 200 - "-" "-"
194.150.236.161 - - [30/Dec/2010:22:17:21 +0100] "GET /im/banner/Affiliation_Fraicolo_120x60.gif HTTP/1.1" 200 16471 "-" "PHP/5.2.6"
77.196.2.206 - - [30/Dec/2010:22:17:48 +0100] "GET /im/articles/ChipsTraiteur.JPG HTTP/1.1" 200 31181 "http://www.eternia-fr.net/news_736_les-legendaires-de-pokemon-black-amp-white.html" "Mozilla/5.0 (Windows; U; Windows NT 5.1; fr; rv:1.9.2.13) Gecko/20101203 Firefox/3.6.13 GTB7.1 ( .NET CLR 3.5.30729)"
77.196.2.206 - - [30/Dec/2010:22:18:12 +0100] "GET /im/articles/ChipsTraiteur.JPG HTTP/1.1" 206 24348 "http://www.eternia-fr.net/news_736_les-legendaires-de-pokemon-black-amp-white.html" "Mozilla/5.0 (Windows; U; Windows NT 5.1; fr; rv:1.9.2.13) Gecko/20101203 Firefox/3.6.13 GTB7.1 ( .NET CLR 3.5.30729)"
90.38.54.8 - - [30/Dec/2010:22:18:22 +0100] "GET /list.php?lang=1&path=149&page=0&sort=Article HTTP/1.1" 200 14178 "http://www.google.fr/imgres?imgurl=http://www.fraicolo.fr/im/articles/RilletteTruiteBIO.JPG&imgrefurl=http://www.fraicolo.fr/list.php%3Flang%3D1%26path%3D149%26page%3D0%26sort%3DArticle&usg=__Y-L2bGWe9auWVByDyGnnx_-GYo8=&h=191&w=240&sz=12&hl=fr&start=3&zoom=0&um=1&itbs=1&tbnid=qVqtkm4Rq-HAOM:&tbnh=88&tbnw=110&prev=/images%3Fq%3Drillette%2Bde%2Bnoix%2Bde%2Bsaint%2Bjacques%26um%3D1%26hl%3Dfr%26sa%3DN%26rlz%3D1B3GGGL_frFR253FR253%26tbs%3Disch:1" "Mozilla/5.0 (Windows; U; Windows NT 5.1; fr; rv:1.9.2.13) Gecko/20101203 Firefox/3.6.13 GTB7.1 ( .NET CLR 3.5.30729)"
90.29.80.189 - - [30/Dec/2010:22:18:22 +0100] "GET /categories.php?lang=1&path=88&num=76&action=e&sort=Article&page=0 HTTP/1.1" 200 15821 "http://www.google.fr/imgres?imgurl=http://fraicolo.fr/im/articles/GaletteSaintMichel.JPG&imgrefurl=http://fraicolo.fr/categories.php%3Flang%3D1%26path%3D88%26num%3D76%26action%3De%26sort%3DArticle%26page%3D0&usg=__3CyOTneomobX09odlhtfqTBEFbA=&h=622&w=940&sz=52&hl=fr&start=1&zoom=1&tbnid=0QEoulVpmMY1FM:&tbnh=98&tbnw=148&prev=/images%3Fq%3Dsabl%25C3%25A9%2Bde%2Bretz%2Bmont%2Bst%2Bmichel%26hl%3Dfr%26sa%3DX%26rlz%3D1T4SUNC_frFR383FR384%26tbs%3Disch:1%26prmd%3Divns&itbs=1" "Mozilla/4.0 (compatible; MSIE 6.0; Windows NT 5.1; SV1; GTB6.6; AskTbPTF/5.9.1.14019)"
90.29.80.189 - - [30/Dec/2010:22:18:23 +0100] "GET /css/scss.css HTTP/1.1" 304 - "http://fraicolo.fr/categories.php?lang=1&path=88&num=76&action=e&sort=Article&page=0" "Mozilla/4.0 (compatible; MSIE 6.0; Windows NT 5.1; SV1; GTB6.6; AskTbPTF/5.9.1.14019)"
90.38.54.8 - - [30/Dec/2010:22:18:23 +0100] "GET /includes/popImage.js HTTP/1.1" 200 1233 "http://www.fraicolo.fr/list.php?lang=1&path=149&page=0&sort=Article" "Mozilla/5.0 (Windows; U; Windows NT 5.1; fr; rv:1.9.2.13) Gecko/20101203 Firefox/3.6.13 GTB7.1 ( .NET CLR 3.5.30729)"
77.196.2.206 - - [30/Dec/2010:22:18:23 +0100] "GET /im/articles/ChipsTraiteur.JPG HTTP/1.1" 206 24348 "http://www.eternia-fr.net/news_736_les-legendaires-de-pokemon-black-amp-white.html" "Mozilla/5.0 (Windows; U; Windows NT 5.1; fr; rv:1.9.2.13) Gecko/20101203 Firefox/3.6.13 GTB7.1 ( .NET CLR 3.5.30729)"
90.29.80.189 - - [30/Dec/2010:22:18:23 +0100] "GET /includes/popImage.js HTTP/1.1" 304 - "http://fraicolo.fr/categories.php?lang=1&path=88&num=76&action=e&sort=Article&page=0" "Mozilla/4.0 (compatible; MSIE 6.0; Windows NT 5.1; SV1; GTB6.6; AskTbPTF/5.9.1.14019)"
90.38.54.8 - - [30/Dec/2010:22:18:23 +0100] "GET /css/scss.css HTTP/1.1" 200 3683 "http://www.fraicolo.fr/list.php?lang=1&path=149&page=0&sort=Article" "Mozilla/5.0 (Windows; U; Windows NT 5.1; fr; rv:1.9.2.13) Gecko/20101203 Firefox/3.6.13 GTB7.1 ( .NET CLR 3.5.30729)"
90.38.54.8 - - [30/Dec/2010:22:18:23 +0100] "GET /im/accueil.gif HTTP/1.1" 200 511 "http://www.fraicolo.fr/list.php?lang=1&path=149&page=0&sort=Article" "Mozilla/5.0 (Windows; U; Windows NT 5.1; fr; rv:1.9.2.13) Gecko/20101203 Firefox/3.6.13 GTB7.1 ( .NET CLR 3.5.30729)"
90.38.54.8 - - [30/Dec/2010:22:18:23 +0100] "GET /im/zzz.gif HTTP/1.1" 200 49 "http://www.fraicolo.fr/list.php?lang=1&path=149&page=0&sort=Article" "Mozilla/5.0 (Windows; U; Windows NT 5.1; fr; rv:1.9.2.13) Gecko/20101203 Firefox/3.6.13 GTB7.1 ( .NET CLR 3.5.30729)"
90.38.54.8 - - [30/Dec/2010:22:18:23 +0100] "GET /im/LOGOFraicolo.png HTTP/1.1" 200 21138 "http://www.fraicolo.fr/list.php?lang=1&path=149&page=0&sort=Article" "Mozilla/5.0 (Windows; U; Windows NT 5.1; fr; rv:1.9.2.13) Gecko/20101203 Firefox/3.6.13 GTB7.1 ( .NET CLR 3.5.30729)"
90.29.80.189 - - [30/Dec/2010:22:18:23 +0100] "GET /im/LOGOFraicolo.png HTTP/1.1" 304 - "http://fraicolo.fr/categories.php?lang=1&path=88&num=76&action=e&sort=Article&page=0" "Mozilla/4.0 (compatible; MSIE 6.0; Windows NT 5.1; SV1; GTB6.6; AskTbPTF/5.9.1.14019)"
90.29.80.189 - - [30/Dec/2010:22:18:23 +0100] "GET /im/banner/bannercorporate1.jpg HTTP/1.1" 304 - "http://fraicolo.fr/categories.php?lang=1&path=88&num=76&action=e&sort=Article&page=0" "Mozilla/4.0 (compatible; MSIE 6.0; Windows NT 5.1; SV1; GTB6.6; AskTbPTF/5.9.1.14019)"
90.29.80.189 - - [30/Dec/2010:22:18:24 +0100] "GET /im/fleche_right.gif HTTP/1.1" 304 - "http://fraicolo.fr/categories.php?lang=1&path=88&num=76&action=e&sort=Article&page=0" "Mozilla/4.0 (compatible; MSIE 6.0; Windows NT 5.1; SV1; GTB6.6; AskTbPTF/5.9.1.14019)"
90.29.80.189 - - [30/Dec/2010:22:18:24 +0100] "GET /im/background/menuleft.gif HTTP/1.1" 304 - "http://fraicolo.fr/categories.php?lang=1&path=88&num=76&action=e&sort=Article&page=0" "Mozilla/4.0 (compatible; MSIE 6.0; Windows NT 5.1; SV1; GTB6.6; AskTbPTF/5.9.1.14019)"
90.29.80.189 - - [30/Dec/2010:22:18:24 +0100] "GET /csshover.htc HTTP/1.1" 304 - "-" "Mozilla/4.0 (compatible; MSIE 6.0; Windows NT 5.1; SV1; GTB6.6; AskTbPTF/5.9.1.14019)"
90.29.80.189 - - [30/Dec/2010:22:18:24 +0100] "GET /im/background/bg_shop_green.gif HTTP/1.1" 304 - "http://fraicolo.fr/categories.php?lang=1&path=88&num=76&action=e&sort=Article&page=0" "Mozilla/4.0 (compatible; MSIE 6.0; Windows NT 5.1; SV1; GTB6.6; AskTbPTF/5.9.1.14019)"
90.29.80.189 - - [30/Dec/2010:22:18:24 +0100] "GET /im/search.gif HTTP/1.1" 304 - "http://fraicolo.fr/categories.php?lang=1&path=88&num=76&action=e&sort=Article&page=0" "Mozilla/4.0 (compatible; MSIE 6.0; Windows NT 5.1; SV1; GTB6.6; AskTbPTF/5.9.1.14019)"
