89.226.161.143 - - [30/Dec/2010:19:53:20 +0100] "GET /im/articles/PetitsSuissesGervais.JPG HTTP/1.1" 200 60355 "http://www.google.fr/imgres?imgurl=http://www.fraicolo.fr/im/articles/PetitsSuissesGervais.JPG&imgrefurl=http://www.fraicolo.fr/list.php%3Flang%3D1%26path%3D97%26sort%3DArticle%26page%3D0&usg=__Buu3lKNCNYk9M0jQcAlrqTcNWJY=&h=596&w=746&sz=59&hl=fr&start=15&zoom=1&um=1&itbs=1&tbnid=zdL5CxE-oUuFrM:&tbnh=113&tbnw=141&prev=/images%3Fq%3Dpetits%2Bsuissses%26um%3D1%26hl%3Dfr%26sa%3DN%26tbs%3Disch:1" "Mozilla/5.0 (Windows; U; Windows NT 6.0; en-US) AppleWebKit/534.10 (KHTML, like Gecko) Chrome/8.0.552.224 Safari/534.10"
194.150.236.161 - - [30/Dec/2010:19:53:48 +0100] "HEAD /im/banner/Affiliation_Fraicolo_120x60.gif HTTP/1.1" 200 - "-" "-"
89.226.161.143 - - [30/Dec/2010:19:53:01 +0100] "GET /im/articles/PetitsSuissesGervais.JPG HTTP/1.1" 200 60355 "http://www.google.fr/imgres?imgurl=http://www.fraicolo.fr/im/articles/PetitsSuissesGervais.JPG&imgrefurl=http://www.fraicolo.fr/list.php%3Flang%3D1%26path%3D97%26sort%3DArticle%26page%3D0&usg=__Buu3lKNCNYk9M0jQcAlrqTcNWJY=&h=596&w=746&sz=59&hl=fr&start=15&zoom=1&um=1&itbs=1&tbnid=zdL5CxE-oUuFrM:&tbnh=113&tbnw=141&prev=/images%3Fq%3Dpetits%2Bsuissses%26um%3D1%26hl%3Dfr%26sa%3DN%26tbs%3Disch:1" "Mozilla/5.0 (Windows; U; Windows NT 6.0; en-US) AppleWebKit/534.10 (KHTML, like Gecko) Chrome/8.0.552.224 Safari/534.10"
90.11.15.188 - - [30/Dec/2010:19:50:42 +0100] "GET /im/articles/ChipsTraiteur.JPG HTTP/1.1" 200 31181 "http://www.eternia-fr.net/news_900_date-de-sortie-de-b-w-noms.html" "Mozilla/5.0 (Windows; U; Windows NT 5.1; fr; rv:1.9.1.3) Gecko/20090824 Firefox/3.5.3 (.NET CLR 3.5.30729) FBSMTWB"
81.249.85.31 - - [30/Dec/2010:19:53:55 +0100] "GET /favicon.ico HTTP/1.0" 200 1150 "-" "Safari/6533.19.4 CFNetwork/454.11.5 Darwin/10.5.0 (i386) (iMac6%2C1)"
89.226.161.143 - - [30/Dec/2010:19:53:56 +0100] "GET /favicon.ico HTTP/1.1" 200 293 "-" "Mozilla/5.0 (Windows; U; Windows NT 6.0; en-US) AppleWebKit/534.10 (KHTML, like Gecko) Chrome/8.0.552.224 Safari/534.10"
216.113.31.64 - - [30/Dec/2010:19:54:24 +0100] "GET /list.php?lang=1&path=97&sort=Article&page=0 HTTP/1.1" 200 15282 "-" "Mozilla/4.0 (compatible; MSIE 8.0; Windows NT 6.0; WOW64; Trident/4.0; SLCC1; .NET CLR 2.0.50727; Media Center PC 5.0; .NET CLR 3.5.30729; .NET CLR 3.0.30729; .NET4.0C)"
216.113.31.64 - - [30/Dec/2010:19:54:28 +0100] "GET /css/scss.css HTTP/1.1" 200 3683 "http://www.fraicolo.fr/list.php?lang=1&path=97&sort=Article&page=0" "Mozilla/4.0 (compatible; MSIE 8.0; Windows NT 6.0; WOW64; Trident/4.0; SLCC1; .NET CLR 2.0.50727; Media Center PC 5.0; .NET CLR 3.5.30729; .NET CLR 3.0.30729; .NET4.0C)"
93.22.128.101 - - [30/Dec/2010:19:54:31 +0100] "GET /im/articles/ChipsTraiteur.JPG HTTP/1.1" 200 31181 "http://www.eternia-fr.net/news_899_best-wishes-14-disponible-en-vostfr.html" "Mozilla/5.0 (Windows; U; Windows NT 6.1; fr; rv:1.9.2.13) Gecko/20101203 Firefox/3.6.13 GTB7.1"
67.195.112.48 - - [30/Dec/2010:19:54:32 +0100] "GET /categories.php?lang=1&path=87&num=50&action=n&sort=Article HTTP/1.0" 200 15552 "-" "Mozilla/5.0 (compatible; Yahoo! Slurp; http://help.yahoo.com/help/us/ysearch/slurp)"
216.113.31.64 - - [30/Dec/2010:19:54:39 +0100] "GET /includes/popImage.js HTTP/1.1" 200 1233 "http://www.fraicolo.fr/list.php?lang=1&path=97&sort=Article&page=0" "Mozilla/4.0 (compatible; MSIE 8.0; Windows NT 6.0; WOW64; Trident/4.0; SLCC1; .NET CLR 2.0.50727; Media Center PC 5.0; .NET CLR 3.5.30729; .NET CLR 3.0.30729; .NET4.0C)"
216.113.31.64 - - [30/Dec/2010:19:54:50 +0100] "GET /im/background/bg_green.gif HTTP/1.1" 200 2395 "http://www.fraicolo.fr/list.php?lang=1&path=97&sort=Article&page=0" "Mozilla/4.0 (compatible; MSIE 8.0; Windows NT 6.0; WOW64; Trident/4.0; SLCC1; .NET CLR 2.0.50727; Media Center PC 5.0; .NET CLR 3.5.30729; .NET CLR 3.0.30729; .NET4.0C)"
216.113.31.64 - - [30/Dec/2010:19:54:51 +0100] "GET /csshover.htc HTTP/1.1" 200 1166 "-" "Mozilla/4.0 (compatible; MSIE 8.0; Windows NT 6.0; WOW64; Trident/4.0; SLCC1; .NET CLR 2.0.50727; Media Center PC 5.0; .NET CLR 3.5.30729; .NET CLR 3.0.30729; .NET4.0C)"
216.113.31.64 - - [30/Dec/2010:19:54:51 +0100] "GET /im/accueil.gif HTTP/1.1" 200 511 "http://www.fraicolo.fr/list.php?lang=1&path=97&sort=Article&page=0" "Mozilla/4.0 (compatible; MSIE 8.0; Windows NT 6.0; WOW64; Trident/4.0; SLCC1; .NET CLR 2.0.50727; Media Center PC 5.0; .NET CLR 3.5.30729; .NET CLR 3.0.30729; .NET4.0C)"
216.113.31.64 - - [30/Dec/2010:19:54:52 +0100] "GET /im/path.gif HTTP/1.1" 200 363 "http://www.fraicolo.fr/list.php?lang=1&path=97&sort=Article&page=0" "Mozilla/4.0 (compatible; MSIE 8.0; Windows NT 6.0; WOW64; Trident/4.0; SLCC1; .NET CLR 2.0.50727; Media Center PC 5.0; .NET CLR 3.5.30729; .NET CLR 3.0.30729; .NET4.0C)"
216.113.31.64 - - [30/Dec/2010:19:54:52 +0100] "GET /im/lang1/menu_search.gif HTTP/1.1" 200 1955 "http://www.fraicolo.fr/list.php?lang=1&path=97&sort=Article&page=0" "Mozilla/4.0 (compatible; MSIE 8.0; Windows NT 6.0; WOW64; Trident/4.0; SLCC1; .NET CLR 2.0.50727; Media Center PC 5.0; .NET CLR 3.5.30729; .NET CLR 3.0.30729; .NET4.0C)"
194.150.236.161 - - [30/Dec/2010:19:54:53 +0100] "HEAD /im/banner/Affiliation_Fraicolo_120x60.gif HTTP/1.1" 200 - "-" "-"
93.22.128.101 - - [30/Dec/2010:19:54:56 +0100] "GET /im/articles/ChipsTraiteur.JPG HTTP/1.1" 206 9517 "http://www.eternia-fr.net/news_897_titre-bw-016-et-017.html" "Mozilla/5.0 (Windows; U; Windows NT 6.1; fr; rv:1.9.2.13) Gecko/20101203 Firefox/3.6.13 GTB7.1"
216.113.31.64 - - [30/Dec/2010:19:54:50 +0100] "GET /im/background/bg_shop_green.gif HTTP/1.1" 200 49144 "http://www.fraicolo.fr/list.php?lang=1&path=97&sort=Article&page=0" "Mozilla/4.0 (compatible; MSIE 8.0; Windows NT 6.0; WOW64; Trident/4.0; SLCC1; .NET CLR 2.0.50727; Media Center PC 5.0; .NET CLR 3.5.30729; .NET CLR 3.0.30729; .NET4.0C)"
216.113.31.64 - - [30/Dec/2010:19:55:01 +0100] "GET /im/search.gif HTTP/1.1" 200 681 "http://www.fraicolo.fr/list.php?lang=1&path=97&sort=Article&page=0" "Mozilla/4.0 (compatible; MSIE 8.0; Windows NT 6.0; WOW64; Trident/4.0; SLCC1; .NET CLR 2.0.50727; Media Center PC 5.0; .NET CLR 3.5.30729; .NET CLR 3.0.30729; .NET4.0C)"
216.113.31.64 - - [30/Dec/2010:19:55:01 +0100] "GET /includes/menu/plus.gif HTTP/1.1" 200 71 "http://www.fraicolo.fr/list.php?lang=1&path=97&sort=Article&page=0" "Mozilla/4.0 (compatible; MSIE 8.0; Windows NT 6.0; WOW64; Trident/4.0; SLCC1; .NET CLR 2.0.50727; Media Center PC 5.0; .NET CLR 3.5.30729; .NET CLR 3.0.30729; .NET4.0C)"
216.113.31.64 - - [30/Dec/2010:19:55:03 +0100] "GET /im/LOGOFraicolo.png HTTP/1.1" 200 21138 "http://www.fraicolo.fr/list.php?lang=1&path=97&sort=Article&page=0" "Mozilla/4.0 (compatible; MSIE 8.0; Windows NT 6.0; WOW64; Trident/4.0; SLCC1; .NET CLR 2.0.50727; Media Center PC 5.0; .NET CLR 3.5.30729; .NET CLR 3.0.30729; .NET4.0C)"
216.113.31.64 - - [30/Dec/2010:19:55:04 +0100] "GET /im/lang1/menu_com.gif HTTP/1.1" 200 2071 "http://www.fraicolo.fr/list.php?lang=1&path=97&sort=Article&page=0" "Mozilla/4.0 (compatible; MSIE 8.0; Windows NT 6.0; WOW64; Trident/4.0; SLCC1; .NET CLR 2.0.50727; Media Center PC 5.0; .NET CLR 3.5.30729; .NET CLR 3.0.30729; .NET4.0C)"
216.113.31.64 - - [30/Dec/2010:19:55:04 +0100] "GET /im/payment.gif HTTP/1.1" 200 2578 "http://www.fraicolo.fr/list.php?lang=1&path=97&sort=Article&page=0" "Mozilla/4.0 (compatible; MSIE 8.0; Windows NT 6.0; WOW64; Trident/4.0; SLCC1; .NET CLR 2.0.50727; Media Center PC 5.0; .NET CLR 3.5.30729; .NET CLR 3.0.30729; .NET4.0C)"
216.113.31.64 - - [30/Dec/2010:19:55:07 +0100] "GET /im/background/menuleft.gif HTTP/1.1" 200 1837 "http://www.fraicolo.fr/list.php?lang=1&path=97&sort=Article&page=0" "Mozilla/4.0 (compatible; MSIE 8.0; Windows NT 6.0; WOW64; Trident/4.0; SLCC1; .NET CLR 2.0.50727; Media Center PC 5.0; .NET CLR 3.5.30729; .NET CLR 3.0.30729; .NET4.0C)"
216.113.31.64 - - [30/Dec/2010:19:55:07 +0100] "GET /im/fleche_right.gif HTTP/1.1" 200 58 "http://www.fraicolo.fr/list.php?lang=1&path=97&sort=Article&page=0" "Mozilla/4.0 (compatible; MSIE 8.0; Windows NT 6.0; WOW64; Trident/4.0; SLCC1; .NET CLR 2.0.50727; Media Center PC 5.0; .NET CLR 3.5.30729; .NET CLR 3.0.30729; .NET4.0C)"
216.113.31.64 - - [30/Dec/2010:19:55:50 +0100] "GET /im/articles/YaourtBIOVanille.JPG HTTP/1.1" 200 11867 "http://www.fraicolo.fr/list.php?lang=1&path=97&sort=Article&page=0" "Mozilla/4.0 (compatible; MSIE 8.0; Windows NT 6.0; WOW64; Trident/4.0; SLCC1; .NET CLR 2.0.50727; Media Center PC 5.0; .NET CLR 3.5.30729; .NET CLR 3.0.30729; .NET4.0C)"
216.113.31.64 - - [30/Dec/2010:19:55:52 +0100] "GET /im/articles/VeloutesFruixJaune.JPG HTTP/1.1" 200 11622 "http://www.fraicolo.fr/list.php?lang=1&path=97&sort=Article&page=0" "Mozilla/4.0 (compatible; MSIE 8.0; Windows NT 6.0; WOW64; Trident/4.0; SLCC1; .NET CLR 2.0.50727; Media Center PC 5.0; .NET CLR 3.5.30729; .NET CLR 3.0.30729; .NET4.0C)"
216.113.31.64 - - [30/Dec/2010:19:55:53 +0100] "GET /im/articles/VeloutesFruix.JPG HTTP/1.1" 200 11722 "http://www.fraicolo.fr/list.php?lang=1&path=97&sort=Article&page=0" "Mozilla/4.0 (compatible; MSIE 8.0; Windows NT 6.0; WOW64; Trident/4.0; SLCC1; .NET CLR 2.0.50727; Media Center PC 5.0; .NET CLR 3.5.30729; .NET CLR 3.0.30729; .NET4.0C)"
216.113.31.64 - - [30/Dec/2010:19:55:54 +0100] "GET /im/articles/VerreCremeJaune-.JPG HTTP/1.1" 200 14217 "http://www.fraicolo.fr/list.php?lang=1&path=97&sort=Article&page=0" "Mozilla/4.0 (compatible; MSIE 8.0; Windows NT 6.0; WOW64; Trident/4.0; SLCC1; .NET CLR 2.0.50727; Media Center PC 5.0; .NET CLR 3.5.30729; .NET CLR 3.0.30729; .NET4.0C)"
194.150.236.161 - - [30/Dec/2010:19:53:57 +0100] "GET /im/banner/Affiliation_Fraicolo_120x60.gif HTTP/1.1" 200 16471 "-" "PHP/5.2.6"
216.113.31.64 - - [30/Dec/2010:19:56:05 +0100] "GET /im/articles/VerreCremeCaramel-.JPG HTTP/1.1" 200 12524 "http://www.fraicolo.fr/list.php?lang=1&path=97&sort=Article&page=0" "Mozilla/4.0 (compatible; MSIE 8.0; Windows NT 6.0; WOW64; Trident/4.0; SLCC1; .NET CLR 2.0.50727; Media Center PC 5.0; .NET CLR 3.5.30729; .NET CLR 3.0.30729; .NET4.0C)"
82.234.200.162 - - [30/Dec/2010:19:56:09 +0100] "GET /im/articles/ConfitureRouge.JPG HTTP/1.1" 200 19996 "http://www.stereopoly.com/jeu/profil.php?id=817147" "Mozilla/5.0 (Windows; U; Windows NT 5.1; fr; rv:1.9.2.13) Gecko/20101203 AskTbVD/3.9.1.14019 Firefox/3.6.13 GTB7.1 ( .NET CLR 3.5.30729)"
216.113.31.64 - - [30/Dec/2010:19:56:20 +0100] "GET /im/articles/MamieNovaGourmandChocolat.JPG HTTP/1.1" 200 33159 "http://www.fraicolo.fr/list.php?lang=1&path=97&sort=Article&page=0" "Mozilla/4.0 (compatible; MSIE 8.0; Windows NT 6.0; WOW64; Trident/4.0; SLCC1; .NET CLR 2.0.50727; Media Center PC 5.0; .NET CLR 3.5.30729; .NET CLR 3.0.30729; .NET4.0C)"
83.196.105.66 - - [30/Dec/2010:19:56:25 +0100] "GET /im/articles/ChipsTraiteur.JPG HTTP/1.1" 200 31181 "http://www.eternia-fr.net/news_903_film-13-le-maitre-de-l-illusion-zoroark-disponible-en-vostfr.html" "Mozilla/5.0 (Windows; U; Windows NT 6.0; fr; rv:1.9.2.13) Gecko/20101203 Firefox/3.6.13 ( .NET CLR 3.5.30729) Creative ZENcast v2.00.08"
216.113.31.64 - - [30/Dec/2010:19:56:29 +0100] "GET /im/articles/VerreCremeChocolat-.JPG HTTP/1.1" 200 14368 "http://www.fraicolo.fr/list.php?lang=1&path=97&sort=Article&page=0" "Mozilla/4.0 (compatible; MSIE 8.0; Windows NT 6.0; WOW64; Trident/4.0; SLCC1; .NET CLR 2.0.50727; Media Center PC 5.0; .NET CLR 3.5.30729; .NET CLR 3.0.30729; .NET4.0C)"
216.113.31.64 - - [30/Dec/2010:19:56:29 +0100] "GET /im/articles/YaourtLaitJourMyrtille.JPG HTTP/1.1" 200 9803 "http://www.fraicolo.fr/list.php?lang=1&path=97&sort=Article&page=0" "Mozilla/4.0 (compatible; MSIE 8.0; Windows NT 6.0; WOW64; Trident/4.0; SLCC1; .NET CLR 2.0.50727; Media Center PC 5.0; .NET CLR 3.5.30729; .NET CLR 3.0.30729; .NET4.0C)"
216.113.31.64 - - [30/Dec/2010:19:56:29 +0100] "GET /im/articles/YaourtLaitJourFramboise.JPG HTTP/1.1" 200 9199 "http://www.fraicolo.fr/list.php?lang=1&path=97&sort=Article&page=0" "Mozilla/4.0 (compatible; MSIE 8.0; Windows NT 6.0; WOW64; Trident/4.0; SLCC1; .NET CLR 2.0.50727; Media Center PC 5.0; .NET CLR 3.5.30729; .NET CLR 3.0.30729; .NET4.0C)"
216.113.31.64 - - [30/Dec/2010:19:56:29 +0100] "GET /im/articles/YaourtLaitJourOrange.JPG HTTP/1.1" 200 8141 "http://www.fraicolo.fr/list.php?lang=1&path=97&sort=Article&page=0" "Mozilla/4.0 (compatible; MSIE 8.0; Windows NT 6.0; WOW64; Trident/4.0; SLCC1; .NET CLR 2.0.50727; Media Center PC 5.0; .NET CLR 3.5.30729; .NET CLR 3.0.30729; .NET4.0C)"
216.113.31.64 - - [30/Dec/2010:19:56:30 +0100] "GET /im/articles/YaourtPanierSaveurs.JPG HTTP/1.1" 200 43680 "http://www.fraicolo.fr/list.php?lang=1&path=97&sort=Article&page=0" "Mozilla/4.0 (compatible; MSIE 8.0; Windows NT 6.0; WOW64; Trident/4.0; SLCC1; .NET CLR 2.0.50727; Media Center PC 5.0; .NET CLR 3.5.30729; .NET CLR 3.0.30729; .NET4.0C)"
216.113.31.64 - - [30/Dec/2010:19:56:30 +0100] "GET /im/articles/WeightFruits.JPG HTTP/1.1" 200 46581 "http://www.fraicolo.fr/list.php?lang=1&path=97&sort=Article&page=0" "Mozilla/4.0 (compatible; MSIE 8.0; Windows NT 6.0; WOW64; Trident/4.0; SLCC1; .NET CLR 2.0.50727; Media Center PC 5.0; .NET CLR 3.5.30729; .NET CLR 3.0.30729; .NET4.0C)"
216.113.31.64 - - [30/Dec/2010:19:56:30 +0100] "GET /im/cart.gif HTTP/1.1" 200 574 "http://www.fraicolo.fr/list.php?lang=1&path=97&sort=Article&page=0" "Mozilla/4.0 (compatible; MSIE 8.0; Windows NT 6.0; WOW64; Trident/4.0; SLCC1; .NET CLR 2.0.50727; Media Center PC 5.0; .NET CLR 3.5.30729; .NET CLR 3.0.30729; .NET4.0C)"
216.113.31.64 - - [30/Dec/2010:19:56:30 +0100] "GET /im/articles/YaourtFruits.JPG HTTP/1.1" 200 68010 "http://www.fraicolo.fr/list.php?lang=1&path=97&sort=Article&page=0" "Mozilla/4.0 (compatible; MSIE 8.0; Windows NT 6.0; WOW64; Trident/4.0; SLCC1; .NET CLR 2.0.50727; Media Center PC 5.0; .NET CLR 3.5.30729; .NET CLR 3.0.30729; .NET4.0C)"
216.113.31.64 - - [30/Dec/2010:19:56:30 +0100] "GET /im/cart_rem.gif HTTP/1.1" 200 368 "http://www.fraicolo.fr/list.php?lang=1&path=97&sort=Article&page=0" "Mozilla/4.0 (compatible; MSIE 8.0; Windows NT 6.0; WOW64; Trident/4.0; SLCC1; .NET CLR 2.0.50727; Media Center PC 5.0; .NET CLR 3.5.30729; .NET CLR 3.0.30729; .NET4.0C)"
216.113.31.64 - - [30/Dec/2010:19:56:31 +0100] "GET /im/cart_opt.gif HTTP/1.1" 200 365 "http://www.fraicolo.fr/list.php?lang=1&path=97&sort=Article&page=0" "Mozilla/4.0 (compatible; MSIE 8.0; Windows NT 6.0; WOW64; Trident/4.0; SLCC1; .NET CLR 2.0.50727; Media Center PC 5.0; .NET CLR 3.5.30729; .NET CLR 3.0.30729; .NET4.0C)"
216.113.31.64 - - [30/Dec/2010:19:56:31 +0100] "GET /im/cart_out.gif HTTP/1.1" 200 1030 "http://www.fraicolo.fr/list.php?lang=1&path=97&sort=Article&page=0" "Mozilla/4.0 (compatible; MSIE 8.0; Windows NT 6.0; WOW64; Trident/4.0; SLCC1; .NET CLR 2.0.50727; Media Center PC 5.0; .NET CLR 3.5.30729; .NET CLR 3.0.30729; .NET4.0C)"
216.113.31.64 - - [30/Dec/2010:19:56:31 +0100] "GET /im/lang1/menu_infos.gif HTTP/1.1" 200 2010 "http://www.fraicolo.fr/list.php?lang=1&path=97&sort=Article&page=0" "Mozilla/4.0 (compatible; MSIE 8.0; Windows NT 6.0; WOW64; Trident/4.0; SLCC1; .NET CLR 2.0.50727; Media Center PC 5.0; .NET CLR 3.5.30729; .NET CLR 3.0.30729; .NET4.0C)"
216.113.31.64 - - [30/Dec/2010:19:55:59 +0100] "GET /im/articles/PetitsSuissesGervais.JPG HTTP/1.1" 200 60355 "http://www.fraicolo.fr/list.php?lang=1&path=97&sort=Article&page=0" "Mozilla/4.0 (compatible; MSIE 8.0; Windows NT 6.0; WOW64; Trident/4.0; SLCC1; .NET CLR 2.0.50727; Media Center PC 5.0; .NET CLR 3.5.30729; .NET CLR 3.0.30729; .NET4.0C)"
216.113.31.64 - - [30/Dec/2010:19:56:32 +0100] "GET /im/lang1/menu_id.gif HTTP/1.1" 200 2056 "http://www.fraicolo.fr/list.php?lang=1&path=97&sort=Article&page=0" "Mozilla/4.0 (compatible; MSIE 8.0; Windows NT 6.0; WOW64; Trident/4.0; SLCC1; .NET CLR 2.0.50727; Media Center PC 5.0; .NET CLR 3.5.30729; .NET CLR 3.0.30729; .NET4.0C)"
94.110.183.179 - - [30/Dec/2010:19:56:30 +0100] "GET /im/articles/ChipsTraiteur.JPG HTTP/1.1" 200 31181 "http://www.eternia-fr.net/forum/chips-u35254.html" "Mozilla/4.0 (compatible; MSIE 7.0; Windows NT 5.1; .NET CLR 1.1.4322; .NET CLR 2.0.50727; .NET CLR 3.0.4506.2152; .NET CLR 3.5.30729)"
216.113.31.64 - - [30/Dec/2010:19:56:35 +0100] "GET /im/ok.gif HTTP/1.1" 200 128 "http://www.fraicolo.fr/list.php?lang=1&path=97&sort=Article&page=0" "Mozilla/4.0 (compatible; MSIE 8.0; Windows NT 6.0; WOW64; Trident/4.0; SLCC1; .NET CLR 2.0.50727; Media Center PC 5.0; .NET CLR 3.5.30729; .NET CLR 3.0.30729; .NET4.0C)"
216.113.31.64 - - [30/Dec/2010:19:55:53 +0100] "GET /im/articles/PetitsSuisses-.JPG HTTP/1.1" 200 74151 "http://www.fraicolo.fr/list.php?lang=1&path=97&sort=Article&page=0" "Mozilla/4.0 (compatible; MSIE 8.0; Windows NT 6.0; WOW64; Trident/4.0; SLCC1; .NET CLR 2.0.50727; Media Center PC 5.0; .NET CLR 3.5.30729; .NET CLR 3.0.30729; .NET4.0C)"
216.113.31.64 - - [30/Dec/2010:19:56:39 +0100] "GET /im/fleche_bottom.gif HTTP/1.1" 200 57 "http://www.fraicolo.fr/list.php?lang=1&path=97&sort=Article&page=0" "Mozilla/4.0 (compatible; MSIE 8.0; Windows NT 6.0; WOW64; Trident/4.0; SLCC1; .NET CLR 2.0.50727; Media Center PC 5.0; .NET CLR 3.5.30729; .NET CLR 3.0.30729; .NET4.0C)"
216.113.31.64 - - [30/Dec/2010:19:56:39 +0100] "GET /im/articles/PetitSuisseFruitsBIO.JPG HTTP/1.1" 200 16558 "http://www.fraicolo.fr/list.php?lang=1&path=97&sort=Article&page=0" "Mozilla/4.0 (compatible; MSIE 8.0; Windows NT 6.0; WOW64; Trident/4.0; SLCC1; .NET CLR 2.0.50727; Media Center PC 5.0; .NET CLR 3.5.30729; .NET CLR 3.0.30729; .NET4.0C)"
216.113.31.64 - - [30/Dec/2010:19:56:39 +0100] "GET /im/stockok.gif HTTP/1.1" 200 920 "http://www.fraicolo.fr/list.php?lang=1&path=97&sort=Article&page=0" "Mozilla/4.0 (compatible; MSIE 8.0; Windows NT 6.0; WOW64; Trident/4.0; SLCC1; .NET CLR 2.0.50727; Media Center PC 5.0; .NET CLR 3.5.30729; .NET CLR 3.0.30729; .NET4.0C)"
216.113.31.64 - - [30/Dec/2010:19:56:39 +0100] "GET /im/lang1/cart_add.gif HTTP/1.1" 200 481 "http://www.fraicolo.fr/list.php?lang=1&path=97&sort=Article&page=0" "Mozilla/4.0 (compatible; MSIE 8.0; Windows NT 6.0; WOW64; Trident/4.0; SLCC1; .NET CLR 2.0.50727; Media Center PC 5.0; .NET CLR 3.5.30729; .NET CLR 3.0.30729; .NET4.0C)"
216.113.31.64 - - [30/Dec/2010:19:56:39 +0100] "GET /im/articles/VerreCremeRouge-.JPG HTTP/1.1" 200 12697 "http://www.fraicolo.fr/list.php?lang=1&path=97&sort=Article&page=0" "Mozilla/4.0 (compatible; MSIE 8.0; Windows NT 6.0; WOW64; Trident/4.0; SLCC1; .NET CLR 2.0.50727; Media Center PC 5.0; .NET CLR 3.5.30729; .NET CLR 3.0.30729; .NET4.0C)"
216.113.31.64 - - [30/Dec/2010:19:56:40 +0100] "GET /im/articles/YaourtLaitJourFraise.JPG HTTP/1.1" 200 7461 "http://www.fraicolo.fr/list.php?lang=1&path=97&sort=Article&page=0" "Mozilla/4.0 (compatible; MSIE 8.0; Windows NT 6.0; WOW64; Trident/4.0; SLCC1; .NET CLR 2.0.50727; Media Center PC 5.0; .NET CLR 3.5.30729; .NET CLR 3.0.30729; .NET4.0C)"
216.113.31.64 - - [30/Dec/2010:19:56:40 +0100] "GET /im/background/menuright.gif HTTP/1.1" 200 1832 "http://www.fraicolo.fr/list.php?lang=1&path=97&sort=Article&page=0" "Mozilla/4.0 (compatible; MSIE 8.0; Windows NT 6.0; WOW64; Trident/4.0; SLCC1; .NET CLR 2.0.50727; Media Center PC 5.0; .NET CLR 3.5.30729; .NET CLR 3.0.30729; .NET4.0C)"
216.113.31.64 - - [30/Dec/2010:19:56:40 +0100] "GET /im/lang1/menu_caddie.gif HTTP/1.1" 200 2067 "http://www.fraicolo.fr/list.php?lang=1&path=97&sort=Article&page=0" "Mozilla/4.0 (compatible; MSIE 8.0; Windows NT 6.0; WOW64; Trident/4.0; SLCC1; .NET CLR 2.0.50727; Media Center PC 5.0; .NET CLR 3.5.30729; .NET CLR 3.0.30729; .NET4.0C)"
216.113.31.64 - - [30/Dec/2010:19:56:40 +0100] "GET /im/lang1/menu_devis.gif HTTP/1.1" 200 1958 "http://www.fraicolo.fr/list.php?lang=1&path=97&sort=Article&page=0" "Mozilla/4.0 (compatible; MSIE 8.0; Windows NT 6.0; WOW64; Trident/4.0; SLCC1; .NET CLR 2.0.50727; Media Center PC 5.0; .NET CLR 3.5.30729; .NET CLR 3.0.30729; .NET4.0C)"
216.113.31.64 - - [30/Dec/2010:19:56:41 +0100] "GET /im/articles/MamieNovaGourmandFruits.JPG HTTP/1.1" 200 43892 "http://www.fraicolo.fr/list.php?lang=1&path=97&sort=Article&page=0" "Mozilla/4.0 (compatible; MSIE 8.0; Windows NT 6.0; WOW64; Trident/4.0; SLCC1; .NET CLR 2.0.50727; Media Center PC 5.0; .NET CLR 3.5.30729; .NET CLR 3.0.30729; .NET4.0C)"
216.113.31.64 - - [30/Dec/2010:19:56:41 +0100] "GET /im/zzz.gif HTTP/1.1" 200 49 "http://www.fraicolo.fr/list.php?lang=1&path=97&sort=Article&page=0" "Mozilla/4.0 (compatible; MSIE 8.0; Windows NT 6.0; WOW64; Trident/4.0; SLCC1; .NET CLR 2.0.50727; Media Center PC 5.0; .NET CLR 3.5.30729; .NET CLR 3.0.30729; .NET4.0C)"
216.113.31.64 - - [30/Dec/2010:19:56:47 +0100] "GET /im/articles/YaourtLaitJourCitron.JPG HTTP/1.1" 200 7769 "http://www.fraicolo.fr/list.php?lang=1&path=97&sort=Article&page=0" "Mozilla/4.0 (compatible; MSIE 8.0; Windows NT 6.0; WOW64; Trident/4.0; SLCC1; .NET CLR 2.0.50727; Media Center PC 5.0; .NET CLR 3.5.30729; .NET CLR 3.0.30729; .NET4.0C)"
216.113.31.64 - - [30/Dec/2010:19:56:50 +0100] "GET /im/lang1/menu_subscribe.gif HTTP/1.1" 200 1877 "http://www.fraicolo.fr/list.php?lang=1&path=97&sort=Article&page=0" "Mozilla/4.0 (compatible; MSIE 8.0; Windows NT 6.0; WOW64; Trident/4.0; SLCC1; .NET CLR 2.0.50727; Media Center PC 5.0; .NET CLR 3.5.30729; .NET CLR 3.0.30729; .NET4.0C)"
90.17.12.191 - - [30/Dec/2010:19:56:52 +0100] "GET /im/articles/ChipsTraiteur.JPG HTTP/1.1" 200 31181 "http://www.eternia-fr.net/news_903_film-13-le-maitre-de-l-illusion-zoroark-disponible-en-vostfr.html" "Mozilla/5.0 (Windows; U; Windows NT 6.0; en-US) AppleWebKit/534.10 (KHTML, like Gecko) Chrome/8.0.552.224 Safari/534.10"
194.150.236.161 - - [30/Dec/2010:19:57:16 +0100] "HEAD /im/banner/Affiliation_Fraicolo_120x60.gif HTTP/1.1" 200 - "-" "-"
194.150.236.161 - - [30/Dec/2010:19:57:17 +0100] "GET /im/banner/Affiliation_Fraicolo_120x60.gif HTTP/1.1" 200 16471 "-" "PHP/5.2.6"
79.92.109.123 - - [30/Dec/2010:19:57:21 +0100] "GET /im/articles/ChipsTraiteur.JPG HTTP/1.1" 200 31181 "http://www.eternia-fr.net/news_899_best-wishes-14-disponible-en-vostfr.html" "Mozilla/5.0 (Windows; U; Windows NT 6.1; fr; rv:1.9.2.13) Gecko/20101203 Firefox/3.6.13"
78.245.192.152 - - [30/Dec/2010:19:57:24 +0100] "GET /im/articles/ChipsTraiteur.JPG HTTP/1.1" 200 31181 "http://www.eternia-fr.net/news_903_film-13-le-maitre-de-l-illusion-zoroark-disponible-en-vostfr.html" "Mozilla/5.0 (Macintosh; U; Intel Mac OS X 10_5_8; fr-fr) AppleWebKit/530.19.2 (KHTML, like Gecko) Version/4.0.2 Safari/530.19"
213.245.180.6 - - [30/Dec/2010:19:57:51 +0100] "GET /im/articles/ChipsTraiteur.JPG HTTP/1.1" 200 31181 "http://www.eternia-fr.net/news_898_film-13-aux-usa-titre-bw-18-noms-us-des-singes-date-de-sortie-fr-de-b-w.html" "Mozilla/5.0 (Windows; U; Windows NT 6.1; fr-FR) AppleWebKit/533.19.4 (KHTML, like Gecko) Version/5.0.3 Safari/533.19.4"
216.113.31.64 - - [30/Dec/2010:19:54:41 +0100] "GET /im/banner/bannercorporate1.jpg HTTP/1.1" 200 44430 "http://www.fraicolo.fr/list.php?lang=1&path=97&sort=Article&page=0" "Mozilla/4.0 (compatible; MSIE 8.0; Windows NT 6.0; WOW64; Trident/4.0; SLCC1; .NET CLR 2.0.50727; Media Center PC 5.0; .NET CLR 3.5.30729; .NET CLR 3.0.30729; .NET4.0C)"
216.113.31.64 - - [30/Dec/2010:19:58:01 +0100] "GET /favicon.ico HTTP/1.1" 200 293 "-" "Mozilla/4.0 (compatible; MSIE 8.0; Windows NT 6.0; WOW64; Trident/4.0; SLCC1; .NET CLR 2.0.50727; Media Center PC 5.0; .NET CLR 3.5.30729; .NET CLR 3.0.30729; .NET4.0C)"
81.56.180.216 - - [30/Dec/2010:19:58:05 +0100] "GET /im/articles/ChipsTraiteur.JPG HTTP/1.1" 200 31181 "http://www.eternia-fr.net/news_903_film-13-le-maitre-de-l-illusion-zoroark-disponible-en-vostfr.html" "Opera/9.80 (Windows NT 6.1; U; fr) Presto/2.7.62 Version/11.00"
81.57.189.113 - - [30/Dec/2010:19:58:30 +0100] "GET /categories.php?lang=1&path=77&num=83&action=n&sort=Article HTTP/1.1" 200 11416 "http://www.fraicolo.fr/list.php?lang=1&path=79&num=102&action=n&sort=Article&page=0" "Mozilla/5.0 (Windows; U; Windows NT 6.0; en-US) AppleWebKit/534.10 (KHTML, like Gecko) Chrome/8.0.552.224 Safari/534.10"
81.57.189.113 - - [30/Dec/2010:19:58:31 +0100] "GET /im/zzz_gris.gif HTTP/1.1" 200 41 "http://www.fraicolo.fr/categories.php?lang=1&path=77&num=83&action=n&sort=Article" "Mozilla/5.0 (Windows; U; Windows NT 6.0; en-US) AppleWebKit/534.10 (KHTML, like Gecko) Chrome/8.0.552.224 Safari/534.10"
81.57.189.113 - - [30/Dec/2010:19:58:31 +0100] "GET /im/articles/AGRICULTUREBIOLOGIQUE.jpg HTTP/1.1" 200 3936 "http://www.fraicolo.fr/categories.php?lang=1&path=77&num=83&action=n&sort=Article" "Mozilla/5.0 (Windows; U; Windows NT 6.0; en-US) AppleWebKit/534.10 (KHTML, like Gecko) Chrome/8.0.552.224 Safari/534.10"
81.57.189.113 - - [30/Dec/2010:19:58:31 +0100] "GET /im/articles/ConfitureBIOFramboise.JPG HTTP/1.1" 200 10205 "http://www.fraicolo.fr/categories.php?lang=1&path=77&num=83&action=n&sort=Article" "Mozilla/5.0 (Windows; U; Windows NT 6.0; en-US) AppleWebKit/534.10 (KHTML, like Gecko) Chrome/8.0.552.224 Safari/534.10"
81.57.189.113 - - [30/Dec/2010:19:58:31 +0100] "GET /im/articles/ConfitureBIOMure.JPG HTTP/1.1" 200 2366 "http://www.fraicolo.fr/categories.php?lang=1&path=77&num=83&action=n&sort=Article" "Mozilla/5.0 (Windows; U; Windows NT 6.0; en-US) AppleWebKit/534.10 (KHTML, like Gecko) Chrome/8.0.552.224 Safari/534.10"
81.57.189.113 - - [30/Dec/2010:19:58:31 +0100] "GET /im/articles/ConfitureBIOOrange.JPG HTTP/1.1" 200 10292 "http://www.fraicolo.fr/categories.php?lang=1&path=77&num=83&action=n&sort=Article" "Mozilla/5.0 (Windows; U; Windows NT 6.0; en-US) AppleWebKit/534.10 (KHTML, like Gecko) Chrome/8.0.552.224 Safari/534.10"
81.57.189.113 - - [30/Dec/2010:19:58:31 +0100] "GET /categories.php?lang=1&path=77&num=83&action=n&sort=Article HTTP/1.1" 200 11844 "http://www.fraicolo.fr/categories.php?lang=1&path=77&num=83&action=n&sort=Article" "Mozilla/5.0 (Windows; U; Windows NT 6.0; en-US) AppleWebKit/534.10 (KHTML, like Gecko) Chrome/8.0.552.224 Safari/534.10"
81.57.189.113 - - [30/Dec/2010:19:58:31 +0100] "GET /im/articles/ConfitureBIOMyrtille.JPG HTTP/1.1" 200 10087 "http://www.fraicolo.fr/categories.php?lang=1&path=77&num=83&action=n&sort=Article" "Mozilla/5.0 (Windows; U; Windows NT 6.0; en-US) AppleWebKit/534.10 (KHTML, like Gecko) Chrome/8.0.552.224 Safari/534.10"
81.57.189.113 - - [30/Dec/2010:19:58:31 +0100] "GET /im/articles/ConfitureBIOAbricot.JPG HTTP/1.1" 200 10022 "http://www.fraicolo.fr/categories.php?lang=1&path=77&num=83&action=n&sort=Article" "Mozilla/5.0 (Windows; U; Windows NT 6.0; en-US) AppleWebKit/534.10 (KHTML, like Gecko) Chrome/8.0.552.224 Safari/534.10"
81.57.189.113 - - [30/Dec/2010:19:58:31 +0100] "GET /im/articles/ConfitureBIOFraise.JPG HTTP/1.1" 200 10519 "http://www.fraicolo.fr/categories.php?lang=1&path=77&num=83&action=n&sort=Article" "Mozilla/5.0 (Windows; U; Windows NT 6.0; en-US) AppleWebKit/534.10 (KHTML, like Gecko) Chrome/8.0.552.224 Safari/534.10"
81.57.189.113 - - [30/Dec/2010:19:58:37 +0100] "GET /list.php?lang=1&path=79&num=90&sort=Article&page=0&action=e HTTP/1.1" 200 17291 "http://www.fraicolo.fr/categories.php?lang=1&path=77&num=83&action=n&sort=Article" "Mozilla/5.0 (Windows; U; Windows NT 6.0; en-US) AppleWebKit/534.10 (KHTML, like Gecko) Chrome/8.0.552.224 Safari/534.10"
81.57.189.113 - - [30/Dec/2010:19:58:37 +0100] "GET /list.php?lang=1&path=79&num=90&sort=Article&page=0&action=e HTTP/1.1" 200 17291 "http://www.fraicolo.fr/list.php?lang=1&path=79&num=90&sort=Article&page=0&action=e" "Mozilla/5.0 (Windows; U; Windows NT 6.0; en-US) AppleWebKit/534.10 (KHTML, like Gecko) Chrome/8.0.552.224 Safari/534.10"
81.57.189.113 - - [30/Dec/2010:19:58:42 +0100] "GET /infos.php?lang=1&info=7 HTTP/1.1" 200 12521 "http://www.fraicolo.fr/list.php?lang=1&path=79&num=90&sort=Article&page=0&action=e" "Mozilla/5.0 (Windows; U; Windows NT 6.0; en-US) AppleWebKit/534.10 (KHTML, like Gecko) Chrome/8.0.552.224 Safari/534.10"
81.57.189.113 - - [30/Dec/2010:19:58:42 +0100] "GET /infos.php?lang=1&info=7 HTTP/1.1" 200 12521 "http://www.fraicolo.fr/infos.php?lang=1&info=7" "Mozilla/5.0 (Windows; U; Windows NT 6.0; en-US) AppleWebKit/534.10 (KHTML, like Gecko) Chrome/8.0.552.224 Safari/534.10"
81.57.189.113 - - [30/Dec/2010:19:58:42 +0100] "GET /JStrip.JPG HTTP/1.1" 200 50370 "http://www.fraicolo.fr/infos.php?lang=1&info=7" "Mozilla/5.0 (Windows; U; Windows NT 6.0; en-US) AppleWebKit/534.10 (KHTML, like Gecko) Chrome/8.0.552.224 Safari/534.10"
66.249.71.193 - - [30/Dec/2010:19:59:07 +0100] "GET /description.php?lang=1&path=42&sort=Article&page=0&id=906 HTTP/1.1" 200 11132 "-" "Mozilla/5.0 (compatible; Googlebot/2.1; +http://www.google.com/bot.html)"
194.150.236.161 - - [30/Dec/2010:19:59:16 +0100] "HEAD /im/banner/Affiliation_Fraicolo_120x60.gif HTTP/1.1" 200 - "-" "-"
194.150.236.161 - - [30/Dec/2010:19:59:16 +0100] "GET /im/banner/Affiliation_Fraicolo_120x60.gif HTTP/1.1" 200 16471 "-" "PHP/5.2.6"
65.52.110.67 - - [30/Dec/2010:19:59:23 +0100] "GET /infos.php?lang=1&info=7 HTTP/1.1" 200 12521 "-" "Mozilla/5.0 (compatible; bingbot/2.0; +http://www.bing.com/bingbot.htm)"
82.225.56.111 - - [30/Dec/2010:19:59:39 +0100] "GET /im/articles/ChipsTraiteur.JPG HTTP/1.1" 200 31181 "http://www.eternia-fr.net/news_903_film-13-le-maitre-de-l-illusion-zoroark-disponible-en-vostfr.html" "Mozilla/4.0 (compatible; MSIE 8.0; Windows NT 6.0; Trident/4.0; SLCC1; .NET CLR 2.0.50727; Media Center PC 5.0; eSobiSubscriber 2.0.4.16; .NET4.0C; .NET CLR 3.5.30729; .NET CLR 3.0.30729; yie8)"
92.133.223.26 - - [30/Dec/2010:19:54:43 +0100] "GET /im/articles/ChipsTraiteur.JPG HTTP/1.1" 200 31181 "http://www.eternia-fr.net/news_903_film-13-le-maitre-de-l-illusion-zoroark-disponible-en-vostfr.html" "Mozilla/4.0 (compatible; MSIE 7.0; Windows NT 6.1; Trident/4.0; SLCC2; .NET CLR 2.0.50727; .NET CLR 3.5.30729; .NET CLR 3.0.30729; MAAU; MAAU)"
93.1.183.227 - - [30/Dec/2010:19:59:59 +0100] "GET /im/articles/ChipsTraiteur.JPG HTTP/1.1" 200 31181 "http://www.eternia-fr.net/news_903_film-13-le-maitre-de-l-illusion-zoroark-disponible-en-vostfr.html" "Mozilla/5.0 (X11; U; Linux i686; fr; rv:1.9.1.6) Gecko/20091215 Ubuntu/9.10 (karmic) Firefox/3.5.6"
194.150.236.161 - - [30/Dec/2010:20:00:06 +0100] "HEAD /im/banner/Affiliation_Fraicolo_120x60.gif HTTP/1.1" 200 - "-" "-"
194.150.236.161 - - [30/Dec/2010:20:00:07 +0100] "GET /im/banner/Affiliation_Fraicolo_120x60.gif HTTP/1.1" 200 16471 "-" "PHP/5.2.6"
216.113.31.64 - - [30/Dec/2010:20:00:32 +0100] "GET /im/loader.gif HTTP/1.1" 200 1158 "http://www.fraicolo.fr/list.php?lang=1&path=97&sort=Article&page=0" "Mozilla/4.0 (compatible; MSIE 8.0; Windows NT 6.0; WOW64; Trident/4.0; SLCC1; .NET CLR 2.0.50727; Media Center PC 5.0; .NET CLR 3.5.30729; .NET CLR 3.0.30729; .NET4.0C)"
89.217.213.211 - - [30/Dec/2010:20:00:33 +0100] "GET /im/articles/ChipsTraiteur.JPG HTTP/1.1" 200 31181 "http://www.eternia-fr.net/news_903_film-13-le-maitre-de-l-illusion-zoroark-disponible-en-vostfr.html" "Mozilla/4.0 (compatible; MSIE 7.0; Windows NT 6.0; SLCC1; .NET CLR 2.0.50727; Media Center PC 5.0; OfficeLiveConnector.1.3; OfficeLivePatch.0.0; .NET CLR 3.5.30729; .NET CLR 3.0.30618; mobile version65)"
194.150.236.161 - - [30/Dec/2010:20:00:46 +0100] "HEAD /im/banner/Affiliation_Fraicolo_468x60.gif HTTP/1.1" 200 - "-" "-"
194.150.236.161 - - [30/Dec/2010:20:00:47 +0100] "GET /im/banner/Affiliation_Fraicolo_468x60.gif HTTP/1.1" 200 41076 "-" "PHP/5.2.6"
88.165.30.144 - - [30/Dec/2010:20:00:57 +0100] "GET /im/articles/ChipsTraiteur.JPG HTTP/1.1" 200 31181 "http://www.eternia-fr.net/news_896_best-wishes-13-disponible-en-vostfr.html" "Mozilla/5.0 (Windows; U; Windows NT 5.1; fr; rv:1.9.2.13) Gecko/20101203 Firefox/3.6.13 ( .NET CLR 3.5.30729)"
88.176.60.185 - - [30/Dec/2010:20:01:07 +0100] "GET /im/articles/AgneauCotes.JPG HTTP/1.1" 200 61940 "http://www.rodeosaladgang.biz/" "Mozilla/5.0 (Macintosh; U; Intel Mac OS X 10_6_4; fr-fr) AppleWebKit/533.17.8 (KHTML, like Gecko) Version/5.0.1 Safari/533.17.8"
41.250.247.99 - - [30/Dec/2010:20:01:21 +0100] "GET /categories.php?lang=e&path=29&num=17&action=e HTTP/1.1" 200 15788 "http://www.google.co.ma/imgres?imgurl=http://www.fraicolo.fr/im/articles/SaladeBatavia.jpg&imgrefurl=http://www.fraicolo.fr/categories.php%3Flang%3De%26path%3D29%26num%3D17%26action%3De&usg=__YFXx5BhZb4deAnFoaaQMilwTvSU=&h=913&w=912&sz=86&hl=fr&start=108&zoom=1&tbnid=mCKuBMy-pIlfEM:&tbnh=173&tbnw=215&prev=/images%3Fq%3Dsalade%26um%3D1%26hl%3Dfr%26client%3Dfirefox-a%26sa%3DX%26rls%3Dorg.mozilla:fr:official%26channel%3Ds%26biw%3D1680%26bih%3D897%26tbs%3Disch:1,isz:l0%2C3032&um=1&itbs=1&iact=hc&vpx=407&vpy=291&dur=35&hovh=225&hovw=224&tx=148&ty=84&ei=AdccTZC8Hcay8QPFxvTrBQ&oei=8dYcTab4PM3w4gbrs-WEAg&esq=5&page=5&ndsp=28&ved=1t:429,r:8,s:108&biw=1680&bih=897" "Mozilla/5.0 (Macintosh; U; PPC Mac OS X 10.4; fr; rv:1.9.2.13) Gecko/20101203 Firefox/3.6.13"
41.250.247.99 - - [30/Dec/2010:20:01:22 +0100] "GET /includes/popImage.js HTTP/1.1" 200 1233 "http://www.fraicolo.fr/categories.php?lang=e&path=29&num=17&action=e" "Mozilla/5.0 (Macintosh; U; PPC Mac OS X 10.4; fr; rv:1.9.2.13) Gecko/20101203 Firefox/3.6.13"
41.250.247.99 - - [30/Dec/2010:20:01:22 +0100] "GET /im/LOGOFraicolo.png HTTP/1.1" 200 21138 "http://www.fraicolo.fr/categories.php?lang=e&path=29&num=17&action=e" "Mozilla/5.0 (Macintosh; U; PPC Mac OS X 10.4; fr; rv:1.9.2.13) Gecko/20101203 Firefox/3.6.13"
41.250.247.99 - - [30/Dec/2010:20:01:22 +0100] "GET /css/scss.css HTTP/1.1" 200 3683 "http://www.fraicolo.fr/categories.php?lang=e&path=29&num=17&action=e" "Mozilla/5.0 (Macintosh; U; PPC Mac OS X 10.4; fr; rv:1.9.2.13) Gecko/20101203 Firefox/3.6.13"
41.250.247.99 - - [30/Dec/2010:20:01:22 +0100] "GET /im/zzz.gif HTTP/1.1" 200 49 "http://www.fraicolo.fr/categories.php?lang=e&path=29&num=17&action=e" "Mozilla/5.0 (Macintosh; U; PPC Mac OS X 10.4; fr; rv:1.9.2.13) Gecko/20101203 Firefox/3.6.13"
41.250.247.99 - - [30/Dec/2010:20:01:22 +0100] "GET /im/accueil.gif HTTP/1.1" 200 511 "http://www.fraicolo.fr/categories.php?lang=e&path=29&num=17&action=e" "Mozilla/5.0 (Macintosh; U; PPC Mac OS X 10.4; fr; rv:1.9.2.13) Gecko/20101203 Firefox/3.6.13"
41.250.247.99 - - [30/Dec/2010:20:01:21 +0100] "GET /im/articles/SaladeBatavia.jpg HTTP/1.1" 200 88002 "http://www.google.co.ma/imgres?imgurl=http://www.fraicolo.fr/im/articles/SaladeBatavia.jpg&imgrefurl=http://www.fraicolo.fr/categories.php%3Flang%3De%26path%3D29%26num%3D17%26action%3De&usg=__YFXx5BhZb4deAnFoaaQMilwTvSU=&h=913&w=912&sz=86&hl=fr&start=108&zoom=1&tbnid=mCKuBMy-pIlfEM:&tbnh=173&tbnw=215&prev=/images%3Fq%3Dsalade%26um%3D1%26hl%3Dfr%26client%3Dfirefox-a%26sa%3DX%26rls%3Dorg.mozilla:fr:official%26channel%3Ds%26biw%3D1680%26bih%3D897%26tbs%3Disch:1,isz:l0%2C3032&um=1&itbs=1&iact=hc&vpx=407&vpy=291&dur=35&hovh=225&hovw=224&tx=148&ty=84&ei=AdccTZC8Hcay8QPFxvTrBQ&oei=8dYcTab4PM3w4gbrs-WEAg&esq=5&page=5&ndsp=28&ved=1t:429,r:8,s:108&biw=1680&bih=897" "Mozilla/5.0 (Macintosh; U; PPC Mac OS X 10.4; fr; rv:1.9.2.13) Gecko/20101203 Firefox/3.6.13"
41.250.247.99 - - [30/Dec/2010:20:01:23 +0100] "GET /im/background/bg_green.gif HTTP/1.1" 200 2395 "http://www.fraicolo.fr/css/scss.css" "Mozilla/5.0 (Macintosh; U; PPC Mac OS X 10.4; fr; rv:1.9.2.13) Gecko/20101203 Firefox/3.6.13"
41.250.247.99 - - [30/Dec/2010:20:01:23 +0100] "GET /im/path.gif HTTP/1.1" 200 363 "http://www.fraicolo.fr/categories.php?lang=e&path=29&num=17&action=e" "Mozilla/5.0 (Macintosh; U; PPC Mac OS X 10.4; fr; rv:1.9.2.13) Gecko/20101203 Firefox/3.6.13"
41.250.247.99 - - [30/Dec/2010:20:01:23 +0100] "GET /includes/menu/plus.gif HTTP/1.1" 200 71 "http://www.fraicolo.fr/categories.php?lang=e&path=29&num=17&action=e" "Mozilla/5.0 (Macintosh; U; PPC Mac OS X 10.4; fr; rv:1.9.2.13) Gecko/20101203 Firefox/3.6.13"
41.250.247.99 - - [30/Dec/2010:20:01:23 +0100] "GET /im/lang1/menu_com.gif HTTP/1.1" 200 2071 "http://www.fraicolo.fr/categories.php?lang=e&path=29&num=17&action=e" "Mozilla/5.0 (Macintosh; U; PPC Mac OS X 10.4; fr; rv:1.9.2.13) Gecko/20101203 Firefox/3.6.13"
41.250.247.99 - - [30/Dec/2010:20:01:23 +0100] "GET /im/payment.gif HTTP/1.1" 200 2578 "http://www.fraicolo.fr/categories.php?lang=e&path=29&num=17&action=e" "Mozilla/5.0 (Macintosh; U; PPC Mac OS X 10.4; fr; rv:1.9.2.13) Gecko/20101203 Firefox/3.6.13"
41.250.247.99 - - [30/Dec/2010:20:01:23 +0100] "GET /im/zzz_gris.gif HTTP/1.1" 200 41 "http://www.fraicolo.fr/categories.php?lang=e&path=29&num=17&action=e" "Mozilla/5.0 (Macintosh; U; PPC Mac OS X 10.4; fr; rv:1.9.2.13) Gecko/20101203 Firefox/3.6.13"
41.250.247.99 - - [30/Dec/2010:20:01:23 +0100] "GET /im/articles/TomatesGrappesBIO-.JPG HTTP/1.1" 200 8447 "http://www.fraicolo.fr/categories.php?lang=e&path=29&num=17&action=e" "Mozilla/5.0 (Macintosh; U; PPC Mac OS X 10.4; fr; rv:1.9.2.13) Gecko/20101203 Firefox/3.6.13"
41.250.247.99 - - [30/Dec/2010:20:01:23 +0100] "GET /im/stockok.gif HTTP/1.1" 200 920 "http://www.fraicolo.fr/categories.php?lang=e&path=29&num=17&action=e" "Mozilla/5.0 (Macintosh; U; PPC Mac OS X 10.4; fr; rv:1.9.2.13) Gecko/20101203 Firefox/3.6.13"
41.250.247.99 - - [30/Dec/2010:20:01:23 +0100] "GET /im/articles/TomatesCerises.jpg HTTP/1.1" 200 8672 "http://www.fraicolo.fr/categories.php?lang=e&path=29&num=17&action=e" "Mozilla/5.0 (Macintosh; U; PPC Mac OS X 10.4; fr; rv:1.9.2.13) Gecko/20101203 Firefox/3.6.13"
41.250.247.99 - - [30/Dec/2010:20:01:23 +0100] "GET /im/articles/TomateNormale.jpg HTTP/1.1" 200 5615 "http://www.fraicolo.fr/categories.php?lang=e&path=29&num=17&action=e" "Mozilla/5.0 (Macintosh; U; PPC Mac OS X 10.4; fr; rv:1.9.2.13) Gecko/20101203 Firefox/3.6.13"
41.250.247.99 - - [30/Dec/2010:20:01:23 +0100] "GET /im/articles/ChouVert.jpg HTTP/1.1" 200 18964 "http://www.fraicolo.fr/categories.php?lang=e&path=29&num=17&action=e" "Mozilla/5.0 (Macintosh; U; PPC Mac OS X 10.4; fr; rv:1.9.2.13) Gecko/20101203 Firefox/3.6.13"
41.250.247.99 - - [30/Dec/2010:20:01:23 +0100] "GET /im/articles/Roquettes.JPG HTTP/1.1" 200 26364 "http://www.fraicolo.fr/categories.php?lang=e&path=29&num=17&action=e" "Mozilla/5.0 (Macintosh; U; PPC Mac OS X 10.4; fr; rv:1.9.2.13) Gecko/20101203 Firefox/3.6.13"
41.250.247.99 - - [30/Dec/2010:20:01:23 +0100] "GET /im/articles/AspergesVertes.jpg HTTP/1.1" 200 3945 "http://www.fraicolo.fr/categories.php?lang=e&path=29&num=17&action=e" "Mozilla/5.0 (Macintosh; U; PPC Mac OS X 10.4; fr; rv:1.9.2.13) Gecko/20101203 Firefox/3.6.13"
41.250.247.99 - - [30/Dec/2010:20:01:24 +0100] "GET /im/articles/Brocolis.JPG HTTP/1.1" 200 10598 "http://www.fraicolo.fr/categories.php?lang=e&path=29&num=17&action=e" "Mozilla/5.0 (Macintosh; U; PPC Mac OS X 10.4; fr; rv:1.9.2.13) Gecko/20101203 Firefox/3.6.13"
41.250.247.99 - - [30/Dec/2010:20:01:24 +0100] "GET /im/articles/SojaBIO.JPG HTTP/1.1" 200 21457 "http://www.fraicolo.fr/categories.php?lang=e&path=29&num=17&action=e" "Mozilla/5.0 (Macintosh; U; PPC Mac OS X 10.4; fr; rv:1.9.2.13) Gecko/20101203 Firefox/3.6.13"
41.250.247.99 - - [30/Dec/2010:20:01:24 +0100] "GET /im/articles/PatateGrenaille.JPG HTTP/1.1" 200 3719 "http://www.fraicolo.fr/categories.php?lang=e&path=29&num=17&action=e" "Mozilla/5.0 (Macintosh; U; PPC Mac OS X 10.4; fr; rv:1.9.2.13) Gecko/20101203 Firefox/3.6.13"
41.250.247.99 - - [30/Dec/2010:20:01:24 +0100] "GET /im/articles/ChouBlanc.JPG HTTP/1.1" 200 6834 "http://www.fraicolo.fr/categories.php?lang=e&path=29&num=17&action=e" "Mozilla/5.0 (Macintosh; U; PPC Mac OS X 10.4; fr; rv:1.9.2.13) Gecko/20101203 Firefox/3.6.13"
41.250.247.99 - - [30/Dec/2010:20:01:24 +0100] "GET /im/articles/PatatesBIO.jpg HTTP/1.1" 200 13107 "http://www.fraicolo.fr/categories.php?lang=e&path=29&num=17&action=e" "Mozilla/5.0 (Macintosh; U; PPC Mac OS X 10.4; fr; rv:1.9.2.13) Gecko/20101203 Firefox/3.6.13"
41.250.247.99 - - [30/Dec/2010:20:01:22 +0100] "GET /im/banner/bannercorporate1.jpg HTTP/1.1" 200 44430 "http://www.fraicolo.fr/categories.php?lang=e&path=29&num=17&action=e" "Mozilla/5.0 (Macintosh; U; PPC Mac OS X 10.4; fr; rv:1.9.2.13) Gecko/20101203 Firefox/3.6.13"
41.250.247.99 - - [30/Dec/2010:20:01:24 +0100] "GET /im/coeur.gif HTTP/1.1" 200 533 "http://www.fraicolo.fr/categories.php?lang=e&path=29&num=17&action=e" "Mozilla/5.0 (Macintosh; U; PPC Mac OS X 10.4; fr; rv:1.9.2.13) Gecko/20101203 Firefox/3.6.13"
41.250.247.99 - - [30/Dec/2010:20:01:24 +0100] "GET /im/articles/PatatesVitelotte.JPG HTTP/1.1" 200 11703 "http://www.fraicolo.fr/categories.php?lang=e&path=29&num=17&action=e" "Mozilla/5.0 (Macintosh; U; PPC Mac OS X 10.4; fr; rv:1.9.2.13) Gecko/20101203 Firefox/3.6.13"
41.250.247.99 - - [30/Dec/2010:20:01:24 +0100] "GET /im/articles/Aneth.JPG HTTP/1.1" 200 5562 "http://www.fraicolo.fr/categories.php?lang=e&path=29&num=17&action=e" "Mozilla/5.0 (Macintosh; U; PPC Mac OS X 10.4; fr; rv:1.9.2.13) Gecko/20101203 Firefox/3.6.13"
41.250.247.99 - - [30/Dec/2010:20:01:25 +0100] "GET /im/articles/PoivronRouge.jpg HTTP/1.1" 200 6827 "http://www.fraicolo.fr/categories.php?lang=e&path=29&num=17&action=e" "Mozilla/5.0 (Macintosh; U; PPC Mac OS X 10.4; fr; rv:1.9.2.13) Gecko/20101203 Firefox/3.6.13"
41.250.247.99 - - [30/Dec/2010:20:01:25 +0100] "GET /im/articles/OignonBotte.JPG HTTP/1.1" 200 7453 "http://www.fraicolo.fr/categories.php?lang=e&path=29&num=17&action=e" "Mozilla/5.0 (Macintosh; U; PPC Mac OS X 10.4; fr; rv:1.9.2.13) Gecko/20101203 Firefox/3.6.13"
41.250.247.99 - - [30/Dec/2010:20:01:25 +0100] "GET /im/articles/OignonBlanc.JPG HTTP/1.1" 200 11742 "http://www.fraicolo.fr/categories.php?lang=e&path=29&num=17&action=e" "Mozilla/5.0 (Macintosh; U; PPC Mac OS X 10.4; fr; rv:1.9.2.13) Gecko/20101203 Firefox/3.6.13"
41.250.247.99 - - [30/Dec/2010:20:01:25 +0100] "GET /im/articles/CourgetteBIO.JPG HTTP/1.1" 200 7186 "http://www.fraicolo.fr/categories.php?lang=e&path=29&num=17&action=e" "Mozilla/5.0 (Macintosh; U; PPC Mac OS X 10.4; fr; rv:1.9.2.13) Gecko/20101203 Firefox/3.6.13"
41.250.247.99 - - [30/Dec/2010:20:01:25 +0100] "GET /im/articles/Aubergine.jpg HTTP/1.1" 200 5280 "http://www.fraicolo.fr/categories.php?lang=e&path=29&num=17&action=e" "Mozilla/5.0 (Macintosh; U; PPC Mac OS X 10.4; fr; rv:1.9.2.13) Gecko/20101203 Firefox/3.6.13"
41.250.247.99 - - [30/Dec/2010:20:01:25 +0100] "GET /im/articles/ChampignonsBrunsBIO.JPG HTTP/1.1" 200 13572 "http://www.fraicolo.fr/categories.php?lang=e&path=29&num=17&action=e" "Mozilla/5.0 (Macintosh; U; PPC Mac OS X 10.4; fr; rv:1.9.2.13) Gecko/20101203 Firefox/3.6.13"
41.250.247.99 - - [30/Dec/2010:20:01:25 +0100] "GET /im/articles/TomateJaune.JPG HTTP/1.1" 200 6966 "http://www.fraicolo.fr/categories.php?lang=e&path=29&num=17&action=e" "Mozilla/5.0 (Macintosh; U; PPC Mac OS X 10.4; fr; rv:1.9.2.13) Gecko/20101203 Firefox/3.6.13"
41.250.247.99 - - [30/Dec/2010:20:01:26 +0100] "GET /im/articles/TomateNormaleGrosse.JPG HTTP/1.1" 200 5846 "http://www.fraicolo.fr/categories.php?lang=e&path=29&num=17&action=e" "Mozilla/5.0 (Macintosh; U; PPC Mac OS X 10.4; fr; rv:1.9.2.13) Gecko/20101203 Firefox/3.6.13"
93.14.72.16 - - [30/Dec/2010:20:01:30 +0100] "GET /im/articles/ChipsTraiteur.JPG HTTP/1.1" 304 - "http://www.eternia-fr.net/news_897_titre-bw-016-et-017.html" "Mozilla/4.0 (compatible; MSIE 8.0; Windows NT 6.1; WOW64; Trident/4.0; GTB6.6; SLCC2; .NET CLR 2.0.50727; .NET CLR 3.5.30729; .NET CLR 3.0.30729; Media Center PC 6.0; OfficeLiveConnector.1.5; OfficeLivePatch.1.3; .NET4.0C)"
67.195.112.48 - - [30/Dec/2010:20:01:48 +0100] "GET /description.php?lang=1&id=1790 HTTP/1.0" 404 - "-" "Mozilla/5.0 (compatible; Yahoo! Slurp; http://help.yahoo.com/help/us/ysearch/slurp)"
41.137.25.108 - - [30/Dec/2010:20:02:08 +0100] "GET /im/articles/ChipsTraiteur.JPG HTTP/1.1" 200 31181 "http://www.startimes.com/f.aspx?t=26643649" "Mozilla/4.0 (compatible; MSIE 6.0; Windows NT 5.1; SV1)"
194.150.236.161 - - [30/Dec/2010:20:02:20 +0100] "HEAD /im/banner/Affiliation_Fraicolo_120x60.gif HTTP/1.1" 200 - "-" "-"
194.150.236.161 - - [30/Dec/2010:20:02:21 +0100] "GET /im/banner/Affiliation_Fraicolo_120x60.gif HTTP/1.1" 200 16471 "-" "PHP/5.2.6"
82.225.221.117 - - [30/Dec/2010:20:02:40 +0100] "GET /categories.php?lang=1&path=111&num=33&action=n&sort=Article HTTP/1.1" 200 15388 "http://www.google.fr/imgres?imgurl=http://www.fraicolo.fr/im/articles/SaucissonCorse2.JPG&imgrefurl=http://www.fraicolo.fr/categories.php%3Flang%3D1%26path%3D111%26num%3D33%26action%3Dn%26sort%3DArticle&usg=__Ea2iVSoM9sgWesls9vEqAH9A2II=&h=315&w=379&sz=17&hl=fr&start=3&zoom=1&um=1&itbs=1&tbnid=rgMwanXi99UdXM:&tbnh=102&tbnw=123&prev=/images%3Fq%3Dsaucisson%2Bd%2527%25C3%25A4ne%26um%3D1%26hl%3Dfr%26client%3Dfirefox-a%26hs%3D5YO%26sa%3DX%26rls%3Dorg.mozilla:fr:official%26tbs%3Disch:1" "Mozilla/5.0 (Windows; U; Windows NT 6.1; fr; rv:1.9.2.13) Gecko/20101203 Firefox/3.6.13"
82.225.221.117 - - [30/Dec/2010:20:02:41 +0100] "GET /css/scss.css HTTP/1.1" 200 3683 "http://www.fraicolo.fr/categories.php?lang=1&path=111&num=33&action=n&sort=Article" "Mozilla/5.0 (Windows; U; Windows NT 6.1; fr; rv:1.9.2.13) Gecko/20101203 Firefox/3.6.13"
82.225.221.117 - - [30/Dec/2010:20:02:41 +0100] "GET /includes/popImage.js HTTP/1.1" 200 1233 "http://www.fraicolo.fr/categories.php?lang=1&path=111&num=33&action=n&sort=Article" "Mozilla/5.0 (Windows; U; Windows NT 6.1; fr; rv:1.9.2.13) Gecko/20101203 Firefox/3.6.13"
82.225.221.117 - - [30/Dec/2010:20:02:41 +0100] "GET /im/LOGOFraicolo.png HTTP/1.1" 200 21138 "http://www.fraicolo.fr/categories.php?lang=1&path=111&num=33&action=n&sort=Article" "Mozilla/5.0 (Windows; U; Windows NT 6.1; fr; rv:1.9.2.13) Gecko/20101203 Firefox/3.6.13"
82.225.221.117 - - [30/Dec/2010:20:02:41 +0100] "GET /im/zzz.gif HTTP/1.1" 200 49 "http://www.fraicolo.fr/categories.php?lang=1&path=111&num=33&action=n&sort=Article" "Mozilla/5.0 (Windows; U; Windows NT 6.1; fr; rv:1.9.2.13) Gecko/20101203 Firefox/3.6.13"
82.225.221.117 - - [30/Dec/2010:20:02:41 +0100] "GET /im/accueil.gif HTTP/1.1" 200 511 "http://www.fraicolo.fr/categories.php?lang=1&path=111&num=33&action=n&sort=Article" "Mozilla/5.0 (Windows; U; Windows NT 6.1; fr; rv:1.9.2.13) Gecko/20101203 Firefox/3.6.13"
82.225.221.117 - - [30/Dec/2010:20:02:41 +0100] "GET /im/path.gif HTTP/1.1" 200 363 "http://www.fraicolo.fr/categories.php?lang=1&path=111&num=33&action=n&sort=Article" "Mozilla/5.0 (Windows; U; Windows NT 6.1; fr; rv:1.9.2.13) Gecko/20101203 Firefox/3.6.13"
82.225.221.117 - - [30/Dec/2010:20:02:41 +0100] "GET /im/lang1/menu_search.gif HTTP/1.1" 200 1955 "http://www.fraicolo.fr/categories.php?lang=1&path=111&num=33&action=n&sort=Article" "Mozilla/5.0 (Windows; U; Windows NT 6.1; fr; rv:1.9.2.13) Gecko/20101203 Firefox/3.6.13"
82.225.221.117 - - [30/Dec/2010:20:02:41 +0100] "GET /im/articles/SaucissonCorse2.JPG HTTP/1.1" 200 17378 "http://www.google.fr/imgres?imgurl=http://www.fraicolo.fr/im/articles/SaucissonCorse2.JPG&imgrefurl=http://www.fraicolo.fr/categories.php%3Flang%3D1%26path%3D111%26num%3D33%26action%3Dn%26sort%3DArticle&usg=__Ea2iVSoM9sgWesls9vEqAH9A2II=&h=315&w=379&sz=17&hl=fr&start=3&zoom=1&um=1&itbs=1&tbnid=rgMwanXi99UdXM:&tbnh=102&tbnw=123&prev=/images%3Fq%3Dsaucisson%2Bd%2527%25C3%25A4ne%26um%3D1%26hl%3Dfr%26client%3Dfirefox-a%26hs%3D5YO%26sa%3DX%26rls%3Dorg.mozilla:fr:official%26tbs%3Disch:1" "Mozilla/5.0 (Windows; U; Windows NT 6.1; fr; rv:1.9.2.13) Gecko/20101203 Firefox/3.6.13"
82.225.221.117 - - [30/Dec/2010:20:02:41 +0100] "GET /im/banner/bannercorporate1.jpg HTTP/1.1" 200 44430 "http://www.fraicolo.fr/categories.php?lang=1&path=111&num=33&action=n&sort=Article" "Mozilla/5.0 (Windows; U; Windows NT 6.1; fr; rv:1.9.2.13) Gecko/20101203 Firefox/3.6.13"
82.225.221.117 - - [30/Dec/2010:20:02:52 +0100] "GET /categories.php?lang=1&path=111&num=33&action=n&sort=Article HTTP/1.1" 200 15299 "http://www.google.fr/imgres?imgurl=http://www.fraicolo.fr/im/articles/SaucissonCorse2.JPG&imgrefurl=http://www.fraicolo.fr/categories.php%3Flang%3D1%26path%3D111%26num%3D33%26action%3Dn%26sort%3DArticle&usg=__Ea2iVSoM9sgWesls9vEqAH9A2II=&h=315&w=379&sz=17&hl=fr&start=3&zoom=1&um=1&itbs=1&tbnid=rgMwanXi99UdXM:&tbnh=102&tbnw=123&prev=/images%3Fq%3Dsaucisson%2Bd%2527%25C3%25A4ne%26um%3D1%26hl%3Dfr%26client%3Dfirefox-a%26hs%3D5YO%26sa%3DX%26rls%3Dorg.mozilla:fr:official%26tbs%3Disch:1" "Mozilla/5.0 (Windows; U; Windows NT 6.1; fr; rv:1.9.2.13) Gecko/20101203 Firefox/3.6.13"
66.249.71.6 - - [30/Dec/2010:20:03:03 +0100] "GET /categories.php?lang=e&path=83&num=100&action=e&AdSearch=on HTTP/1.1" 200 14089 "-" "Mozilla/5.0 (compatible; Googlebot/2.1; +http://www.google.com/bot.html)"
90.9.58.248 - - [30/Dec/2010:20:03:09 +0100] "GET /categories.php?lang=1&path=30&num=48&action=n&sort=Article HTTP/1.1" 200 16137 "http://www.google.fr/imgres?imgurl=http://www.fraicolo.fr/im/articles/YaourtNature.JPG&imgrefurl=http://www.fraicolo.fr/categories.php%3Flang%3D1%26path%3D30%26num%3D48%26action%3Dn%26sort%3DArticle&usg=__ssaLPiSlNwtEWV6UVBo56MwosjU=&h=617&w=860&sz=58&hl=fr&start=14&zoom=1&um=1&itbs=1&tbnid=C-2gGsCh0HS6IM:&tbnh=104&tbnw=145&prev=/images%3Fq%3Dyaourt%26um%3D1%26hl%3Dfr%26tbs%3Disch:1" "Mozilla/4.0 (compatible; MSIE 8.0; Windows NT 6.1; WOW64; Trident/4.0; SLCC2; .NET CLR 2.0.50727; .NET CLR 3.5.30729; .NET CLR 3.0.30729; Media Center PC 6.0; MAAU; .NET4.0C)"
90.9.58.248 - - [30/Dec/2010:20:03:10 +0100] "GET /css/scss.css HTTP/1.1" 200 3683 "http://www.fraicolo.fr/categories.php?lang=1&path=30&num=48&action=n&sort=Article" "Mozilla/4.0 (compatible; MSIE 8.0; Windows NT 6.1; WOW64; Trident/4.0; SLCC2; .NET CLR 2.0.50727; .NET CLR 3.5.30729; .NET CLR 3.0.30729; Media Center PC 6.0; MAAU; .NET4.0C)"
90.9.58.248 - - [30/Dec/2010:20:03:10 +0100] "GET /includes/popImage.js HTTP/1.1" 200 1233 "http://www.fraicolo.fr/categories.php?lang=1&path=30&num=48&action=n&sort=Article" "Mozilla/4.0 (compatible; MSIE 8.0; Windows NT 6.1; WOW64; Trident/4.0; SLCC2; .NET CLR 2.0.50727; .NET CLR 3.5.30729; .NET CLR 3.0.30729; Media Center PC 6.0; MAAU; .NET4.0C)"
90.9.58.248 - - [30/Dec/2010:20:03:11 +0100] "GET /im/LOGOFraicolo.png HTTP/1.1" 200 21138 "http://www.fraicolo.fr/categories.php?lang=1&path=30&num=48&action=n&sort=Article" "Mozilla/4.0 (compatible; MSIE 8.0; Windows NT 6.1; WOW64; Trident/4.0; SLCC2; .NET CLR 2.0.50727; .NET CLR 3.5.30729; .NET CLR 3.0.30729; Media Center PC 6.0; MAAU; .NET4.0C)"
