92.105.18.132 - - [30/Dec/2010:21:25:34 +0100] "GET /im/stockok.gif HTTP/1.1" 200 920 "http://www.fraicolo.fr/list.php?lang=1&path=34&sort=Article&page=0" "Mozilla/4.0 (compatible; MSIE 7.0; Windows NT 5.1; Trident/4.0; .NET CLR 1.1.4322; .NET CLR 2.0.50727; .NET CLR 3.0.4506.2152; .NET CLR 3.5.30729)"
92.105.18.132 - - [30/Dec/2010:21:25:34 +0100] "GET /im/articles/PommePinkLady.JPG HTTP/1.1" 200 7916 "http://www.fraicolo.fr/list.php?lang=1&path=34&sort=Article&page=0" "Mozilla/4.0 (compatible; MSIE 7.0; Windows NT 5.1; Trident/4.0; .NET CLR 1.1.4322; .NET CLR 2.0.50727; .NET CLR 3.0.4506.2152; .NET CLR 3.5.30729)"
92.105.18.132 - - [30/Dec/2010:21:25:34 +0100] "GET /im/cart_out.gif HTTP/1.1" 200 1030 "http://www.fraicolo.fr/list.php?lang=1&path=34&sort=Article&page=0" "Mozilla/4.0 (compatible; MSIE 7.0; Windows NT 5.1; Trident/4.0; .NET CLR 1.1.4322; .NET CLR 2.0.50727; .NET CLR 3.0.4506.2152; .NET CLR 3.5.30729)"
67.195.112.48 - - [30/Dec/2010:21:25:43 +0100] "GET /description.php?lang=1&path=145&id=1428 HTTP/1.0" 200 11089 "-" "Mozilla/5.0 (compatible; Yahoo! Slurp; http://help.yahoo.com/help/us/ysearch/slurp)"
194.150.236.161 - - [30/Dec/2010:21:25:43 +0100] "HEAD /im/banner/Affiliation_Fraicolo_468x60.gif HTTP/1.1" 200 - "-" "-"
194.150.236.161 - - [30/Dec/2010:21:25:45 +0100] "GET /im/banner/Affiliation_Fraicolo_468x60.gif HTTP/1.1" 200 41076 "-" "PHP/5.2.6"
84.103.105.87 - - [30/Dec/2010:21:26:06 +0100] "GET /im/articles/Granola.JPG HTTP/1.1" 200 59905 "-" "Opera/9.80 (Windows NT 6.0; U; fr) Presto/2.7.62 Version/11.00"
67.195.112.48 - - [30/Dec/2010:21:26:09 +0100] "GET /description.php?lang=1&path=61&sort=Article&page=0&id=627 HTTP/1.0" 200 11162 "-" "Mozilla/5.0 (compatible; Yahoo! Slurp; http://help.yahoo.com/help/us/ysearch/slurp)"
213.213.218.238 - - [30/Dec/2010:21:26:10 +0100] "GET /im/payment.gif HTTP/1.1" 304 - "http://www.fraicolo.fr/list.php?lang=1&path=54&sort=Article&page=0" "Mozilla/4.0 (compatible; MSIE 8.0; Windows NT 6.0; Trident/4.0; SLCC1; .NET CLR 2.0.50727; Media Center PC 5.0; .NET CLR 3.5.30729; .NET CLR 3.0.30729; .NET4.0C)"
66.249.71.6 - - [30/Dec/2010:21:26:47 +0100] "GET /ipos/list.php?lang=1&path=41&sort=Article&page=5 HTTP/1.1" 200 3914 "-" "Mozilla/5.0 (compatible; Googlebot/2.1; +http://www.google.com/bot.html)"
66.249.71.193 - - [30/Dec/2010:21:26:48 +0100] "GET /categories.php?lang=1&path=106&num=27&action=n&sort=Article&page=0&AdSearch=on HTTP/1.1" 200 14268 "-" "Mozilla/5.0 (compatible; Googlebot/2.1; +http://www.google.com/bot.html)"
66.249.71.193 - - [30/Dec/2010:21:26:50 +0100] "GET /description.php?lang=1&path=54&sort=Prix&page=0&id=1147&AdSearch=on HTTP/1.1" 200 12271 "-" "Mozilla/5.0 (compatible; Googlebot/2.1; +http://www.google.com/bot.html)"
79.83.69.138 - - [30/Dec/2010:21:26:51 +0100] "GET /description.php?id=601 HTTP/1.1" 200 11154 "http://www.google.fr/imgres?imgurl=http://www.fraicolo.fr/im/articles/PetitsSuissesGervais.JPG&imgrefurl=http://www.fraicolo.fr/description.php%3Fid%3D601&usg=__Df_EC1NWRhjfdcO3_eHnmnQjzok=&h=596&w=746&sz=59&hl=fr&start=2&zoom=1&um=1&itbs=1&tbnid=zdL5CxE-oUuFrM:&tbnh=113&tbnw=141&prev=/images%3Fq%3Dgervais%26um%3D1%26hl%3Dfr%26sa%3DN%26rlz%3D1T4GPTB_frFR393FR393%26tbs%3Disch:1" "Mozilla/4.0 (compatible; MSIE 7.0; Windows NT 5.1; Trident/4.0; BTRS26718; GTB6.6; .NET CLR 2.0.50727; .NET CLR 3.0.4506.2152; .NET CLR 3.5.30729)"
79.83.69.138 - - [30/Dec/2010:21:26:51 +0100] "GET /css/scss.css HTTP/1.1" 200 3683 "http://www.fraicolo.fr/description.php?id=601" "Mozilla/4.0 (compatible; MSIE 7.0; Windows NT 5.1; Trident/4.0; BTRS26718; GTB6.6; .NET CLR 2.0.50727; .NET CLR 3.0.4506.2152; .NET CLR 3.5.30729)"
79.83.69.138 - - [30/Dec/2010:21:26:52 +0100] "GET /includes/popImage.js HTTP/1.1" 200 1233 "http://www.fraicolo.fr/description.php?id=601" "Mozilla/4.0 (compatible; MSIE 7.0; Windows NT 5.1; Trident/4.0; BTRS26718; GTB6.6; .NET CLR 2.0.50727; .NET CLR 3.0.4506.2152; .NET CLR 3.5.30729)"
79.83.69.138 - - [30/Dec/2010:21:26:52 +0100] "GET /im/background/bg_green.gif HTTP/1.1" 200 2395 "http://www.fraicolo.fr/description.php?id=601" "Mozilla/4.0 (compatible; MSIE 7.0; Windows NT 5.1; Trident/4.0; BTRS26718; GTB6.6; .NET CLR 2.0.50727; .NET CLR 3.0.4506.2152; .NET CLR 3.5.30729)"
79.83.69.138 - - [30/Dec/2010:21:26:52 +0100] "GET /im/zzz.gif HTTP/1.1" 200 49 "http://www.fraicolo.fr/description.php?id=601" "Mozilla/4.0 (compatible; MSIE 7.0; Windows NT 5.1; Trident/4.0; BTRS26718; GTB6.6; .NET CLR 2.0.50727; .NET CLR 3.0.4506.2152; .NET CLR 3.5.30729)"
79.83.69.138 - - [30/Dec/2010:21:26:52 +0100] "GET /csshover.htc HTTP/1.1" 200 1166 "-" "Mozilla/4.0 (compatible; MSIE 7.0; Windows NT 5.1; Trident/4.0; BTRS26718; GTB6.6; .NET CLR 2.0.50727; .NET CLR 3.0.4506.2152; .NET CLR 3.5.30729)"
79.83.69.138 - - [30/Dec/2010:21:26:52 +0100] "GET /im/LOGOFraicolo.png HTTP/1.1" 200 21138 "http://www.fraicolo.fr/description.php?id=601" "Mozilla/4.0 (compatible; MSIE 7.0; Windows NT 5.1; Trident/4.0; BTRS26718; GTB6.6; .NET CLR 2.0.50727; .NET CLR 3.0.4506.2152; .NET CLR 3.5.30729)"
79.83.69.138 - - [30/Dec/2010:21:26:52 +0100] "GET /im/banner/bannercorporate1.jpg HTTP/1.1" 200 44430 "http://www.fraicolo.fr/description.php?id=601" "Mozilla/4.0 (compatible; MSIE 7.0; Windows NT 5.1; Trident/4.0; BTRS26718; GTB6.6; .NET CLR 2.0.50727; .NET CLR 3.0.4506.2152; .NET CLR 3.5.30729)"
79.83.69.138 - - [30/Dec/2010:21:26:52 +0100] "GET /im/lang1/menu_search.gif HTTP/1.1" 200 1955 "http://www.fraicolo.fr/description.php?id=601" "Mozilla/4.0 (compatible; MSIE 7.0; Windows NT 5.1; Trident/4.0; BTRS26718; GTB6.6; .NET CLR 2.0.50727; .NET CLR 3.0.4506.2152; .NET CLR 3.5.30729)"
79.83.69.138 - - [30/Dec/2010:21:26:53 +0100] "GET /csshover.htc HTTP/1.1" 200 1166 "http://www.google.fr/imgres?imgurl=http://www.fraicolo.fr/im/articles/PetitsSuissesGervais.JPG&imgrefurl=http://www.fraicolo.fr/description.php%3Fid%3D601&usg=__Df_EC1NWRhjfdcO3_eHnmnQjzok=&h=596&w=746&sz=59&hl=fr&start=2&zoom=1&um=1&itbs=1&tbnid=zdL5CxE-oUuFrM:&tbnh=113&tbnw=141&prev=/images%3Fq%3Dgervais%26um%3D1%26hl%3Dfr%26sa%3DN%26rlz%3D1T4GPTB_frFR393FR393%26tbs%3Disch:1" "Mozilla/4.0 (compatible; MSIE 7.0; Windows NT 5.1; Trident/4.0; BTRS26718; GTB6.6; .NET CLR 2.0.50727; .NET CLR 3.0.4506.2152; .NET CLR 3.5.30729)"
79.83.69.138 - - [30/Dec/2010:21:26:53 +0100] "GET /im/path.gif HTTP/1.1" 200 363 "http://www.fraicolo.fr/description.php?id=601" "Mozilla/4.0 (compatible; MSIE 7.0; Windows NT 5.1; Trident/4.0; BTRS26718; GTB6.6; .NET CLR 2.0.50727; .NET CLR 3.0.4506.2152; .NET CLR 3.5.30729)"
79.83.69.138 - - [30/Dec/2010:21:26:54 +0100] "GET /im/fleche_bottom.gif HTTP/1.1" 200 57 "http://www.fraicolo.fr/description.php?id=601" "Mozilla/4.0 (compatible; MSIE 7.0; Windows NT 5.1; Trident/4.0; BTRS26718; GTB6.6; .NET CLR 2.0.50727; .NET CLR 3.0.4506.2152; .NET CLR 3.5.30729)"
79.83.69.138 - - [30/Dec/2010:21:26:54 +0100] "GET /im/fleche_right.gif HTTP/1.1" 200 58 "http://www.fraicolo.fr/description.php?id=601" "Mozilla/4.0 (compatible; MSIE 7.0; Windows NT 5.1; Trident/4.0; BTRS26718; GTB6.6; .NET CLR 2.0.50727; .NET CLR 3.0.4506.2152; .NET CLR 3.5.30729)"
79.83.69.138 - - [30/Dec/2010:21:26:54 +0100] "GET /im/background/menuleft.gif HTTP/1.1" 200 1837 "http://www.fraicolo.fr/description.php?id=601" "Mozilla/4.0 (compatible; MSIE 7.0; Windows NT 5.1; Trident/4.0; BTRS26718; GTB6.6; .NET CLR 2.0.50727; .NET CLR 3.0.4506.2152; .NET CLR 3.5.30729)"
79.83.69.138 - - [30/Dec/2010:21:26:54 +0100] "GET /im/background/module_left.gif HTTP/1.1" 200 323 "http://www.fraicolo.fr/description.php?id=601" "Mozilla/4.0 (compatible; MSIE 7.0; Windows NT 5.1; Trident/4.0; BTRS26718; GTB6.6; .NET CLR 2.0.50727; .NET CLR 3.0.4506.2152; .NET CLR 3.5.30729)"
79.83.69.138 - - [30/Dec/2010:21:26:54 +0100] "GET /im/background/menuright.gif HTTP/1.1" 200 1832 "http://www.fraicolo.fr/description.php?id=601" "Mozilla/4.0 (compatible; MSIE 7.0; Windows NT 5.1; Trident/4.0; BTRS26718; GTB6.6; .NET CLR 2.0.50727; .NET CLR 3.0.4506.2152; .NET CLR 3.5.30729)"
79.83.69.138 - - [30/Dec/2010:21:26:52 +0100] "GET /im/background/bg_shop_green.gif HTTP/1.1" 200 49144 "http://www.fraicolo.fr/description.php?id=601" "Mozilla/4.0 (compatible; MSIE 7.0; Windows NT 5.1; Trident/4.0; BTRS26718; GTB6.6; .NET CLR 2.0.50727; .NET CLR 3.0.4506.2152; .NET CLR 3.5.30729)"
79.83.69.138 - - [30/Dec/2010:21:26:53 +0100] "GET /im/articles/PetitsSuissesGervais.JPG HTTP/1.1" 200 60355 "http://www.google.fr/imgres?imgurl=http://www.fraicolo.fr/im/articles/PetitsSuissesGervais.JPG&imgrefurl=http://www.fraicolo.fr/description.php%3Fid%3D601&usg=__Df_EC1NWRhjfdcO3_eHnmnQjzok=&h=596&w=746&sz=59&hl=fr&start=2&zoom=1&um=1&itbs=1&tbnid=zdL5CxE-oUuFrM:&tbnh=113&tbnw=141&prev=/images%3Fq%3Dgervais%26um%3D1%26hl%3Dfr%26sa%3DN%26rlz%3D1T4GPTB_frFR393FR393%26tbs%3Disch:1" "Mozilla/4.0 (compatible; MSIE 8.0; Windows NT 5.1; Trident/4.0; BTRS26718; GTB6.6; .NET CLR 2.0.50727; .NET CLR 3.0.4506.2152; .NET CLR 3.5.30729)"
79.83.69.138 - - [30/Dec/2010:21:26:57 +0100] "GET /favicon.ico HTTP/1.1" 200 293 "-" "Mozilla/4.0 (compatible; MSIE 8.0; Windows NT 5.1; Trident/4.0; BTRS26718; GTB6.6; .NET CLR 2.0.50727; .NET CLR 3.0.4506.2152; .NET CLR 3.5.30729)"
66.249.71.193 - - [30/Dec/2010:21:27:08 +0100] "GET /description.php?lang=1&id=1308&AdSearch=on HTTP/1.1" 200 12215 "-" "Mozilla/5.0 (compatible; Googlebot/2.1; +http://www.google.com/bot.html)"
79.83.69.138 - - [30/Dec/2010:21:27:30 +0100] "GET /description.php?id=601 HTTP/1.1" 200 11154 "http://www.google.fr/imgres?imgurl=http://www.fraicolo.fr/im/articles/PetitsSuissesGervais.JPG&imgrefurl=http://www.fraicolo.fr/description.php%3Fid%3D601&usg=__Df_EC1NWRhjfdcO3_eHnmnQjzok=&h=596&w=746&sz=59&hl=fr&start=2&zoom=1&um=1&itbs=1&tbnid=zdL5CxE-oUuFrM:&tbnh=113&tbnw=141&prev=/images%3Fq%3Dgervais%26um%3D1%26hl%3Dfr%26sa%3DN%26rlz%3D1T4GPTB_frFR393FR393%26tbs%3Disch:1" "Mozilla/4.0 (compatible; MSIE 8.0; Windows NT 5.1; Trident/4.0; BTRS26718; GTB6.6; .NET CLR 2.0.50727; .NET CLR 3.0.4506.2152; .NET CLR 3.5.30729)"
67.195.112.48 - - [30/Dec/2010:21:27:30 +0100] "GET /description.php?lang=1&path=56&id=1736 HTTP/1.0" 200 11065 "-" "Mozilla/5.0 (compatible; Yahoo! Slurp; http://help.yahoo.com/help/us/ysearch/slurp)"
66.249.71.6 - - [30/Dec/2010:21:28:12 +0100] "GET /categories.php?lang=1&path=32&num=55&action=n&sort=Article&page=0&AdSearch=on HTTP/1.1" 200 16448 "-" "Mozilla/5.0 (compatible; Googlebot/2.1; +http://www.google.com/bot.html)"
82.239.227.18 - - [30/Dec/2010:21:28:21 +0100] "GET /im/articles/ChipsTraiteur.JPG HTTP/1.1" 200 31181 "http://www.eternia-fr.net/news_872_info-sur-l-equipe-de-sacha-et-iris.html" "Mozilla/5.0 (Windows; U; Windows NT 6.1; fr; rv:1.9.2.13) Gecko/20101203 Firefox/3.6.13 ;ShopperReports"
66.249.71.193 - - [30/Dec/2010:21:28:31 +0100] "GET /description.php?lang=1&id=1305&AdSearch=on HTTP/1.1" 200 12167 "-" "Mozilla/5.0 (compatible; Googlebot/2.1; +http://www.google.com/bot.html)"
66.249.71.6 - - [30/Dec/2010:21:28:45 +0100] "GET /description.php?lang=1&path=103&id=1697 HTTP/1.1" 200 11183 "-" "Mozilla/5.0 (compatible; Googlebot/2.1; +http://www.google.com/bot.html)"
77.205.202.198 - - [30/Dec/2010:21:28:52 +0100] "GET /im/articles/ChipsTraiteur.JPG HTTP/1.1" 200 31181 "http://www.eternia-fr.net/news_903_film-13-le-maitre-de-l-illusion-zoroark-disponible-en-vostfr.html" "Mozilla/5.0 (Windows; U; Windows NT 6.0; fr; rv:1.9.2.13) Gecko/20101203 BTRS28059 Firefox/3.6.13 ( .NET CLR 3.5.30729)"
82.233.187.39 - - [30/Dec/2010:21:28:54 +0100] "GET /im/articles/ChipsTraiteur.JPG HTTP/1.1" 200 31181 "http://www.eternia-fr.net/news_899_best-wishes-14-disponible-en-vostfr.html" "Mozilla/4.0 (compatible; MSIE 8.0; Windows NT 5.1; Trident/4.0; GTB6.6; .NET CLR 3.0.4506.2152; .NET CLR 3.5.30729; .NET CLR 2.0.50727)"
83.113.37.57 - - [30/Dec/2010:21:28:56 +0100] "GET /list.php?lang=1&path=127&sort=Article&page=0 HTTP/1.1" 200 15794 "http://www.google.fr/imgres?imgurl=http://www.fraicolo.fr/im/articles/SaintNectaire.JPG&imgrefurl=http://www.fraicolo.fr/list.php%3Flang%3D1%26path%3D127%26sort%3DArticle%26page%3D0&usg=__RCJCLiDlnm7kPrJXHShB0pO1BEE=&h=342&w=382&sz=25&hl=fr&start=10&zoom=1&itbs=1&tbnid=_0Bb1AmOWUv1UM:&tbnh=110&tbnw=123&prev=/images%3Fq%3Dfromage%2Bsaint%2Bnectaire%26hl%3Dfr%26gbv%3D2%26tbs%3Disch:1" "Mozilla/5.0 (Windows; U; Windows NT 6.1; fr; rv:1.9.2.6) Gecko/20100625 Firefox/3.6.6"
83.113.37.57 - - [30/Dec/2010:21:28:56 +0100] "GET /css/scss.css HTTP/1.1" 200 3683 "http://www.fraicolo.fr/list.php?lang=1&path=127&sort=Article&page=0" "Mozilla/5.0 (Windows; U; Windows NT 6.1; fr; rv:1.9.2.6) Gecko/20100625 Firefox/3.6.6"
83.113.37.57 - - [30/Dec/2010:21:28:56 +0100] "GET /includes/popImage.js HTTP/1.1" 200 1233 "http://www.fraicolo.fr/list.php?lang=1&path=127&sort=Article&page=0" "Mozilla/5.0 (Windows; U; Windows NT 6.1; fr; rv:1.9.2.6) Gecko/20100625 Firefox/3.6.6"
83.113.37.57 - - [30/Dec/2010:21:28:56 +0100] "GET /im/LOGOFraicolo.png HTTP/1.1" 200 21138 "http://www.fraicolo.fr/list.php?lang=1&path=127&sort=Article&page=0" "Mozilla/5.0 (Windows; U; Windows NT 6.1; fr; rv:1.9.2.6) Gecko/20100625 Firefox/3.6.6"
83.113.37.57 - - [30/Dec/2010:21:28:56 +0100] "GET /im/zzz.gif HTTP/1.1" 200 49 "http://www.fraicolo.fr/list.php?lang=1&path=127&sort=Article&page=0" "Mozilla/5.0 (Windows; U; Windows NT 6.1; fr; rv:1.9.2.6) Gecko/20100625 Firefox/3.6.6"
83.113.37.57 - - [30/Dec/2010:21:28:57 +0100] "GET /im/accueil.gif HTTP/1.1" 200 511 "http://www.fraicolo.fr/list.php?lang=1&path=127&sort=Article&page=0" "Mozilla/5.0 (Windows; U; Windows NT 6.1; fr; rv:1.9.2.6) Gecko/20100625 Firefox/3.6.6"
83.113.37.57 - - [30/Dec/2010:21:28:57 +0100] "GET /im/background/bg_green.gif HTTP/1.1" 200 2395 "http://www.fraicolo.fr/css/scss.css" "Mozilla/5.0 (Windows; U; Windows NT 6.1; fr; rv:1.9.2.6) Gecko/20100625 Firefox/3.6.6"
83.113.37.57 - - [30/Dec/2010:21:28:57 +0100] "GET /im/path.gif HTTP/1.1" 200 363 "http://www.fraicolo.fr/list.php?lang=1&path=127&sort=Article&page=0" "Mozilla/5.0 (Windows; U; Windows NT 6.1; fr; rv:1.9.2.6) Gecko/20100625 Firefox/3.6.6"
83.113.37.57 - - [30/Dec/2010:21:28:57 +0100] "GET /im/lang1/menu_search.gif HTTP/1.1" 200 1955 "http://www.fraicolo.fr/list.php?lang=1&path=127&sort=Article&page=0" "Mozilla/5.0 (Windows; U; Windows NT 6.1; fr; rv:1.9.2.6) Gecko/20100625 Firefox/3.6.6"
83.113.37.57 - - [30/Dec/2010:21:28:57 +0100] "GET /im/search.gif HTTP/1.1" 200 681 "http://www.fraicolo.fr/list.php?lang=1&path=127&sort=Article&page=0" "Mozilla/5.0 (Windows; U; Windows NT 6.1; fr; rv:1.9.2.6) Gecko/20100625 Firefox/3.6.6"
83.113.37.57 - - [30/Dec/2010:21:28:57 +0100] "GET /includes/menu/plus.gif HTTP/1.1" 200 71 "http://www.fraicolo.fr/list.php?lang=1&path=127&sort=Article&page=0" "Mozilla/5.0 (Windows; U; Windows NT 6.1; fr; rv:1.9.2.6) Gecko/20100625 Firefox/3.6.6"
83.113.37.57 - - [30/Dec/2010:21:28:57 +0100] "GET /im/lang1/menu_com.gif HTTP/1.1" 200 2071 "http://www.fraicolo.fr/list.php?lang=1&path=127&sort=Article&page=0" "Mozilla/5.0 (Windows; U; Windows NT 6.1; fr; rv:1.9.2.6) Gecko/20100625 Firefox/3.6.6"
83.113.37.57 - - [30/Dec/2010:21:28:57 +0100] "GET /im/payment.gif HTTP/1.1" 200 2578 "http://www.fraicolo.fr/list.php?lang=1&path=127&sort=Article&page=0" "Mozilla/5.0 (Windows; U; Windows NT 6.1; fr; rv:1.9.2.6) Gecko/20100625 Firefox/3.6.6"
83.113.37.57 - - [30/Dec/2010:21:28:57 +0100] "GET /im/articles/BioCantal.JPG HTTP/1.1" 200 16051 "http://www.fraicolo.fr/list.php?lang=1&path=127&sort=Article&page=0" "Mozilla/5.0 (Windows; U; Windows NT 6.1; fr; rv:1.9.2.6) Gecko/20100625 Firefox/3.6.6"
83.113.37.57 - - [30/Dec/2010:21:28:57 +0100] "GET /im/stockok.gif HTTP/1.1" 200 920 "http://www.fraicolo.fr/list.php?lang=1&path=127&sort=Article&page=0" "Mozilla/5.0 (Windows; U; Windows NT 6.1; fr; rv:1.9.2.6) Gecko/20100625 Firefox/3.6.6"
83.113.37.57 - - [30/Dec/2010:21:28:57 +0100] "GET /im/articles/BioSaintPaulin.JPG HTTP/1.1" 200 15276 "http://www.fraicolo.fr/list.php?lang=1&path=127&sort=Article&page=0" "Mozilla/5.0 (Windows; U; Windows NT 6.1; fr; rv:1.9.2.6) Gecko/20100625 Firefox/3.6.6"
83.113.37.57 - - [30/Dec/2010:21:28:57 +0100] "GET /im/articles/BioTomeAnjou.JPG HTTP/1.1" 200 15709 "http://www.fraicolo.fr/list.php?lang=1&path=127&sort=Article&page=0" "Mozilla/5.0 (Windows; U; Windows NT 6.1; fr; rv:1.9.2.6) Gecko/20100625 Firefox/3.6.6"
83.113.37.57 - - [30/Dec/2010:21:28:57 +0100] "GET /im/articles/BioTommeAuvergne.JPG HTTP/1.1" 200 18219 "http://www.fraicolo.fr/list.php?lang=1&path=127&sort=Article&page=0" "Mozilla/5.0 (Windows; U; Windows NT 6.1; fr; rv:1.9.2.6) Gecko/20100625 Firefox/3.6.6"
83.113.37.57 - - [30/Dec/2010:21:28:57 +0100] "GET /im/articles/BouletteAven.JPG HTTP/1.1" 200 26565 "http://www.fraicolo.fr/list.php?lang=1&path=127&sort=Article&page=0" "Mozilla/5.0 (Windows; U; Windows NT 6.1; fr; rv:1.9.2.6) Gecko/20100625 Firefox/3.6.6"
83.113.37.57 - - [30/Dec/2010:21:28:56 +0100] "GET /im/banner/bannercorporate1.jpg HTTP/1.1" 200 44430 "http://www.fraicolo.fr/list.php?lang=1&path=127&sort=Article&page=0" "Mozilla/5.0 (Windows; U; Windows NT 6.1; fr; rv:1.9.2.6) Gecko/20100625 Firefox/3.6.6"
83.113.37.57 - - [30/Dec/2010:21:28:58 +0100] "GET /im/articles/Boursault-.JPG HTTP/1.1" 200 29396 "http://www.fraicolo.fr/list.php?lang=1&path=127&sort=Article&page=0" "Mozilla/5.0 (Windows; U; Windows NT 6.1; fr; rv:1.9.2.6) Gecko/20100625 Firefox/3.6.6"
83.113.37.57 - - [30/Dec/2010:21:28:58 +0100] "GET /im/articles/Bleu-.JPG HTTP/1.1" 200 38963 "http://www.fraicolo.fr/list.php?lang=1&path=127&sort=Article&page=0" "Mozilla/5.0 (Windows; U; Windows NT 6.1; fr; rv:1.9.2.6) Gecko/20100625 Firefox/3.6.6"
83.113.37.57 - - [30/Dec/2010:21:28:58 +0100] "GET /im/articles/BrillatSavarin.JPG HTTP/1.1" 200 17315 "http://www.fraicolo.fr/list.php?lang=1&path=127&sort=Article&page=0" "Mozilla/5.0 (Windows; U; Windows NT 6.1; fr; rv:1.9.2.6) Gecko/20100625 Firefox/3.6.6"
83.113.37.57 - - [30/Dec/2010:21:28:58 +0100] "GET /im/articles/Camembert-.JPG HTTP/1.1" 200 49702 "http://www.fraicolo.fr/list.php?lang=1&path=127&sort=Article&page=0" "Mozilla/5.0 (Windows; U; Windows NT 6.1; fr; rv:1.9.2.6) Gecko/20100625 Firefox/3.6.6"
83.113.37.57 - - [30/Dec/2010:21:28:58 +0100] "GET /im/articles/Coulommier.JPG HTTP/1.1" 200 18581 "http://www.fraicolo.fr/list.php?lang=1&path=127&sort=Article&page=0" "Mozilla/5.0 (Windows; U; Windows NT 6.1; fr; rv:1.9.2.6) Gecko/20100625 Firefox/3.6.6"
83.113.37.57 - - [30/Dec/2010:21:28:59 +0100] "GET /im/articles/Epoisse.JPG HTTP/1.1" 200 30159 "http://www.fraicolo.fr/list.php?lang=1&path=127&sort=Article&page=0" "Mozilla/5.0 (Windows; U; Windows NT 6.1; fr; rv:1.9.2.6) Gecko/20100625 Firefox/3.6.6"
83.113.37.57 - - [30/Dec/2010:21:28:59 +0100] "GET /im/articles/Langre.JPG HTTP/1.1" 200 9628 "http://www.fraicolo.fr/list.php?lang=1&path=127&sort=Article&page=0" "Mozilla/5.0 (Windows; U; Windows NT 6.1; fr; rv:1.9.2.6) Gecko/20100625 Firefox/3.6.6"
83.113.37.57 - - [30/Dec/2010:21:29:00 +0100] "GET /im/articles/Vigneron.JPG HTTP/1.1" 200 6266 "http://www.fraicolo.fr/list.php?lang=1&path=127&sort=Article&page=0" "Mozilla/5.0 (Windows; U; Windows NT 6.1; fr; rv:1.9.2.6) Gecko/20100625 Firefox/3.6.6"
83.113.37.57 - - [30/Dec/2010:21:29:00 +0100] "GET /im/articles/Mascarpone.jpg HTTP/1.1" 200 6356 "http://www.fraicolo.fr/list.php?lang=1&path=127&sort=Article&page=0" "Mozilla/5.0 (Windows; U; Windows NT 6.1; fr; rv:1.9.2.6) Gecko/20100625 Firefox/3.6.6"
83.113.37.57 - - [30/Dec/2010:21:29:00 +0100] "GET /im/articles/MiniCamembert.JPG HTTP/1.1" 200 2064 "http://www.fraicolo.fr/list.php?lang=1&path=127&sort=Article&page=0" "Mozilla/5.0 (Windows; U; Windows NT 6.1; fr; rv:1.9.2.6) Gecko/20100625 Firefox/3.6.6"
83.113.37.57 - - [30/Dec/2010:21:29:00 +0100] "GET /im/articles/Caprice%20des%20Dieux.jpg HTTP/1.1" 200 7502 "http://www.fraicolo.fr/list.php?lang=1&path=127&sort=Article&page=0" "Mozilla/5.0 (Windows; U; Windows NT 6.1; fr; rv:1.9.2.6) Gecko/20100625 Firefox/3.6.6"
83.113.37.57 - - [30/Dec/2010:21:29:00 +0100] "GET /im/articles/Paille.JPG HTTP/1.1" 200 21296 "http://www.fraicolo.fr/list.php?lang=1&path=127&sort=Article&page=0" "Mozilla/5.0 (Windows; U; Windows NT 6.1; fr; rv:1.9.2.6) Gecko/20100625 Firefox/3.6.6"
83.113.37.57 - - [30/Dec/2010:21:29:00 +0100] "GET /im/articles/PEpoisse.JPG HTTP/1.1" 200 21465 "http://www.fraicolo.fr/list.php?lang=1&path=127&sort=Article&page=0" "Mozilla/5.0 (Windows; U; Windows NT 6.1; fr; rv:1.9.2.6) Gecko/20100625 Firefox/3.6.6"
83.113.37.57 - - [30/Dec/2010:21:29:00 +0100] "GET /im/articles/MinisKiris.JPG HTTP/1.1" 200 73227 "http://www.fraicolo.fr/list.php?lang=1&path=127&sort=Article&page=0" "Mozilla/5.0 (Windows; U; Windows NT 6.1; fr; rv:1.9.2.6) Gecko/20100625 Firefox/3.6.6"
83.113.37.57 - - [30/Dec/2010:21:29:00 +0100] "GET /im/articles/Livarot.JPG HTTP/1.1" 200 17011 "http://www.fraicolo.fr/list.php?lang=1&path=127&sort=Article&page=0" "Mozilla/5.0 (Windows; U; Windows NT 6.1; fr; rv:1.9.2.6) Gecko/20100625 Firefox/3.6.6"
83.113.37.57 - - [30/Dec/2010:21:29:00 +0100] "GET /im/articles/Munster-.JPG HTTP/1.1" 200 55113 "http://www.fraicolo.fr/list.php?lang=1&path=127&sort=Article&page=0" "Mozilla/5.0 (Windows; U; Windows NT 6.1; fr; rv:1.9.2.6) Gecko/20100625 Firefox/3.6.6"
83.113.37.57 - - [30/Dec/2010:21:29:02 +0100] "GET /im/articles/PlateauFromage12personnes.JPG HTTP/1.1" 200 21449 "http://www.fraicolo.fr/list.php?lang=1&path=127&sort=Article&page=0" "Mozilla/5.0 (Windows; U; Windows NT 6.1; fr; rv:1.9.2.6) Gecko/20100625 Firefox/3.6.6"
83.113.37.57 - - [30/Dec/2010:21:29:02 +0100] "GET /im/articles/PlateauFromage15personnes.JPG HTTP/1.1" 200 22598 "http://www.fraicolo.fr/list.php?lang=1&path=127&sort=Article&page=0" "Mozilla/5.0 (Windows; U; Windows NT 6.1; fr; rv:1.9.2.6) Gecko/20100625 Firefox/3.6.6"
83.113.37.57 - - [30/Dec/2010:21:29:02 +0100] "GET /im/articles/Pont%20Leveque.JPG HTTP/1.1" 200 9021 "http://www.fraicolo.fr/list.php?lang=1&path=127&sort=Article&page=0" "Mozilla/5.0 (Windows; U; Windows NT 6.1; fr; rv:1.9.2.6) Gecko/20100625 Firefox/3.6.6"
83.113.37.57 - - [30/Dec/2010:21:29:02 +0100] "GET /im/articles/Reblochon.jpg HTTP/1.1" 200 33776 "http://www.fraicolo.fr/list.php?lang=1&path=127&sort=Article&page=0" "Mozilla/5.0 (Windows; U; Windows NT 6.1; fr; rv:1.9.2.6) Gecko/20100625 Firefox/3.6.6"
83.113.37.57 - - [30/Dec/2010:21:29:02 +0100] "GET /im/articles/BourgognePoivre.JPG HTTP/1.1" 200 25391 "http://www.fraicolo.fr/list.php?lang=1&path=127&sort=Article&page=0" "Mozilla/5.0 (Windows; U; Windows NT 6.1; fr; rv:1.9.2.6) Gecko/20100625 Firefox/3.6.6"
83.113.37.57 - - [30/Dec/2010:21:29:02 +0100] "GET /im/articles/BourgogneRaisin.JPG HTTP/1.1" 200 25596 "http://www.fraicolo.fr/list.php?lang=1&path=127&sort=Article&page=0" "Mozilla/5.0 (Windows; U; Windows NT 6.1; fr; rv:1.9.2.6) Gecko/20100625 Firefox/3.6.6"
83.113.37.57 - - [30/Dec/2010:21:29:02 +0100] "GET /im/articles/BourgogneCranberries.JPG HTTP/1.1" 200 23733 "http://www.fraicolo.fr/list.php?lang=1&path=127&sort=Article&page=0" "Mozilla/5.0 (Windows; U; Windows NT 6.1; fr; rv:1.9.2.6) Gecko/20100625 Firefox/3.6.6"
83.113.37.57 - - [30/Dec/2010:21:29:02 +0100] "GET /im/articles/BourgogneTruffe.JPG HTTP/1.1" 200 17904 "http://www.fraicolo.fr/list.php?lang=1&path=127&sort=Article&page=0" "Mozilla/5.0 (Windows; U; Windows NT 6.1; fr; rv:1.9.2.6) Gecko/20100625 Firefox/3.6.6"
83.113.37.57 - - [30/Dec/2010:21:29:03 +0100] "GET /im/articles/Saint%20Felicien.JPG HTTP/1.1" 200 7815 "http://www.fraicolo.fr/list.php?lang=1&path=127&sort=Article&page=0" "Mozilla/5.0 (Windows; U; Windows NT 6.1; fr; rv:1.9.2.6) Gecko/20100625 Firefox/3.6.6"
83.113.37.57 - - [30/Dec/2010:21:29:03 +0100] "GET /im/articles/SaintMarcellin.JPG HTTP/1.1" 200 3493 "http://www.fraicolo.fr/list.php?lang=1&path=127&sort=Article&page=0" "Mozilla/5.0 (Windows; U; Windows NT 6.1; fr; rv:1.9.2.6) Gecko/20100625 Firefox/3.6.6"
83.113.37.57 - - [30/Dec/2010:21:29:03 +0100] "GET /im/articles/SaintNectaire.JPG HTTP/1.1" 200 24935 "http://www.fraicolo.fr/list.php?lang=1&path=127&sort=Article&page=0" "Mozilla/5.0 (Windows; U; Windows NT 6.1; fr; rv:1.9.2.6) Gecko/20100625 Firefox/3.6.6"
83.113.37.57 - - [30/Dec/2010:21:29:03 +0100] "GET /im/cart.gif HTTP/1.1" 200 574 "http://www.fraicolo.fr/list.php?lang=1&path=127&sort=Article&page=0" "Mozilla/5.0 (Windows; U; Windows NT 6.1; fr; rv:1.9.2.6) Gecko/20100625 Firefox/3.6.6"
83.113.37.57 - - [30/Dec/2010:21:29:03 +0100] "GET /im/cart_rem.gif HTTP/1.1" 200 368 "http://www.fraicolo.fr/list.php?lang=1&path=127&sort=Article&page=0" "Mozilla/5.0 (Windows; U; Windows NT 6.1; fr; rv:1.9.2.6) Gecko/20100625 Firefox/3.6.6"
83.113.37.57 - - [30/Dec/2010:21:29:03 +0100] "GET /im/cart_opt.gif HTTP/1.1" 200 365 "http://www.fraicolo.fr/list.php?lang=1&path=127&sort=Article&page=0" "Mozilla/5.0 (Windows; U; Windows NT 6.1; fr; rv:1.9.2.6) Gecko/20100625 Firefox/3.6.6"
83.113.37.57 - - [30/Dec/2010:21:29:03 +0100] "GET /im/cart_out.gif HTTP/1.1" 200 1030 "http://www.fraicolo.fr/list.php?lang=1&path=127&sort=Article&page=0" "Mozilla/5.0 (Windows; U; Windows NT 6.1; fr; rv:1.9.2.6) Gecko/20100625 Firefox/3.6.6"
83.113.37.57 - - [30/Dec/2010:21:29:03 +0100] "GET /im/lang1/menu_infos.gif HTTP/1.1" 200 2010 "http://www.fraicolo.fr/list.php?lang=1&path=127&sort=Article&page=0" "Mozilla/5.0 (Windows; U; Windows NT 6.1; fr; rv:1.9.2.6) Gecko/20100625 Firefox/3.6.6"
83.113.37.57 - - [30/Dec/2010:21:29:03 +0100] "GET /im/fleche_right.gif HTTP/1.1" 200 58 "http://www.fraicolo.fr/list.php?lang=1&path=127&sort=Article&page=0" "Mozilla/5.0 (Windows; U; Windows NT 6.1; fr; rv:1.9.2.6) Gecko/20100625 Firefox/3.6.6"
83.113.37.57 - - [30/Dec/2010:21:29:03 +0100] "GET /im/lang1/menu_caddie.gif HTTP/1.1" 200 2067 "http://www.fraicolo.fr/list.php?lang=1&path=127&sort=Article&page=0" "Mozilla/5.0 (Windows; U; Windows NT 6.1; fr; rv:1.9.2.6) Gecko/20100625 Firefox/3.6.6"
83.113.37.57 - - [30/Dec/2010:21:29:04 +0100] "GET /im/fleche_bottom.gif HTTP/1.1" 200 57 "http://www.fraicolo.fr/css/scss.css" "Mozilla/5.0 (Windows; U; Windows NT 6.1; fr; rv:1.9.2.6) Gecko/20100625 Firefox/3.6.6"
83.113.37.57 - - [30/Dec/2010:21:29:04 +0100] "GET /im/background/menuleft.gif HTTP/1.1" 200 1837 "http://www.fraicolo.fr/css/scss.css" "Mozilla/5.0 (Windows; U; Windows NT 6.1; fr; rv:1.9.2.6) Gecko/20100625 Firefox/3.6.6"
83.113.37.57 - - [30/Dec/2010:21:29:04 +0100] "GET /im/background/module_left.gif HTTP/1.1" 200 323 "http://www.fraicolo.fr/css/scss.css" "Mozilla/5.0 (Windows; U; Windows NT 6.1; fr; rv:1.9.2.6) Gecko/20100625 Firefox/3.6.6"
83.113.37.57 - - [30/Dec/2010:21:29:04 +0100] "GET /im/lang1/cart_add.gif HTTP/1.1" 200 481 "http://www.fraicolo.fr/list.php?lang=1&path=127&sort=Article&page=0" "Mozilla/5.0 (Windows; U; Windows NT 6.1; fr; rv:1.9.2.6) Gecko/20100625 Firefox/3.6.6"
83.113.37.57 - - [30/Dec/2010:21:29:04 +0100] "GET /list.php?lang=1&path=127&sort=Article&page=0 HTTP/1.1" 200 15794 "http://www.fraicolo.fr/list.php?lang=1&path=127&sort=Article&page=0" "Mozilla/5.0 (Windows; U; Windows NT 6.1; fr; rv:1.9.2.6) Gecko/20100625 Firefox/3.6.6"
83.113.37.57 - - [30/Dec/2010:21:29:04 +0100] "GET /im/lang1/menu_id.gif HTTP/1.1" 200 2056 "http://www.fraicolo.fr/list.php?lang=1&path=127&sort=Article&page=0" "Mozilla/5.0 (Windows; U; Windows NT 6.1; fr; rv:1.9.2.6) Gecko/20100625 Firefox/3.6.6"
83.113.37.57 - - [30/Dec/2010:21:29:04 +0100] "GET /im/ok.gif HTTP/1.1" 200 128 "http://www.fraicolo.fr/list.php?lang=1&path=127&sort=Article&page=0" "Mozilla/5.0 (Windows; U; Windows NT 6.1; fr; rv:1.9.2.6) Gecko/20100625 Firefox/3.6.6"
83.113.37.57 - - [30/Dec/2010:21:29:03 +0100] "GET /im/background/bg_shop_green.gif HTTP/1.1" 200 49144 "http://www.fraicolo.fr/css/scss.css" "Mozilla/5.0 (Windows; U; Windows NT 6.1; fr; rv:1.9.2.6) Gecko/20100625 Firefox/3.6.6"
83.113.37.57 - - [30/Dec/2010:21:29:04 +0100] "GET /im/lang1/menu_devis.gif HTTP/1.1" 200 1958 "http://www.fraicolo.fr/list.php?lang=1&path=127&sort=Article&page=0" "Mozilla/5.0 (Windows; U; Windows NT 6.1; fr; rv:1.9.2.6) Gecko/20100625 Firefox/3.6.6"
83.113.37.57 - - [30/Dec/2010:21:29:04 +0100] "GET /im/background/menuright.gif HTTP/1.1" 200 1832 "http://www.fraicolo.fr/css/scss.css" "Mozilla/5.0 (Windows; U; Windows NT 6.1; fr; rv:1.9.2.6) Gecko/20100625 Firefox/3.6.6"
83.113.37.57 - - [30/Dec/2010:21:29:04 +0100] "GET /im/lang1/menu_subscribe.gif HTTP/1.1" 200 1877 "http://www.fraicolo.fr/list.php?lang=1&path=127&sort=Article&page=0" "Mozilla/5.0 (Windows; U; Windows NT 6.1; fr; rv:1.9.2.6) Gecko/20100625 Firefox/3.6.6"
67.195.112.48 - - [30/Dec/2010:21:29:21 +0100] "GET /description.php?lang=1&path=96&id=605 HTTP/1.0" 200 11114 "-" "Mozilla/5.0 (compatible; Yahoo! Slurp; http://help.yahoo.com/help/us/ysearch/slurp)"
81.52.143.26 - - [30/Dec/2010:21:29:37 +0100] "GET /description.php?lang=1&path=82&sort=Article&page=0&id=924 HTTP/1.1" 404 - "-" "Mozilla/5.0 (Windows; U; Windows NT 5.1; fr; rv:1.8.1) VoilaBot BETA 1.2 (support.voilabot@orange-ftgroup.com)"
193.252.118.175 - - [30/Dec/2010:21:29:43 +0100] "GET /list.php?lang=1&path=82&num=72&action=n&sort=Article&page=0&AdSearch=off HTTP/1.1" 404 - "-" "Mozilla/5.0 (Windows; U; Windows NT 5.1; fr; rv:1.8.1) VoilaBot BETA 1.2 (support.voilabot@orange-ftgroup.com)"
173.192.238.45 - - [30/Dec/2010:21:30:32 +0100] "GET /rss.xml HTTP/1.1" 304 - "-" "Mozilla/5.0 (X11; U; Linux x86_64; en-US; rv:1.9.0.19; aggregator:Spinn3r (Spinn3r 3.1); http://spinn3r.com/robot) Gecko/2010040121 Firefox/3.0.19"
41.251.142.94 - - [30/Dec/2010:21:30:35 +0100] "GET /im/articles/Roquettes.JPG HTTP/1.1" 200 26364 "http://www.google.co.ma/m/imgres?q=roquettes&start=1&site=images&imgid=1wSzVhaJwqSxfM:&imgsz=26364&imgurl=http://www.fraicolo.fr/im/articles/Roquettes.JPG&imgrefurl=http://www.fraicolo.fr/categories.php?lang%3De%26path%3D29%26num%3D17%26action%3De&ht=420&wd=376&tbnh=125&tbnw=112&ei=1uscTeDTLZCKmwP479GyAw&ved=0CAoQ9QEwAQ" "Mozilla/5.0 (SymbianOS/9.4; Series60/5.0 Nokia5800d-1/50.0.005; Profile/MIDP-2.1 Configuration/CLDC-1.1 ) AppleWebKit/525 (KHTML, like Gecko) Version/3.0 BrowserNG/7.2.3"
41.251.142.94 - - [30/Dec/2010:21:30:36 +0100] "GET /favicon.ico HTTP/1.1" 200 293 "http://www.fraicolo.fr/im/articles/Roquettes.JPG" "Mozilla/5.0 (SymbianOS/9.4; Series60/5.0 Nokia5800d-1/50.0.005; Profile/MIDP-2.1 Configuration/CLDC-1.1 ) AppleWebKit/525 (KHTML, like Gecko) Version/3.0 BrowserNG/7.2.3"
66.249.71.6 - - [30/Dec/2010:21:31:03 +0100] "GET /description.php?lang=1&id=1784&AdSearch=on HTTP/1.1" 200 12232 "-" "Mozilla/5.0 (compatible; Googlebot/2.1; +http://www.google.com/bot.html)"
66.249.71.6 - - [30/Dec/2010:21:31:06 +0100] "GET /list.php?lang=1&path=80&sort=Prix&page=0&AdSearch=on HTTP/1.1" 200 15313 "-" "Mozilla/5.0 (compatible; Googlebot/2.1; +http://www.google.com/bot.html)"
66.249.71.6 - - [30/Dec/2010:21:31:30 +0100] "GET /description.php?lang=1&path=80&sort=Prix&page=0&id=1729 HTTP/1.1" 200 11142 "-" "Mozilla/5.0 (compatible; Googlebot/2.1; +http://www.google.com/bot.html)"
194.150.236.161 - - [30/Dec/2010:21:31:38 +0100] "HEAD /im/banner/Affiliation_Fraicolo_120x60.gif HTTP/1.1" 200 - "-" "-"
194.150.236.161 - - [30/Dec/2010:21:31:39 +0100] "GET /im/banner/Affiliation_Fraicolo_120x60.gif HTTP/1.1" 200 16471 "-" "PHP/5.2.6"
83.112.191.222 - - [30/Dec/2010:21:31:48 +0100] "GET /im/articles/SodasCocaCola.JPG HTTP/1.1" 304 - "http://mon-amie.eklablog.com/salut-tout-le-mondes-a2406742" "Mozilla/5.0 (Windows; U; Windows NT 6.1; en-US) AppleWebKit/534.10 (KHTML, like Gecko) Chrome/8.0.552.224 Safari/534.10"
207.46.195.235 - - [30/Dec/2010:21:32:25 +0100] "GET /description.php?lang=1&path=96&sort=Article&page=0&id=616 HTTP/1.1" 200 11154 "-" "Mozilla/5.0 (compatible; bingbot/2.0; +http://www.bing.com/bingbot.htm)"
80.185.219.178 - - [30/Dec/2010:21:32:45 +0100] "GET /im/articles/Lasagne.JPG HTTP/1.1" 200 26926 "http://www.stereopoly.com/jeu/profil.php?id=844300" "Mozilla/4.0 (compatible; MSIE 8.0; Windows NT 6.0; Trident/4.0; GTB6.6; SLCC1; .NET CLR 2.0.50727; InfoPath.2; .NET CLR 3.5.30729; .NET CLR 3.0.30729; .NET CLR 1.1.4322; OfficeLiveConnector.1.5; OfficeLivePatch.1.3; .NET4.0C; AskTbGLSV5/5.9.1.14019)"
131.107.65.43 - - [30/Dec/2010:21:32:56 +0100] "GET / HTTP/1.1" 302 1543 "-" "Mozilla/4.0 (compatible; MSIE 7.0; Windows NT 6.1; WOW64; Trident/4.0; SLCC2; .NET CLR 2.0.50727)"
131.107.65.43 - - [30/Dec/2010:21:32:57 +0100] "GET /catalog.php HTTP/1.1" 200 10911 "-" "Mozilla/4.0 (compatible; MSIE 7.0; Windows NT 6.1; WOW64; Trident/4.0; SLCC2; .NET CLR 2.0.50727)"
131.107.65.43 - - [30/Dec/2010:21:32:57 +0100] "GET /includes/popImage.js HTTP/1.1" 200 1233 "http://www.fraicolo.fr/catalog.php" "Mozilla/4.0 (compatible; MSIE 7.0; Windows NT 6.1; WOW64; Trident/4.0; SLCC2; .NET CLR 2.0.50727)"
131.107.65.43 - - [30/Dec/2010:21:32:57 +0100] "GET /css/scss.css HTTP/1.1" 200 3683 "http://www.fraicolo.fr/catalog.php" "Mozilla/4.0 (compatible; MSIE 7.0; Windows NT 6.1; WOW64; Trident/4.0; SLCC2; .NET CLR 2.0.50727)"
131.107.65.43 - - [30/Dec/2010:21:32:57 +0100] "GET /im/background/bg_green.gif HTTP/1.1" 200 2395 "http://www.fraicolo.fr/catalog.php" "Mozilla/4.0 (compatible; MSIE 7.0; Windows NT 6.1; WOW64; Trident/4.0; SLCC2; .NET CLR 2.0.50727)"
131.107.65.43 - - [30/Dec/2010:21:32:57 +0100] "GET /im/LOGOFraicolo.png HTTP/1.1" 200 21138 "http://www.fraicolo.fr/catalog.php" "Mozilla/4.0 (compatible; MSIE 7.0; Windows NT 6.1; WOW64; Trident/4.0; SLCC2; .NET CLR 2.0.50727)"
131.107.65.43 - - [30/Dec/2010:21:32:58 +0100] "GET /im/zzz.gif HTTP/1.1" 200 49 "http://www.fraicolo.fr/catalog.php" "Mozilla/4.0 (compatible; MSIE 7.0; Windows NT 6.1; WOW64; Trident/4.0; SLCC2; .NET CLR 2.0.50727)"
131.107.65.43 - - [30/Dec/2010:21:32:58 +0100] "GET /im/banner/bannercorporate1.jpg HTTP/1.1" 200 44430 "http://www.fraicolo.fr/catalog.php" "Mozilla/4.0 (compatible; MSIE 7.0; Windows NT 6.1; WOW64; Trident/4.0; SLCC2; .NET CLR 2.0.50727)"
131.107.65.43 - - [30/Dec/2010:21:32:58 +0100] "GET /im/accueil.gif HTTP/1.1" 200 511 "http://www.fraicolo.fr/catalog.php" "Mozilla/4.0 (compatible; MSIE 7.0; Windows NT 6.1; WOW64; Trident/4.0; SLCC2; .NET CLR 2.0.50727)"
131.107.65.43 - - [30/Dec/2010:21:32:58 +0100] "GET /im/background/bg_shop_green.gif HTTP/1.1" 200 49144 "http://www.fraicolo.fr/catalog.php" "Mozilla/4.0 (compatible; MSIE 7.0; Windows NT 6.1; WOW64; Trident/4.0; SLCC2; .NET CLR 2.0.50727)"
131.107.65.43 - - [30/Dec/2010:21:32:58 +0100] "GET /im/lang1/menu_search.gif HTTP/1.1" 200 1955 "http://www.fraicolo.fr/catalog.php" "Mozilla/4.0 (compatible; MSIE 7.0; Windows NT 6.1; WOW64; Trident/4.0; SLCC2; .NET CLR 2.0.50727)"
131.107.65.43 - - [30/Dec/2010:21:32:58 +0100] "GET /im/fleche_bottom.gif HTTP/1.1" 200 57 "http://www.fraicolo.fr/catalog.php" "Mozilla/4.0 (compatible; MSIE 7.0; Windows NT 6.1; WOW64; Trident/4.0; SLCC2; .NET CLR 2.0.50727)"
131.107.65.43 - - [30/Dec/2010:21:32:58 +0100] "GET /im/fleche_right.gif HTTP/1.1" 200 58 "http://www.fraicolo.fr/catalog.php" "Mozilla/4.0 (compatible; MSIE 7.0; Windows NT 6.1; WOW64; Trident/4.0; SLCC2; .NET CLR 2.0.50727)"
131.107.65.43 - - [30/Dec/2010:21:32:58 +0100] "GET /im/background/menuleft.gif HTTP/1.1" 200 1837 "http://www.fraicolo.fr/catalog.php" "Mozilla/4.0 (compatible; MSIE 7.0; Windows NT 6.1; WOW64; Trident/4.0; SLCC2; .NET CLR 2.0.50727)"
131.107.65.43 - - [30/Dec/2010:21:32:58 +0100] "GET /im/background/module_left.gif HTTP/1.1" 200 323 "http://www.fraicolo.fr/catalog.php" "Mozilla/4.0 (compatible; MSIE 7.0; Windows NT 6.1; WOW64; Trident/4.0; SLCC2; .NET CLR 2.0.50727)"
131.107.65.43 - - [30/Dec/2010:21:32:58 +0100] "GET /im/search.gif HTTP/1.1" 200 681 "http://www.fraicolo.fr/catalog.php" "Mozilla/4.0 (compatible; MSIE 7.0; Windows NT 6.1; WOW64; Trident/4.0; SLCC2; .NET CLR 2.0.50727)"
131.107.65.43 - - [30/Dec/2010:21:32:58 +0100] "GET /includes/menu/plus.gif HTTP/1.1" 200 71 "http://www.fraicolo.fr/catalog.php" "Mozilla/4.0 (compatible; MSIE 7.0; Windows NT 6.1; WOW64; Trident/4.0; SLCC2; .NET CLR 2.0.50727)"
131.107.65.43 - - [30/Dec/2010:21:32:58 +0100] "GET /im/lang1/menu_com.gif HTTP/1.1" 200 2071 "http://www.fraicolo.fr/catalog.php" "Mozilla/4.0 (compatible; MSIE 7.0; Windows NT 6.1; WOW64; Trident/4.0; SLCC2; .NET CLR 2.0.50727)"
131.107.65.43 - - [30/Dec/2010:21:32:58 +0100] "GET /im/lang1/menu_infos.gif HTTP/1.1" 200 2010 "http://www.fraicolo.fr/catalog.php" "Mozilla/4.0 (compatible; MSIE 7.0; Windows NT 6.1; WOW64; Trident/4.0; SLCC2; .NET CLR 2.0.50727)"
131.107.65.43 - - [30/Dec/2010:21:32:58 +0100] "GET /im/lang1/menu_id.gif HTTP/1.1" 200 2056 "http://www.fraicolo.fr/catalog.php" "Mozilla/4.0 (compatible; MSIE 7.0; Windows NT 6.1; WOW64; Trident/4.0; SLCC2; .NET CLR 2.0.50727)"
131.107.65.43 - - [30/Dec/2010:21:32:59 +0100] "GET /im/ok.gif HTTP/1.1" 200 128 "http://www.fraicolo.fr/catalog.php" "Mozilla/4.0 (compatible; MSIE 7.0; Windows NT 6.1; WOW64; Trident/4.0; SLCC2; .NET CLR 2.0.50727)"
131.107.65.43 - - [30/Dec/2010:21:32:59 +0100] "GET /im/background/menuright.gif HTTP/1.1" 200 1832 "http://www.fraicolo.fr/catalog.php" "Mozilla/4.0 (compatible; MSIE 7.0; Windows NT 6.1; WOW64; Trident/4.0; SLCC2; .NET CLR 2.0.50727)"
131.107.65.43 - - [30/Dec/2010:21:32:59 +0100] "GET /im/lang1/menu_caddie.gif HTTP/1.1" 200 2067 "http://www.fraicolo.fr/catalog.php" "Mozilla/4.0 (compatible; MSIE 7.0; Windows NT 6.1; WOW64; Trident/4.0; SLCC2; .NET CLR 2.0.50727)"
131.107.65.43 - - [30/Dec/2010:21:32:59 +0100] "GET /im/lang1/menu_devis.gif HTTP/1.1" 200 1958 "http://www.fraicolo.fr/catalog.php" "Mozilla/4.0 (compatible; MSIE 7.0; Windows NT 6.1; WOW64; Trident/4.0; SLCC2; .NET CLR 2.0.50727)"
131.107.65.43 - - [30/Dec/2010:21:32:59 +0100] "GET /im/lang1/menu_subscribe.gif HTTP/1.1" 200 1877 "http://www.fraicolo.fr/catalog.php" "Mozilla/4.0 (compatible; MSIE 7.0; Windows NT 6.1; WOW64; Trident/4.0; SLCC2; .NET CLR 2.0.50727)"
66.249.71.6 - - [30/Dec/2010:21:33:15 +0100] "GET /categories.php?lang=e&path=29&num=16&action=e&AdSearch=on HTTP/1.1" 200 16784 "-" "Mozilla/5.0 (compatible; Googlebot/2.1; +http://www.google.com/bot.html)"
93.22.214.104 - - [30/Dec/2010:21:33:19 +0100] "GET /im/articles/ChipsTraiteur.JPG HTTP/1.1" 200 31181 "http://www.eternia-fr.net/news_903_film-13-le-maitre-de-l-illusion-zoroark-disponible-en-vostfr.html" "Mozilla/5.0 (Windows; U; Windows NT 6.1; fr; rv:1.9.2.13) Gecko/20101203 BTRS24718 Firefox/3.6.13"
81.52.143.35 - - [30/Dec/2010:21:33:19 +0100] "GET /description.php?lang=1&path=102&id=796 HTTP/1.1" 404 - "-" "Mozilla/5.0 (Windows; U; Windows NT 5.1; fr; rv:1.8.1) VoilaBot BETA 1.2 (support.voilabot@orange-ftgroup.com)"
66.249.71.6 - - [30/Dec/2010:21:33:29 +0100] "GET /categories.php?lang=1&path=104&num=27&action=n&sort=Article&page=0 HTTP/1.1" 200 14519 "-" "Mozilla/5.0 (compatible; Googlebot/2.1; +http://www.google.com/bot.html)"
66.249.71.6 - - [30/Dec/2010:21:33:54 +0100] "GET /categories.php?lang=1&path=150&num=44&action=n&sort=Article&AdSearch=off HTTP/1.1" 200 15270 "-" "Mozilla/5.0 (compatible; Googlebot/2.1; +http://www.google.com/bot.html)"
66.249.71.193 - - [30/Dec/2010:21:33:58 +0100] "GET /list.php?lang=1&sort=Prix&page=0&target=favorite&path=42&view=42&AdSearch=on HTTP/1.1" 200 12349 "-" "Mozilla/5.0 (compatible; Googlebot/2.1; +http://www.google.com/bot.html)"
83.112.191.222 - - [30/Dec/2010:21:34:04 +0100] "GET /im/articles/SodasCocaCola.JPG HTTP/1.1" 304 - "http://mon-amie.eklablog.com/salut-tout-le-mondes-a2406742" "Mozilla/5.0 (Windows; U; Windows NT 6.1; en-US) AppleWebKit/534.10 (KHTML, like Gecko) Chrome/8.0.552.224 Safari/534.10"
194.150.236.161 - - [30/Dec/2010:21:34:21 +0100] "HEAD /im/banner/Affiliation_Fraicolo_120x60.gif HTTP/1.1" 200 - "-" "-"
194.150.236.161 - - [30/Dec/2010:21:34:21 +0100] "GET /im/banner/Affiliation_Fraicolo_120x60.gif HTTP/1.1" 200 16471 "-" "PHP/5.2.6"
90.46.220.94 - - [30/Dec/2010:21:34:26 +0100] "GET /categories.php?lang=1&path=100&num=1&action=n&sort=Article HTTP/1.1" 200 16120 "http://www.google.fr/imgres?imgurl=http://www.fraicolo.fr/im/articles/Lasagne.JPG&imgrefurl=http://www.fraicolo.fr/categories.php%3Flang%3D1%26path%3D100%26num%3D1%26action%3Dn%26sort%3DArticle&usg=__C7lwC8JoitsWmL-pM-mQHJtKFb4=&h=313&w=426&sz=27&hl=fr&start=4&zoom=1&um=1&itbs=1&tbnid=dohs8C3E5BTSqM:&tbnh=93&tbnw=126&prev=/images%3Fq%3Dlasagnes%26um%3D1%26hl%3Dfr%26tbs%3Disch:1" "Mozilla/5.0 (Windows; U; Windows NT 5.2; en-US) AppleWebKit/534.10 (KHTML, like Gecko) Chrome/8.0.552.224 Safari/534.10"
90.46.220.94 - - [30/Dec/2010:21:34:26 +0100] "GET /im/articles/Lasagne.JPG HTTP/1.1" 200 26926 "http://www.google.fr/imgres?imgurl=http://www.fraicolo.fr/im/articles/Lasagne.JPG&imgrefurl=http://www.fraicolo.fr/categories.php%3Flang%3D1%26path%3D100%26num%3D1%26action%3Dn%26sort%3DArticle&usg=__C7lwC8JoitsWmL-pM-mQHJtKFb4=&h=313&w=426&sz=27&hl=fr&start=4&zoom=1&um=1&itbs=1&tbnid=dohs8C3E5BTSqM:&tbnh=93&tbnw=126&prev=/images%3Fq%3Dlasagnes%26um%3D1%26hl%3Dfr%26tbs%3Disch:1" "Mozilla/5.0 (Windows; U; Windows NT 5.2; en-US) AppleWebKit/534.10 (KHTML, like Gecko) Chrome/8.0.552.224 Safari/534.10"
90.46.220.94 - - [30/Dec/2010:21:34:32 +0100] "GET /categories.php?lang=1&path=100&num=1&action=n&sort=Article HTTP/1.1" 200 16175 "http://www.google.fr/imgres?imgurl=http://www.fraicolo.fr/im/articles/Lasagne.JPG&imgrefurl=http://www.fraicolo.fr/categories.php%3Flang%3D1%26path%3D100%26num%3D1%26action%3Dn%26sort%3DArticle&usg=__C7lwC8JoitsWmL-pM-mQHJtKFb4=&h=313&w=426&sz=27&hl=fr&start=4&zoom=1&um=1&itbs=1&tbnid=dohs8C3E5BTSqM:&tbnh=93&tbnw=126&prev=/images%3Fq%3Dlasagnes%26um%3D1%26hl%3Dfr%26tbs%3Disch:1" "Mozilla/5.0 (Windows; U; Windows NT 5.2; en-US) AppleWebKit/534.10 (KHTML, like Gecko) Chrome/8.0.552.224 Safari/534.10"
66.249.71.6 - - [30/Dec/2010:21:34:39 +0100] "GET /list.php?lang=1&path=54&sort=Les%20plus%20populaires&page=0&AdSearch=off HTTP/1.1" 200 13569 "-" "Mozilla/5.0 (compatible; Googlebot/2.1; +http://www.google.com/bot.html)"
81.52.143.26 - - [30/Dec/2010:21:34:57 +0100] "GET /description.php?lang=1&path=82&id=917 HTTP/1.1" 404 - "-" "Mozilla/5.0 (Windows; U; Windows NT 5.1; fr; rv:1.8.1) VoilaBot BETA 1.2 (support.voilabot@orange-ftgroup.com)"
194.150.236.161 - - [30/Dec/2010:21:35:01 +0100] "HEAD /im/banner/Affiliation_Fraicolo_120x60.gif HTTP/1.1" 200 - "-" "-"
194.150.236.161 - - [30/Dec/2010:21:35:01 +0100] "GET /im/banner/Affiliation_Fraicolo_120x60.gif HTTP/1.1" 200 16471 "-" "PHP/5.2.6"
66.249.71.6 - - [30/Dec/2010:21:35:19 +0100] "GET /list.php?lang=1&path=76&sort=Les%20plus%20populaires&page=0&AdSearch=off HTTP/1.1" 200 12849 "-" "Mozilla/5.0 (compatible; Googlebot/2.1; +http://www.google.com/bot.html)"
80.9.9.169 - - [30/Dec/2010:21:35:30 +0100] "GET /im/articles/ChipsTraiteur.JPG HTTP/1.1" 200 31181 "http://www.eternia-fr.net/news_903_film-13-le-maitre-de-l-illusion-zoroark-disponible-en-vostfr.html" "Mozilla/5.0 (Macintosh; U; Intel Mac OS X 10.6; fr; rv:1.9.2.13) Gecko/20101203 Firefox/3.6.13"
194.150.236.161 - - [30/Dec/2010:21:35:32 +0100] "HEAD /im/banner/Affiliation_Fraicolo_120x60.gif HTTP/1.1" 200 - "-" "-"
194.150.236.161 - - [30/Dec/2010:21:35:32 +0100] "GET /im/banner/Affiliation_Fraicolo_120x60.gif HTTP/1.1" 200 16471 "-" "PHP/5.2.6"
66.249.71.193 - - [30/Dec/2010:21:35:48 +0100] "GET /description.php?lang=1&path=101&sort=Article&page=0&id=770&AdSearch=off HTTP/1.1" 200 11149 "-" "Mozilla/5.0 (compatible; Googlebot/2.1; +http://www.google.com/bot.html)"
91.91.33.82 - - [30/Dec/2010:21:35:49 +0100] "GET /im/articles/ChipsTraiteur.JPG HTTP/1.1" 200 31181 "http://www.eternia-fr.net/news_903_film-13-le-maitre-de-l-illusion-zoroark-disponible-en-vostfr.html" "Mozilla/4.0 (compatible; MSIE 7.0; Windows NT 5.1; .NET CLR 1.1.4322; .NET CLR 2.0.50727; ShopperReports 3.0.489.0; SRS_IT_E879027EB0765B573FAA95; InfoPath.1; .NET CLR 3.0.4506.2152; .NET CLR 3.5.30729)"
194.150.236.161 - - [30/Dec/2010:21:35:54 +0100] "HEAD /im/banner/Affiliation_Fraicolo_120x60.gif HTTP/1.1" 200 - "-" "-"
194.150.236.161 - - [30/Dec/2010:21:35:55 +0100] "GET /im/banner/Affiliation_Fraicolo_120x60.gif HTTP/1.1" 200 16471 "-" "PHP/5.2.6"
213.44.142.52 - - [30/Dec/2010:21:36:21 +0100] "GET /im/articles/ChipsTraiteur.JPG HTTP/1.1" 200 31181 "http://www.eternia-fr.net/news_801_dp-189-vostfr.html" "Mozilla/5.0 (Windows; U; Windows NT 6.1; en-US) AppleWebKit/534.10 (KHTML, like Gecko) Chrome/8.0.552.224 Safari/534.10"
194.150.236.161 - - [30/Dec/2010:21:36:23 +0100] "HEAD /im/banner/Affiliation_Fraicolo_120x60.gif HTTP/1.1" 200 - "-" "-"
194.150.236.161 - - [30/Dec/2010:21:36:24 +0100] "GET /im/banner/Affiliation_Fraicolo_120x60.gif HTTP/1.1" 200 16471 "-" "PHP/5.2.6"
173.192.238.44 - - [30/Dec/2010:21:36:36 +0100] "GET / HTTP/1.1" 302 1543 "-" "Mozilla/5.0 (X11; U; Linux x86_64; en-US; rv:1.9.0.19; aggregator:Spinn3r (Spinn3r 3.1); http://spinn3r.com/robot) Gecko/2010040121 Firefox/3.0.19"
173.192.238.44 - - [30/Dec/2010:21:36:36 +0100] "GET /catalog.php HTTP/1.1" 200 10911 "-" "Mozilla/5.0 (X11; U; Linux x86_64; en-US; rv:1.9.0.19; aggregator:Spinn3r (Spinn3r 3.1); http://spinn3r.com/robot) Gecko/2010040121 Firefox/3.0.19"
66.249.71.6 - - [30/Dec/2010:21:37:08 +0100] "GET /description.php?lang=1&path=149&sort=Id&page=0&id=1757 HTTP/1.1" 200 11198 "-" "Mozilla/5.0 (compatible; Googlebot/2.1; +http://www.google.com/bot.html)"
66.249.71.6 - - [30/Dec/2010:21:37:37 +0100] "GET /list.php?lang=1&view=140&path=140&page=0&target=promo&sort=Article HTTP/1.1" 200 10366 "-" "Mozilla/5.0 (compatible; Googlebot/2.1; +http://www.google.com/bot.html)"
67.195.112.48 - - [30/Dec/2010:21:37:39 +0100] "GET /description.php?lang=1&path=56&id=1222 HTTP/1.0" 200 11122 "-" "Mozilla/5.0 (compatible; Yahoo! Slurp; http://help.yahoo.com/help/us/ysearch/slurp)"
66.249.71.193 - - [30/Dec/2010:21:37:40 +0100] "GET /description.php?lang=1&path=151&sort=Prix&page=0&id=1676&AdSearch=on HTTP/1.1" 200 12252 "-" "Mozilla/5.0 (compatible; Googlebot/2.1; +http://www.google.com/bot.html)"
86.73.138.10 - - [30/Dec/2010:21:37:47 +0100] "GET /im/articles/ChipsTraiteur.JPG HTTP/1.1" 200 31181 "http://www.eternia-fr.net/news_903_film-13-le-maitre-de-l-illusion-zoroark-disponible-en-vostfr.html" "Mozilla/5.0 (iPod; U; CPU iPhone OS 3_1_2 like Mac OS X; fr-fr) AppleWebKit/528.18 (KHTML, like Gecko) Version/4.0 Mobile/7D11 Safari/528.16"
194.150.236.161 - - [30/Dec/2010:21:37:56 +0100] "HEAD /im/banner/Affiliation_Fraicolo_120x60.gif HTTP/1.1" 200 - "-" "-"
194.150.236.161 - - [30/Dec/2010:21:37:56 +0100] "GET /im/banner/Affiliation_Fraicolo_120x60.gif HTTP/1.1" 200 16471 "-" "PHP/5.2.6"
194.150.236.161 - - [30/Dec/2010:21:38:00 +0100] "HEAD /im/banner/Affiliation_Fraicolo_120x60.gif HTTP/1.1" 200 - "-" "-"
194.150.236.161 - - [30/Dec/2010:21:38:01 +0100] "GET /im/banner/Affiliation_Fraicolo_120x60.gif HTTP/1.1" 200 16471 "-" "PHP/5.2.6"
207.46.199.53 - - [30/Dec/2010:21:38:18 +0100] "GET /description.php?lang=1&path=151&id=1670 HTTP/1.1" 200 11218 "-" "Mozilla/5.0 (compatible; bingbot/2.0; +http://www.bing.com/bingbot.htm)"
62.85.132.90 - - [30/Dec/2010:21:38:29 +0100] "GET /list.php?lang=1&path=109&sort=Article&page=0 HTTP/1.1" 200 12279 "http://www.google.fr/imgres?imgurl=http://www.fraicolo.fr/im/articles/PorcTraverss.JPG&imgrefurl=http://www.fraicolo.fr/list.php%3Flang%3D1%26path%3D109%26sort%3DArticle%26page%3D0&usg=__IgoWPW9wjQLoegmuXBFOKU0hHLY=&h=375&w=500&sz=30&hl=fr&start=32&zoom=1&tbnid=PAoJrH_ahE3PMM:&tbnh=98&tbnw=130&prev=/images%3Fq%3Dtravers%2Bde%2Bporc%26start%3D21%26um%3D1%26hl%3Dfr%26client%3Dfirefox-a%26sa%3DN%26rls%3Dorg.mozilla:fr:official%26ndsp%3D21%26gbv%3D1%26tbs%3Disch:1&um=1&itbs=1" "Mozilla/5.0 (Windows; U; Windows NT 6.0; fr; rv:1.9.2.13) Gecko/20101203 Firefox/3.6.13"
62.85.132.90 - - [30/Dec/2010:21:38:30 +0100] "GET /includes/popImage.js HTTP/1.1" 200 1233 "http://www.fraicolo.fr/list.php?lang=1&path=109&sort=Article&page=0" "Mozilla/5.0 (Windows; U; Windows NT 6.0; fr; rv:1.9.2.13) Gecko/20101203 Firefox/3.6.13"
62.85.132.90 - - [30/Dec/2010:21:38:30 +0100] "GET /css/scss.css HTTP/1.1" 200 3683 "http://www.fraicolo.fr/list.php?lang=1&path=109&sort=Article&page=0" "Mozilla/5.0 (Windows; U; Windows NT 6.0; fr; rv:1.9.2.13) Gecko/20101203 Firefox/3.6.13"
62.85.132.90 - - [30/Dec/2010:21:38:30 +0100] "GET /im/path.gif HTTP/1.1" 200 363 "http://www.fraicolo.fr/list.php?lang=1&path=109&sort=Article&page=0" "Mozilla/5.0 (Windows; U; Windows NT 6.0; fr; rv:1.9.2.13) Gecko/20101203 Firefox/3.6.13"
62.85.132.90 - - [30/Dec/2010:21:38:30 +0100] "GET /im/zzz.gif HTTP/1.1" 200 49 "http://www.fraicolo.fr/list.php?lang=1&path=109&sort=Article&page=0" "Mozilla/5.0 (Windows; U; Windows NT 6.0; fr; rv:1.9.2.13) Gecko/20101203 Firefox/3.6.13"
62.85.132.90 - - [30/Dec/2010:21:38:30 +0100] "GET /im/accueil.gif HTTP/1.1" 200 511 "http://www.fraicolo.fr/list.php?lang=1&path=109&sort=Article&page=0" "Mozilla/5.0 (Windows; U; Windows NT 6.0; fr; rv:1.9.2.13) Gecko/20101203 Firefox/3.6.13"
62.85.132.90 - - [30/Dec/2010:21:38:31 +0100] "GET /im/lang1/menu_search.gif HTTP/1.1" 200 1955 "http://www.fraicolo.fr/list.php?lang=1&path=109&sort=Article&page=0" "Mozilla/5.0 (Windows; U; Windows NT 6.0; fr; rv:1.9.2.13) Gecko/20101203 Firefox/3.6.13"
62.85.132.90 - - [30/Dec/2010:21:38:31 +0100] "GET /includes/menu/plus.gif HTTP/1.1" 200 71 "http://www.fraicolo.fr/list.php?lang=1&path=109&sort=Article&page=0" "Mozilla/5.0 (Windows; U; Windows NT 6.0; fr; rv:1.9.2.13) Gecko/20101203 Firefox/3.6.13"
62.85.132.90 - - [30/Dec/2010:21:38:31 +0100] "GET /im/lang1/menu_com.gif HTTP/1.1" 200 2071 "http://www.fraicolo.fr/list.php?lang=1&path=109&sort=Article&page=0" "Mozilla/5.0 (Windows; U; Windows NT 6.0; fr; rv:1.9.2.13) Gecko/20101203 Firefox/3.6.13"
62.85.132.90 - - [30/Dec/2010:21:38:31 +0100] "GET /im/articles/PorcCotesBIO.JPG HTTP/1.1" 200 10157 "http://www.fraicolo.fr/list.php?lang=1&path=109&sort=Article&page=0" "Mozilla/5.0 (Windows; U; Windows NT 6.0; fr; rv:1.9.2.13) Gecko/20101203 Firefox/3.6.13"
62.85.132.90 - - [30/Dec/2010:21:38:31 +0100] "GET /im/stockok.gif HTTP/1.1" 200 920 "http://www.fraicolo.fr/list.php?lang=1&path=109&sort=Article&page=0" "Mozilla/5.0 (Windows; U; Windows NT 6.0; fr; rv:1.9.2.13) Gecko/20101203 Firefox/3.6.13"
