81.220.205.100 - - [30/Dec/2010:21:03:58 +0100] "GET /im/articles/RilletteTruiteBIO.JPG HTTP/1.1" 200 11362 "http://www.fraicolo.fr/categories.php?lang=e&path=100&num=1&action=e" "Mozilla/5.0 (Windows; U; Windows NT 6.1; fr; rv:1.9.2.13) Gecko/20101203 Firefox/3.6.13"
81.220.205.100 - - [30/Dec/2010:21:03:58 +0100] "GET /im/articles/Paella.JPG HTTP/1.1" 200 6117 "http://www.fraicolo.fr/categories.php?lang=e&path=100&num=1&action=e" "Mozilla/5.0 (Windows; U; Windows NT 6.1; fr; rv:1.9.2.13) Gecko/20101203 Firefox/3.6.13"
81.220.205.100 - - [30/Dec/2010:21:03:58 +0100] "GET /im/articles/TomatesConfites.JPG HTTP/1.1" 200 4142 "http://www.fraicolo.fr/categories.php?lang=e&path=100&num=1&action=e" "Mozilla/5.0 (Windows; U; Windows NT 6.1; fr; rv:1.9.2.13) Gecko/20101203 Firefox/3.6.13"
81.220.205.100 - - [30/Dec/2010:21:03:58 +0100] "GET /im/articles/NemsMinis.JPG HTTP/1.1" 200 14093 "http://www.fraicolo.fr/categories.php?lang=e&path=100&num=1&action=e" "Mozilla/5.0 (Windows; U; Windows NT 6.1; fr; rv:1.9.2.13) Gecko/20101203 Firefox/3.6.13"
81.220.205.100 - - [30/Dec/2010:21:03:58 +0100] "GET /im/articles/AssortimentCocktail.JPG HTTP/1.1" 200 15355 "http://www.fraicolo.fr/categories.php?lang=e&path=100&num=1&action=e" "Mozilla/5.0 (Windows; U; Windows NT 6.1; fr; rv:1.9.2.13) Gecko/20101203 Firefox/3.6.13"
81.220.205.100 - - [30/Dec/2010:21:03:58 +0100] "GET /im/articles/FoieGrasBio.JPG HTTP/1.1" 200 41452 "http://www.fraicolo.fr/categories.php?lang=e&path=100&num=1&action=e" "Mozilla/5.0 (Windows; U; Windows NT 6.1; fr; rv:1.9.2.13) Gecko/20101203 Firefox/3.6.13"
81.220.205.100 - - [30/Dec/2010:21:03:58 +0100] "GET /im/articles/Tomates%20Farcies-.jpg HTTP/1.1" 200 26414 "http://www.fraicolo.fr/categories.php?lang=e&path=100&num=1&action=e" "Mozilla/5.0 (Windows; U; Windows NT 6.1; fr; rv:1.9.2.13) Gecko/20101203 Firefox/3.6.13"
81.220.205.100 - - [30/Dec/2010:21:03:59 +0100] "GET /im/articles/CakeThon.JPG HTTP/1.1" 200 24359 "http://www.fraicolo.fr/categories.php?lang=e&path=100&num=1&action=e" "Mozilla/5.0 (Windows; U; Windows NT 6.1; fr; rv:1.9.2.13) Gecko/20101203 Firefox/3.6.13"
81.220.205.100 - - [30/Dec/2010:21:03:59 +0100] "GET /im/articles/BeignetCrevette.JPG HTTP/1.1" 200 8922 "http://www.fraicolo.fr/categories.php?lang=e&path=100&num=1&action=e" "Mozilla/5.0 (Windows; U; Windows NT 6.1; fr; rv:1.9.2.13) Gecko/20101203 Firefox/3.6.13"
81.220.205.100 - - [30/Dec/2010:21:03:59 +0100] "GET /im/articles/TortillaPdT.JPG HTTP/1.1" 200 56175 "http://www.fraicolo.fr/categories.php?lang=e&path=100&num=1&action=e" "Mozilla/5.0 (Windows; U; Windows NT 6.1; fr; rv:1.9.2.13) Gecko/20101203 Firefox/3.6.13"
81.220.205.100 - - [30/Dec/2010:21:03:59 +0100] "GET /im/articles/CrepeJambon.JPG HTTP/1.1" 200 21416 "http://www.fraicolo.fr/categories.php?lang=e&path=100&num=1&action=e" "Mozilla/5.0 (Windows; U; Windows NT 6.1; fr; rv:1.9.2.13) Gecko/20101203 Firefox/3.6.13"
81.220.205.100 - - [30/Dec/2010:21:03:58 +0100] "GET /im/articles/FoieGrasSudOuest.JPG HTTP/1.1" 200 36104 "http://www.fraicolo.fr/categories.php?lang=e&path=100&num=1&action=e" "Mozilla/5.0 (Windows; U; Windows NT 6.1; fr; rv:1.9.2.13) Gecko/20101203 Firefox/3.6.13"
81.220.205.100 - - [30/Dec/2010:21:03:59 +0100] "GET /im/lang1/menu_infos.gif HTTP/1.1" 200 2010 "http://www.fraicolo.fr/categories.php?lang=e&path=100&num=1&action=e" "Mozilla/5.0 (Windows; U; Windows NT 6.1; fr; rv:1.9.2.13) Gecko/20101203 Firefox/3.6.13"
81.220.205.100 - - [30/Dec/2010:21:03:59 +0100] "GET /im/fleche_right.gif HTTP/1.1" 200 58 "http://www.fraicolo.fr/categories.php?lang=e&path=100&num=1&action=e" "Mozilla/5.0 (Windows; U; Windows NT 6.1; fr; rv:1.9.2.13) Gecko/20101203 Firefox/3.6.13"
81.220.205.100 - - [30/Dec/2010:21:03:59 +0100] "GET /im/lang1/menu_id.gif HTTP/1.1" 200 2056 "http://www.fraicolo.fr/categories.php?lang=e&path=100&num=1&action=e" "Mozilla/5.0 (Windows; U; Windows NT 6.1; fr; rv:1.9.2.13) Gecko/20101203 Firefox/3.6.13"
81.220.205.100 - - [30/Dec/2010:21:03:59 +0100] "GET /im/ok.gif HTTP/1.1" 200 128 "http://www.fraicolo.fr/categories.php?lang=e&path=100&num=1&action=e" "Mozilla/5.0 (Windows; U; Windows NT 6.1; fr; rv:1.9.2.13) Gecko/20101203 Firefox/3.6.13"
81.220.205.100 - - [30/Dec/2010:21:03:59 +0100] "GET /im/lang1/menu_caddie.gif HTTP/1.1" 200 2067 "http://www.fraicolo.fr/categories.php?lang=e&path=100&num=1&action=e" "Mozilla/5.0 (Windows; U; Windows NT 6.1; fr; rv:1.9.2.13) Gecko/20101203 Firefox/3.6.13"
81.220.205.100 - - [30/Dec/2010:21:03:59 +0100] "GET /im/lang1/menu_devis.gif HTTP/1.1" 200 1958 "http://www.fraicolo.fr/categories.php?lang=e&path=100&num=1&action=e" "Mozilla/5.0 (Windows; U; Windows NT 6.1; fr; rv:1.9.2.13) Gecko/20101203 Firefox/3.6.13"
81.220.205.100 - - [30/Dec/2010:21:03:59 +0100] "GET /im/lang1/menu_subscribe.gif HTTP/1.1" 200 1877 "http://www.fraicolo.fr/categories.php?lang=e&path=100&num=1&action=e" "Mozilla/5.0 (Windows; U; Windows NT 6.1; fr; rv:1.9.2.13) Gecko/20101203 Firefox/3.6.13"
81.220.205.100 - - [30/Dec/2010:21:03:58 +0100] "GET /im/articles/TarteOignonLardon.JPG HTTP/1.1" 200 55997 "http://www.fraicolo.fr/categories.php?lang=e&path=100&num=1&action=e" "Mozilla/5.0 (Windows; U; Windows NT 6.1; fr; rv:1.9.2.13) Gecko/20101203 Firefox/3.6.13"
82.123.3.37 - - [30/Dec/2010:21:04:09 +0100] "GET /im/articles/ChipsTraiteur.JPG HTTP/1.1" 200 31181 "http://www.eternia-fr.net/news_900_date-de-sortie-de-b-w-noms.html" "Mozilla/4.0 (compatible; MSIE 8.0; Windows NT 6.1; Win64; x64; Trident/4.0; .NET CLR 2.0.50727; SLCC2; .NET CLR 3.5.30729; .NET CLR 3.0.30729; Media Center PC 6.0; .NET4.0C)"
81.220.205.100 - - [30/Dec/2010:21:04:11 +0100] "GET /categories.php?lang=e&path=100&num=1&action=e HTTP/1.1" 200 16096 "http://www.google.fr/imgres?imgurl=http://www.fraicolo.fr/im/articles/PetitsFours.JPG&imgrefurl=http://www.fraicolo.fr/categories.php%3Flang%3De%26path%3D100%26num%3D1%26action%3De&usg=__J9zWPJ7kj7OMZd1AlyUenK5Lbpw=&h=315&w=426&sz=40&hl=fr&start=1&zoom=1&um=1&itbs=1&tbnid=i6q4OZEqeHPbyM:&tbnh=93&tbnw=126&prev=/images%3Fq%3Dpeits%2Bfours%26um%3D1%26hl%3Dfr%26client%3Dfirefox-a%26sa%3DN%26rls%3Dorg.mozilla:fr:official%26tbs%3Disch:1" "Mozilla/5.0 (Windows; U; Windows NT 6.1; fr; rv:1.9.2.13) Gecko/20101203 Firefox/3.6.13"
188.62.140.35 - - [30/Dec/2010:21:04:11 +0100] "GET /im/articles/ChipsTraiteur.JPG HTTP/1.1" 200 31181 "http://www.eternia-fr.net/news_903_film-13-le-maitre-de-l-illusion-zoroark-disponible-en-vostfr.html" "Mozilla/5.0 (Macintosh; U; Intel Mac OS X 10_6_5; fr-fr) AppleWebKit/533.19.4 (KHTML, like Gecko) Version/5.0.3 Safari/533.19.4"
81.220.205.100 - - [30/Dec/2010:21:04:11 +0100] "GET /im/fleche_bottom.gif HTTP/1.1" 200 57 "http://www.fraicolo.fr/css/scss.css" "Mozilla/5.0 (Windows; U; Windows NT 6.1; fr; rv:1.9.2.13) Gecko/20101203 Firefox/3.6.13"
81.220.205.100 - - [30/Dec/2010:21:04:11 +0100] "GET /im/background/menuleft.gif HTTP/1.1" 200 1837 "http://www.fraicolo.fr/css/scss.css" "Mozilla/5.0 (Windows; U; Windows NT 6.1; fr; rv:1.9.2.13) Gecko/20101203 Firefox/3.6.13"
81.220.205.100 - - [30/Dec/2010:21:04:11 +0100] "GET /im/background/module_left.gif HTTP/1.1" 200 323 "http://www.fraicolo.fr/css/scss.css" "Mozilla/5.0 (Windows; U; Windows NT 6.1; fr; rv:1.9.2.13) Gecko/20101203 Firefox/3.6.13"
81.220.205.100 - - [30/Dec/2010:21:04:12 +0100] "GET /im/articles/ArtichautsMarines.JPG HTTP/1.1" 200 3817 "http://www.fraicolo.fr/categories.php?lang=e&path=100&num=1&action=e" "Mozilla/5.0 (Windows; U; Windows NT 6.1; fr; rv:1.9.2.13) Gecko/20101203 Firefox/3.6.13"
81.220.205.100 - - [30/Dec/2010:21:04:12 +0100] "GET /im/articles/GalettePdT.JPG HTTP/1.1" 200 16630 "http://www.fraicolo.fr/categories.php?lang=e&path=100&num=1&action=e" "Mozilla/5.0 (Windows; U; Windows NT 6.1; fr; rv:1.9.2.13) Gecko/20101203 Firefox/3.6.13"
81.220.205.100 - - [30/Dec/2010:21:04:12 +0100] "GET /im/articles/CaviarAubergineBIO.JPG HTTP/1.1" 200 6946 "http://www.fraicolo.fr/categories.php?lang=e&path=100&num=1&action=e" "Mozilla/5.0 (Windows; U; Windows NT 6.1; fr; rv:1.9.2.13) Gecko/20101203 Firefox/3.6.13"
81.220.205.100 - - [30/Dec/2010:21:04:12 +0100] "GET /im/articles/MacaroniGratin.JPG HTTP/1.1" 200 19852 "http://www.fraicolo.fr/categories.php?lang=e&path=100&num=1&action=e" "Mozilla/5.0 (Windows; U; Windows NT 6.1; fr; rv:1.9.2.13) Gecko/20101203 Firefox/3.6.13"
81.220.205.100 - - [30/Dec/2010:21:04:11 +0100] "GET /im/background/bg_shop_green.gif HTTP/1.1" 200 49144 "http://www.fraicolo.fr/css/scss.css" "Mozilla/5.0 (Windows; U; Windows NT 6.1; fr; rv:1.9.2.13) Gecko/20101203 Firefox/3.6.13"
81.220.205.100 - - [30/Dec/2010:21:04:12 +0100] "GET /im/articles/FoieGrasLafitteEspelette.JPG HTTP/1.1" 200 41124 "http://www.fraicolo.fr/categories.php?lang=e&path=100&num=1&action=e" "Mozilla/5.0 (Windows; U; Windows NT 6.1; fr; rv:1.9.2.13) Gecko/20101203 Firefox/3.6.13"
81.220.205.100 - - [30/Dec/2010:21:04:12 +0100] "GET /im/articles/BeignetCourgette.JPG HTTP/1.1" 200 36936 "http://www.fraicolo.fr/categories.php?lang=e&path=100&num=1&action=e" "Mozilla/5.0 (Windows; U; Windows NT 6.1; fr; rv:1.9.2.13) Gecko/20101203 Firefox/3.6.13"
81.220.205.100 - - [30/Dec/2010:21:04:12 +0100] "GET /im/articles/FoieGrasSauterne.JPG HTTP/1.1" 200 13511 "http://www.fraicolo.fr/categories.php?lang=e&path=100&num=1&action=e" "Mozilla/5.0 (Windows; U; Windows NT 6.1; fr; rv:1.9.2.13) Gecko/20101203 Firefox/3.6.13"
81.220.205.100 - - [30/Dec/2010:21:04:12 +0100] "GET /im/articles/OliveFromage.JPG HTTP/1.1" 200 31337 "http://www.fraicolo.fr/categories.php?lang=e&path=100&num=1&action=e" "Mozilla/5.0 (Windows; U; Windows NT 6.1; fr; rv:1.9.2.13) Gecko/20101203 Firefox/3.6.13"
81.220.205.100 - - [30/Dec/2010:21:04:12 +0100] "GET /im/articles/Civet.JPG HTTP/1.1" 200 3950 "http://www.fraicolo.fr/categories.php?lang=e&path=100&num=1&action=e" "Mozilla/5.0 (Windows; U; Windows NT 6.1; fr; rv:1.9.2.13) Gecko/20101203 Firefox/3.6.13"
81.220.205.100 - - [30/Dec/2010:21:04:12 +0100] "GET /im/articles/BoucheeEscargot.JPG HTTP/1.1" 200 3998 "http://www.fraicolo.fr/categories.php?lang=e&path=100&num=1&action=e" "Mozilla/5.0 (Windows; U; Windows NT 6.1; fr; rv:1.9.2.13) Gecko/20101203 Firefox/3.6.13"
81.220.205.100 - - [30/Dec/2010:21:04:12 +0100] "GET /im/articles/GrilleCourgettes.JPG HTTP/1.1" 200 2989 "http://www.fraicolo.fr/categories.php?lang=e&path=100&num=1&action=e" "Mozilla/5.0 (Windows; U; Windows NT 6.1; fr; rv:1.9.2.13) Gecko/20101203 Firefox/3.6.13"
81.220.205.100 - - [30/Dec/2010:21:04:12 +0100] "GET /im/articles/PanierBIO.JPG HTTP/1.1" 200 27410 "http://www.fraicolo.fr/categories.php?lang=e&path=100&num=1&action=e" "Mozilla/5.0 (Windows; U; Windows NT 6.1; fr; rv:1.9.2.13) Gecko/20101203 Firefox/3.6.13"
81.220.205.100 - - [30/Dec/2010:21:04:12 +0100] "GET /im/articles/SpaghettiBolognaise.jpg HTTP/1.1" 200 22313 "http://www.fraicolo.fr/categories.php?lang=e&path=100&num=1&action=e" "Mozilla/5.0 (Windows; U; Windows NT 6.1; fr; rv:1.9.2.13) Gecko/20101203 Firefox/3.6.13"
81.220.205.100 - - [30/Dec/2010:21:04:12 +0100] "GET /im/articles/PanierFromagesLegumes4.jpg HTTP/1.1" 200 9881 "http://www.fraicolo.fr/categories.php?lang=e&path=100&num=1&action=e" "Mozilla/5.0 (Windows; U; Windows NT 6.1; fr; rv:1.9.2.13) Gecko/20101203 Firefox/3.6.13"
81.220.205.100 - - [30/Dec/2010:21:04:12 +0100] "GET /im/articles/TaramaBIO.JPG HTTP/1.1" 200 9050 "http://www.fraicolo.fr/categories.php?lang=e&path=100&num=1&action=e" "Mozilla/5.0 (Windows; U; Windows NT 6.1; fr; rv:1.9.2.13) Gecko/20101203 Firefox/3.6.13"
81.220.205.100 - - [30/Dec/2010:21:04:12 +0100] "GET /im/articles/Aligot.JPG HTTP/1.1" 200 35073 "http://www.fraicolo.fr/categories.php?lang=e&path=100&num=1&action=e" "Mozilla/5.0 (Windows; U; Windows NT 6.1; fr; rv:1.9.2.13) Gecko/20101203 Firefox/3.6.13"
81.220.205.100 - - [30/Dec/2010:21:04:12 +0100] "GET /im/articles/CroissantJambon.JPG HTTP/1.1" 200 62206 "http://www.fraicolo.fr/categories.php?lang=e&path=100&num=1&action=e" "Mozilla/5.0 (Windows; U; Windows NT 6.1; fr; rv:1.9.2.13) Gecko/20101203 Firefox/3.6.13"
81.220.205.100 - - [30/Dec/2010:21:04:13 +0100] "GET /im/articles/OlivesNoiresBIO.JPG HTTP/1.1" 200 20717 "http://www.fraicolo.fr/categories.php?lang=e&path=100&num=1&action=e" "Mozilla/5.0 (Windows; U; Windows NT 6.1; fr; rv:1.9.2.13) Gecko/20101203 Firefox/3.6.13"
81.220.205.100 - - [30/Dec/2010:21:04:13 +0100] "GET /im/articles/Samoussa.JPG HTTP/1.1" 200 24380 "http://www.fraicolo.fr/categories.php?lang=e&path=100&num=1&action=e" "Mozilla/5.0 (Windows; U; Windows NT 6.1; fr; rv:1.9.2.13) Gecko/20101203 Firefox/3.6.13"
81.220.205.100 - - [30/Dec/2010:21:04:13 +0100] "GET /im/articles/FoieGrasLafitte.JPG HTTP/1.1" 200 37569 "http://www.fraicolo.fr/categories.php?lang=e&path=100&num=1&action=e" "Mozilla/5.0 (Windows; U; Windows NT 6.1; fr; rv:1.9.2.13) Gecko/20101203 Firefox/3.6.13"
81.220.205.100 - - [30/Dec/2010:21:04:13 +0100] "GET /im/background/menuright.gif HTTP/1.1" 200 1832 "http://www.fraicolo.fr/css/scss.css" "Mozilla/5.0 (Windows; U; Windows NT 6.1; fr; rv:1.9.2.13) Gecko/20101203 Firefox/3.6.13"
81.220.205.100 - - [30/Dec/2010:21:04:13 +0100] "GET /im/articles/TarteChevre.JPG HTTP/1.1" 200 54727 "http://www.fraicolo.fr/categories.php?lang=e&path=100&num=1&action=e" "Mozilla/5.0 (Windows; U; Windows NT 6.1; fr; rv:1.9.2.13) Gecko/20101203 Firefox/3.6.13"
81.220.205.100 - - [30/Dec/2010:21:04:13 +0100] "GET /im/articles/PanierFete.JPG HTTP/1.1" 200 67909 "http://www.fraicolo.fr/categories.php?lang=e&path=100&num=1&action=e" "Mozilla/5.0 (Windows; U; Windows NT 6.1; fr; rv:1.9.2.13) Gecko/20101203 Firefox/3.6.13"
81.220.205.100 - - [30/Dec/2010:21:04:13 +0100] "GET /categories.php?lang=e&path=100&num=1&action=e HTTP/1.1" 200 16098 "http://www.fraicolo.fr/categories.php?lang=e&path=100&num=1&action=e" "Mozilla/5.0 (Windows; U; Windows NT 6.1; fr; rv:1.9.2.13) Gecko/20101203 Firefox/3.6.13"
81.220.205.100 - - [30/Dec/2010:21:04:13 +0100] "GET /im/articles/TarteSaumon.JPG HTTP/1.1" 200 56790 "http://www.fraicolo.fr/categories.php?lang=e&path=100&num=1&action=e" "Mozilla/5.0 (Windows; U; Windows NT 6.1; fr; rv:1.9.2.13) Gecko/20101203 Firefox/3.6.13"
88.139.138.93 - - [30/Dec/2010:21:04:26 +0100] "GET /im/articles/ChipsTraiteur.JPG HTTP/1.1" 200 31181 "http://www.eternia-fr.net/news_897_titre-bw-016-et-017.html" "Mozilla/5.0 (Windows; U; Windows NT 6.0; fr; rv:1.9.2.13) Gecko/20101203 Firefox/3.6.13 (.NET CLR 3.5.30729)"
81.52.143.30 - - [30/Dec/2010:21:04:59 +0100] "GET /description.php?lang=1&path=123&sort=Article&page=0&id=857 HTTP/1.1" 404 - "-" "Mozilla/5.0 (Windows; U; Windows NT 5.1; fr; rv:1.8.1) VoilaBot BETA 1.2 (support.voilabot@orange-ftgroup.com)"
65.52.108.60 - - [30/Dec/2010:21:05:22 +0100] "GET /description.php?lang=1&path=55&sort=Article&page=0&id=976 HTTP/1.1" 200 11168 "-" "Mozilla/5.0 (compatible; bingbot/2.0; +http://www.bing.com/bingbot.htm)"
207.46.204.181 - - [30/Dec/2010:21:05:32 +0100] "GET /robots.txt HTTP/1.1" 200 13 "-" "Mozilla/5.0 (compatible; bingbot/2.0; +http://www.bing.com/bingbot.htm)"
194.150.236.162 - - [30/Dec/2010:21:06:17 +0100] "HEAD /im/banner/Affiliation_Fraicolo_468x60.gif HTTP/1.1" 200 - "-" "-"
194.150.236.162 - - [30/Dec/2010:21:06:17 +0100] "GET /im/banner/Affiliation_Fraicolo_468x60.gif HTTP/1.0" 200 41076 "-" "-"
67.195.112.48 - - [30/Dec/2010:21:06:23 +0100] "GET /description.php?lang=1&path=160&sort=Article&page=0&id=1553 HTTP/1.0" 200 11152 "-" "Mozilla/5.0 (compatible; Yahoo! Slurp; http://help.yahoo.com/help/us/ysearch/slurp)"
194.150.236.162 - - [30/Dec/2010:21:06:27 +0100] "HEAD /im/banner/Affiliation_Fraicolo_468x60.gif HTTP/1.1" 200 - "-" "-"
194.150.236.162 - - [30/Dec/2010:21:06:27 +0100] "GET /im/banner/Affiliation_Fraicolo_468x60.gif HTTP/1.0" 200 41076 "-" "-"
66.249.71.6 - - [30/Dec/2010:21:06:31 +0100] "GET /description.php?id=950 HTTP/1.1" 200 11121 "-" "Mozilla/5.0 (compatible; Googlebot/2.1; +http://www.google.com/bot.html)"
194.150.236.161 - - [30/Dec/2010:21:06:32 +0100] "HEAD /im/banner/Affiliation_Fraicolo_120x60.gif HTTP/1.1" 200 - "-" "-"
194.150.236.161 - - [30/Dec/2010:21:06:32 +0100] "GET /im/banner/Affiliation_Fraicolo_120x60.gif HTTP/1.1" 200 16471 "-" "PHP/5.2.6"
94.109.10.116 - - [30/Dec/2010:21:06:38 +0100] "GET /im/articles/Farine.JPG HTTP/1.1" 200 20882 "http://lagarennecolombesleretourdupasse.blogspot.com/2010_06_01_archive.html" "Mozilla/5.0 (Windows; U; Windows NT 5.1; en-US) AppleWebKit/534.10 (KHTML, like Gecko) Chrome/8.0.552.224 Safari/534.10"
94.109.10.116 - - [30/Dec/2010:21:06:41 +0100] "GET /im/articles/Farine.JPG HTTP/1.1" 206 11089 "http://lagarennecolombesleretourdupasse.blogspot.com/2010_06_01_archive.html" "Mozilla/5.0 (Windows; U; Windows NT 5.1; en-US) AppleWebKit/534.10 (KHTML, like Gecko) Chrome/8.0.552.224 Safari/534.10"
82.228.99.198 - - [30/Dec/2010:21:06:59 +0100] "GET /im/articles/ChipsTraiteur.JPG HTTP/1.0" 200 31181 "http://www.eternia-fr.net/news_903_film-13-le-maitre-de-l-illusion-zoroark-disponible-en-vostfr.html" "Mozilla/4.0 (compatible; MSIE 8.0; Windows NT 6.0; Trident/4.0; GTB6.6; SLCC1; .NET CLR 2.0.50727; .NET CLR 1.1.4322; .NET CLR 3.5.30729; .NET CLR 3.0.30729; .NET4.0C)"
86.67.81.98 - - [30/Dec/2010:21:07:08 +0100] "GET /im/articles/ChipsTraiteur.JPG HTTP/1.1" 200 31181 "http://www.eternia-fr.net/news_903_film-13-le-maitre-de-l-illusion-zoroark-disponible-en-vostfr.html" "Mozilla/5.0 (iPad; U; CPU OS 4_2_1 like Mac OS X; fr-fr) AppleWebKit/533.17.9 (KHTML, like Gecko) Version/5.0.2 Mobile/8C148 Safari/6533.18.5"
66.249.71.193 - - [30/Dec/2010:21:07:22 +0100] "GET /list.php?lang=n&path=147&num=57&action=n&sort=Article&page=0 HTTP/1.1" 200 11426 "-" "Mozilla/5.0 (compatible; Googlebot/2.1; +http://www.google.com/bot.html)"
66.249.71.193 - - [30/Dec/2010:21:07:36 +0100] "GET /description.php?lang=1&id=388 HTTP/1.1" 200 11101 "-" "Mozilla/5.0 (compatible; Googlebot/2.1; +http://www.google.com/bot.html)"
83.112.191.222 - - [30/Dec/2010:21:07:37 +0100] "GET /im/articles/SodasCocaCola.JPG HTTP/1.1" 304 - "http://mon-amie.eklablog.com/salut-tout-le-mondes-a2406742" "Mozilla/5.0 (Windows; U; Windows NT 6.1; en-US) AppleWebKit/534.10 (KHTML, like Gecko) Chrome/8.0.552.224 Safari/534.10"
24.200.33.108 - - [30/Dec/2010:21:07:47 +0100] "GET /im/articles/RaisinBlanc.jpg HTTP/1.1" 200 50263 "http://cgi.befr.ebay.be/VIGNE-PORTEUSE-RAISINS-BLANCS-CONVIENT-REGIONS-FROIDES-/170554161875" "Mozilla/4.0 (compatible; MSIE 7.0; Windows NT 5.1; GTB6.6; .NET CLR 1.1.4322; .NET CLR 2.0.50727; InfoPath.1; .NET CLR 3.0.04506.30; .NET CLR 3.0.04506.648)"
24.200.33.108 - - [30/Dec/2010:21:07:47 +0100] "GET /favicon.ico HTTP/1.1" 200 293 "-" "Mozilla/4.0 (compatible; MSIE 7.0; Windows NT 5.1; GTB6.6; .NET CLR 1.1.4322; .NET CLR 2.0.50727; InfoPath.1; .NET CLR 3.0.04506.30; .NET CLR 3.0.04506.648)"
90.61.28.248 - - [30/Dec/2010:21:08:02 +0100] "GET /categories.php?lang=e&path=28&num=9&action=e HTTP/1.1" 200 15208 "http://www.google.fr/imgres?imgurl=http://www.fraicolo.fr/im/articles/Bananes.jpg&imgrefurl=http://www.fraicolo.fr/categories.php%3Flang%3De%26path%3D28%26num%3D9%26action%3De&usg=__lIePDcM3GWZAVQEjF50UvWv-6Ck=&h=1125&w=1500&sz=78&hl=fr&start=1&zoom=1&itbs=1&tbnid=ICZc6dG3ZkfKPM:&tbnh=113&tbnw=150&prev=/images%3Fq%3Dbanane%26hl%3Dfr%26gbv%3D2%26tbs%3Disch:1,isz:l" "Mozilla/4.0 (compatible; MSIE 7.0; Windows NT 5.1; Trident/4.0; .NET CLR 1.1.4322; .NET CLR 2.0.50727; .NET CLR 3.0.04506.30; OfficeLiveConnector.1.3; OfficeLivePatch.0.0; .NET CLR 3.0.4506.2152; .NET CLR 3.5.30729)"
90.61.28.248 - - [30/Dec/2010:21:08:02 +0100] "GET /css/scss.css HTTP/1.1" 200 3683 "http://www.fraicolo.fr/categories.php?lang=e&path=28&num=9&action=e" "Mozilla/4.0 (compatible; MSIE 7.0; Windows NT 5.1; Trident/4.0; .NET CLR 1.1.4322; .NET CLR 2.0.50727; .NET CLR 3.0.04506.30; OfficeLiveConnector.1.3; OfficeLivePatch.0.0; .NET CLR 3.0.4506.2152; .NET CLR 3.5.30729)"
90.61.28.248 - - [30/Dec/2010:21:08:02 +0100] "GET /includes/popImage.js HTTP/1.1" 200 1233 "http://www.fraicolo.fr/categories.php?lang=e&path=28&num=9&action=e" "Mozilla/4.0 (compatible; MSIE 7.0; Windows NT 5.1; Trident/4.0; .NET CLR 1.1.4322; .NET CLR 2.0.50727; .NET CLR 3.0.04506.30; OfficeLiveConnector.1.3; OfficeLivePatch.0.0; .NET CLR 3.0.4506.2152; .NET CLR 3.5.30729)"
90.61.28.248 - - [30/Dec/2010:21:08:02 +0100] "GET /im/zzz.gif HTTP/1.1" 200 49 "http://www.fraicolo.fr/categories.php?lang=e&path=28&num=9&action=e" "Mozilla/4.0 (compatible; MSIE 7.0; Windows NT 5.1; Trident/4.0; .NET CLR 1.1.4322; .NET CLR 2.0.50727; .NET CLR 3.0.04506.30; OfficeLiveConnector.1.3; OfficeLivePatch.0.0; .NET CLR 3.0.4506.2152; .NET CLR 3.5.30729)"
90.61.28.248 - - [30/Dec/2010:21:08:03 +0100] "GET /im/LOGOFraicolo.png HTTP/1.1" 200 21138 "http://www.fraicolo.fr/categories.php?lang=e&path=28&num=9&action=e" "Mozilla/4.0 (compatible; MSIE 7.0; Windows NT 5.1; Trident/4.0; .NET CLR 1.1.4322; .NET CLR 2.0.50727; .NET CLR 3.0.04506.30; OfficeLiveConnector.1.3; OfficeLivePatch.0.0; .NET CLR 3.0.4506.2152; .NET CLR 3.5.30729)"
90.61.28.248 - - [30/Dec/2010:21:08:03 +0100] "GET /im/fleche_bottom.gif HTTP/1.1" 200 57 "http://www.fraicolo.fr/categories.php?lang=e&path=28&num=9&action=e" "Mozilla/4.0 (compatible; MSIE 7.0; Windows NT 5.1; Trident/4.0; .NET CLR 1.1.4322; .NET CLR 2.0.50727; .NET CLR 3.0.04506.30; OfficeLiveConnector.1.3; OfficeLivePatch.0.0; .NET CLR 3.0.4506.2152; .NET CLR 3.5.30729)"
90.61.28.248 - - [30/Dec/2010:21:08:03 +0100] "GET /im/background/bg_green.gif HTTP/1.1" 200 2395 "http://www.fraicolo.fr/categories.php?lang=e&path=28&num=9&action=e" "Mozilla/4.0 (compatible; MSIE 7.0; Windows NT 5.1; Trident/4.0; .NET CLR 1.1.4322; .NET CLR 2.0.50727; .NET CLR 3.0.04506.30; OfficeLiveConnector.1.3; OfficeLivePatch.0.0; .NET CLR 3.0.4506.2152; .NET CLR 3.5.30729)"
90.61.28.248 - - [30/Dec/2010:21:08:03 +0100] "GET /csshover.htc HTTP/1.1" 200 1166 "-" "Mozilla/4.0 (compatible; MSIE 7.0; Windows NT 5.1; Trident/4.0; .NET CLR 1.1.4322; .NET CLR 2.0.50727; .NET CLR 3.0.04506.30; OfficeLiveConnector.1.3; OfficeLivePatch.0.0; .NET CLR 3.0.4506.2152; .NET CLR 3.5.30729)"
90.61.28.248 - - [30/Dec/2010:21:08:03 +0100] "GET /im/accueil.gif HTTP/1.1" 200 511 "http://www.fraicolo.fr/categories.php?lang=e&path=28&num=9&action=e" "Mozilla/4.0 (compatible; MSIE 7.0; Windows NT 5.1; Trident/4.0; .NET CLR 1.1.4322; .NET CLR 2.0.50727; .NET CLR 3.0.04506.30; OfficeLiveConnector.1.3; OfficeLivePatch.0.0; .NET CLR 3.0.4506.2152; .NET CLR 3.5.30729)"
90.61.28.248 - - [30/Dec/2010:21:08:03 +0100] "GET /im/path.gif HTTP/1.1" 200 363 "http://www.fraicolo.fr/categories.php?lang=e&path=28&num=9&action=e" "Mozilla/4.0 (compatible; MSIE 7.0; Windows NT 5.1; Trident/4.0; .NET CLR 1.1.4322; .NET CLR 2.0.50727; .NET CLR 3.0.04506.30; OfficeLiveConnector.1.3; OfficeLivePatch.0.0; .NET CLR 3.0.4506.2152; .NET CLR 3.5.30729)"
90.61.28.248 - - [30/Dec/2010:21:08:02 +0100] "GET /im/banner/bannercorporate1.jpg HTTP/1.1" 200 44430 "http://www.fraicolo.fr/categories.php?lang=e&path=28&num=9&action=e" "Mozilla/4.0 (compatible; MSIE 7.0; Windows NT 5.1; Trident/4.0; .NET CLR 1.1.4322; .NET CLR 2.0.50727; .NET CLR 3.0.04506.30; OfficeLiveConnector.1.3; OfficeLivePatch.0.0; .NET CLR 3.0.4506.2152; .NET CLR 3.5.30729)"
90.61.28.248 - - [30/Dec/2010:21:08:03 +0100] "GET /im/lang1/menu_search.gif HTTP/1.1" 200 1955 "http://www.fraicolo.fr/categories.php?lang=e&path=28&num=9&action=e" "Mozilla/4.0 (compatible; MSIE 7.0; Windows NT 5.1; Trident/4.0; .NET CLR 1.1.4322; .NET CLR 2.0.50727; .NET CLR 3.0.04506.30; OfficeLiveConnector.1.3; OfficeLivePatch.0.0; .NET CLR 3.0.4506.2152; .NET CLR 3.5.30729)"
90.61.28.248 - - [30/Dec/2010:21:08:03 +0100] "GET /im/background/module_left.gif HTTP/1.1" 200 323 "http://www.fraicolo.fr/categories.php?lang=e&path=28&num=9&action=e" "Mozilla/4.0 (compatible; MSIE 7.0; Windows NT 5.1; Trident/4.0; .NET CLR 1.1.4322; .NET CLR 2.0.50727; .NET CLR 3.0.04506.30; OfficeLiveConnector.1.3; OfficeLivePatch.0.0; .NET CLR 3.0.4506.2152; .NET CLR 3.5.30729)"
90.61.28.248 - - [30/Dec/2010:21:08:03 +0100] "GET /im/background/bg_shop_green.gif HTTP/1.1" 200 49144 "http://www.fraicolo.fr/categories.php?lang=e&path=28&num=9&action=e" "Mozilla/4.0 (compatible; MSIE 7.0; Windows NT 5.1; Trident/4.0; .NET CLR 1.1.4322; .NET CLR 2.0.50727; .NET CLR 3.0.04506.30; OfficeLiveConnector.1.3; OfficeLivePatch.0.0; .NET CLR 3.0.4506.2152; .NET CLR 3.5.30729)"
90.61.28.248 - - [30/Dec/2010:21:08:04 +0100] "GET /includes/menu/plus.gif HTTP/1.1" 200 71 "http://www.fraicolo.fr/categories.php?lang=e&path=28&num=9&action=e" "Mozilla/4.0 (compatible; MSIE 7.0; Windows NT 5.1; Trident/4.0; .NET CLR 1.1.4322; .NET CLR 2.0.50727; .NET CLR 3.0.04506.30; OfficeLiveConnector.1.3; OfficeLivePatch.0.0; .NET CLR 3.0.4506.2152; .NET CLR 3.5.30729)"
90.61.28.248 - - [30/Dec/2010:21:08:05 +0100] "GET /im/background/menuright.gif HTTP/1.1" 200 1832 "http://www.fraicolo.fr/categories.php?lang=e&path=28&num=9&action=e" "Mozilla/4.0 (compatible; MSIE 7.0; Windows NT 5.1; Trident/4.0; .NET CLR 1.1.4322; .NET CLR 2.0.50727; .NET CLR 3.0.04506.30; OfficeLiveConnector.1.3; OfficeLivePatch.0.0; .NET CLR 3.0.4506.2152; .NET CLR 3.5.30729)"
90.61.28.248 - - [30/Dec/2010:21:08:05 +0100] "GET /im/background/menuleft.gif HTTP/1.1" 200 1837 "http://www.fraicolo.fr/categories.php?lang=e&path=28&num=9&action=e" "Mozilla/4.0 (compatible; MSIE 7.0; Windows NT 5.1; Trident/4.0; .NET CLR 1.1.4322; .NET CLR 2.0.50727; .NET CLR 3.0.04506.30; OfficeLiveConnector.1.3; OfficeLivePatch.0.0; .NET CLR 3.0.4506.2152; .NET CLR 3.5.30729)"
90.61.28.248 - - [30/Dec/2010:21:08:05 +0100] "GET /im/fleche_right.gif HTTP/1.1" 200 58 "http://www.fraicolo.fr/categories.php?lang=e&path=28&num=9&action=e" "Mozilla/4.0 (compatible; MSIE 7.0; Windows NT 5.1; Trident/4.0; .NET CLR 1.1.4322; .NET CLR 2.0.50727; .NET CLR 3.0.04506.30; OfficeLiveConnector.1.3; OfficeLivePatch.0.0; .NET CLR 3.0.4506.2152; .NET CLR 3.5.30729)"
90.61.28.248 - - [30/Dec/2010:21:08:06 +0100] "GET /im/articles/Bananes.jpg HTTP/1.1" 200 79634 "http://www.google.fr/imgres?imgurl=http://www.fraicolo.fr/im/articles/Bananes.jpg&imgrefurl=http://www.fraicolo.fr/categories.php%3Flang%3De%26path%3D28%26num%3D9%26action%3De&usg=__lIePDcM3GWZAVQEjF50UvWv-6Ck=&h=1125&w=1500&sz=78&hl=fr&start=1&zoom=1&itbs=1&tbnid=ICZc6dG3ZkfKPM:&tbnh=113&tbnw=150&prev=/images%3Fq%3Dbanane%26hl%3Dfr%26gbv%3D2%26tbs%3Disch:1,isz:l" "Mozilla/4.0 (compatible; MSIE 8.0; Windows NT 5.1; Trident/4.0; .NET CLR 1.1.4322; .NET CLR 2.0.50727; .NET CLR 3.0.04506.30; OfficeLiveConnector.1.3; OfficeLivePatch.0.0; .NET CLR 3.0.4506.2152; .NET CLR 3.5.30729)"
90.61.28.248 - - [30/Dec/2010:21:08:08 +0100] "GET /favicon.ico HTTP/1.1" 200 293 "-" "Mozilla/4.0 (compatible; MSIE 8.0; Windows NT 5.1; Trident/4.0; .NET CLR 1.1.4322; .NET CLR 2.0.50727; .NET CLR 3.0.04506.30; OfficeLiveConnector.1.3; OfficeLivePatch.0.0; .NET CLR 3.0.4506.2152; .NET CLR 3.5.30729)"
90.61.28.248 - - [30/Dec/2010:21:08:14 +0100] "GET /categories.php?lang=e&path=28&num=9&action=e HTTP/1.1" 200 15202 "http://www.google.fr/imgres?imgurl=http://www.fraicolo.fr/im/articles/Bananes.jpg&imgrefurl=http://www.fraicolo.fr/categories.php%3Flang%3De%26path%3D28%26num%3D9%26action%3De&usg=__lIePDcM3GWZAVQEjF50UvWv-6Ck=&h=1125&w=1500&sz=78&hl=fr&start=1&zoom=1&itbs=1&tbnid=ICZc6dG3ZkfKPM:&tbnh=113&tbnw=150&prev=/images%3Fq%3Dbanane%26hl%3Dfr%26gbv%3D2%26tbs%3Disch:1,isz:l" "Mozilla/4.0 (compatible; MSIE 8.0; Windows NT 5.1; Trident/4.0; .NET CLR 1.1.4322; .NET CLR 2.0.50727; .NET CLR 3.0.04506.30; OfficeLiveConnector.1.3; OfficeLivePatch.0.0; .NET CLR 3.0.4506.2152; .NET CLR 3.5.30729)"
81.249.85.31 - - [30/Dec/2010:21:08:48 +0100] "GET /favicon.ico HTTP/1.0" 200 1150 "-" "Safari/6533.19.4 CFNetwork/454.11.5 Darwin/10.5.0 (i386) (iMac6%2C1)"
194.150.236.161 - - [30/Dec/2010:21:08:59 +0100] "HEAD /im/banner/Affiliation_Fraicolo_120x60.gif HTTP/1.1" 200 - "-" "-"
194.150.236.161 - - [30/Dec/2010:21:08:59 +0100] "GET /im/banner/Affiliation_Fraicolo_120x60.gif HTTP/1.1" 200 16471 "-" "PHP/5.2.6"
194.150.236.161 - - [30/Dec/2010:21:09:00 +0100] "HEAD /im/banner/Affiliation_Fraicolo_120x60.gif HTTP/1.1" 200 - "-" "-"
194.150.236.161 - - [30/Dec/2010:21:09:00 +0100] "GET /im/banner/Affiliation_Fraicolo_120x60.gif HTTP/1.1" 200 16471 "-" "PHP/5.2.6"
207.46.204.181 - - [30/Dec/2010:21:09:19 +0100] "GET / HTTP/1.1" 302 1543 "-" "Mozilla/5.0 (compatible; bingbot/2.0; +http://www.bing.com/bingbot.htm)"
207.46.204.181 - - [30/Dec/2010:21:09:21 +0100] "GET /catalog.php HTTP/1.1" 200 10910 "-" "Mozilla/5.0 (compatible; bingbot/2.0; +http://www.bing.com/bingbot.htm)"
82.67.82.24 - - [30/Dec/2010:21:09:23 +0100] "GET /im/articles/BarquetteFraise.JPG HTTP/1.1" 200 60638 "http://www.mamanstestent.com/2010/09/les-vacances-avec-nainsjai-dit-vacances.html" "Mozilla/5.0 (Windows; U; Windows NT 6.1; fr; rv:1.9.2.13) Gecko/20101203 Firefox/3.6.13"
82.228.38.75 - - [30/Dec/2010:21:09:25 +0100] "GET /im/articles/ChipsTraiteur.JPG HTTP/1.1" 200 31181 "http://www.eternia-fr.net/news_896_best-wishes-13-disponible-en-vostfr.html" "Mozilla/5.0 (Windows; U; Windows NT 6.1; fr-FR) AppleWebKit/533.19.4 (KHTML, like Gecko) Version/5.0.3 Safari/533.19.4"
78.119.184.43 - - [30/Dec/2010:21:09:32 +0100] "GET /im/articles/ChipsTraiteur.JPG HTTP/1.1" 200 31181 "http://www.eternia-fr.net/news_903_film-13-le-maitre-de-l-illusion-zoroark-disponible-en-vostfr.html" "Mozilla/5.0 (Windows; U; Windows NT 5.1; en-US) AppleWebKit/534.10 (KHTML, like Gecko) Chrome/8.0.552.224 Safari/534.10"
77.202.80.61 - - [30/Dec/2010:21:09:42 +0100] "GET /im/articles/ChipsTraiteur.JPG HTTP/1.1" 200 31181 "http://www.eternia-fr.net/news_900_date-de-sortie-de-b-w-noms.html" "Mozilla/5.0 (X11; U; Linux i686; en-US; rv:1.8.1.11) Gecko/20071127 Firefox/2.0.0.11"
90.51.46.56 - - [30/Dec/2010:21:09:54 +0100] "GET /im/articles/ChipsTraiteur.JPG HTTP/1.1" 200 31181 "http://www.eternia-fr.net/news_903_film-13-le-maitre-de-l-illusion-zoroark-disponible-en-vostfr.html" "Mozilla/5.0 (Windows; U; Windows NT 6.1; fr; rv:1.9.2.13) Gecko/20101203 Firefox/3.6.13"
95.211.76.227 - - [30/Dec/2010:21:09:56 +0100] "GET /im/articles/Bananes.jpg HTTP/1.1" 200 79634 "-" "Mozilla/5.0 (compatible; MSIE 7.0; Windows NT 6.0; fr-FR; Twenga-Media-Fetcher;"
41.105.60.171 - - [30/Dec/2010:21:09:58 +0100] "GET /im/articles/SodasCocaCola.JPG HTTP/1.1" 200 24471 "http://mon-amie.eklablog.com/salut-tout-le-mondes-a2406742" "Mozilla/5.0 (Windows; U; Windows NT 5.1; en-US) AppleWebKit/534.10 (KHTML, like Gecko) Chrome/8.0.552.224 Safari/534.10"
85.68.168.210 - - [30/Dec/2010:21:10:30 +0100] "GET /im/articles/ChipsTraiteur.JPG HTTP/1.1" 200 31181 "http://www.eternia-fr.net/news_900_date-de-sortie-de-b-w-noms.html" "Mozilla/5.0 (Windows; U; Windows NT 5.1; fr; rv:1.9.2.13) Gecko/20101203 Firefox/3.6.13 ( .NET CLR 3.5.30729)"
81.52.143.36 - - [30/Dec/2010:21:10:45 +0100] "GET /description.php?lang=1&path=80&sort=Article&page=0&id=1777 HTTP/1.1" 404 - "-" "Mozilla/5.0 (Windows; U; Windows NT 5.1; fr; rv:1.8.1) VoilaBot BETA 1.2 (support.voilabot@orange-ftgroup.com)"
90.49.94.222 - - [30/Dec/2010:21:11:03 +0100] "GET /categories.php?lang=1&path=88&num=75&action=n&sort=Article HTTP/1.1" 200 15752 "http://www.google.fr/imgres?imgurl=http://www.fraicolo.fr/im/articles/PailleDor.JPG&imgrefurl=http://www.fraicolo.fr/categories.php%3Flang%3D1%26path%3D88%26num%3D75%26action%3Dn%26sort%3DArticle&usg=__qQHjTn-rgyLvHDIPuPBUu13smc4=&h=619&w=933&sz=54&hl=fr&start=1&zoom=1&itbs=1&tbnid=42UAROqy3pTWBM:&tbnh=98&tbnw=147&prev=/images%3Fq%3Dpaille%2Bd%2527or%26hl%3Dfr%26sa%3DN%26gbv%3D2%26ndsp%3D20%26tbs%3Disch:1" "Mozilla/4.0 (compatible; MSIE 8.0; Windows NT 6.1; Trident/4.0; GTB6.6; SLCC2; .NET CLR 2.0.50727; .NET CLR 3.5.30729; .NET CLR 3.0.30729; Media Center PC 6.0; .NET4.0C)"
90.49.94.222 - - [30/Dec/2010:21:11:03 +0100] "GET /css/scss.css HTTP/1.1" 200 3683 "http://www.fraicolo.fr/categories.php?lang=1&path=88&num=75&action=n&sort=Article" "Mozilla/4.0 (compatible; MSIE 8.0; Windows NT 6.1; Trident/4.0; GTB6.6; SLCC2; .NET CLR 2.0.50727; .NET CLR 3.5.30729; .NET CLR 3.0.30729; Media Center PC 6.0; .NET4.0C)"
90.49.94.222 - - [30/Dec/2010:21:11:04 +0100] "GET /includes/popImage.js HTTP/1.1" 200 1233 "http://www.fraicolo.fr/categories.php?lang=1&path=88&num=75&action=n&sort=Article" "Mozilla/4.0 (compatible; MSIE 8.0; Windows NT 6.1; Trident/4.0; GTB6.6; SLCC2; .NET CLR 2.0.50727; .NET CLR 3.5.30729; .NET CLR 3.0.30729; Media Center PC 6.0; .NET4.0C)"
90.49.94.222 - - [30/Dec/2010:21:11:04 +0100] "GET /im/path.gif HTTP/1.1" 200 363 "http://www.fraicolo.fr/categories.php?lang=1&path=88&num=75&action=n&sort=Article" "Mozilla/4.0 (compatible; MSIE 8.0; Windows NT 6.1; Trident/4.0; GTB6.6; SLCC2; .NET CLR 2.0.50727; .NET CLR 3.5.30729; .NET CLR 3.0.30729; Media Center PC 6.0; .NET4.0C)"
90.49.94.222 - - [30/Dec/2010:21:11:04 +0100] "GET /im/LOGOFraicolo.png HTTP/1.1" 200 21138 "http://www.fraicolo.fr/categories.php?lang=1&path=88&num=75&action=n&sort=Article" "Mozilla/4.0 (compatible; MSIE 8.0; Windows NT 6.1; Trident/4.0; GTB6.6; SLCC2; .NET CLR 2.0.50727; .NET CLR 3.5.30729; .NET CLR 3.0.30729; Media Center PC 6.0; .NET4.0C)"
90.49.94.222 - - [30/Dec/2010:21:11:04 +0100] "GET /csshover.htc HTTP/1.1" 200 1166 "-" "Mozilla/4.0 (compatible; MSIE 8.0; Windows NT 6.1; Trident/4.0; GTB6.6; SLCC2; .NET CLR 2.0.50727; .NET CLR 3.5.30729; .NET CLR 3.0.30729; Media Center PC 6.0; .NET4.0C)"
90.49.94.222 - - [30/Dec/2010:21:11:05 +0100] "GET /im/lang1/menu_search.gif HTTP/1.1" 200 1955 "http://www.fraicolo.fr/categories.php?lang=1&path=88&num=75&action=n&sort=Article" "Mozilla/4.0 (compatible; MSIE 8.0; Windows NT 6.1; Trident/4.0; GTB6.6; SLCC2; .NET CLR 2.0.50727; .NET CLR 3.5.30729; .NET CLR 3.0.30729; Media Center PC 6.0; .NET4.0C)"
90.49.94.222 - - [30/Dec/2010:21:11:05 +0100] "GET /im/background/bg_green.gif HTTP/1.1" 200 2395 "http://www.fraicolo.fr/categories.php?lang=1&path=88&num=75&action=n&sort=Article" "Mozilla/4.0 (compatible; MSIE 8.0; Windows NT 6.1; Trident/4.0; GTB6.6; SLCC2; .NET CLR 2.0.50727; .NET CLR 3.5.30729; .NET CLR 3.0.30729; Media Center PC 6.0; .NET4.0C)"
90.49.94.222 - - [30/Dec/2010:21:11:05 +0100] "GET /im/zzz.gif HTTP/1.1" 200 49 "http://www.fraicolo.fr/categories.php?lang=1&path=88&num=75&action=n&sort=Article" "Mozilla/4.0 (compatible; MSIE 8.0; Windows NT 6.1; Trident/4.0; GTB6.6; SLCC2; .NET CLR 2.0.50727; .NET CLR 3.5.30729; .NET CLR 3.0.30729; Media Center PC 6.0; .NET4.0C)"
90.49.94.222 - - [30/Dec/2010:21:11:05 +0100] "GET /im/background/bg_shop_green.gif HTTP/1.1" 200 49144 "http://www.fraicolo.fr/categories.php?lang=1&path=88&num=75&action=n&sort=Article" "Mozilla/4.0 (compatible; MSIE 8.0; Windows NT 6.1; Trident/4.0; GTB6.6; SLCC2; .NET CLR 2.0.50727; .NET CLR 3.5.30729; .NET CLR 3.0.30729; Media Center PC 6.0; .NET4.0C)"
90.49.94.222 - - [30/Dec/2010:21:11:05 +0100] "GET /im/banner/bannercorporate1.jpg HTTP/1.1" 200 44430 "http://www.fraicolo.fr/categories.php?lang=1&path=88&num=75&action=n&sort=Article" "Mozilla/4.0 (compatible; MSIE 8.0; Windows NT 6.1; Trident/4.0; GTB6.6; SLCC2; .NET CLR 2.0.50727; .NET CLR 3.5.30729; .NET CLR 3.0.30729; Media Center PC 6.0; .NET4.0C)"
90.49.94.222 - - [30/Dec/2010:21:11:06 +0100] "GET /im/accueil.gif HTTP/1.1" 200 511 "http://www.fraicolo.fr/categories.php?lang=1&path=88&num=75&action=n&sort=Article" "Mozilla/4.0 (compatible; MSIE 8.0; Windows NT 6.1; Trident/4.0; GTB6.6; SLCC2; .NET CLR 2.0.50727; .NET CLR 3.5.30729; .NET CLR 3.0.30729; Media Center PC 6.0; .NET4.0C)"
90.49.94.222 - - [30/Dec/2010:21:11:06 +0100] "GET /im/fleche_bottom.gif HTTP/1.1" 200 57 "http://www.fraicolo.fr/categories.php?lang=1&path=88&num=75&action=n&sort=Article" "Mozilla/4.0 (compatible; MSIE 8.0; Windows NT 6.1; Trident/4.0; GTB6.6; SLCC2; .NET CLR 2.0.50727; .NET CLR 3.5.30729; .NET CLR 3.0.30729; Media Center PC 6.0; .NET4.0C)"
90.49.94.222 - - [30/Dec/2010:21:11:06 +0100] "GET /im/fleche_right.gif HTTP/1.1" 200 58 "http://www.fraicolo.fr/categories.php?lang=1&path=88&num=75&action=n&sort=Article" "Mozilla/4.0 (compatible; MSIE 8.0; Windows NT 6.1; Trident/4.0; GTB6.6; SLCC2; .NET CLR 2.0.50727; .NET CLR 3.5.30729; .NET CLR 3.0.30729; Media Center PC 6.0; .NET4.0C)"
90.49.94.222 - - [30/Dec/2010:21:11:06 +0100] "GET /im/background/menuleft.gif HTTP/1.1" 200 1837 "http://www.fraicolo.fr/categories.php?lang=1&path=88&num=75&action=n&sort=Article" "Mozilla/4.0 (compatible; MSIE 8.0; Windows NT 6.1; Trident/4.0; GTB6.6; SLCC2; .NET CLR 2.0.50727; .NET CLR 3.5.30729; .NET CLR 3.0.30729; Media Center PC 6.0; .NET4.0C)"
90.49.94.222 - - [30/Dec/2010:21:11:06 +0100] "GET /im/background/module_left.gif HTTP/1.1" 200 323 "http://www.fraicolo.fr/categories.php?lang=1&path=88&num=75&action=n&sort=Article" "Mozilla/4.0 (compatible; MSIE 8.0; Windows NT 6.1; Trident/4.0; GTB6.6; SLCC2; .NET CLR 2.0.50727; .NET CLR 3.5.30729; .NET CLR 3.0.30729; Media Center PC 6.0; .NET4.0C)"
90.49.94.222 - - [30/Dec/2010:21:11:06 +0100] "GET /im/search.gif HTTP/1.1" 200 681 "http://www.fraicolo.fr/categories.php?lang=1&path=88&num=75&action=n&sort=Article" "Mozilla/4.0 (compatible; MSIE 8.0; Windows NT 6.1; Trident/4.0; GTB6.6; SLCC2; .NET CLR 2.0.50727; .NET CLR 3.5.30729; .NET CLR 3.0.30729; Media Center PC 6.0; .NET4.0C)"
90.49.94.222 - - [30/Dec/2010:21:11:07 +0100] "GET /includes/menu/plus.gif HTTP/1.1" 200 71 "http://www.fraicolo.fr/categories.php?lang=1&path=88&num=75&action=n&sort=Article" "Mozilla/4.0 (compatible; MSIE 8.0; Windows NT 6.1; Trident/4.0; GTB6.6; SLCC2; .NET CLR 2.0.50727; .NET CLR 3.5.30729; .NET CLR 3.0.30729; Media Center PC 6.0; .NET4.0C)"
90.49.94.222 - - [30/Dec/2010:21:11:07 +0100] "GET /im/lang1/menu_com.gif HTTP/1.1" 200 2071 "http://www.fraicolo.fr/categories.php?lang=1&path=88&num=75&action=n&sort=Article" "Mozilla/4.0 (compatible; MSIE 8.0; Windows NT 6.1; Trident/4.0; GTB6.6; SLCC2; .NET CLR 2.0.50727; .NET CLR 3.5.30729; .NET CLR 3.0.30729; Media Center PC 6.0; .NET4.0C)"
194.150.236.161 - - [30/Dec/2010:21:11:07 +0100] "HEAD /im/banner/Affiliation_Fraicolo_120x60.gif HTTP/1.1" 200 - "-" "-"
90.49.94.222 - - [30/Dec/2010:21:11:07 +0100] "GET /im/payment.gif HTTP/1.1" 200 2578 "http://www.fraicolo.fr/categories.php?lang=1&path=88&num=75&action=n&sort=Article" "Mozilla/4.0 (compatible; MSIE 8.0; Windows NT 6.1; Trident/4.0; GTB6.6; SLCC2; .NET CLR 2.0.50727; .NET CLR 3.5.30729; .NET CLR 3.0.30729; Media Center PC 6.0; .NET4.0C)"
90.49.94.222 - - [30/Dec/2010:21:11:07 +0100] "GET /im/zzz_gris.gif HTTP/1.1" 200 41 "http://www.fraicolo.fr/categories.php?lang=1&path=88&num=75&action=n&sort=Article" "Mozilla/4.0 (compatible; MSIE 8.0; Windows NT 6.1; Trident/4.0; GTB6.6; SLCC2; .NET CLR 2.0.50727; .NET CLR 3.5.30729; .NET CLR 3.0.30729; Media Center PC 6.0; .NET4.0C)"
90.49.94.222 - - [30/Dec/2010:21:11:07 +0100] "GET /im/stockok.gif HTTP/1.1" 200 920 "http://www.fraicolo.fr/categories.php?lang=1&path=88&num=75&action=n&sort=Article" "Mozilla/4.0 (compatible; MSIE 8.0; Windows NT 6.1; Trident/4.0; GTB6.6; SLCC2; .NET CLR 2.0.50727; .NET CLR 3.5.30729; .NET CLR 3.0.30729; Media Center PC 6.0; .NET4.0C)"
90.49.94.222 - - [30/Dec/2010:21:11:07 +0100] "GET /im/articles/ConfitureBIOFramboise.JPG HTTP/1.1" 200 10205 "http://www.fraicolo.fr/categories.php?lang=1&path=88&num=75&action=n&sort=Article" "Mozilla/4.0 (compatible; MSIE 8.0; Windows NT 6.1; Trident/4.0; GTB6.6; SLCC2; .NET CLR 2.0.50727; .NET CLR 3.5.30729; .NET CLR 3.0.30729; Media Center PC 6.0; .NET4.0C)"
90.49.94.222 - - [30/Dec/2010:21:11:07 +0100] "GET /im/articles/EventailBIO.JPG HTTP/1.1" 200 41483 "http://www.fraicolo.fr/categories.php?lang=1&path=88&num=75&action=n&sort=Article" "Mozilla/4.0 (compatible; MSIE 8.0; Windows NT 6.1; Trident/4.0; GTB6.6; SLCC2; .NET CLR 2.0.50727; .NET CLR 3.5.30729; .NET CLR 3.0.30729; Media Center PC 6.0; .NET4.0C)"
90.49.94.222 - - [30/Dec/2010:21:11:07 +0100] "GET /im/articles/SucrePoudreSucran.JPG HTTP/1.1" 200 22280 "http://www.fraicolo.fr/categories.php?lang=1&path=88&num=75&action=n&sort=Article" "Mozilla/4.0 (compatible; MSIE 8.0; Windows NT 6.1; Trident/4.0; GTB6.6; SLCC2; .NET CLR 2.0.50727; .NET CLR 3.5.30729; .NET CLR 3.0.30729; Media Center PC 6.0; .NET4.0C)"
194.150.236.161 - - [30/Dec/2010:21:11:07 +0100] "GET /im/banner/Affiliation_Fraicolo_120x60.gif HTTP/1.1" 200 16471 "-" "PHP/5.2.6"
82.232.44.4 - - [30/Dec/2010:21:11:07 +0100] "GET /im/articles/ChipsTraiteur.JPG HTTP/1.1" 200 31181 "http://www.eternia-fr.net/news_899_best-wishes-14-disponible-en-vostfr.html" "Mozilla/5.0 (iPad; U; CPU OS 3_2_1 like Mac OS X; fr-fr) AppleWebKit/531.21.10 (KHTML, like Gecko) Version/4.0.4 Mobile/7B405 Safari/531.21.10"
90.49.94.222 - - [30/Dec/2010:21:11:08 +0100] "GET /im/articles/ChocolatQuinoaETHIQ.JPG HTTP/1.1" 200 7204 "http://www.fraicolo.fr/categories.php?lang=1&path=88&num=75&action=n&sort=Article" "Mozilla/4.0 (compatible; MSIE 8.0; Windows NT 6.1; Trident/4.0; GTB6.6; SLCC2; .NET CLR 2.0.50727; .NET CLR 3.5.30729; .NET CLR 3.0.30729; Media Center PC 6.0; .NET4.0C)"
90.49.94.222 - - [30/Dec/2010:21:11:08 +0100] "GET /im/articles/ConfitureBIOMyrtille.JPG HTTP/1.1" 200 10087 "http://www.fraicolo.fr/categories.php?lang=1&path=88&num=75&action=n&sort=Article" "Mozilla/4.0 (compatible; MSIE 8.0; Windows NT 6.1; Trident/4.0; GTB6.6; SLCC2; .NET CLR 2.0.50727; .NET CLR 3.5.30729; .NET CLR 3.0.30729; Media Center PC 6.0; .NET4.0C)"
90.49.94.222 - - [30/Dec/2010:21:11:08 +0100] "GET /im/background/menuright.gif HTTP/1.1" 200 1832 "http://www.fraicolo.fr/categories.php?lang=1&path=88&num=75&action=n&sort=Article" "Mozilla/4.0 (compatible; MSIE 8.0; Windows NT 6.1; Trident/4.0; GTB6.6; SLCC2; .NET CLR 2.0.50727; .NET CLR 3.5.30729; .NET CLR 3.0.30729; Media Center PC 6.0; .NET4.0C)"
90.49.94.222 - - [30/Dec/2010:21:11:08 +0100] "GET /im/articles/PailleDor.JPG HTTP/1.1" 200 54573 "http://www.google.fr/imgres?imgurl=http://www.fraicolo.fr/im/articles/PailleDor.JPG&imgrefurl=http://www.fraicolo.fr/categories.php%3Flang%3D1%26path%3D88%26num%3D75%26action%3Dn%26sort%3DArticle&usg=__qQHjTn-rgyLvHDIPuPBUu13smc4=&h=619&w=933&sz=54&hl=fr&start=1&zoom=1&itbs=1&tbnid=42UAROqy3pTWBM:&tbnh=98&tbnw=147&prev=/images%3Fq%3Dpaille%2Bd%2527or%26hl%3Dfr%26sa%3DN%26gbv%3D2%26ndsp%3D20%26tbs%3Disch:1" "Mozilla/4.0 (compatible; MSIE 8.0; Windows NT 6.1; Trident/4.0; GTB6.6; SLCC2; .NET CLR 2.0.50727; .NET CLR 3.5.30729; .NET CLR 3.0.30729; Media Center PC 6.0; .NET4.0C)"
86.194.248.171 - - [30/Dec/2010:21:11:09 +0100] "GET /im/articles/ChipsTraiteur.JPG HTTP/1.1" 200 31181 "http://www.eternia-fr.net/news_892_best-wishes-11-disponible-enfin-en-vostfr-titre-bw-15.html" "Mozilla/5.0 (Windows; U; Windows NT 6.0; fr; rv:1.9.0.19) Gecko/2010031422 Firefox/3.0.19 ( .NET CLR 3.5.30729; .NET4.0C) FBSMTWB"
90.49.94.222 - - [30/Dec/2010:21:11:10 +0100] "GET /favicon.ico HTTP/1.1" 200 293 "-" "Mozilla/4.0 (compatible; MSIE 8.0; Windows NT 6.1; Trident/4.0; GTB6.6; SLCC2; .NET CLR 2.0.50727; .NET CLR 3.5.30729; .NET CLR 3.0.30729; Media Center PC 6.0; .NET4.0C)"
194.150.236.161 - - [30/Dec/2010:21:11:11 +0100] "HEAD /im/banner/Affiliation_Fraicolo_120x60.gif HTTP/1.1" 200 - "-" "-"
194.150.236.161 - - [30/Dec/2010:21:11:12 +0100] "GET /im/banner/Affiliation_Fraicolo_120x60.gif HTTP/1.1" 200 16471 "-" "PHP/5.2.6"
194.150.236.161 - - [30/Dec/2010:21:11:50 +0100] "HEAD /im/banner/Affiliation_Fraicolo_120x60.gif HTTP/1.1" 200 - "-" "-"
194.150.236.161 - - [30/Dec/2010:21:11:51 +0100] "GET /im/banner/Affiliation_Fraicolo_120x60.gif HTTP/1.1" 200 16471 "-" "PHP/5.2.6"
194.150.236.161 - - [30/Dec/2010:21:11:58 +0100] "HEAD /im/banner/Affiliation_Fraicolo_120x60.gif HTTP/1.1" 200 - "-" "-"
66.249.71.193 - - [30/Dec/2010:21:11:59 +0100] "GET /list.php?lang=1&path=147&num=57&action=n&sort=Article&page=0 HTTP/1.1" 200 11423 "-" "Mozilla/5.0 (compatible; Googlebot/2.1; +http://www.google.com/bot.html)"
194.150.236.161 - - [30/Dec/2010:21:12:00 +0100] "GET /im/banner/Affiliation_Fraicolo_120x60.gif HTTP/1.1" 200 16471 "-" "PHP/5.2.6"
66.249.71.193 - - [30/Dec/2010:21:12:08 +0100] "GET /categories.php?lang=1&path=106&num=27&action=n&sort=Article HTTP/1.1" 200 13179 "-" "Mozilla/5.0 (compatible; Googlebot/2.1; +http://www.google.com/bot.html)"
81.247.146.16 - - [30/Dec/2010:21:12:18 +0100] "GET /im/articles/Lasagne.JPG HTTP/1.1" 304 - "http://www.stereopoly.com/jeu/profil.php?id=844300" "Mozilla/4.0 (compatible; MSIE 7.0; Windows NT 6.0; GTB6.6; SLCC1; .NET CLR 2.0.50727; Media Center PC 5.0; InfoPath.2; OfficeLiveConnector.1.3; OfficeLivePatch.0.0; .NET CLR 3.5.30729; .NET CLR 3.0.30618; .NET4.0C)"
83.113.106.15 - - [30/Dec/2010:21:12:34 +0100] "GET /im/articles/ChipsTraiteur.JPG HTTP/1.1" 200 31181 "http://www.eternia-fr.net/news_903_film-13-le-maitre-de-l-illusion-zoroark-disponible-en-vostfr.html" "Mozilla/5.0 (Windows; U; Windows NT 6.0; fr; rv:1.9.2.13) Gecko/20101203 Firefox/3.6.13 ( .NET CLR 3.5.30729; .NET4.0C)"
66.249.71.6 - - [30/Dec/2010:21:12:39 +0100] "GET /categories.php?lang=1&path=29&num=17&action=e&sort=Article&page=0 HTTP/1.1" 200 15640 "-" "Mozilla/5.0 (compatible; Googlebot/2.1; +http://www.google.com/bot.html)"
84.97.161.23 - - [30/Dec/2010:21:12:42 +0100] "GET /im/articles/LaitBouteille.JPG HTTP/1.1" 200 16054 "http://imagesfrom.us/keyword/bouteille%20de%20lait/" "Mozilla/5.0 (Macintosh; U; Intel Mac OS X 10_6_5; fr-fr) AppleWebKit/533.19.4 (KHTML, like Gecko) Version/5.0.3 Safari/533.19.4"
66.249.71.6 - - [30/Dec/2010:21:12:53 +0100] "GET /ipos/list.php?lang=1&path=41&num=20&action=e&sort=Article&page=0 HTTP/1.1" 200 4025 "-" "Mozilla/5.0 (compatible; Googlebot/2.1; +http://www.google.com/bot.html)"
78.238.153.204 - - [30/Dec/2010:21:13:09 +0100] "GET /im/articles/BarquetteFraise.JPG HTTP/1.1" 200 60638 "http://www.mamanstestent.com/2010/09/les-vacances-avec-nainsjai-dit-vacances.html" "Mozilla/5.0 (Windows; U; Windows NT 6.0; fr; rv:1.9.2.13) Gecko/20101203 Firefox/3.6.13 ( .NET CLR 3.5.30729; .NET4.0C)"
66.249.71.193 - - [30/Dec/2010:21:13:10 +0100] "GET /description.php?lang=1&path=42&sort=Article&page=0&id=489 HTTP/1.1" 200 11139 "-" "Mozilla/5.0 (compatible; Googlebot/2.1; +http://www.google.com/bot.html)"
194.150.236.161 - - [30/Dec/2010:21:13:14 +0100] "HEAD /im/banner/Affiliation_Fraicolo_120x60.gif HTTP/1.1" 200 - "-" "-"
194.150.236.161 - - [30/Dec/2010:21:13:15 +0100] "GET /im/banner/Affiliation_Fraicolo_120x60.gif HTTP/1.1" 200 16471 "-" "PHP/5.2.6"
66.249.71.6 - - [30/Dec/2010:21:13:30 +0100] "GET /list.php?lang=n&path=147&num=57&action=n&sort=Article&page=0 HTTP/1.1" 200 11426 "-" "Mozilla/5.0 (compatible; Googlebot/2.1; +http://www.google.com/bot.html)"
194.150.236.161 - - [30/Dec/2010:21:13:42 +0100] "HEAD /im/banner/Affiliation_Fraicolo_120x60.gif HTTP/1.1" 200 - "-" "-"
194.150.236.161 - - [30/Dec/2010:21:13:42 +0100] "GET /im/banner/Affiliation_Fraicolo_120x60.gif HTTP/1.1" 200 16471 "-" "PHP/5.2.6"
66.249.71.6 - - [30/Dec/2010:21:13:52 +0100] "GET /categories.php?lang=1&path=111&num=33&action=e HTTP/1.1" 200 15345 "-" "Mozilla/5.0 (compatible; Googlebot/2.1; +http://www.google.com/bot.html)"
90.49.94.222 - - [30/Dec/2010:21:13:56 +0100] "GET /categories.php?lang=1&path=88&num=75&action=n&sort=Article HTTP/1.1" 200 15835 "http://www.google.fr/imgres?imgurl=http://www.fraicolo.fr/im/articles/PailleDor.JPG&imgrefurl=http://www.fraicolo.fr/categories.php%3Flang%3D1%26path%3D88%26num%3D75%26action%3Dn%26sort%3DArticle&usg=__qQHjTn-rgyLvHDIPuPBUu13smc4=&h=619&w=933&sz=54&hl=fr&start=1&zoom=1&itbs=1&tbnid=42UAROqy3pTWBM:&tbnh=98&tbnw=147&prev=/images%3Fq%3Dpaille%2Bd%2527or%26hl%3Dfr%26sa%3DN%26gbv%3D2%26ndsp%3D20%26tbs%3Disch:1" "Mozilla/4.0 (compatible; MSIE 8.0; Windows NT 6.1; Trident/4.0; GTB6.6; SLCC2; .NET CLR 2.0.50727; .NET CLR 3.5.30729; .NET CLR 3.0.30729; Media Center PC 6.0; .NET4.0C)"
82.245.150.249 - - [30/Dec/2010:21:13:59 +0100] "GET /im/articles/ChipsTraiteur.JPG HTTP/1.1" 206 28688 "http://www.eternia-fr.net/news_903_film-13-le-maitre-de-l-illusion-zoroark-disponible-en-vostfr.html" "Mozilla/5.0 (Windows; U; Windows NT 5.1; en-US) AppleWebKit/534.10 (KHTML, like Gecko) Chrome/8.0.552.224 Safari/534.10"
85.10.94.200 - - [30/Dec/2010:21:14:14 +0100] "GET /im/articles/ChipsTraiteur.JPG HTTP/1.1" 200 31181 "http://www.eternia-fr.net/news_800_nouvelle-preview-de-best-wishes.html" "Opera/9.80 (Windows NT 5.1; U; fr) Presto/2.6.30 Version/10.63"
93.6.104.148 - - [30/Dec/2010:21:14:14 +0100] "GET /im/articles/PanierFete.JPG HTTP/1.1" 200 67909 "http://montpellier.onvasortir.com/reveillons-nous-et-allons-hop-2011-496181.html" "Mozilla/5.0 (Windows; U; Windows NT 5.1; fr; rv:1.9.2.13) Gecko/20101203 Firefox/3.6.13 (.NET CLR 3.5.30729)"
194.150.236.162 - - [30/Dec/2010:21:14:22 +0100] "HEAD /im/banner/Affiliation_Fraicolo_468x60.gif HTTP/1.1" 200 - "-" "-"
194.150.236.162 - - [30/Dec/2010:21:14:23 +0100] "GET /im/banner/Affiliation_Fraicolo_468x60.gif HTTP/1.0" 200 41076 "-" "-"
87.89.41.67 - - [30/Dec/2010:21:14:29 +0100] "GET /im/articles/OeufBIO.JPG HTTP/1.1" 404 - "http://sosbiodiversite.wordpress.com/2008/11/29/bio-sans-ethique-arnaque/" "Mozilla/4.0 (compatible; MSIE 7.0; Windows NT 6.0; GTB6.6; SLCC1; .NET CLR 2.0.50727; Media Center PC 5.0; .NET CLR 3.5.30729; .NET CLR 3.0.30618; ShopperReports 3.0.489.0; SRS_IT_E8790577B476545633AC95; ShopperReports 3.0.517.0; SRS_IT_E8790474B476545B32AD95)"
87.89.41.67 - - [30/Dec/2010:21:14:29 +0100] "GET /im/articles/OeufBIO.JPG HTTP/1.1" 404 - "http://www.google.fr/imgres?imgurl=http://www.fraicolo.fr/im/articles/OeufBIO.JPG&imgrefurl=http://sosbiodiversite.wordpress.com/2008/11/29/bio-sans-ethique-arnaque/&usg=__v8lDH2Mqwn2d3k-wAzu_cEgIm4s=&h=200&w=300&sz=9&hl=fr&start=467&zoom=1&um=1&itbs=1&tbnid=xyDu14HzCmqjbM:&tbnh=77&tbnw=116&prev=/images%3Fq%3Dagriculture%2Bbiologique%26start%3D450%26um%3D1%26hl%3Dfr%26sa%3DN%26rls%3Dcom.microsoft:*:IE-SearchBox%26rlz%3D1I7ADRA_fr%26ndsp%3D18%26tbs%3Disch:1" "Mozilla/4.0 (compatible; MSIE 7.0; Windows NT 6.0; GTB6.6; SLCC1; .NET CLR 2.0.50727; Media Center PC 5.0; .NET CLR 3.5.30729; .NET CLR 3.0.30618; ShopperReports 3.0.489.0; SRS_IT_E8790577B476545633AC95; ShopperReports 3.0.517.0; SRS_IT_E8790474B476545B32AD95)"
