62.85.132.90 - - [30/Dec/2010:21:38:31 +0100] "GET /im/articles/PorcCotes.jpg HTTP/1.1" 200 8973 "http://www.fraicolo.fr/list.php?lang=1&path=109&sort=Article&page=0" "Mozilla/5.0 (Windows; U; Windows NT 6.0; fr; rv:1.9.2.13) Gecko/20101203 Firefox/3.6.13"
62.85.132.90 - - [30/Dec/2010:21:38:31 +0100] "GET /im/articles/PorcFiletMignon.jpg HTTP/1.1" 200 8009 "http://www.fraicolo.fr/list.php?lang=1&path=109&sort=Article&page=0" "Mozilla/5.0 (Windows; U; Windows NT 6.0; fr; rv:1.9.2.13) Gecko/20101203 Firefox/3.6.13"
62.85.132.90 - - [30/Dec/2010:21:38:30 +0100] "GET /im/LOGOFraicolo.png HTTP/1.1" 200 21138 "http://www.fraicolo.fr/list.php?lang=1&path=109&sort=Article&page=0" "Mozilla/5.0 (Windows; U; Windows NT 6.0; fr; rv:1.9.2.13) Gecko/20101203 Firefox/3.6.13"
62.85.132.90 - - [30/Dec/2010:21:38:31 +0100] "GET /im/payment.gif HTTP/1.1" 200 2578 "http://www.fraicolo.fr/list.php?lang=1&path=109&sort=Article&page=0" "Mozilla/5.0 (Windows; U; Windows NT 6.0; fr; rv:1.9.2.13) Gecko/20101203 Firefox/3.6.13"
62.85.132.90 - - [30/Dec/2010:21:38:31 +0100] "GET /im/cart.gif HTTP/1.1" 200 574 "http://www.fraicolo.fr/list.php?lang=1&path=109&sort=Article&page=0" "Mozilla/5.0 (Windows; U; Windows NT 6.0; fr; rv:1.9.2.13) Gecko/20101203 Firefox/3.6.13"
62.85.132.90 - - [30/Dec/2010:21:38:30 +0100] "GET /im/banner/bannercorporate1.jpg HTTP/1.1" 200 44430 "http://www.fraicolo.fr/list.php?lang=1&path=109&sort=Article&page=0" "Mozilla/5.0 (Windows; U; Windows NT 6.0; fr; rv:1.9.2.13) Gecko/20101203 Firefox/3.6.13"
62.85.132.90 - - [30/Dec/2010:21:38:31 +0100] "GET /im/lang1/cart_add.gif HTTP/1.1" 200 481 "http://www.fraicolo.fr/list.php?lang=1&path=109&sort=Article&page=0" "Mozilla/5.0 (Windows; U; Windows NT 6.0; fr; rv:1.9.2.13) Gecko/20101203 Firefox/3.6.13"
62.85.132.90 - - [30/Dec/2010:21:38:31 +0100] "GET /im/articles/PorcRotis.JPG HTTP/1.1" 200 22197 "http://www.fraicolo.fr/list.php?lang=1&path=109&sort=Article&page=0" "Mozilla/5.0 (Windows; U; Windows NT 6.0; fr; rv:1.9.2.13) Gecko/20101203 Firefox/3.6.13"
62.85.132.90 - - [30/Dec/2010:21:38:31 +0100] "GET /im/cart_rem.gif HTTP/1.1" 200 368 "http://www.fraicolo.fr/list.php?lang=1&path=109&sort=Article&page=0" "Mozilla/5.0 (Windows; U; Windows NT 6.0; fr; rv:1.9.2.13) Gecko/20101203 Firefox/3.6.13"
62.85.132.90 - - [30/Dec/2010:21:38:31 +0100] "GET /im/articles/PorcTraverss.JPG HTTP/1.1" 200 30505 "http://www.fraicolo.fr/list.php?lang=1&path=109&sort=Article&page=0" "Mozilla/5.0 (Windows; U; Windows NT 6.0; fr; rv:1.9.2.13) Gecko/20101203 Firefox/3.6.13"
62.85.132.90 - - [30/Dec/2010:21:38:31 +0100] "GET /im/cart_opt.gif HTTP/1.1" 200 365 "http://www.fraicolo.fr/list.php?lang=1&path=109&sort=Article&page=0" "Mozilla/5.0 (Windows; U; Windows NT 6.0; fr; rv:1.9.2.13) Gecko/20101203 Firefox/3.6.13"
62.85.132.90 - - [30/Dec/2010:21:38:31 +0100] "GET /im/cart_out.gif HTTP/1.1" 200 1030 "http://www.fraicolo.fr/list.php?lang=1&path=109&sort=Article&page=0" "Mozilla/5.0 (Windows; U; Windows NT 6.0; fr; rv:1.9.2.13) Gecko/20101203 Firefox/3.6.13"
62.85.132.90 - - [30/Dec/2010:21:38:31 +0100] "GET /im/lang1/menu_infos.gif HTTP/1.1" 200 2010 "http://www.fraicolo.fr/list.php?lang=1&path=109&sort=Article&page=0" "Mozilla/5.0 (Windows; U; Windows NT 6.0; fr; rv:1.9.2.13) Gecko/20101203 Firefox/3.6.13"
62.85.132.90 - - [30/Dec/2010:21:38:31 +0100] "GET /im/fleche_right.gif HTTP/1.1" 200 58 "http://www.fraicolo.fr/list.php?lang=1&path=109&sort=Article&page=0" "Mozilla/5.0 (Windows; U; Windows NT 6.0; fr; rv:1.9.2.13) Gecko/20101203 Firefox/3.6.13"
62.85.132.90 - - [30/Dec/2010:21:38:31 +0100] "GET /im/lang1/menu_id.gif HTTP/1.1" 200 2056 "http://www.fraicolo.fr/list.php?lang=1&path=109&sort=Article&page=0" "Mozilla/5.0 (Windows; U; Windows NT 6.0; fr; rv:1.9.2.13) Gecko/20101203 Firefox/3.6.13"
62.85.132.90 - - [30/Dec/2010:21:38:31 +0100] "GET /im/lang1/menu_caddie.gif HTTP/1.1" 200 2067 "http://www.fraicolo.fr/list.php?lang=1&path=109&sort=Article&page=0" "Mozilla/5.0 (Windows; U; Windows NT 6.0; fr; rv:1.9.2.13) Gecko/20101203 Firefox/3.6.13"
62.85.132.90 - - [30/Dec/2010:21:38:31 +0100] "GET /im/lang1/menu_devis.gif HTTP/1.1" 200 1958 "http://www.fraicolo.fr/list.php?lang=1&path=109&sort=Article&page=0" "Mozilla/5.0 (Windows; U; Windows NT 6.0; fr; rv:1.9.2.13) Gecko/20101203 Firefox/3.6.13"
62.85.132.90 - - [30/Dec/2010:21:38:31 +0100] "GET /im/lang1/menu_subscribe.gif HTTP/1.1" 200 1877 "http://www.fraicolo.fr/list.php?lang=1&path=109&sort=Article&page=0" "Mozilla/5.0 (Windows; U; Windows NT 6.0; fr; rv:1.9.2.13) Gecko/20101203 Firefox/3.6.13"
62.85.132.90 - - [30/Dec/2010:21:38:31 +0100] "GET /im/background/bg_green.gif HTTP/1.1" 200 2395 "http://www.fraicolo.fr/css/scss.css" "Mozilla/5.0 (Windows; U; Windows NT 6.0; fr; rv:1.9.2.13) Gecko/20101203 Firefox/3.6.13"
62.85.132.90 - - [30/Dec/2010:21:38:32 +0100] "GET /im/search.gif HTTP/1.1" 200 681 "http://www.fraicolo.fr/list.php?lang=1&path=109&sort=Article&page=0" "Mozilla/5.0 (Windows; U; Windows NT 6.0; fr; rv:1.9.2.13) Gecko/20101203 Firefox/3.6.13"
62.85.132.90 - - [30/Dec/2010:21:38:32 +0100] "GET /im/fleche_bottom.gif HTTP/1.1" 200 57 "http://www.fraicolo.fr/css/scss.css" "Mozilla/5.0 (Windows; U; Windows NT 6.0; fr; rv:1.9.2.13) Gecko/20101203 Firefox/3.6.13"
62.85.132.90 - - [30/Dec/2010:21:38:32 +0100] "GET /im/background/menuleft.gif HTTP/1.1" 200 1837 "http://www.fraicolo.fr/css/scss.css" "Mozilla/5.0 (Windows; U; Windows NT 6.0; fr; rv:1.9.2.13) Gecko/20101203 Firefox/3.6.13"
62.85.132.90 - - [30/Dec/2010:21:38:32 +0100] "GET /im/background/module_left.gif HTTP/1.1" 200 323 "http://www.fraicolo.fr/css/scss.css" "Mozilla/5.0 (Windows; U; Windows NT 6.0; fr; rv:1.9.2.13) Gecko/20101203 Firefox/3.6.13"
62.85.132.90 - - [30/Dec/2010:21:38:32 +0100] "GET /im/ok.gif HTTP/1.1" 200 128 "http://www.fraicolo.fr/list.php?lang=1&path=109&sort=Article&page=0" "Mozilla/5.0 (Windows; U; Windows NT 6.0; fr; rv:1.9.2.13) Gecko/20101203 Firefox/3.6.13"
62.85.132.90 - - [30/Dec/2010:21:38:32 +0100] "GET /im/background/bg_shop_green.gif HTTP/1.1" 200 49144 "http://www.fraicolo.fr/css/scss.css" "Mozilla/5.0 (Windows; U; Windows NT 6.0; fr; rv:1.9.2.13) Gecko/20101203 Firefox/3.6.13"
62.85.132.90 - - [30/Dec/2010:21:38:32 +0100] "GET /im/background/menuright.gif HTTP/1.1" 200 1832 "http://www.fraicolo.fr/css/scss.css" "Mozilla/5.0 (Windows; U; Windows NT 6.0; fr; rv:1.9.2.13) Gecko/20101203 Firefox/3.6.13"
62.85.132.90 - - [30/Dec/2010:21:38:32 +0100] "GET /im/fleche_bottom_grey.gif HTTP/1.1" 200 57 "http://www.fraicolo.fr/css/scss.css" "Mozilla/5.0 (Windows; U; Windows NT 6.0; fr; rv:1.9.2.13) Gecko/20101203 Firefox/3.6.13"
62.85.132.90 - - [30/Dec/2010:21:38:32 +0100] "GET /list.php?lang=1&path=109&sort=Article&page=0 HTTP/1.1" 200 12279 "http://www.fraicolo.fr/list.php?lang=1&path=109&sort=Article&page=0" "Mozilla/5.0 (Windows; U; Windows NT 6.0; fr; rv:1.9.2.13) Gecko/20101203 Firefox/3.6.13"
66.249.71.193 - - [30/Dec/2010:21:38:32 +0100] "GET /description.php?lang=1&path=96&sort=Article&page=0&id=624 HTTP/1.1" 200 11141 "-" "Mozilla/5.0 (compatible; Googlebot/2.1; +http://www.google.com/bot.html)"
81.249.85.31 - - [30/Dec/2010:21:38:47 +0100] "GET /favicon.ico HTTP/1.0" 200 1150 "-" "Safari/6533.19.4 CFNetwork/454.11.5 Darwin/10.5.0 (i386) (iMac6%2C1)"
66.249.71.6 - - [30/Dec/2010:21:39:02 +0100] "GET /categories.php?lang=1&path=87&num=69&action=n&sort=Article&AdSearch=on HTTP/1.1" 200 16612 "-" "Mozilla/5.0 (compatible; Googlebot/2.1; +http://www.google.com/bot.html)"
66.249.71.193 - - [30/Dec/2010:21:39:07 +0100] "GET /description.php?lang=1&id=1312&AdSearch=on HTTP/1.1" 200 12209 "-" "Mozilla/5.0 (compatible; Googlebot/2.1; +http://www.google.com/bot.html)"
194.150.236.161 - - [30/Dec/2010:21:39:21 +0100] "HEAD /im/banner/Affiliation_Fraicolo_120x60.gif HTTP/1.1" 200 - "-" "-"
194.150.236.161 - - [30/Dec/2010:21:39:21 +0100] "GET /im/banner/Affiliation_Fraicolo_120x60.gif HTTP/1.1" 200 16471 "-" "PHP/5.2.6"
66.249.71.6 - - [30/Dec/2010:21:39:31 +0100] "GET /description.php?id=497 HTTP/1.1" 200 11100 "-" "Mozilla/5.0 (compatible; Googlebot/2.1; +http://www.google.com/bot.html)"
194.150.236.161 - - [30/Dec/2010:21:39:41 +0100] "HEAD /im/banner/Affiliation_Fraicolo_120x60.gif HTTP/1.1" 200 - "-" "-"
194.150.236.161 - - [30/Dec/2010:21:39:41 +0100] "GET /im/banner/Affiliation_Fraicolo_120x60.gif HTTP/1.1" 200 16471 "-" "PHP/5.2.6"
66.249.71.6 - - [30/Dec/2010:21:40:15 +0100] "GET /description.php?id=276&AdSearch=off HTTP/1.1" 200 11158 "-" "Mozilla/5.0 (compatible; Googlebot/2.1; +http://www.google.com/bot.html)"
66.249.71.6 - - [30/Dec/2010:21:40:26 +0100] "GET /categories.php?lang=1&path=165&num=85&action=n&sort=Article HTTP/1.1" 200 10515 "-" "Mozilla/5.0 (compatible; Googlebot/2.1; +http://www.google.com/bot.html)"
88.138.188.8 - - [30/Dec/2010:21:40:50 +0100] "GET /list.php?lang=1&path=149&page=0&sort=Article HTTP/1.1" 200 14178 "http://www.google.fr/imgres?imgurl=http://www.fraicolo.fr/im/articles/PetitsFours.JPG&imgrefurl=http://www.fraicolo.fr/list.php%3Flang%3D1%26path%3D149%26page%3D0%26sort%3DArticle&usg=__YEa9ZhTd2HEZW_RG0_ghYN9TaPc=&h=315&w=426&sz=40&hl=fr&start=17&zoom=1&tbnid=i6q4OZEqeHPbyM:&tbnh=93&tbnw=126&prev=/images%3Fq%3Dles%2Bpetits%2Bfours%26um%3D1%26hl%3Dfr%26sa%3DN%26tbs%3Disch:1&um=1&itbs=1" "Mozilla/4.0 (compatible; MSIE 6.0; Windows NT 5.1; SV1; .NET CLR 2.0.50727)"
88.138.188.8 - - [30/Dec/2010:21:40:51 +0100] "GET /css/scss.css HTTP/1.1" 200 3683 "http://www.fraicolo.fr/list.php?lang=1&path=149&page=0&sort=Article" "Mozilla/4.0 (compatible; MSIE 6.0; Windows NT 5.1; SV1; .NET CLR 2.0.50727)"
88.138.188.8 - - [30/Dec/2010:21:40:51 +0100] "GET /includes/popImage.js HTTP/1.1" 200 1233 "http://www.fraicolo.fr/list.php?lang=1&path=149&page=0&sort=Article" "Mozilla/4.0 (compatible; MSIE 6.0; Windows NT 5.1; SV1; .NET CLR 2.0.50727)"
88.138.188.8 - - [30/Dec/2010:21:40:52 +0100] "GET /im/background/bg_shop_green.gif HTTP/1.1" 200 49144 "http://www.fraicolo.fr/list.php?lang=1&path=149&page=0&sort=Article" "Mozilla/4.0 (compatible; MSIE 6.0; Windows NT 5.1; SV1; .NET CLR 2.0.50727)"
88.138.188.8 - - [30/Dec/2010:21:40:52 +0100] "GET /im/background/bg_green.gif HTTP/1.1" 200 2395 "http://www.fraicolo.fr/list.php?lang=1&path=149&page=0&sort=Article" "Mozilla/4.0 (compatible; MSIE 6.0; Windows NT 5.1; SV1; .NET CLR 2.0.50727)"
88.138.188.8 - - [30/Dec/2010:21:40:52 +0100] "GET /im/banner/bannercorporate1.jpg HTTP/1.1" 200 44430 "http://www.fraicolo.fr/list.php?lang=1&path=149&page=0&sort=Article" "Mozilla/4.0 (compatible; MSIE 6.0; Windows NT 5.1; SV1; .NET CLR 2.0.50727)"
88.138.188.8 - - [30/Dec/2010:21:40:52 +0100] "GET /im/LOGOFraicolo.png HTTP/1.1" 200 21138 "http://www.fraicolo.fr/list.php?lang=1&path=149&page=0&sort=Article" "Mozilla/4.0 (compatible; MSIE 6.0; Windows NT 5.1; SV1; .NET CLR 2.0.50727)"
88.138.188.8 - - [30/Dec/2010:21:40:52 +0100] "GET /csshover.htc HTTP/1.1" 200 1166 "-" "Mozilla/4.0 (compatible; MSIE 6.0; Windows NT 5.1; SV1; .NET CLR 2.0.50727)"
88.138.188.8 - - [30/Dec/2010:21:40:52 +0100] "GET /im/accueil.gif HTTP/1.1" 200 511 "http://www.fraicolo.fr/list.php?lang=1&path=149&page=0&sort=Article" "Mozilla/4.0 (compatible; MSIE 6.0; Windows NT 5.1; SV1; .NET CLR 2.0.50727)"
88.138.188.8 - - [30/Dec/2010:21:40:52 +0100] "GET /im/path.gif HTTP/1.1" 200 363 "http://www.fraicolo.fr/list.php?lang=1&path=149&page=0&sort=Article" "Mozilla/4.0 (compatible; MSIE 6.0; Windows NT 5.1; SV1; .NET CLR 2.0.50727)"
88.138.188.8 - - [30/Dec/2010:21:40:52 +0100] "GET /im/zzz.gif HTTP/1.1" 200 49 "http://www.fraicolo.fr/list.php?lang=1&path=149&page=0&sort=Article" "Mozilla/4.0 (compatible; MSIE 6.0; Windows NT 5.1; SV1; .NET CLR 2.0.50727)"
88.138.188.8 - - [30/Dec/2010:21:40:52 +0100] "GET /im/fleche_right.gif HTTP/1.1" 200 58 "http://www.fraicolo.fr/list.php?lang=1&path=149&page=0&sort=Article" "Mozilla/4.0 (compatible; MSIE 6.0; Windows NT 5.1; SV1; .NET CLR 2.0.50727)"
88.138.188.8 - - [30/Dec/2010:21:40:52 +0100] "GET /im/fleche_bottom.gif HTTP/1.1" 200 57 "http://www.fraicolo.fr/list.php?lang=1&path=149&page=0&sort=Article" "Mozilla/4.0 (compatible; MSIE 6.0; Windows NT 5.1; SV1; .NET CLR 2.0.50727)"
88.138.188.8 - - [30/Dec/2010:21:40:52 +0100] "GET /im/background/menuleft.gif HTTP/1.1" 200 1837 "http://www.fraicolo.fr/list.php?lang=1&path=149&page=0&sort=Article" "Mozilla/4.0 (compatible; MSIE 6.0; Windows NT 5.1; SV1; .NET CLR 2.0.50727)"
88.138.188.8 - - [30/Dec/2010:21:40:53 +0100] "GET /im/background/module_left.gif HTTP/1.1" 200 323 "http://www.fraicolo.fr/list.php?lang=1&path=149&page=0&sort=Article" "Mozilla/4.0 (compatible; MSIE 6.0; Windows NT 5.1; SV1; .NET CLR 2.0.50727)"
88.138.188.8 - - [30/Dec/2010:21:40:53 +0100] "GET /im/lang1/menu_search.gif HTTP/1.1" 200 1955 "http://www.fraicolo.fr/list.php?lang=1&path=149&page=0&sort=Article" "Mozilla/4.0 (compatible; MSIE 6.0; Windows NT 5.1; SV1; .NET CLR 2.0.50727)"
88.138.188.8 - - [30/Dec/2010:21:40:53 +0100] "GET /im/search.gif HTTP/1.1" 200 681 "http://www.fraicolo.fr/list.php?lang=1&path=149&page=0&sort=Article" "Mozilla/4.0 (compatible; MSIE 6.0; Windows NT 5.1; SV1; .NET CLR 2.0.50727)"
88.138.188.8 - - [30/Dec/2010:21:40:53 +0100] "GET /im/lang1/menu_com.gif HTTP/1.1" 200 2071 "http://www.fraicolo.fr/list.php?lang=1&path=149&page=0&sort=Article" "Mozilla/4.0 (compatible; MSIE 6.0; Windows NT 5.1; SV1; .NET CLR 2.0.50727)"
88.138.188.8 - - [30/Dec/2010:21:40:53 +0100] "GET /includes/menu/plus.gif HTTP/1.1" 200 71 "http://www.fraicolo.fr/list.php?lang=1&path=149&page=0&sort=Article" "Mozilla/4.0 (compatible; MSIE 6.0; Windows NT 5.1; SV1; .NET CLR 2.0.50727)"
88.138.188.8 - - [30/Dec/2010:21:40:53 +0100] "GET /im/payment.gif HTTP/1.1" 200 2578 "http://www.fraicolo.fr/list.php?lang=1&path=149&page=0&sort=Article" "Mozilla/4.0 (compatible; MSIE 6.0; Windows NT 5.1; SV1; .NET CLR 2.0.50727)"
88.138.188.8 - - [30/Dec/2010:21:40:53 +0100] "GET /im/articles/AndouilleGuem.JPG HTTP/1.1" 200 4996 "http://www.fraicolo.fr/list.php?lang=1&path=149&page=0&sort=Article" "Mozilla/4.0 (compatible; MSIE 6.0; Windows NT 5.1; SV1; .NET CLR 2.0.50727)"
88.138.188.8 - - [30/Dec/2010:21:40:53 +0100] "GET /im/stockok.gif HTTP/1.1" 200 920 "http://www.fraicolo.fr/list.php?lang=1&path=149&page=0&sort=Article" "Mozilla/4.0 (compatible; MSIE 6.0; Windows NT 5.1; SV1; .NET CLR 2.0.50727)"
88.138.188.8 - - [30/Dec/2010:21:40:53 +0100] "GET /im/lang1/cart_add.gif HTTP/1.1" 200 481 "http://www.fraicolo.fr/list.php?lang=1&path=149&page=0&sort=Article" "Mozilla/4.0 (compatible; MSIE 6.0; Windows NT 5.1; SV1; .NET CLR 2.0.50727)"
88.138.188.8 - - [30/Dec/2010:21:40:53 +0100] "GET /im/articles/AssortimentCocktail.JPG HTTP/1.1" 200 15355 "http://www.fraicolo.fr/list.php?lang=1&path=149&page=0&sort=Article" "Mozilla/4.0 (compatible; MSIE 6.0; Windows NT 5.1; SV1; .NET CLR 2.0.50727)"
88.138.188.8 - - [30/Dec/2010:21:40:53 +0100] "GET /im/articles/BlinisBIO.JPG HTTP/1.1" 200 36874 "http://www.fraicolo.fr/list.php?lang=1&path=149&page=0&sort=Article" "Mozilla/4.0 (compatible; MSIE 6.0; Windows NT 5.1; SV1; .NET CLR 2.0.50727)"
88.138.188.8 - - [30/Dec/2010:21:40:53 +0100] "GET /im/articles/CaviarAubergineBIO.JPG HTTP/1.1" 200 6946 "http://www.fraicolo.fr/list.php?lang=1&path=149&page=0&sort=Article" "Mozilla/4.0 (compatible; MSIE 6.0; Windows NT 5.1; SV1; .NET CLR 2.0.50727)"
88.138.188.8 - - [30/Dec/2010:21:40:54 +0100] "GET /im/articles/OlivesNoiresBIO.JPG HTTP/1.1" 200 20717 "http://www.fraicolo.fr/list.php?lang=1&path=149&page=0&sort=Article" "Mozilla/4.0 (compatible; MSIE 6.0; Windows NT 5.1; SV1; .NET CLR 2.0.50727)"
88.138.188.8 - - [30/Dec/2010:21:40:54 +0100] "GET /im/articles/OlivesVertesBIO.JPG HTTP/1.1" 200 12044 "http://www.fraicolo.fr/list.php?lang=1&path=149&page=0&sort=Article" "Mozilla/4.0 (compatible; MSIE 6.0; Windows NT 5.1; SV1; .NET CLR 2.0.50727)"
88.138.188.8 - - [30/Dec/2010:21:40:54 +0100] "GET /im/articles/RilletteTruiteBIO.JPG HTTP/1.1" 200 11362 "http://www.fraicolo.fr/list.php?lang=1&path=149&page=0&sort=Article" "Mozilla/4.0 (compatible; MSIE 6.0; Windows NT 5.1; SV1; .NET CLR 2.0.50727)"
88.138.188.8 - - [30/Dec/2010:21:40:54 +0100] "GET /im/articles/TaramaBIO.JPG HTTP/1.1" 200 9050 "http://www.fraicolo.fr/list.php?lang=1&path=149&page=0&sort=Article" "Mozilla/4.0 (compatible; MSIE 6.0; Windows NT 5.1; SV1; .NET CLR 2.0.50727)"
88.138.188.8 - - [30/Dec/2010:21:40:55 +0100] "GET /im/articles/Blinis.JPG HTTP/1.1" 200 26261 "http://www.fraicolo.fr/list.php?lang=1&path=149&page=0&sort=Article" "Mozilla/4.0 (compatible; MSIE 6.0; Windows NT 5.1; SV1; .NET CLR 2.0.50727)"
88.138.188.8 - - [30/Dec/2010:21:40:55 +0100] "GET /im/articles/MiniCroute.JPG HTTP/1.1" 200 5617 "http://www.fraicolo.fr/list.php?lang=1&path=149&page=0&sort=Article" "Mozilla/4.0 (compatible; MSIE 6.0; Windows NT 5.1; SV1; .NET CLR 2.0.50727)"
92.136.179.51 - - [30/Dec/2010:21:40:56 +0100] "GET /im/articles/ChipsTraiteur.JPG HTTP/1.1" 200 31181 "http://www.eternia-fr.net/news_903_film-13-le-maitre-de-l-illusion-zoroark-disponible-en-vostfr.html" "Mozilla/4.0 (compatible; MSIE 8.0; Windows NT 5.1; Trident/4.0; Orange 8.0; GTB6.6; .NET CLR 2.0.50727; .NET CLR 3.0.4506.2152; .NET CLR 3.5.30729)"
88.138.188.8 - - [30/Dec/2010:21:40:56 +0100] "GET /im/articles/BoucheeEscargot.JPG HTTP/1.1" 200 3998 "http://www.fraicolo.fr/list.php?lang=1&path=149&page=0&sort=Article" "Mozilla/4.0 (compatible; MSIE 6.0; Windows NT 5.1; SV1; .NET CLR 2.0.50727)"
88.138.188.8 - - [30/Dec/2010:21:40:56 +0100] "GET /im/articles/OliveDiabolo.JPG HTTP/1.1" 200 12369 "http://www.fraicolo.fr/list.php?lang=1&path=149&page=0&sort=Article" "Mozilla/4.0 (compatible; MSIE 6.0; Windows NT 5.1; SV1; .NET CLR 2.0.50727)"
88.138.188.8 - - [30/Dec/2010:21:40:56 +0100] "GET /im/articles/OliveProvencale.JPG HTTP/1.1" 200 4414 "http://www.fraicolo.fr/list.php?lang=1&path=149&page=0&sort=Article" "Mozilla/4.0 (compatible; MSIE 6.0; Windows NT 5.1; SV1; .NET CLR 2.0.50727)"
88.138.188.8 - - [30/Dec/2010:21:40:56 +0100] "GET /im/articles/OliveFromage.JPG HTTP/1.1" 200 31337 "http://www.fraicolo.fr/list.php?lang=1&path=149&page=0&sort=Article" "Mozilla/4.0 (compatible; MSIE 6.0; Windows NT 5.1; SV1; .NET CLR 2.0.50727)"
88.138.188.8 - - [30/Dec/2010:21:40:56 +0100] "GET /im/articles/PetitsFours.JPG HTTP/1.1" 200 40495 "http://www.fraicolo.fr/list.php?lang=1&path=149&page=0&sort=Article" "Mozilla/4.0 (compatible; MSIE 6.0; Windows NT 5.1; SV1; .NET CLR 2.0.50727)"
88.138.188.8 - - [30/Dec/2010:21:40:57 +0100] "GET /im/articles/Tapenade.JPG HTTP/1.1" 200 5779 "http://www.fraicolo.fr/list.php?lang=1&path=149&page=0&sort=Article" "Mozilla/4.0 (compatible; MSIE 6.0; Windows NT 5.1; SV1; .NET CLR 2.0.50727)"
88.138.188.8 - - [30/Dec/2010:21:40:57 +0100] "GET /im/articles/Tarama.JPG HTTP/1.1" 200 8598 "http://www.fraicolo.fr/list.php?lang=1&path=149&page=0&sort=Article" "Mozilla/4.0 (compatible; MSIE 6.0; Windows NT 5.1; SV1; .NET CLR 2.0.50727)"
88.138.188.8 - - [30/Dec/2010:21:40:57 +0100] "GET /im/cart.gif HTTP/1.1" 200 574 "http://www.fraicolo.fr/list.php?lang=1&path=149&page=0&sort=Article" "Mozilla/4.0 (compatible; MSIE 6.0; Windows NT 5.1; SV1; .NET CLR 2.0.50727)"
88.138.188.8 - - [30/Dec/2010:21:40:57 +0100] "GET /im/cart_rem.gif HTTP/1.1" 200 368 "http://www.fraicolo.fr/list.php?lang=1&path=149&page=0&sort=Article" "Mozilla/4.0 (compatible; MSIE 6.0; Windows NT 5.1; SV1; .NET CLR 2.0.50727)"
88.138.188.8 - - [30/Dec/2010:21:40:58 +0100] "GET /im/cart_out.gif HTTP/1.1" 200 1030 "http://www.fraicolo.fr/list.php?lang=1&path=149&page=0&sort=Article" "Mozilla/4.0 (compatible; MSIE 6.0; Windows NT 5.1; SV1; .NET CLR 2.0.50727)"
88.138.188.8 - - [30/Dec/2010:21:40:58 +0100] "GET /im/lang1/menu_infos.gif HTTP/1.1" 200 2010 "http://www.fraicolo.fr/list.php?lang=1&path=149&page=0&sort=Article" "Mozilla/4.0 (compatible; MSIE 6.0; Windows NT 5.1; SV1; .NET CLR 2.0.50727)"
88.138.188.8 - - [30/Dec/2010:21:40:58 +0100] "GET /im/lang1/menu_id.gif HTTP/1.1" 200 2056 "http://www.fraicolo.fr/list.php?lang=1&path=149&page=0&sort=Article" "Mozilla/4.0 (compatible; MSIE 6.0; Windows NT 5.1; SV1; .NET CLR 2.0.50727)"
88.138.188.8 - - [30/Dec/2010:21:40:58 +0100] "GET /im/ok.gif HTTP/1.1" 200 128 "http://www.fraicolo.fr/list.php?lang=1&path=149&page=0&sort=Article" "Mozilla/4.0 (compatible; MSIE 6.0; Windows NT 5.1; SV1; .NET CLR 2.0.50727)"
88.138.188.8 - - [30/Dec/2010:21:40:58 +0100] "GET /im/lang1/menu_caddie.gif HTTP/1.1" 200 2067 "http://www.fraicolo.fr/list.php?lang=1&path=149&page=0&sort=Article" "Mozilla/4.0 (compatible; MSIE 6.0; Windows NT 5.1; SV1; .NET CLR 2.0.50727)"
88.138.188.8 - - [30/Dec/2010:21:40:58 +0100] "GET /im/cart_opt.gif HTTP/1.1" 200 365 "http://www.fraicolo.fr/list.php?lang=1&path=149&page=0&sort=Article" "Mozilla/4.0 (compatible; MSIE 6.0; Windows NT 5.1; SV1; .NET CLR 2.0.50727)"
93.0.32.161 - - [30/Dec/2010:21:40:53 +0100] "GET /im/articles/Lasagne.JPG HTTP/1.1" 200 26926 "http://www.stereopoly.com/jeu/profil.php?id=844300" "Mozilla/4.0 (compatible; MSIE 7.0; Windows NT 6.0; SLCC1; .NET CLR 2.0.50727; Media Center PC 5.0; .NET CLR 3.0.30729; .NET CLR 3.5.30729; .NET4.0C; InfoPath.2)"
88.138.188.8 - - [30/Dec/2010:21:40:58 +0100] "GET /im/lang1/menu_devis.gif HTTP/1.1" 200 1958 "http://www.fraicolo.fr/list.php?lang=1&path=149&page=0&sort=Article" "Mozilla/4.0 (compatible; MSIE 6.0; Windows NT 5.1; SV1; .NET CLR 2.0.50727)"
88.138.188.8 - - [30/Dec/2010:21:40:58 +0100] "GET /im/lang1/menu_subscribe.gif HTTP/1.1" 200 1877 "http://www.fraicolo.fr/list.php?lang=1&path=149&page=0&sort=Article" "Mozilla/4.0 (compatible; MSIE 6.0; Windows NT 5.1; SV1; .NET CLR 2.0.50727)"
88.138.188.8 - - [30/Dec/2010:21:40:59 +0100] "GET /im/background/menuright.gif HTTP/1.1" 200 1832 "http://www.fraicolo.fr/list.php?lang=1&path=149&page=0&sort=Article" "Mozilla/4.0 (compatible; MSIE 6.0; Windows NT 5.1; SV1; .NET CLR 2.0.50727)"
85.170.239.226 - - [30/Dec/2010:21:41:00 +0100] "GET /im/articles/ChipsTraiteur.JPG HTTP/1.1" 200 31181 "http://www.eternia-fr.net/news_896_best-wishes-13-disponible-en-vostfr.html" "Mozilla/5.0 (Windows; U; Windows NT 6.0; fr; rv:1.9.2.13) Gecko/20101203 Firefox/3.6.13"
194.150.236.161 - - [30/Dec/2010:21:41:02 +0100] "HEAD /im/banner/Affiliation_Fraicolo_120x60.gif HTTP/1.1" 200 - "-" "-"
194.150.236.161 - - [30/Dec/2010:21:41:03 +0100] "GET /im/banner/Affiliation_Fraicolo_120x60.gif HTTP/1.1" 200 16471 "-" "PHP/5.2.6"
88.138.188.8 - - [30/Dec/2010:21:41:28 +0100] "GET /im/loader.gif HTTP/1.1" 200 1158 "http://www.fraicolo.fr/list.php?lang=1&path=149&page=0&sort=Article" "Mozilla/4.0 (compatible; MSIE 6.0; Windows NT 5.1; SV1; .NET CLR 2.0.50727)"
194.150.236.161 - - [30/Dec/2010:21:41:37 +0100] "HEAD /im/banner/Affiliation_Fraicolo_120x60.gif HTTP/1.1" 200 - "-" "-"
194.150.236.161 - - [30/Dec/2010:21:41:38 +0100] "GET /im/banner/Affiliation_Fraicolo_120x60.gif HTTP/1.1" 200 16471 "-" "PHP/5.2.6"
194.150.236.161 - - [30/Dec/2010:21:41:53 +0100] "HEAD /im/banner/Affiliation_Fraicolo_120x60.gif HTTP/1.1" 200 - "-" "-"
194.150.236.161 - - [30/Dec/2010:21:41:53 +0100] "GET /im/banner/Affiliation_Fraicolo_120x60.gif HTTP/1.1" 200 16471 "-" "PHP/5.2.6"
66.249.71.193 - - [30/Dec/2010:21:42:02 +0100] "GET /description.php?lang=1&id=1314&AdSearch=on HTTP/1.1" 200 12175 "-" "Mozilla/5.0 (compatible; Googlebot/2.1; +http://www.google.com/bot.html)"
66.249.71.6 - - [30/Dec/2010:21:42:02 +0100] "GET /categories.php?lang=e&path=77&num=84&action=e HTTP/1.1" 200 11834 "-" "Mozilla/5.0 (compatible; Googlebot/2.1; +http://www.google.com/bot.html)"
194.150.236.161 - - [30/Dec/2010:21:42:06 +0100] "HEAD /im/banner/Affiliation_Fraicolo_120x60.gif HTTP/1.1" 200 - "-" "-"
194.150.236.161 - - [30/Dec/2010:21:42:07 +0100] "GET /im/banner/Affiliation_Fraicolo_120x60.gif HTTP/1.1" 200 16471 "-" "PHP/5.2.6"
66.249.71.6 - - [30/Dec/2010:21:42:12 +0100] "GET /description.php?lang=1&path=155&sort=Prix&page=0&id=1664&AdSearch=on HTTP/1.1" 200 12347 "-" "Mozilla/5.0 (compatible; Googlebot/2.1; +http://www.google.com/bot.html)"
194.150.236.161 - - [30/Dec/2010:21:42:17 +0100] "HEAD /im/banner/Affiliation_Fraicolo_120x60.gif HTTP/1.1" 200 - "-" "-"
194.150.236.161 - - [30/Dec/2010:21:42:18 +0100] "GET /im/banner/Affiliation_Fraicolo_120x60.gif HTTP/1.1" 200 16471 "-" "PHP/5.2.6"
88.167.215.170 - - [30/Dec/2010:21:42:50 +0100] "GET /im/articles/ChipsTraiteur.JPG HTTP/1.1" 200 31181 "http://www.eternia-fr.net/news_903_film-13-le-maitre-de-l-illusion-zoroark-disponible-en-vostfr.html" "Mozilla/5.0 (Windows; U; Windows NT 5.1; fr; rv:1.9.0.19) Gecko/2010031422 AskTbFF/3.9.1.14019 Firefox/3.0.19 ( .NET CLR 3.5.30729)"
194.150.236.161 - - [30/Dec/2010:21:43:09 +0100] "HEAD /im/banner/Affiliation_Fraicolo_120x60.gif HTTP/1.1" 200 - "-" "-"
194.150.236.161 - - [30/Dec/2010:21:43:10 +0100] "GET /im/banner/Affiliation_Fraicolo_120x60.gif HTTP/1.1" 200 16471 "-" "PHP/5.2.6"
86.73.138.10 - - [30/Dec/2010:21:43:17 +0100] "GET /im/articles/ChipsTraiteur.JPG HTTP/1.1" 200 31181 "http://www.eternia-fr.net/news_903_film-13-le-maitre-de-l-illusion-zoroark-disponible-en-vostfr.html" "Mozilla/5.0 (iPod; U; CPU iPhone OS 3_1_2 like Mac OS X; fr-fr) AppleWebKit/528.18 (KHTML, like Gecko) Version/4.0 Mobile/7D11 Safari/528.16"
66.249.71.6 - - [30/Dec/2010:21:43:26 +0100] "GET /description.php?lang=1&sort=specials_last_day&id=295&target=promo HTTP/1.1" 200 11099 "-" "Mozilla/5.0 (compatible; Googlebot/2.1; +http://www.google.com/bot.html)"
82.232.33.141 - - [30/Dec/2010:21:43:27 +0100] "GET /im/articles/PetitsFours.JPG HTTP/1.1" 200 40495 "http://www.play-musculation.com/t2893p30-le-challenge-kara" "Mozilla/5.0 (Windows; U; Windows NT 6.0; fr; rv:1.9.2.13) Gecko/20101203 Firefox/3.6.13 ( .NET CLR 3.5.30729; .NET4.0C)"
193.252.118.174 - - [30/Dec/2010:21:43:46 +0100] "GET /description.php?lang=1&path=69&sort=Article&page=0&id=855 HTTP/1.1" 404 - "-" "Mozilla/5.0 (Windows; U; Windows NT 5.1; fr; rv:1.8.1) VoilaBot BETA 1.2 (support.voilabot@orange-ftgroup.com)"
24.200.10.210 - - [30/Dec/2010:21:44:09 +0100] "GET /im/articles/Maizena.JPG HTTP/1.1" 200 26365 "http://fr.answers.yahoo.com/question/index?qid=20081229073537AA1ximX" "Mozilla/4.0 (compatible; MSIE 8.0; Windows NT 5.1; Trident/4.0; GTB6.6; .NET CLR 2.0.50727; .NET CLR 3.5.30729)"
24.200.10.210 - - [30/Dec/2010:21:44:09 +0100] "GET /favicon.ico HTTP/1.1" 200 293 "-" "Mozilla/4.0 (compatible; MSIE 8.0; Windows NT 5.1; Trident/4.0; GTB6.6; .NET CLR 2.0.50727; .NET CLR 3.5.30729)"
207.46.13.140 - - [30/Dec/2010:21:44:17 +0100] "GET /robots.txt HTTP/1.1" 200 13 "-" "Mozilla/5.0 (compatible; bingbot/2.0; +http://www.bing.com/bingbot.htm)"
207.46.13.140 - - [30/Dec/2010:21:44:20 +0100] "GET /list.php?lang=n&path=125&num=24&action=n&sort=Article&page=0 HTTP/1.1" 200 11683 "-" "Mozilla/5.0 (compatible; bingbot/2.0; +http://www.bing.com/bingbot.htm)"
85.171.178.219 - - [30/Dec/2010:21:44:28 +0100] "GET /im/articles/ChipsTraiteur.JPG HTTP/1.1" 200 31181 "http://www.eternia-fr.net/news_903_film-13-le-maitre-de-l-illusion-zoroark-disponible-en-vostfr.html" "Mozilla/4.0 (compatible; MSIE 8.0; Windows NT 5.1; Trident/4.0; GTB6.6; .NET CLR 2.0.50727; .NET CLR 3.0.4506.2152; .NET CLR 3.5.30729)"
66.249.71.6 - - [30/Dec/2010:21:44:32 +0100] "GET /list.php?lang=1&sort=Article&page=0&tow=flash&target=promo&path=172&view=172 HTTP/1.1" 200 10388 "-" "Mozilla/5.0 (compatible; Googlebot/2.1; +http://www.google.com/bot.html)"
66.249.71.6 - - [30/Dec/2010:21:44:36 +0100] "GET /list.php?lang=1&path=65&sort=Les%20plus%20populaires&page=0 HTTP/1.1" 200 12254 "-" "Mozilla/5.0 (compatible; Googlebot/2.1; +http://www.google.com/bot.html)"
194.150.236.161 - - [30/Dec/2010:21:44:58 +0100] "HEAD /im/banner/Affiliation_Fraicolo_120x60.gif HTTP/1.1" 200 - "-" "-"
194.150.236.161 - - [30/Dec/2010:21:44:58 +0100] "GET /im/banner/Affiliation_Fraicolo_120x60.gif HTTP/1.1" 200 16471 "-" "PHP/5.2.6"
194.150.236.161 - - [30/Dec/2010:21:45:02 +0100] "HEAD /im/banner/Affiliation_Fraicolo_120x60.gif HTTP/1.1" 200 - "-" "-"
194.150.236.161 - - [30/Dec/2010:21:45:02 +0100] "GET /im/banner/Affiliation_Fraicolo_120x60.gif HTTP/1.1" 200 16471 "-" "PHP/5.2.6"
81.57.186.42 - - [30/Dec/2010:21:45:05 +0100] "GET /im/articles/MelonVert.JPG HTTP/1.1" 200 15164 "-" "Mozilla/5.0 (Windows; U; Windows NT 6.1; fr; rv:1.9.2.13) Gecko/20101203 Firefox/3.6.13"
67.195.112.48 - - [30/Dec/2010:21:45:05 +0100] "GET /description.php?lang=1&id=833 HTTP/1.0" 200 11170 "-" "Mozilla/5.0 (compatible; Yahoo! Slurp; http://help.yahoo.com/help/us/ysearch/slurp)"
194.150.236.161 - - [30/Dec/2010:21:45:10 +0100] "HEAD /im/banner/Affiliation_Fraicolo_120x60.gif HTTP/1.1" 200 - "-" "-"
194.150.236.161 - - [30/Dec/2010:21:45:11 +0100] "GET /im/banner/Affiliation_Fraicolo_120x60.gif HTTP/1.1" 200 16471 "-" "PHP/5.2.6"
89.158.8.198 - - [30/Dec/2010:21:45:20 +0100] "GET /im/articles/ChipsTraiteur.JPG HTTP/1.1" 200 31181 "http://www.eternia-fr.net/news_903_film-13-le-maitre-de-l-illusion-zoroark-disponible-en-vostfr.html" "Mozilla/5.0 (Windows; U; Windows NT 6.0; fr; rv:1.9.2.13) Gecko/20101203 Firefox/3.6.13 ( .NET CLR 3.5.30729; .NET4.0C)"
194.150.236.161 - - [30/Dec/2010:21:45:29 +0100] "HEAD /im/banner/Affiliation_Fraicolo_120x60.gif HTTP/1.1" 200 - "-" "-"
194.150.236.161 - - [30/Dec/2010:21:45:29 +0100] "GET /im/banner/Affiliation_Fraicolo_120x60.gif HTTP/1.1" 200 16471 "-" "PHP/5.2.6"
67.195.112.48 - - [30/Dec/2010:21:45:33 +0100] "GET /list.php?lang=1&path=101&num=2&action=n&sort=Article&page=0 HTTP/1.0" 200 11671 "-" "Mozilla/5.0 (compatible; Yahoo! Slurp; http://help.yahoo.com/help/us/ysearch/slurp)"
194.150.236.161 - - [30/Dec/2010:21:46:08 +0100] "HEAD /im/banner/Affiliation_Fraicolo_120x60.gif HTTP/1.1" 200 - "-" "-"
194.150.236.161 - - [30/Dec/2010:21:46:09 +0100] "GET /im/banner/Affiliation_Fraicolo_120x60.gif HTTP/1.1" 200 16471 "-" "PHP/5.2.6"
77.204.210.38 - - [30/Dec/2010:21:46:10 +0100] "GET /im/articles/ChipsTraiteur.JPG HTTP/1.1" 304 - "http://www.eternia-fr.net/news_903_film-13-le-maitre-de-l-illusion-zoroark-disponible-en-vostfr.html" "Mozilla/4.0 (compatible; MSIE 8.0; Windows NT 5.1; Trident/4.0; .NET CLR 2.0.50727; Hotbar 11.0.78.0; AskTbUT2V5/5.8.0.12304)"
66.249.71.6 - - [30/Dec/2010:21:46:24 +0100] "GET /list.php?lang=1&sort=Prix&page=0&target=promo&path=80&view=80&AdSearch=on HTTP/1.1" 200 13187 "-" "Mozilla/5.0 (compatible; Googlebot/2.1; +http://www.google.com/bot.html)"
41.105.60.171 - - [30/Dec/2010:21:46:30 +0100] "GET /im/articles/SodasCocaCola.JPG HTTP/1.1" 206 10898 "http://mon-amie.eklablog.com/" "Mozilla/5.0 (Windows; U; Windows NT 5.1; en-US) AppleWebKit/534.10 (KHTML, like Gecko) Chrome/8.0.552.224 Safari/534.10"
194.150.236.161 - - [30/Dec/2010:21:47:30 +0100] "HEAD /im/banner/Affiliation_Fraicolo_120x60.gif HTTP/1.1" 200 - "-" "-"
194.150.236.161 - - [30/Dec/2010:21:47:31 +0100] "GET /im/banner/Affiliation_Fraicolo_120x60.gif HTTP/1.1" 200 16471 "-" "PHP/5.2.6"
194.150.236.162 - - [30/Dec/2010:21:47:32 +0100] "HEAD /im/banner/Affiliation_Fraicolo_468x60.gif HTTP/1.1" 200 - "-" "-"
194.150.236.162 - - [30/Dec/2010:21:47:32 +0100] "GET /im/banner/Affiliation_Fraicolo_468x60.gif HTTP/1.0" 200 41076 "-" "-"
194.150.236.161 - - [30/Dec/2010:21:47:35 +0100] "HEAD /im/banner/Affiliation_Fraicolo_120x60.gif HTTP/1.1" 200 - "-" "-"
194.150.236.161 - - [30/Dec/2010:21:47:35 +0100] "GET /im/banner/Affiliation_Fraicolo_120x60.gif HTTP/1.1" 200 16471 "-" "PHP/5.2.6"
90.30.211.128 - - [30/Dec/2010:21:47:46 +0100] "GET /im/articles/CoquilleSaintJacques.JPG HTTP/1.1" 200 27941 "http://www.google.com/imgres?imgurl=http://www.fraicolo.fr/im/articles/CoquilleSaintJacques.JPG&imgrefurl=http://mariloujo.centerblog.net/rub-Cuisine-bretonne.html&usg=__6rRaePTBnzyUJBFqSHviukAvji8=&h=309&w=333&sz=28&hl=fr&start=134&zoom=1&itbs=1&tbnid=z1z2Ul_oKi5NyM:&tbnh=110&tbnw=119&prev=/images%3Fq%3Dcoquille%2Bsaint%2Bjacques%2Bdressage%26start%3D126%26hl%3Dfr%26sa%3DN%26gbv%3D2%26ndsp%3D21%26tbs%3Disch:1" "Mozilla/4.0 (compatible; MSIE 7.0; Windows NT 6.0; FBSMTWB; Mozilla/4.0 (compatible; MSIE 6.0; Windows NT 5.1; SV1) ; SLCC1; .NET CLR 2.0.50727; Media Center PC 5.0; .NET CLR 3.5.30729; .NET CLR 3.0.30729; .NET4.0C; OfficeLiveConnector.1.5; OfficeLivePatch.1.3)"
90.30.211.128 - - [30/Dec/2010:21:47:47 +0100] "GET /favicon.ico HTTP/1.1" 200 293 "-" "Mozilla/4.0 (compatible; MSIE 7.0; Windows NT 6.0; FBSMTWB; Mozilla/4.0 (compatible; MSIE 6.0; Windows NT 5.1; SV1) ; SLCC1; .NET CLR 2.0.50727; Media Center PC 5.0; .NET CLR 3.5.30729; .NET CLR 3.0.30729; .NET4.0C; OfficeLiveConnector.1.5; OfficeLivePatch.1.3)"
90.30.211.128 - - [30/Dec/2010:21:47:48 +0100] "GET /favicon.ico HTTP/1.1" 200 293 "-" "Mozilla/5.0 (compatible; Google Desktop/5.9.1005.12335; http://desktop.google.com/)"
212.194.191.45 - - [30/Dec/2010:21:47:51 +0100] "GET /im/articles/SodasCocaCola.JPG HTTP/1.1" 200 24471 "http://mon-amie.eklablog.com/salut-tout-le-mondes-a2406742" "Mozilla/4.0 (compatible; MSIE 7.0; Windows NT 5.1; .NET CLR 2.0.50727; AskTB5.6)"
81.65.220.170 - - [30/Dec/2010:21:48:04 +0100] "GET /im/articles/ChipsTraiteur.JPG HTTP/1.1" 200 31181 "http://www.eternia-fr.net/news_903_film-13-le-maitre-de-l-illusion-zoroark-disponible-en-vostfr.html" "Mozilla/5.0 (Windows; U; Windows NT 6.1; fr; rv:1.9.1.16) Gecko/20101130 Firefox/3.5.16 GTB7.0"
66.249.71.6 - - [30/Dec/2010:21:48:05 +0100] "GET /categories.php?lang=1&path=77&num=70&action=n&sort=Article HTTP/1.1" 200 11693 "-" "Mozilla/5.0 (compatible; Googlebot/2.1; +http://www.google.com/bot.html)"
79.85.20.148 - - [30/Dec/2010:21:48:07 +0100] "GET /list.php?lang=1&path=118&sort=Article&page=0 HTTP/1.1" 200 12900 "http://www.google.fr/imgres?imgurl=http://www.fraicolo.fr/im/articles/Andouillette-.JPG&imgrefurl=http://www.fraicolo.fr/list.php%3Flang%3D1%26path%3D118%26sort%3DArticle%26page%3D0&usg=__AVE08_ucscmIZcIU1jmHGXNnAj8=&h=341&w=566&sz=14&hl=fr&start=2&zoom=1&itbs=1&tbnid=PGXJ5IGwPKFJkM:&tbnh=81&tbnw=134&prev=/images%3Fq%3Dandouillettes%26hl%3Dfr%26sa%3DG%26gbv%3D2%26tbs%3Disch:1" "Mozilla/4.0 (compatible; MSIE 8.0; Windows NT 6.1; WOW64; Trident/4.0; FunWebProducts; GTB6.6; SLCC2; .NET CLR 2.0.50727; .NET CLR 3.5.30729; .NET CLR 3.0.30729; Media Center PC 6.0; OfficeLiveConnector.1.5; OfficeLivePatch.1.3; .NET4.0C)"
79.85.20.148 - - [30/Dec/2010:21:48:08 +0100] "GET /im/articles/Andouillette-.JPG HTTP/1.1" 200 13860 "http://www.google.fr/imgres?imgurl=http://www.fraicolo.fr/im/articles/Andouillette-.JPG&imgrefurl=http://www.fraicolo.fr/list.php%3Flang%3D1%26path%3D118%26sort%3DArticle%26page%3D0&usg=__AVE08_ucscmIZcIU1jmHGXNnAj8=&h=341&w=566&sz=14&hl=fr&start=2&zoom=1&itbs=1&tbnid=PGXJ5IGwPKFJkM:&tbnh=81&tbnw=134&prev=/images%3Fq%3Dandouillettes%26hl%3Dfr%26sa%3DG%26gbv%3D2%26tbs%3Disch:1" "Mozilla/4.0 (compatible; MSIE 8.0; Windows NT 6.1; WOW64; Trident/4.0; FunWebProducts; GTB6.6; SLCC2; .NET CLR 2.0.50727; .NET CLR 3.5.30729; .NET CLR 3.0.30729; Media Center PC 6.0; OfficeLiveConnector.1.5; OfficeLivePatch.1.3; .NET4.0C)"
79.85.20.148 - - [30/Dec/2010:21:48:09 +0100] "GET /favicon.ico HTTP/1.1" 200 293 "-" "Mozilla/4.0 (compatible; MSIE 8.0; Windows NT 6.1; WOW64; Trident/4.0; FunWebProducts; GTB6.6; SLCC2; .NET CLR 2.0.50727; .NET CLR 3.5.30729; .NET CLR 3.0.30729; Media Center PC 6.0; OfficeLiveConnector.1.5; OfficeLivePatch.1.3; .NET4.0C)"
77.193.129.126 - - [30/Dec/2010:21:48:23 +0100] "GET /im/articles/ChipsTraiteur.JPG HTTP/1.1" 304 - "http://www.eternia-fr.net/news_900_date-de-sortie-de-b-w-noms.html" "Mozilla/4.0 (compatible; MSIE 7.0; Windows NT 5.1; .NET CLR 2.0.50727; .NET CLR 3.0.04506.30; InfoPath.2)"
91.91.222.231 - - [30/Dec/2010:21:48:34 +0100] "GET /im/articles/BarquetteFraise.JPG HTTP/1.1" 200 60638 "http://www.mamanstestent.com/search/label/Elevage%20de%20nain" "Mozilla/5.0 (iPhone; U; CPU iPhone OS 4_1 like Mac OS X; fr-fr) AppleWebKit/532.9 (KHTML, like Gecko) Version/4.0.5 Mobile/8B117 Safari/6531.22.7"
79.85.20.148 - - [30/Dec/2010:21:48:43 +0100] "GET /list.php?lang=1&path=118&sort=Article&page=0 HTTP/1.1" 200 12900 "http://www.google.fr/imgres?imgurl=http://www.fraicolo.fr/im/articles/Andouillette-.JPG&imgrefurl=http://www.fraicolo.fr/list.php%3Flang%3D1%26path%3D118%26sort%3DArticle%26page%3D0&usg=__AVE08_ucscmIZcIU1jmHGXNnAj8=&h=341&w=566&sz=14&hl=fr&start=2&zoom=1&itbs=1&tbnid=PGXJ5IGwPKFJkM:&tbnh=81&tbnw=134&prev=/images%3Fq%3Dandouillettes%26hl%3Dfr%26sa%3DG%26gbv%3D2%26tbs%3Disch:1" "Mozilla/4.0 (compatible; MSIE 8.0; Windows NT 6.1; WOW64; Trident/4.0; FunWebProducts; GTB6.6; SLCC2; .NET CLR 2.0.50727; .NET CLR 3.5.30729; .NET CLR 3.0.30729; Media Center PC 6.0; OfficeLiveConnector.1.5; OfficeLivePatch.1.3; .NET4.0C)"
207.46.13.137 - - [30/Dec/2010:21:49:50 +0100] "GET /description.php?lang=1&path=153&id=1548 HTTP/1.1" 200 11105 "-" "Mozilla/5.0 (compatible; bingbot/2.0; +http://www.bing.com/bingbot.htm)"
66.249.71.193 - - [30/Dec/2010:21:50:00 +0100] "GET /description.php?lang=1&path=85&sort=Article&page=0&id=1216 HTTP/1.1" 200 11360 "-" "Mozilla/5.0 (compatible; Googlebot/2.1; +http://www.google.com/bot.html)"
87.64.166.219 - - [30/Dec/2010:21:50:37 +0100] "GET /im/articles/ChipsTraiteur.JPG HTTP/1.1" 200 31181 "http://www.eternia-fr.net/news_903_film-13-le-maitre-de-l-illusion-zoroark-disponible-en-vostfr.html" "Mozilla/5.0 (Windows; U; Windows NT 6.0; fr; rv:1.9.2) Gecko/20100115 Firefox/3.6 (.NET CLR 3.5.30729)"
194.150.236.161 - - [30/Dec/2010:21:50:46 +0100] "HEAD /im/banner/Affiliation_Fraicolo_120x60.gif HTTP/1.1" 200 - "-" "-"
220.181.108.80 - - [30/Dec/2010:21:50:46 +0100] "GET / HTTP/1.1" 302 1543 "-" "Baiduspider+(+http://www.baidu.com/search/spider.htm)"
194.150.236.161 - - [30/Dec/2010:21:50:46 +0100] "GET /im/banner/Affiliation_Fraicolo_120x60.gif HTTP/1.1" 200 16471 "-" "PHP/5.2.6"
220.181.108.82 - - [30/Dec/2010:21:50:47 +0100] "GET /catalog.php HTTP/1.1" 200 10910 "-" "Baiduspider+(+http://www.baidu.com/search/spider.htm)"
207.46.204.192 - - [30/Dec/2010:21:50:51 +0100] "GET /description.php?lang=1&path=128&sort=Article&page=0&id=559 HTTP/1.1" 200 11128 "-" "Mozilla/5.0 (compatible; bingbot/2.0; +http://www.bing.com/bingbot.htm)"
194.150.236.161 - - [30/Dec/2010:21:50:52 +0100] "HEAD /im/banner/Affiliation_Fraicolo_120x60.gif HTTP/1.1" 200 - "-" "-"
194.150.236.161 - - [30/Dec/2010:21:50:52 +0100] "GET /im/banner/Affiliation_Fraicolo_120x60.gif HTTP/1.1" 200 16471 "-" "PHP/5.2.6"
66.249.71.6 - - [30/Dec/2010:21:50:54 +0100] "GET /description.php?lang=1&id=210&AdSearch=on HTTP/1.1" 200 12311 "-" "Mozilla/5.0 (compatible; Googlebot/2.1; +http://www.google.com/bot.html)"
67.195.112.48 - - [30/Dec/2010:21:51:24 +0100] "GET /description.php?lang=1&id=1551 HTTP/1.0" 200 11116 "-" "Mozilla/5.0 (compatible; Yahoo! Slurp; http://help.yahoo.com/help/us/ysearch/slurp)"
194.150.236.162 - - [30/Dec/2010:21:51:54 +0100] "HEAD /im/banner/Affiliation_Fraicolo_720x90.gif HTTP/1.1" 200 - "-" "-"
194.150.236.162 - - [30/Dec/2010:21:51:55 +0100] "GET /im/banner/Affiliation_Fraicolo_720x90.gif HTTP/1.0" 200 58877 "-" "-"
85.171.156.120 - - [30/Dec/2010:21:52:18 +0100] "GET /css/scss.css HTTP/1.1" 200 3683 "http://www.fraicolo.fr/printAll.php" "Mozilla/5.0 (Windows; U; Windows NT 6.1; en-US) AppleWebKit/534.10 (KHTML, like Gecko) Chrome/8.0.552.224 Safari/534.10"
85.171.156.120 - - [30/Dec/2010:21:52:18 +0100] "GET /includes/popImage.js HTTP/1.1" 200 1233 "http://www.fraicolo.fr/printAll.php" "Mozilla/5.0 (Windows; U; Windows NT 6.1; en-US) AppleWebKit/534.10 (KHTML, like Gecko) Chrome/8.0.552.224 Safari/534.10"
85.171.156.120 - - [30/Dec/2010:21:52:18 +0100] "GET /style.css HTTP/1.1" 404 - "http://www.fraicolo.fr/printAll.php" "Mozilla/5.0 (Windows; U; Windows NT 6.1; en-US) AppleWebKit/534.10 (KHTML, like Gecko) Chrome/8.0.552.224 Safari/534.10"
85.171.156.120 - - [30/Dec/2010:21:52:16 +0100] "GET /printAll.php HTTP/1.1" 200 82625 "http://www.google.fr/imgres?imgurl=http://www.fraicolo.fr/im/articles/PetitsFours.JPG&imgrefurl=http://www.fraicolo.fr/printAll.php&usg=__iOXomOOYMhGLhx_e7rwkWwJ0ph0=&h=315&w=426&sz=40&hl=fr&start=5&zoom=1&um=1&itbs=1&tbnid=i6q4OZEqeHPbyM:&tbnh=93&tbnw=126&prev=/images%3Fq%3Dpetits%2Bfour%26um%3D1%26hl%3Dfr%26sa%3DN%26tbs%3Disch:1" "Mozilla/5.0 (Windows; U; Windows NT 6.1; en-US) AppleWebKit/534.10 (KHTML, like Gecko) Chrome/8.0.552.224 Safari/534.10"
85.171.156.120 - - [30/Dec/2010:21:52:19 +0100] "GET /im/logo.gif HTTP/1.1" 200 6210 "http://www.fraicolo.fr/printAll.php" "Mozilla/5.0 (Windows; U; Windows NT 6.1; en-US) AppleWebKit/534.10 (KHTML, like Gecko) Chrome/8.0.552.224 Safari/534.10"
85.171.156.120 - - [30/Dec/2010:21:52:19 +0100] "GET /im/background/bg_green.gif HTTP/1.1" 200 2395 "http://www.fraicolo.fr/printAll.php" "Mozilla/5.0 (Windows; U; Windows NT 6.1; en-US) AppleWebKit/534.10 (KHTML, like Gecko) Chrome/8.0.552.224 Safari/534.10"
85.171.156.120 - - [30/Dec/2010:21:52:19 +0100] "GET /im/print.gif HTTP/1.1" 200 722 "http://www.fraicolo.fr/printAll.php" "Mozilla/5.0 (Windows; U; Windows NT 6.1; en-US) AppleWebKit/534.10 (KHTML, like Gecko) Chrome/8.0.552.224 Safari/534.10"
85.171.156.120 - - [30/Dec/2010:21:52:19 +0100] "GET /im/fleche_right.gif HTTP/1.1" 200 58 "http://www.fraicolo.fr/printAll.php" "Mozilla/5.0 (Windows; U; Windows NT 6.1; en-US) AppleWebKit/534.10 (KHTML, like Gecko) Chrome/8.0.552.224 Safari/534.10"
85.171.156.120 - - [30/Dec/2010:21:52:19 +0100] "GET /im/articles/PanierBIO.JPG HTTP/1.1" 200 27410 "http://www.fraicolo.fr/printAll.php" "Mozilla/5.0 (Windows; U; Windows NT 6.1; en-US) AppleWebKit/534.10 (KHTML, like Gecko) Chrome/8.0.552.224 Safari/534.10"
85.171.156.120 - - [30/Dec/2010:21:52:19 +0100] "GET /im/articles/PanierFL.JPG HTTP/1.1" 200 13817 "http://www.fraicolo.fr/printAll.php" "Mozilla/5.0 (Windows; U; Windows NT 6.1; en-US) AppleWebKit/534.10 (KHTML, like Gecko) Chrome/8.0.552.224 Safari/534.10"
85.171.156.120 - - [30/Dec/2010:21:52:20 +0100] "GET /im/articles/PanierFromagesLegumes4.jpg HTTP/1.1" 200 9881 "http://www.fraicolo.fr/printAll.php" "Mozilla/5.0 (Windows; U; Windows NT 6.1; en-US) AppleWebKit/534.10 (KHTML, like Gecko) Chrome/8.0.552.224 Safari/534.10"
85.171.156.120 - - [30/Dec/2010:21:52:20 +0100] "GET /im/articles/PanierLegume.JPG HTTP/1.1" 200 23093 "http://www.fraicolo.fr/printAll.php" "Mozilla/5.0 (Windows; U; Windows NT 6.1; en-US) AppleWebKit/534.10 (KHTML, like Gecko) Chrome/8.0.552.224 Safari/534.10"
85.171.156.120 - - [30/Dec/2010:21:52:20 +0100] "GET /im/articles/PanierFruit.JPG HTTP/1.1" 200 27874 "http://www.fraicolo.fr/printAll.php" "Mozilla/5.0 (Windows; U; Windows NT 6.1; en-US) AppleWebKit/534.10 (KHTML, like Gecko) Chrome/8.0.552.224 Safari/534.10"
85.171.156.120 - - [30/Dec/2010:21:52:20 +0100] "GET /im/articles/Tarama.JPG HTTP/1.1" 200 8598 "http://www.fraicolo.fr/printAll.php" "Mozilla/5.0 (Windows; U; Windows NT 6.1; en-US) AppleWebKit/534.10 (KHTML, like Gecko) Chrome/8.0.552.224 Safari/534.10"
85.171.156.120 - - [30/Dec/2010:21:52:20 +0100] "GET /im/articles/Tapenade.JPG HTTP/1.1" 200 5779 "http://www.fraicolo.fr/printAll.php" "Mozilla/5.0 (Windows; U; Windows NT 6.1; en-US) AppleWebKit/534.10 (KHTML, like Gecko) Chrome/8.0.552.224 Safari/534.10"
85.171.156.120 - - [30/Dec/2010:21:52:20 +0100] "GET /im/articles/OliveFromage.JPG HTTP/1.1" 200 31337 "http://www.fraicolo.fr/printAll.php" "Mozilla/5.0 (Windows; U; Windows NT 6.1; en-US) AppleWebKit/534.10 (KHTML, like Gecko) Chrome/8.0.552.224 Safari/534.10"
85.171.156.120 - - [30/Dec/2010:21:52:20 +0100] "GET /im/articles/OliveProvencale.JPG HTTP/1.1" 200 4414 "http://www.fraicolo.fr/printAll.php" "Mozilla/5.0 (Windows; U; Windows NT 6.1; en-US) AppleWebKit/534.10 (KHTML, like Gecko) Chrome/8.0.552.224 Safari/534.10"
85.171.156.120 - - [30/Dec/2010:21:52:20 +0100] "GET /im/articles/OliveDiabolo.JPG HTTP/1.1" 200 12369 "http://www.fraicolo.fr/printAll.php" "Mozilla/5.0 (Windows; U; Windows NT 6.1; en-US) AppleWebKit/534.10 (KHTML, like Gecko) Chrome/8.0.552.224 Safari/534.10"
85.171.156.120 - - [30/Dec/2010:21:52:20 +0100] "GET /im/articles/PetitsFours.JPG HTTP/1.1" 200 40495 "http://www.fraicolo.fr/printAll.php" "Mozilla/5.0 (Windows; U; Windows NT 6.1; en-US) AppleWebKit/534.10 (KHTML, like Gecko) Chrome/8.0.552.224 Safari/534.10"
85.171.156.120 - - [30/Dec/2010:21:52:21 +0100] "GET /im/articles/BoucheeEscargot.JPG HTTP/1.1" 200 3998 "http://www.fraicolo.fr/printAll.php" "Mozilla/5.0 (Windows; U; Windows NT 6.1; en-US) AppleWebKit/534.10 (KHTML, like Gecko) Chrome/8.0.552.224 Safari/534.10"
85.171.156.120 - - [30/Dec/2010:21:52:21 +0100] "GET /im/articles/Blinis.JPG HTTP/1.1" 200 26261 "http://www.fraicolo.fr/printAll.php" "Mozilla/5.0 (Windows; U; Windows NT 6.1; en-US) AppleWebKit/534.10 (KHTML, like Gecko) Chrome/8.0.552.224 Safari/534.10"
85.171.156.120 - - [30/Dec/2010:21:52:21 +0100] "GET /im/articles/MiniCroute.JPG HTTP/1.1" 200 5617 "http://www.fraicolo.fr/printAll.php" "Mozilla/5.0 (Windows; U; Windows NT 6.1; en-US) AppleWebKit/534.10 (KHTML, like Gecko) Chrome/8.0.552.224 Safari/534.10"
85.171.156.120 - - [30/Dec/2010:21:52:21 +0100] "GET /im/articles/TaramaBIO.JPG HTTP/1.1" 200 9050 "http://www.fraicolo.fr/printAll.php" "Mozilla/5.0 (Windows; U; Windows NT 6.1; en-US) AppleWebKit/534.10 (KHTML, like Gecko) Chrome/8.0.552.224 Safari/534.10"
85.171.156.120 - - [30/Dec/2010:21:52:21 +0100] "GET /im/articles/RilletteTruiteBIO.JPG HTTP/1.1" 200 11362 "http://www.fraicolo.fr/printAll.php" "Mozilla/5.0 (Windows; U; Windows NT 6.1; en-US) AppleWebKit/534.10 (KHTML, like Gecko) Chrome/8.0.552.224 Safari/534.10"
85.171.156.120 - - [30/Dec/2010:21:52:21 +0100] "GET /im/articles/OlivesVertesBIO.JPG HTTP/1.1" 200 12044 "http://www.fraicolo.fr/printAll.php" "Mozilla/5.0 (Windows; U; Windows NT 6.1; en-US) AppleWebKit/534.10 (KHTML, like Gecko) Chrome/8.0.552.224 Safari/534.10"
85.171.156.120 - - [30/Dec/2010:21:52:21 +0100] "GET /im/articles/OlivesNoiresBIO.JPG HTTP/1.1" 200 20717 "http://www.fraicolo.fr/printAll.php" "Mozilla/5.0 (Windows; U; Windows NT 6.1; en-US) AppleWebKit/534.10 (KHTML, like Gecko) Chrome/8.0.552.224 Safari/534.10"
85.171.156.120 - - [30/Dec/2010:21:52:21 +0100] "GET /im/articles/BlinisBIO.JPG HTTP/1.1" 200 36874 "http://www.fraicolo.fr/printAll.php" "Mozilla/5.0 (Windows; U; Windows NT 6.1; en-US) AppleWebKit/534.10 (KHTML, like Gecko) Chrome/8.0.552.224 Safari/534.10"
85.171.156.120 - - [30/Dec/2010:21:52:21 +0100] "GET /im/articles/CaviarAubergineBIO.JPG HTTP/1.1" 200 6946 "http://www.fraicolo.fr/printAll.php" "Mozilla/5.0 (Windows; U; Windows NT 6.1; en-US) AppleWebKit/534.10 (KHTML, like Gecko) Chrome/8.0.552.224 Safari/534.10"
85.171.156.120 - - [30/Dec/2010:21:52:21 +0100] "GET /im/articles/AssortimentCocktail.JPG HTTP/1.1" 200 15355 "http://www.fraicolo.fr/printAll.php" "Mozilla/5.0 (Windows; U; Windows NT 6.1; en-US) AppleWebKit/534.10 (KHTML, like Gecko) Chrome/8.0.552.224 Safari/534.10"
85.171.156.120 - - [30/Dec/2010:21:52:21 +0100] "GET /im/articles/AndouilleGuem.JPG HTTP/1.1" 200 4996 "http://www.fraicolo.fr/printAll.php" "Mozilla/5.0 (Windows; U; Windows NT 6.1; en-US) AppleWebKit/534.10 (KHTML, like Gecko) Chrome/8.0.552.224 Safari/534.10"
85.171.156.120 - - [30/Dec/2010:21:52:21 +0100] "GET /im/articles/TourteChampignon.JPG HTTP/1.1" 200 11200 "http://www.fraicolo.fr/printAll.php" "Mozilla/5.0 (Windows; U; Windows NT 6.1; en-US) AppleWebKit/534.10 (KHTML, like Gecko) Chrome/8.0.552.224 Safari/534.10"
85.171.156.120 - - [30/Dec/2010:21:52:21 +0100] "GET /im/articles/SaucissonBrioche.JPG HTTP/1.1" 200 5639 "http://www.fraicolo.fr/printAll.php" "Mozilla/5.0 (Windows; U; Windows NT 6.1; en-US) AppleWebKit/534.10 (KHTML, like Gecko) Chrome/8.0.552.224 Safari/534.10"
85.171.156.120 - - [30/Dec/2010:21:52:21 +0100] "GET /im/articles/SaucissonBriocheLyonnais.JPG HTTP/1.1" 200 25702 "http://www.fraicolo.fr/printAll.php" "Mozilla/5.0 (Windows; U; Windows NT 6.1; en-US) AppleWebKit/534.10 (KHTML, like Gecko) Chrome/8.0.552.224 Safari/534.10"
85.171.156.120 - - [30/Dec/2010:21:52:21 +0100] "GET /im/articles/Samoussa.JPG HTTP/1.1" 200 24380 "http://www.fraicolo.fr/printAll.php" "Mozilla/5.0 (Windows; U; Windows NT 6.1; en-US) AppleWebKit/534.10 (KHTML, like Gecko) Chrome/8.0.552.224 Safari/534.10"
85.171.156.120 - - [30/Dec/2010:21:52:21 +0100] "GET /im/articles/FeuilleteItalien.JPG HTTP/1.1" 200 11421 "http://www.fraicolo.fr/printAll.php" "Mozilla/5.0 (Windows; U; Windows NT 6.1; en-US) AppleWebKit/534.10 (KHTML, like Gecko) Chrome/8.0.552.224 Safari/534.10"
85.171.156.120 - - [30/Dec/2010:21:52:21 +0100] "GET /im/articles/CakeThon.JPG HTTP/1.1" 200 24359 "http://www.fraicolo.fr/printAll.php" "Mozilla/5.0 (Windows; U; Windows NT 6.1; en-US) AppleWebKit/534.10 (KHTML, like Gecko) Chrome/8.0.552.224 Safari/534.10"
85.171.156.120 - - [30/Dec/2010:21:52:22 +0100] "GET /favicon.ico HTTP/1.1" 200 293 "-" "Mozilla/5.0 (Windows; U; Windows NT 6.1; en-US) AppleWebKit/534.10 (KHTML, like Gecko) Chrome/8.0.552.224 Safari/534.10"
89.86.151.175 - - [30/Dec/2010:21:53:11 +0100] "GET /im/articles/ChipsTraiteur.JPG HTTP/1.1" 200 31181 "http://www.eternia-fr.net/news_900_date-de-sortie-de-b-w-noms.html" "Mozilla/4.0 (compatible; MSIE 8.0; Windows NT 6.1; WOW64; Trident/4.0; GTB6.3; SLCC2; .NET CLR 2.0.50727; .NET CLR 3.5.30729; .NET CLR 3.0.30729; Media Center PC 6.0; ShopperReports 3.0.491.0; SRS_IT_E8790574BC765F5B32AB90; .NET4.0C; .NET CLR 1.1.4322)"
83.195.59.147 - - [30/Dec/2010:21:53:43 +0100] "GET /im/articles/ChipsTraiteur.JPG HTTP/1.1" 200 31181 "http://www.eternia-fr.net/news_899_best-wishes-14-disponible-en-vostfr.html" "Mozilla/5.0 (Windows; U; Windows NT 5.1; fr; rv:1.9.0.19) Gecko/2010031422 Firefox/3.0.19 (.NET CLR 3.5.30729)"
81.249.85.31 - - [30/Dec/2010:21:53:47 +0100] "GET /favicon.ico HTTP/1.0" 200 1150 "-" "Safari/6533.19.4 CFNetwork/454.11.5 Darwin/10.5.0 (i386) (iMac6%2C1)"
66.249.71.6 - - [30/Dec/2010:21:54:05 +0100] "GET /description.php?lang=1&id=697&sort=Article&page=0&path=79&AdSearch=on HTTP/1.1" 404 - "-" "Mozilla/5.0 (compatible; Googlebot/2.1; +http://www.google.com/bot.html)"
