90.38.54.8 - - [30/Dec/2010:22:18:24 +0100] "GET /im/background/bg_green.gif HTTP/1.1" 200 2395 "http://www.fraicolo.fr/css/scss.css" "Mozilla/5.0 (Windows; U; Windows NT 5.1; fr; rv:1.9.2.13) Gecko/20101203 Firefox/3.6.13 GTB7.1 ( .NET CLR 3.5.30729)"
90.29.80.189 - - [30/Dec/2010:22:18:24 +0100] "GET /includes/menu/plus.gif HTTP/1.1" 304 - "http://fraicolo.fr/categories.php?lang=1&path=88&num=76&action=e&sort=Article&page=0" "Mozilla/4.0 (compatible; MSIE 6.0; Windows NT 5.1; SV1; GTB6.6; AskTbPTF/5.9.1.14019)"
90.29.80.189 - - [30/Dec/2010:22:18:24 +0100] "GET /im/background/module_left.gif HTTP/1.1" 304 - "http://fraicolo.fr/categories.php?lang=1&path=88&num=76&action=e&sort=Article&page=0" "Mozilla/4.0 (compatible; MSIE 6.0; Windows NT 5.1; SV1; GTB6.6; AskTbPTF/5.9.1.14019)"
90.38.54.8 - - [30/Dec/2010:22:18:24 +0100] "GET /im/path.gif HTTP/1.1" 200 363 "http://www.fraicolo.fr/list.php?lang=1&path=149&page=0&sort=Article" "Mozilla/5.0 (Windows; U; Windows NT 5.1; fr; rv:1.9.2.13) Gecko/20101203 Firefox/3.6.13 GTB7.1 ( .NET CLR 3.5.30729)"
90.38.54.8 - - [30/Dec/2010:22:18:24 +0100] "GET /im/lang1/menu_search.gif HTTP/1.1" 200 1955 "http://www.fraicolo.fr/list.php?lang=1&path=149&page=0&sort=Article" "Mozilla/5.0 (Windows; U; Windows NT 5.1; fr; rv:1.9.2.13) Gecko/20101203 Firefox/3.6.13 GTB7.1 ( .NET CLR 3.5.30729)"
90.38.54.8 - - [30/Dec/2010:22:18:24 +0100] "GET /im/search.gif HTTP/1.1" 200 681 "http://www.fraicolo.fr/list.php?lang=1&path=149&page=0&sort=Article" "Mozilla/5.0 (Windows; U; Windows NT 5.1; fr; rv:1.9.2.13) Gecko/20101203 Firefox/3.6.13 GTB7.1 ( .NET CLR 3.5.30729)"
90.38.54.8 - - [30/Dec/2010:22:18:24 +0100] "GET /includes/menu/plus.gif HTTP/1.1" 200 71 "http://www.fraicolo.fr/list.php?lang=1&path=149&page=0&sort=Article" "Mozilla/5.0 (Windows; U; Windows NT 5.1; fr; rv:1.9.2.13) Gecko/20101203 Firefox/3.6.13 GTB7.1 ( .NET CLR 3.5.30729)"
90.29.80.189 - - [30/Dec/2010:22:18:24 +0100] "GET /im/lang1/menu_com.gif HTTP/1.1" 304 - "http://fraicolo.fr/categories.php?lang=1&path=88&num=76&action=e&sort=Article&page=0" "Mozilla/4.0 (compatible; MSIE 6.0; Windows NT 5.1; SV1; GTB6.6; AskTbPTF/5.9.1.14019)"
90.29.80.189 - - [30/Dec/2010:22:18:24 +0100] "GET /im/payment.gif HTTP/1.1" 304 - "http://fraicolo.fr/categories.php?lang=1&path=88&num=76&action=e&sort=Article&page=0" "Mozilla/4.0 (compatible; MSIE 6.0; Windows NT 5.1; SV1; GTB6.6; AskTbPTF/5.9.1.14019)"
90.29.80.189 - - [30/Dec/2010:22:18:24 +0100] "GET /im/zzz_gris.gif HTTP/1.1" 304 - "http://fraicolo.fr/categories.php?lang=1&path=88&num=76&action=e&sort=Article&page=0" "Mozilla/4.0 (compatible; MSIE 6.0; Windows NT 5.1; SV1; GTB6.6; AskTbPTF/5.9.1.14019)"
90.29.80.189 - - [30/Dec/2010:22:18:24 +0100] "GET /im/path.gif HTTP/1.1" 200 363 "http://fraicolo.fr/categories.php?lang=1&path=88&num=76&action=e&sort=Article&page=0" "Mozilla/4.0 (compatible; MSIE 6.0; Windows NT 5.1; SV1; GTB6.6; AskTbPTF/5.9.1.14019)"
90.29.80.189 - - [30/Dec/2010:22:18:24 +0100] "GET /im/articles/ConfitureBIOMyrtille.JPG HTTP/1.1" 200 10087 "http://fraicolo.fr/categories.php?lang=1&path=88&num=76&action=e&sort=Article&page=0" "Mozilla/4.0 (compatible; MSIE 6.0; Windows NT 5.1; SV1; GTB6.6; AskTbPTF/5.9.1.14019)"
90.38.54.8 - - [30/Dec/2010:22:18:23 +0100] "GET /im/banner/bannercorporate1.jpg HTTP/1.1" 200 44430 "http://www.fraicolo.fr/list.php?lang=1&path=149&page=0&sort=Article" "Mozilla/5.0 (Windows; U; Windows NT 5.1; fr; rv:1.9.2.13) Gecko/20101203 Firefox/3.6.13 GTB7.1 ( .NET CLR 3.5.30729)"
90.29.80.189 - - [30/Dec/2010:22:18:24 +0100] "GET /im/background/bg_green.gif HTTP/1.1" 304 - "http://fraicolo.fr/categories.php?lang=1&path=88&num=76&action=e&sort=Article&page=0" "Mozilla/4.0 (compatible; MSIE 6.0; Windows NT 5.1; SV1; GTB6.6; AskTbPTF/5.9.1.14019)"
90.38.54.8 - - [30/Dec/2010:22:18:24 +0100] "GET /im/lang1/menu_com.gif HTTP/1.1" 200 2071 "http://www.fraicolo.fr/list.php?lang=1&path=149&page=0&sort=Article" "Mozilla/5.0 (Windows; U; Windows NT 5.1; fr; rv:1.9.2.13) Gecko/20101203 Firefox/3.6.13 GTB7.1 ( .NET CLR 3.5.30729)"
90.38.54.8 - - [30/Dec/2010:22:18:24 +0100] "GET /im/payment.gif HTTP/1.1" 200 2578 "http://www.fraicolo.fr/list.php?lang=1&path=149&page=0&sort=Article" "Mozilla/5.0 (Windows; U; Windows NT 5.1; fr; rv:1.9.2.13) Gecko/20101203 Firefox/3.6.13 GTB7.1 ( .NET CLR 3.5.30729)"
90.38.54.8 - - [30/Dec/2010:22:18:24 +0100] "GET /im/fleche_bottom.gif HTTP/1.1" 200 57 "http://www.fraicolo.fr/css/scss.css" "Mozilla/5.0 (Windows; U; Windows NT 5.1; fr; rv:1.9.2.13) Gecko/20101203 Firefox/3.6.13 GTB7.1 ( .NET CLR 3.5.30729)"
90.38.54.8 - - [30/Dec/2010:22:18:24 +0100] "GET /im/background/menuleft.gif HTTP/1.1" 200 1837 "http://www.fraicolo.fr/css/scss.css" "Mozilla/5.0 (Windows; U; Windows NT 5.1; fr; rv:1.9.2.13) Gecko/20101203 Firefox/3.6.13 GTB7.1 ( .NET CLR 3.5.30729)"
90.29.80.189 - - [30/Dec/2010:22:18:24 +0100] "GET /im/stockok.gif HTTP/1.1" 304 - "http://fraicolo.fr/categories.php?lang=1&path=88&num=76&action=e&sort=Article&page=0" "Mozilla/4.0 (compatible; MSIE 6.0; Windows NT 5.1; SV1; GTB6.6; AskTbPTF/5.9.1.14019)"
90.29.80.189 - - [30/Dec/2010:22:18:24 +0100] "GET /im/articles/PetitBeurre.JPG HTTP/1.1" 200 47114 "http://fraicolo.fr/categories.php?lang=1&path=88&num=76&action=e&sort=Article&page=0" "Mozilla/4.0 (compatible; MSIE 6.0; Windows NT 5.1; SV1; GTB6.6; AskTbPTF/5.9.1.14019)"
90.29.80.189 - - [30/Dec/2010:22:18:24 +0100] "GET /im/articles/Cookies.JPG HTTP/1.1" 200 32892 "http://fraicolo.fr/categories.php?lang=1&path=88&num=76&action=e&sort=Article&page=0" "Mozilla/4.0 (compatible; MSIE 6.0; Windows NT 5.1; SV1; GTB6.6; AskTbPTF/5.9.1.14019)"
90.29.80.189 - - [30/Dec/2010:22:18:24 +0100] "GET /im/articles/CompBioPommeBanane.JPG HTTP/1.1" 304 - "http://fraicolo.fr/categories.php?lang=1&path=88&num=76&action=e&sort=Article&page=0" "Mozilla/4.0 (compatible; MSIE 6.0; Windows NT 5.1; SV1; GTB6.6; AskTbPTF/5.9.1.14019)"
90.38.54.8 - - [30/Dec/2010:22:18:24 +0100] "GET /im/articles/AndouilleGuem.JPG HTTP/1.1" 200 4996 "http://www.fraicolo.fr/list.php?lang=1&path=149&page=0&sort=Article" "Mozilla/5.0 (Windows; U; Windows NT 5.1; fr; rv:1.9.2.13) Gecko/20101203 Firefox/3.6.13 GTB7.1 ( .NET CLR 3.5.30729)"
90.29.80.189 - - [30/Dec/2010:22:18:24 +0100] "GET /im/articles/TarteCitron.JPG HTTP/1.1" 304 - "http://fraicolo.fr/categories.php?lang=1&path=88&num=76&action=e&sort=Article&page=0" "Mozilla/4.0 (compatible; MSIE 6.0; Windows NT 5.1; SV1; GTB6.6; AskTbPTF/5.9.1.14019)"
90.29.80.189 - - [30/Dec/2010:22:18:24 +0100] "GET /im/fleche_bottom.gif HTTP/1.1" 200 57 "http://fraicolo.fr/categories.php?lang=1&path=88&num=76&action=e&sort=Article&page=0" "Mozilla/4.0 (compatible; MSIE 6.0; Windows NT 5.1; SV1; GTB6.6; AskTbPTF/5.9.1.14019)"
90.38.54.8 - - [30/Dec/2010:22:18:24 +0100] "GET /im/stockok.gif HTTP/1.1" 200 920 "http://www.fraicolo.fr/list.php?lang=1&path=149&page=0&sort=Article" "Mozilla/5.0 (Windows; U; Windows NT 5.1; fr; rv:1.9.2.13) Gecko/20101203 Firefox/3.6.13 GTB7.1 ( .NET CLR 3.5.30729)"
90.38.54.8 - - [30/Dec/2010:22:18:24 +0100] "GET /im/articles/AssortimentCocktail.JPG HTTP/1.1" 200 15355 "http://www.fraicolo.fr/list.php?lang=1&path=149&page=0&sort=Article" "Mozilla/5.0 (Windows; U; Windows NT 5.1; fr; rv:1.9.2.13) Gecko/20101203 Firefox/3.6.13 GTB7.1 ( .NET CLR 3.5.30729)"
90.29.80.189 - - [30/Dec/2010:22:18:24 +0100] "GET /im/articles/ConfitureBIOFraise.JPG HTTP/1.1" 304 - "http://fraicolo.fr/categories.php?lang=1&path=88&num=76&action=e&sort=Article&page=0" "Mozilla/4.0 (compatible; MSIE 6.0; Windows NT 5.1; SV1; GTB6.6; AskTbPTF/5.9.1.14019)"
90.38.54.8 - - [30/Dec/2010:22:18:24 +0100] "GET /im/articles/CaviarAubergineBIO.JPG HTTP/1.1" 200 6946 "http://www.fraicolo.fr/list.php?lang=1&path=149&page=0&sort=Article" "Mozilla/5.0 (Windows; U; Windows NT 5.1; fr; rv:1.9.2.13) Gecko/20101203 Firefox/3.6.13 GTB7.1 ( .NET CLR 3.5.30729)"
90.38.54.8 - - [30/Dec/2010:22:18:24 +0100] "GET /im/articles/BlinisBIO.JPG HTTP/1.1" 200 36874 "http://www.fraicolo.fr/list.php?lang=1&path=149&page=0&sort=Article" "Mozilla/5.0 (Windows; U; Windows NT 5.1; fr; rv:1.9.2.13) Gecko/20101203 Firefox/3.6.13 GTB7.1 ( .NET CLR 3.5.30729)"
90.29.80.189 - - [30/Dec/2010:22:18:24 +0100] "GET /im/zzz.gif HTTP/1.1" 304 - "http://fraicolo.fr/categories.php?lang=1&path=88&num=76&action=e&sort=Article&page=0" "Mozilla/4.0 (compatible; MSIE 6.0; Windows NT 5.1; SV1; GTB6.6; AskTbPTF/5.9.1.14019)"
90.29.80.189 - - [30/Dec/2010:22:18:24 +0100] "GET /im/lang1/menu_search.gif HTTP/1.1" 304 - "http://fraicolo.fr/categories.php?lang=1&path=88&num=76&action=e&sort=Article&page=0" "Mozilla/4.0 (compatible; MSIE 6.0; Windows NT 5.1; SV1; GTB6.6; AskTbPTF/5.9.1.14019)"
90.29.80.189 - - [30/Dec/2010:22:18:24 +0100] "GET /im/accueil.gif HTTP/1.1" 304 - "http://fraicolo.fr/categories.php?lang=1&path=88&num=76&action=e&sort=Article&page=0" "Mozilla/4.0 (compatible; MSIE 6.0; Windows NT 5.1; SV1; GTB6.6; AskTbPTF/5.9.1.14019)"
90.29.80.189 - - [30/Dec/2010:22:18:24 +0100] "GET /im/articles/CompPommePoire.JPG HTTP/1.1" 200 21355 "http://fraicolo.fr/categories.php?lang=1&path=88&num=76&action=e&sort=Article&page=0" "Mozilla/4.0 (compatible; MSIE 6.0; Windows NT 5.1; SV1; GTB6.6; AskTbPTF/5.9.1.14019)"
90.29.80.189 - - [30/Dec/2010:22:18:24 +0100] "GET /im/articles/MadeleineNature.JPG HTTP/1.1" 304 - "http://fraicolo.fr/categories.php?lang=1&path=88&num=76&action=e&sort=Article&page=0" "Mozilla/4.0 (compatible; MSIE 6.0; Windows NT 5.1; SV1; GTB6.6; AskTbPTF/5.9.1.14019)"
90.38.54.8 - - [30/Dec/2010:22:18:24 +0100] "GET /im/articles/OlivesNoiresBIO.JPG HTTP/1.1" 200 20717 "http://www.fraicolo.fr/list.php?lang=1&path=149&page=0&sort=Article" "Mozilla/5.0 (Windows; U; Windows NT 5.1; fr; rv:1.9.2.13) Gecko/20101203 Firefox/3.6.13 GTB7.1 ( .NET CLR 3.5.30729)"
90.29.80.189 - - [30/Dec/2010:22:18:24 +0100] "GET /im/articles/Palmier.JPG HTTP/1.1" 304 - "http://fraicolo.fr/categories.php?lang=1&path=88&num=76&action=e&sort=Article&page=0" "Mozilla/4.0 (compatible; MSIE 6.0; Windows NT 5.1; SV1; GTB6.6; AskTbPTF/5.9.1.14019)"
90.29.80.189 - - [30/Dec/2010:22:18:24 +0100] "GET /im/articles/ChocolatQuinoaETHIQ.JPG HTTP/1.1" 304 - "http://fraicolo.fr/categories.php?lang=1&path=88&num=76&action=e&sort=Article&page=0" "Mozilla/4.0 (compatible; MSIE 6.0; Windows NT 5.1; SV1; GTB6.6; AskTbPTF/5.9.1.14019)"
90.38.54.8 - - [30/Dec/2010:22:18:24 +0100] "GET /im/articles/OlivesVertesBIO.JPG HTTP/1.1" 200 12044 "http://www.fraicolo.fr/list.php?lang=1&path=149&page=0&sort=Article" "Mozilla/5.0 (Windows; U; Windows NT 5.1; fr; rv:1.9.2.13) Gecko/20101203 Firefox/3.6.13 GTB7.1 ( .NET CLR 3.5.30729)"
90.38.54.8 - - [30/Dec/2010:22:18:24 +0100] "GET /im/articles/RilletteTruiteBIO.JPG HTTP/1.1" 200 11362 "http://www.fraicolo.fr/list.php?lang=1&path=149&page=0&sort=Article" "Mozilla/5.0 (Windows; U; Windows NT 5.1; fr; rv:1.9.2.13) Gecko/20101203 Firefox/3.6.13 GTB7.1 ( .NET CLR 3.5.30729)"
90.38.54.8 - - [30/Dec/2010:22:18:24 +0100] "GET /im/background/bg_shop_green.gif HTTP/1.1" 200 49144 "http://www.fraicolo.fr/css/scss.css" "Mozilla/5.0 (Windows; U; Windows NT 5.1; fr; rv:1.9.2.13) Gecko/20101203 Firefox/3.6.13 GTB7.1 ( .NET CLR 3.5.30729)"
90.29.80.189 - - [30/Dec/2010:22:18:24 +0100] "GET /im/articles/SucrePoudreSucran.JPG HTTP/1.1" 304 - "http://fraicolo.fr/categories.php?lang=1&path=88&num=76&action=e&sort=Article&page=0" "Mozilla/4.0 (compatible; MSIE 6.0; Windows NT 5.1; SV1; GTB6.6; AskTbPTF/5.9.1.14019)"
90.29.80.189 - - [30/Dec/2010:22:18:24 +0100] "GET /im/articles/4Quart2.JPG HTTP/1.1" 200 10447 "http://fraicolo.fr/categories.php?lang=1&path=88&num=76&action=e&sort=Article&page=0" "Mozilla/4.0 (compatible; MSIE 6.0; Windows NT 5.1; SV1; GTB6.6; AskTbPTF/5.9.1.14019)"
90.29.80.189 - - [30/Dec/2010:22:18:24 +0100] "GET /im/articles/DeliceChoc.JPG HTTP/1.1" 304 - "http://fraicolo.fr/categories.php?lang=1&path=88&num=76&action=e&sort=Article&page=0" "Mozilla/4.0 (compatible; MSIE 6.0; Windows NT 5.1; SV1; GTB6.6; AskTbPTF/5.9.1.14019)"
90.29.80.189 - - [30/Dec/2010:22:18:24 +0100] "GET /im/articles/ConfitureBIOOrange.JPG HTTP/1.1" 200 10292 "http://fraicolo.fr/categories.php?lang=1&path=88&num=76&action=e&sort=Article&page=0" "Mozilla/4.0 (compatible; MSIE 6.0; Windows NT 5.1; SV1; GTB6.6; AskTbPTF/5.9.1.14019)"
90.29.80.189 - - [30/Dec/2010:22:18:24 +0100] "GET /im/articles/TarteTatinEnt.JPG HTTP/1.1" 200 49607 "http://fraicolo.fr/categories.php?lang=1&path=88&num=76&action=e&sort=Article&page=0" "Mozilla/4.0 (compatible; MSIE 6.0; Windows NT 5.1; SV1; GTB6.6; AskTbPTF/5.9.1.14019)"
90.29.80.189 - - [30/Dec/2010:22:18:24 +0100] "GET /im/articles/TarteFlan.JPG HTTP/1.1" 304 - "http://fraicolo.fr/categories.php?lang=1&path=88&num=76&action=e&sort=Article&page=0" "Mozilla/4.0 (compatible; MSIE 6.0; Windows NT 5.1; SV1; GTB6.6; AskTbPTF/5.9.1.14019)"
90.38.54.8 - - [30/Dec/2010:22:18:25 +0100] "GET /im/articles/TaramaBIO.JPG HTTP/1.1" 200 9050 "http://www.fraicolo.fr/list.php?lang=1&path=149&page=0&sort=Article" "Mozilla/5.0 (Windows; U; Windows NT 5.1; fr; rv:1.9.2.13) Gecko/20101203 Firefox/3.6.13 GTB7.1 ( .NET CLR 3.5.30729)"
90.29.80.189 - - [30/Dec/2010:22:18:25 +0100] "GET /im/articles/EclairCafe.JPG HTTP/1.1" 304 - "http://fraicolo.fr/categories.php?lang=1&path=88&num=76&action=e&sort=Article&page=0" "Mozilla/4.0 (compatible; MSIE 6.0; Windows NT 5.1; SV1; GTB6.6; AskTbPTF/5.9.1.14019)"
90.38.54.8 - - [30/Dec/2010:22:18:25 +0100] "GET /im/articles/Blinis.JPG HTTP/1.1" 200 26261 "http://www.fraicolo.fr/list.php?lang=1&path=149&page=0&sort=Article" "Mozilla/5.0 (Windows; U; Windows NT 5.1; fr; rv:1.9.2.13) Gecko/20101203 Firefox/3.6.13 GTB7.1 ( .NET CLR 3.5.30729)"
90.29.80.189 - - [30/Dec/2010:22:18:25 +0100] "GET /im/articles/ConfitureJaune.JPG HTTP/1.1" 304 - "http://fraicolo.fr/categories.php?lang=1&path=88&num=76&action=e&sort=Article&page=0" "Mozilla/4.0 (compatible; MSIE 6.0; Windows NT 5.1; SV1; GTB6.6; AskTbPTF/5.9.1.14019)"
90.29.80.189 - - [30/Dec/2010:22:18:25 +0100] "GET /im/articles/TarteCitronEnt.JPG HTTP/1.1" 304 - "http://fraicolo.fr/categories.php?lang=1&path=88&num=76&action=e&sort=Article&page=0" "Mozilla/4.0 (compatible; MSIE 6.0; Windows NT 5.1; SV1; GTB6.6; AskTbPTF/5.9.1.14019)"
90.29.80.189 - - [30/Dec/2010:22:18:25 +0100] "GET /im/articles/CompPommeAnanas.JPG HTTP/1.1" 304 - "http://fraicolo.fr/categories.php?lang=1&path=88&num=76&action=e&sort=Article&page=0" "Mozilla/4.0 (compatible; MSIE 6.0; Windows NT 5.1; SV1; GTB6.6; AskTbPTF/5.9.1.14019)"
90.29.80.189 - - [30/Dec/2010:22:18:25 +0100] "GET /im/articles/Granola.JPG HTTP/1.1" 200 59905 "http://fraicolo.fr/categories.php?lang=1&path=88&num=76&action=e&sort=Article&page=0" "Mozilla/4.0 (compatible; MSIE 6.0; Windows NT 5.1; SV1; GTB6.6; AskTbPTF/5.9.1.14019)"
90.29.80.189 - - [30/Dec/2010:22:18:25 +0100] "GET /im/articles/BiscuitsCommingeoisBIO.JPG HTTP/1.1" 200 9063 "http://fraicolo.fr/categories.php?lang=1&path=88&num=76&action=e&sort=Article&page=0" "Mozilla/4.0 (compatible; MSIE 6.0; Windows NT 5.1; SV1; GTB6.6; AskTbPTF/5.9.1.14019)"
90.38.54.8 - - [30/Dec/2010:22:18:25 +0100] "GET /im/articles/MiniCroute.JPG HTTP/1.1" 200 5617 "http://www.fraicolo.fr/list.php?lang=1&path=149&page=0&sort=Article" "Mozilla/5.0 (Windows; U; Windows NT 5.1; fr; rv:1.9.2.13) Gecko/20101203 Firefox/3.6.13 GTB7.1 ( .NET CLR 3.5.30729)"
90.38.54.8 - - [30/Dec/2010:22:18:25 +0100] "GET /im/articles/BoucheeEscargot.JPG HTTP/1.1" 200 3998 "http://www.fraicolo.fr/list.php?lang=1&path=149&page=0&sort=Article" "Mozilla/5.0 (Windows; U; Windows NT 5.1; fr; rv:1.9.2.13) Gecko/20101203 Firefox/3.6.13 GTB7.1 ( .NET CLR 3.5.30729)"
90.29.80.189 - - [30/Dec/2010:22:18:25 +0100] "GET /im/articles/ConfitureAbbayeSeptFons.JPG HTTP/1.1" 304 - "http://fraicolo.fr/categories.php?lang=1&path=88&num=76&action=e&sort=Article&page=0" "Mozilla/4.0 (compatible; MSIE 6.0; Windows NT 5.1; SV1; GTB6.6; AskTbPTF/5.9.1.14019)"
90.38.54.8 - - [30/Dec/2010:22:18:25 +0100] "GET /im/articles/OliveDiabolo.JPG HTTP/1.1" 200 12369 "http://www.fraicolo.fr/list.php?lang=1&path=149&page=0&sort=Article" "Mozilla/5.0 (Windows; U; Windows NT 5.1; fr; rv:1.9.2.13) Gecko/20101203 Firefox/3.6.13 GTB7.1 ( .NET CLR 3.5.30729)"
90.38.54.8 - - [30/Dec/2010:22:18:25 +0100] "GET /im/articles/OliveProvencale.JPG HTTP/1.1" 200 4414 "http://www.fraicolo.fr/list.php?lang=1&path=149&page=0&sort=Article" "Mozilla/5.0 (Windows; U; Windows NT 5.1; fr; rv:1.9.2.13) Gecko/20101203 Firefox/3.6.13 GTB7.1 ( .NET CLR 3.5.30729)"
90.29.80.189 - - [30/Dec/2010:22:18:25 +0100] "GET /im/articles/BarquetteFraise.JPG HTTP/1.1" 304 - "http://fraicolo.fr/categories.php?lang=1&path=88&num=76&action=e&sort=Article&page=0" "Mozilla/4.0 (compatible; MSIE 6.0; Windows NT 5.1; SV1; GTB6.6; AskTbPTF/5.9.1.14019)"
90.38.54.8 - - [30/Dec/2010:22:18:25 +0100] "GET /im/articles/OliveFromage.JPG HTTP/1.1" 200 31337 "http://www.fraicolo.fr/list.php?lang=1&path=149&page=0&sort=Article" "Mozilla/5.0 (Windows; U; Windows NT 5.1; fr; rv:1.9.2.13) Gecko/20101203 Firefox/3.6.13 GTB7.1 ( .NET CLR 3.5.30729)"
90.29.80.189 - - [30/Dec/2010:22:18:25 +0100] "GET /im/articles/KouignAman.JPG HTTP/1.1" 304 - "http://fraicolo.fr/categories.php?lang=1&path=88&num=76&action=e&sort=Article&page=0" "Mozilla/4.0 (compatible; MSIE 6.0; Windows NT 5.1; SV1; GTB6.6; AskTbPTF/5.9.1.14019)"
90.38.54.8 - - [30/Dec/2010:22:18:25 +0100] "GET /im/articles/PetitsFours.JPG HTTP/1.1" 200 40495 "http://www.fraicolo.fr/list.php?lang=1&path=149&page=0&sort=Article" "Mozilla/5.0 (Windows; U; Windows NT 5.1; fr; rv:1.9.2.13) Gecko/20101203 Firefox/3.6.13 GTB7.1 ( .NET CLR 3.5.30729)"
90.38.54.8 - - [30/Dec/2010:22:18:25 +0100] "GET /im/articles/Tapenade.JPG HTTP/1.1" 200 5779 "http://www.fraicolo.fr/list.php?lang=1&path=149&page=0&sort=Article" "Mozilla/5.0 (Windows; U; Windows NT 5.1; fr; rv:1.9.2.13) Gecko/20101203 Firefox/3.6.13 GTB7.1 ( .NET CLR 3.5.30729)"
90.38.54.8 - - [30/Dec/2010:22:18:25 +0100] "GET /im/articles/Tarama.JPG HTTP/1.1" 200 8598 "http://www.fraicolo.fr/list.php?lang=1&path=149&page=0&sort=Article" "Mozilla/5.0 (Windows; U; Windows NT 5.1; fr; rv:1.9.2.13) Gecko/20101203 Firefox/3.6.13 GTB7.1 ( .NET CLR 3.5.30729)"
90.29.80.189 - - [30/Dec/2010:22:18:25 +0100] "GET /im/articles/CrepesSucrees.JPG HTTP/1.1" 200 49227 "http://fraicolo.fr/categories.php?lang=1&path=88&num=76&action=e&sort=Article&page=0" "Mozilla/4.0 (compatible; MSIE 6.0; Windows NT 5.1; SV1; GTB6.6; AskTbPTF/5.9.1.14019)"
90.29.80.189 - - [30/Dec/2010:22:18:25 +0100] "GET /im/articles/CrepesSalees.JPG HTTP/1.1" 304 - "http://fraicolo.fr/categories.php?lang=1&path=88&num=76&action=e&sort=Article&page=0" "Mozilla/4.0 (compatible; MSIE 6.0; Windows NT 5.1; SV1; GTB6.6; AskTbPTF/5.9.1.14019)"
90.29.80.189 - - [30/Dec/2010:22:18:25 +0100] "GET /im/articles/CrousillantCoco.JPG HTTP/1.1" 304 - "http://fraicolo.fr/categories.php?lang=1&path=88&num=76&action=e&sort=Article&page=0" "Mozilla/4.0 (compatible; MSIE 6.0; Windows NT 5.1; SV1; GTB6.6; AskTbPTF/5.9.1.14019)"
90.29.80.189 - - [30/Dec/2010:22:18:25 +0100] "GET /im/articles/CompPomme.JPG HTTP/1.1" 304 - "http://fraicolo.fr/categories.php?lang=1&path=88&num=76&action=e&sort=Article&page=0" "Mozilla/4.0 (compatible; MSIE 6.0; Windows NT 5.1; SV1; GTB6.6; AskTbPTF/5.9.1.14019)"
90.38.54.8 - - [30/Dec/2010:22:18:25 +0100] "GET /im/cart.gif HTTP/1.1" 200 574 "http://www.fraicolo.fr/list.php?lang=1&path=149&page=0&sort=Article" "Mozilla/5.0 (Windows; U; Windows NT 5.1; fr; rv:1.9.2.13) Gecko/20101203 Firefox/3.6.13 GTB7.1 ( .NET CLR 3.5.30729)"
90.29.80.189 - - [30/Dec/2010:22:18:25 +0100] "GET /im/articles/CompBioPommeAbricot.JPG HTTP/1.1" 200 27187 "http://fraicolo.fr/categories.php?lang=1&path=88&num=76&action=e&sort=Article&page=0" "Mozilla/4.0 (compatible; MSIE 6.0; Windows NT 5.1; SV1; GTB6.6; AskTbPTF/5.9.1.14019)"
90.38.54.8 - - [30/Dec/2010:22:18:25 +0100] "GET /im/cart_rem.gif HTTP/1.1" 200 368 "http://www.fraicolo.fr/list.php?lang=1&path=149&page=0&sort=Article" "Mozilla/5.0 (Windows; U; Windows NT 5.1; fr; rv:1.9.2.13) Gecko/20101203 Firefox/3.6.13 GTB7.1 ( .NET CLR 3.5.30729)"
90.29.80.189 - - [30/Dec/2010:22:18:25 +0100] "GET /im/articles/ChocoBN.JPG HTTP/1.1" 200 22064 "http://fraicolo.fr/categories.php?lang=1&path=88&num=76&action=e&sort=Article&page=0" "Mozilla/4.0 (compatible; MSIE 6.0; Windows NT 5.1; SV1; GTB6.6; AskTbPTF/5.9.1.14019)"
90.29.80.189 - - [30/Dec/2010:22:18:25 +0100] "GET /im/articles/PepitoNoir.JPG HTTP/1.1" 200 49484 "http://fraicolo.fr/categories.php?lang=1&path=88&num=76&action=e&sort=Article&page=0" "Mozilla/4.0 (compatible; MSIE 6.0; Windows NT 5.1; SV1; GTB6.6; AskTbPTF/5.9.1.14019)"
90.38.54.8 - - [30/Dec/2010:22:18:25 +0100] "GET /im/cart_opt.gif HTTP/1.1" 200 365 "http://www.fraicolo.fr/list.php?lang=1&path=149&page=0&sort=Article" "Mozilla/5.0 (Windows; U; Windows NT 5.1; fr; rv:1.9.2.13) Gecko/20101203 Firefox/3.6.13 GTB7.1 ( .NET CLR 3.5.30729)"
90.38.54.8 - - [30/Dec/2010:22:18:25 +0100] "GET /im/cart_out.gif HTTP/1.1" 200 1030 "http://www.fraicolo.fr/list.php?lang=1&path=149&page=0&sort=Article" "Mozilla/5.0 (Windows; U; Windows NT 5.1; fr; rv:1.9.2.13) Gecko/20101203 Firefox/3.6.13 GTB7.1 ( .NET CLR 3.5.30729)"
90.38.54.8 - - [30/Dec/2010:22:18:25 +0100] "GET /im/lang1/menu_infos.gif HTTP/1.1" 200 2010 "http://www.fraicolo.fr/list.php?lang=1&path=149&page=0&sort=Article" "Mozilla/5.0 (Windows; U; Windows NT 5.1; fr; rv:1.9.2.13) Gecko/20101203 Firefox/3.6.13 GTB7.1 ( .NET CLR 3.5.30729)"
90.38.54.8 - - [30/Dec/2010:22:18:25 +0100] "GET /im/fleche_right.gif HTTP/1.1" 200 58 "http://www.fraicolo.fr/list.php?lang=1&path=149&page=0&sort=Article" "Mozilla/5.0 (Windows; U; Windows NT 5.1; fr; rv:1.9.2.13) Gecko/20101203 Firefox/3.6.13 GTB7.1 ( .NET CLR 3.5.30729)"
90.29.80.189 - - [30/Dec/2010:22:18:25 +0100] "GET /im/articles/GaletteSaintMichel.JPG HTTP/1.1" 304 - "http://www.google.fr/imgres?imgurl=http://fraicolo.fr/im/articles/GaletteSaintMichel.JPG&imgrefurl=http://fraicolo.fr/categories.php%3Flang%3D1%26path%3D88%26num%3D76%26action%3De%26sort%3DArticle%26page%3D0&usg=__3CyOTneomobX09odlhtfqTBEFbA=&h=622&w=940&sz=52&hl=fr&start=1&zoom=1&tbnid=0QEoulVpmMY1FM:&tbnh=98&tbnw=148&prev=/images%3Fq%3Dsabl%25C3%25A9%2Bde%2Bretz%2Bmont%2Bst%2Bmichel%26hl%3Dfr%26sa%3DX%26rlz%3D1T4SUNC_frFR383FR384%26tbs%3Disch:1%26prmd%3Divns&itbs=1" "Mozilla/4.0 (compatible; MSIE 6.0; Windows NT 5.1; SV1; GTB6.6; AskTbPTF/5.9.1.14019)"
90.38.54.8 - - [30/Dec/2010:22:18:25 +0100] "GET /im/lang1/menu_caddie.gif HTTP/1.1" 200 2067 "http://www.fraicolo.fr/list.php?lang=1&path=149&page=0&sort=Article" "Mozilla/5.0 (Windows; U; Windows NT 5.1; fr; rv:1.9.2.13) Gecko/20101203 Firefox/3.6.13 GTB7.1 ( .NET CLR 3.5.30729)"
90.38.54.8 - - [30/Dec/2010:22:18:25 +0100] "GET /im/background/module_left.gif HTTP/1.1" 200 323 "http://www.fraicolo.fr/css/scss.css" "Mozilla/5.0 (Windows; U; Windows NT 5.1; fr; rv:1.9.2.13) Gecko/20101203 Firefox/3.6.13 GTB7.1 ( .NET CLR 3.5.30729)"
90.38.54.8 - - [30/Dec/2010:22:18:25 +0100] "GET /im/lang1/cart_add.gif HTTP/1.1" 200 481 "http://www.fraicolo.fr/list.php?lang=1&path=149&page=0&sort=Article" "Mozilla/5.0 (Windows; U; Windows NT 5.1; fr; rv:1.9.2.13) Gecko/20101203 Firefox/3.6.13 GTB7.1 ( .NET CLR 3.5.30729)"
90.38.54.8 - - [30/Dec/2010:22:18:25 +0100] "GET /im/lang1/menu_id.gif HTTP/1.1" 200 2056 "http://www.fraicolo.fr/list.php?lang=1&path=149&page=0&sort=Article" "Mozilla/5.0 (Windows; U; Windows NT 5.1; fr; rv:1.9.2.13) Gecko/20101203 Firefox/3.6.13 GTB7.1 ( .NET CLR 3.5.30729)"
90.29.80.189 - - [30/Dec/2010:22:18:25 +0100] "GET /im/background/menuright.gif HTTP/1.1" 304 - "http://fraicolo.fr/categories.php?lang=1&path=88&num=76&action=e&sort=Article&page=0" "Mozilla/4.0 (compatible; MSIE 6.0; Windows NT 5.1; SV1; GTB6.6; AskTbPTF/5.9.1.14019)"
90.38.54.8 - - [30/Dec/2010:22:18:25 +0100] "GET /list.php?lang=1&path=149&page=0&sort=Article HTTP/1.1" 200 14178 "http://www.fraicolo.fr/list.php?lang=1&path=149&page=0&sort=Article" "Mozilla/5.0 (Windows; U; Windows NT 5.1; fr; rv:1.9.2.13) Gecko/20101203 Firefox/3.6.13 GTB7.1 ( .NET CLR 3.5.30729)"
90.38.54.8 - - [30/Dec/2010:22:18:25 +0100] "GET /im/ok.gif HTTP/1.1" 200 128 "http://www.fraicolo.fr/list.php?lang=1&path=149&page=0&sort=Article" "Mozilla/5.0 (Windows; U; Windows NT 5.1; fr; rv:1.9.2.13) Gecko/20101203 Firefox/3.6.13 GTB7.1 ( .NET CLR 3.5.30729)"
90.38.54.8 - - [30/Dec/2010:22:18:25 +0100] "GET /im/lang1/menu_devis.gif HTTP/1.1" 200 1958 "http://www.fraicolo.fr/list.php?lang=1&path=149&page=0&sort=Article" "Mozilla/5.0 (Windows; U; Windows NT 5.1; fr; rv:1.9.2.13) Gecko/20101203 Firefox/3.6.13 GTB7.1 ( .NET CLR 3.5.30729)"
90.38.54.8 - - [30/Dec/2010:22:18:25 +0100] "GET /im/lang1/menu_subscribe.gif HTTP/1.1" 200 1877 "http://www.fraicolo.fr/list.php?lang=1&path=149&page=0&sort=Article" "Mozilla/5.0 (Windows; U; Windows NT 5.1; fr; rv:1.9.2.13) Gecko/20101203 Firefox/3.6.13 GTB7.1 ( .NET CLR 3.5.30729)"
90.38.54.8 - - [30/Dec/2010:22:18:25 +0100] "GET /im/background/menuright.gif HTTP/1.1" 200 1832 "http://www.fraicolo.fr/css/scss.css" "Mozilla/5.0 (Windows; U; Windows NT 5.1; fr; rv:1.9.2.13) Gecko/20101203 Firefox/3.6.13 GTB7.1 ( .NET CLR 3.5.30729)"
90.38.54.8 - - [30/Dec/2010:22:18:26 +0100] "GET /im/loader.gif HTTP/1.1" 200 1158 "http://www.fraicolo.fr/list.php?lang=1&path=149&page=0&sort=Article" "Mozilla/5.0 (Windows; U; Windows NT 5.1; fr; rv:1.9.2.13) Gecko/20101203 Firefox/3.6.13 GTB7.1 ( .NET CLR 3.5.30729)"
194.150.236.161 - - [30/Dec/2010:22:18:30 +0100] "HEAD /im/banner/Affiliation_Fraicolo_120x60.gif HTTP/1.1" 200 - "-" "-"
90.38.54.8 - - [30/Dec/2010:22:18:31 +0100] "GET /description.php?lang=1&path=149&sort=Article&page=0&id=1745 HTTP/1.1" 200 11145 "http://www.fraicolo.fr/list.php?lang=1&path=149&page=0&sort=Article" "Mozilla/5.0 (Windows; U; Windows NT 5.1; fr; rv:1.9.2.13) Gecko/20101203 Firefox/3.6.13 GTB7.1 ( .NET CLR 3.5.30729)"
194.150.236.161 - - [30/Dec/2010:22:18:31 +0100] "GET /im/banner/Affiliation_Fraicolo_120x60.gif HTTP/1.1" 200 16471 "-" "PHP/5.2.6"
90.38.54.8 - - [30/Dec/2010:22:18:31 +0100] "GET /im/f_prev.gif HTTP/1.1" 200 68 "http://www.fraicolo.fr/description.php?lang=1&path=149&sort=Article&page=0&id=1745" "Mozilla/5.0 (Windows; U; Windows NT 5.1; fr; rv:1.9.2.13) Gecko/20101203 Firefox/3.6.13 GTB7.1 ( .NET CLR 3.5.30729)"
90.38.54.8 - - [30/Dec/2010:22:18:32 +0100] "GET /im/lang1/articles.gif HTTP/1.1" 200 1100 "http://www.fraicolo.fr/description.php?lang=1&path=149&sort=Article&page=0&id=1745" "Mozilla/5.0 (Windows; U; Windows NT 5.1; fr; rv:1.9.2.13) Gecko/20101203 Firefox/3.6.13 GTB7.1 ( .NET CLR 3.5.30729)"
90.38.54.8 - - [30/Dec/2010:22:18:32 +0100] "GET /im/f_next.gif HTTP/1.1" 200 67 "http://www.fraicolo.fr/description.php?lang=1&path=149&sort=Article&page=0&id=1745" "Mozilla/5.0 (Windows; U; Windows NT 5.1; fr; rv:1.9.2.13) Gecko/20101203 Firefox/3.6.13 GTB7.1 ( .NET CLR 3.5.30729)"
90.38.54.8 - - [30/Dec/2010:22:18:32 +0100] "GET /description.php?lang=1&path=149&sort=Article&page=0&id=1745 HTTP/1.1" 200 11145 "http://www.fraicolo.fr/description.php?lang=1&path=149&sort=Article&page=0&id=1745" "Mozilla/5.0 (Windows; U; Windows NT 5.1; fr; rv:1.9.2.13) Gecko/20101203 Firefox/3.6.13 GTB7.1 ( .NET CLR 3.5.30729)"
66.249.71.6 - - [30/Dec/2010:22:18:31 +0100] "GET /description.php?lang=1&id=1382&AdSearch=off HTTP/1.1" 404 - "-" "Mozilla/5.0 (compatible; Googlebot/2.1; +http://www.google.com/bot.html)"
90.38.54.8 - - [30/Dec/2010:22:18:33 +0100] "GET /im/fleche_bottom_grey.gif HTTP/1.1" 200 57 "http://www.fraicolo.fr/css/scss.css" "Mozilla/5.0 (Windows; U; Windows NT 5.1; fr; rv:1.9.2.13) Gecko/20101203 Firefox/3.6.13 GTB7.1 ( .NET CLR 3.5.30729)"
86.219.248.17 - - [30/Dec/2010:22:18:33 +0100] "GET /im/articles/ChipsTraiteur.JPG HTTP/1.1" 200 31181 "http://www.eternia-fr.net/news_903_film-13-le-maitre-de-l-illusion-zoroark-disponible-en-vostfr.html" "Mozilla/4.0 (compatible; MSIE 8.0; Windows NT 6.1; Trident/4.0; SLCC2; .NET CLR 2.0.50727; .NET CLR 3.5.30729; .NET CLR 3.0.30729; Media Center PC 6.0)"
67.195.112.48 - - [30/Dec/2010:22:18:34 +0100] "GET /description.php?lang=1&path=103&id=1401 HTTP/1.0" 200 11096 "-" "Mozilla/5.0 (compatible; Yahoo! Slurp; http://help.yahoo.com/help/us/ysearch/slurp)"
90.29.80.189 - - [30/Dec/2010:22:18:38 +0100] "GET /categories.php?lang=1&path=88&num=76&action=e&sort=Article&page=0 HTTP/1.1" 200 15832 "http://www.google.fr/imgres?imgurl=http://fraicolo.fr/im/articles/GaletteSaintMichel.JPG&imgrefurl=http://fraicolo.fr/categories.php%3Flang%3D1%26path%3D88%26num%3D76%26action%3De%26sort%3DArticle%26page%3D0&usg=__3CyOTneomobX09odlhtfqTBEFbA=&h=622&w=940&sz=52&hl=fr&start=1&zoom=1&tbnid=0QEoulVpmMY1FM:&tbnh=98&tbnw=148&prev=/images%3Fq%3Dsabl%25C3%25A9%2Bde%2Bretz%2Bmont%2Bst%2Bmichel%26hl%3Dfr%26sa%3DX%26rlz%3D1T4SUNC_frFR383FR384%26tbs%3Disch:1%26prmd%3Divns&itbs=1" "Mozilla/4.0 (compatible; MSIE 6.0; Windows NT 5.1; SV1; GTB6.6; AskTbPTF/5.9.1.14019)"
82.240.148.34 - - [30/Dec/2010:22:18:38 +0100] "GET /im/articles/ChipsTraiteur.JPG HTTP/1.1" 200 31181 "http://www.eternia-fr.net/news_888_titre-bw-014.html" "Mozilla/5.0 (Windows; U; Windows NT 6.0; en-US) AppleWebKit/534.10 (KHTML, like Gecko) Chrome/8.0.552.224 Safari/534.10"
90.29.80.189 - - [30/Dec/2010:22:18:39 +0100] "GET /im/articles/PetitEcolier.JPG HTTP/1.1" 200 54336 "http://fraicolo.fr/categories.php?lang=1&path=88&num=76&action=e&sort=Article&page=0" "Mozilla/4.0 (compatible; MSIE 6.0; Windows NT 5.1; SV1; GTB6.6; AskTbPTF/5.9.1.14019)"
90.29.80.189 - - [30/Dec/2010:22:18:39 +0100] "GET /im/articles/TarteChocolat.JPG HTTP/1.1" 304 - "http://fraicolo.fr/categories.php?lang=1&path=88&num=76&action=e&sort=Article&page=0" "Mozilla/4.0 (compatible; MSIE 6.0; Windows NT 5.1; SV1; GTB6.6; AskTbPTF/5.9.1.14019)"
90.29.80.189 - - [30/Dec/2010:22:18:39 +0100] "GET /im/articles/TarteNormandeEnt.JPG HTTP/1.1" 200 4133 "http://fraicolo.fr/categories.php?lang=1&path=88&num=76&action=e&sort=Article&page=0" "Mozilla/4.0 (compatible; MSIE 6.0; Windows NT 5.1; SV1; GTB6.6; AskTbPTF/5.9.1.14019)"
90.29.80.189 - - [30/Dec/2010:22:18:39 +0100] "GET /im/articles/CrepesSucrees.JPG HTTP/1.1" 200 49227 "http://fraicolo.fr/categories.php?lang=1&path=88&num=76&action=e&sort=Article&page=0" "Mozilla/4.0 (compatible; MSIE 6.0; Windows NT 5.1; SV1; GTB6.6; AskTbPTF/5.9.1.14019)"
90.29.80.189 - - [30/Dec/2010:22:18:39 +0100] "GET /im/articles/ConfitureRouge.JPG HTTP/1.1" 304 - "http://fraicolo.fr/categories.php?lang=1&path=88&num=76&action=e&sort=Article&page=0" "Mozilla/4.0 (compatible; MSIE 6.0; Windows NT 5.1; SV1; GTB6.6; AskTbPTF/5.9.1.14019)"
90.29.80.189 - - [30/Dec/2010:22:18:39 +0100] "GET /im/articles/CakeBIO.jpg HTTP/1.1" 304 - "http://fraicolo.fr/categories.php?lang=1&path=88&num=76&action=e&sort=Article&page=0" "Mozilla/4.0 (compatible; MSIE 6.0; Windows NT 5.1; SV1; GTB6.6; AskTbPTF/5.9.1.14019)"
90.29.80.189 - - [30/Dec/2010:22:18:39 +0100] "GET /im/articles/TarteAbricot.JPG HTTP/1.1" 200 36073 "http://fraicolo.fr/categories.php?lang=1&path=88&num=76&action=e&sort=Article&page=0" "Mozilla/4.0 (compatible; MSIE 6.0; Windows NT 5.1; SV1; GTB6.6; AskTbPTF/5.9.1.14019)"
90.29.80.189 - - [30/Dec/2010:22:18:39 +0100] "GET /im/articles/ChocoBN.JPG HTTP/1.1" 200 22064 "http://fraicolo.fr/categories.php?lang=1&path=88&num=76&action=e&sort=Article&page=0" "Mozilla/4.0 (compatible; MSIE 6.0; Windows NT 5.1; SV1; GTB6.6; AskTbPTF/5.9.1.14019)"
90.29.80.189 - - [30/Dec/2010:22:18:39 +0100] "GET /im/articles/PepitoNoir.JPG HTTP/1.1" 200 49484 "http://fraicolo.fr/categories.php?lang=1&path=88&num=76&action=e&sort=Article&page=0" "Mozilla/4.0 (compatible; MSIE 6.0; Windows NT 5.1; SV1; GTB6.6; AskTbPTF/5.9.1.14019)"
90.29.80.189 - - [30/Dec/2010:22:18:39 +0100] "GET /im/articles/ChocolatOrangeETHIQ.JPG HTTP/1.1" 304 - "http://fraicolo.fr/categories.php?lang=1&path=88&num=76&action=e&sort=Article&page=0" "Mozilla/4.0 (compatible; MSIE 6.0; Windows NT 5.1; SV1; GTB6.6; AskTbPTF/5.9.1.14019)"
90.29.80.189 - - [30/Dec/2010:22:18:39 +0100] "GET /im/articles/AnanasRhum.JPG HTTP/1.1" 200 10868 "http://fraicolo.fr/categories.php?lang=1&path=88&num=76&action=e&sort=Article&page=0" "Mozilla/4.0 (compatible; MSIE 6.0; Windows NT 5.1; SV1; GTB6.6; AskTbPTF/5.9.1.14019)"
90.29.80.189 - - [30/Dec/2010:22:18:39 +0100] "GET /im/articles/EventailBIO.JPG HTTP/1.1" 200 41483 "http://fraicolo.fr/categories.php?lang=1&path=88&num=76&action=e&sort=Article&page=0" "Mozilla/4.0 (compatible; MSIE 6.0; Windows NT 5.1; SV1; GTB6.6; AskTbPTF/5.9.1.14019)"
90.29.80.189 - - [30/Dec/2010:22:18:39 +0100] "GET /im/articles/TartePoire.JPG HTTP/1.1" 304 - "http://fraicolo.fr/categories.php?lang=1&path=88&num=76&action=e&sort=Article&page=0" "Mozilla/4.0 (compatible; MSIE 6.0; Windows NT 5.1; SV1; GTB6.6; AskTbPTF/5.9.1.14019)"
90.29.80.189 - - [30/Dec/2010:22:18:39 +0100] "GET /im/articles/Financiers.JPG HTTP/1.1" 304 - "http://fraicolo.fr/categories.php?lang=1&path=88&num=76&action=e&sort=Article&page=0" "Mozilla/4.0 (compatible; MSIE 6.0; Windows NT 5.1; SV1; GTB6.6; AskTbPTF/5.9.1.14019)"
90.29.80.189 - - [30/Dec/2010:22:18:39 +0100] "GET /im/articles/MeringuesChocoBIO.JPG HTTP/1.1" 304 - "http://fraicolo.fr/categories.php?lang=1&path=88&num=76&action=e&sort=Article&page=0" "Mozilla/4.0 (compatible; MSIE 6.0; Windows NT 5.1; SV1; GTB6.6; AskTbPTF/5.9.1.14019)"
90.29.80.189 - - [30/Dec/2010:22:18:39 +0100] "GET /im/articles/PimsOrange.JPG HTTP/1.1" 200 46807 "http://fraicolo.fr/categories.php?lang=1&path=88&num=76&action=e&sort=Article&page=0" "Mozilla/4.0 (compatible; MSIE 6.0; Windows NT 5.1; SV1; GTB6.6; AskTbPTF/5.9.1.14019)"
90.29.80.189 - - [30/Dec/2010:22:18:39 +0100] "GET /im/articles/PepitoLait.JPG HTTP/1.1" 304 - "http://fraicolo.fr/categories.php?lang=1&path=88&num=76&action=e&sort=Article&page=0" "Mozilla/4.0 (compatible; MSIE 6.0; Windows NT 5.1; SV1; GTB6.6; AskTbPTF/5.9.1.14019)"
90.29.80.189 - - [30/Dec/2010:22:18:39 +0100] "GET /im/articles/Prince.JPG HTTP/1.1" 200 31203 "http://fraicolo.fr/categories.php?lang=1&path=88&num=76&action=e&sort=Article&page=0" "Mozilla/4.0 (compatible; MSIE 6.0; Windows NT 5.1; SV1; GTB6.6; AskTbPTF/5.9.1.14019)"
90.29.80.189 - - [30/Dec/2010:22:18:39 +0100] "GET /im/articles/GalettesBretonnes.JPG HTTP/1.1" 200 12937 "http://fraicolo.fr/categories.php?lang=1&path=88&num=76&action=e&sort=Article&page=0" "Mozilla/4.0 (compatible; MSIE 6.0; Windows NT 5.1; SV1; GTB6.6; AskTbPTF/5.9.1.14019)"
90.29.80.189 - - [30/Dec/2010:22:18:40 +0100] "GET /im/articles/BiscuitSable.JPG HTTP/1.1" 200 11108 "http://fraicolo.fr/categories.php?lang=1&path=88&num=76&action=e&sort=Article&page=0" "Mozilla/4.0 (compatible; MSIE 6.0; Windows NT 5.1; SV1; GTB6.6; AskTbPTF/5.9.1.14019)"
90.38.54.8 - - [30/Dec/2010:22:18:40 +0100] "GET /pop_up.php?im=im/articles/RilletteTruiteBIO.JPG HTTP/1.1" 200 153 "http://www.fraicolo.fr/description.php?lang=1&path=149&sort=Article&page=0&id=1745" "Mozilla/5.0 (Windows; U; Windows NT 5.1; fr; rv:1.9.2.13) Gecko/20101203 Firefox/3.6.13 GTB7.1 ( .NET CLR 3.5.30729)"
90.38.54.8 - - [30/Dec/2010:22:18:41 +0100] "GET /favicon.ico HTTP/1.1" 200 293 "-" "Mozilla/5.0 (Windows; U; Windows NT 5.1; fr; rv:1.9.2.13) Gecko/20101203 Firefox/3.6.13 GTB7.1 ( .NET CLR 3.5.30729)"
90.38.54.8 - - [30/Dec/2010:22:18:46 +0100] "GET /list.php?lang=1&path=149&page=0&sort=Article HTTP/1.1" 200 14178 "http://www.google.fr/imgres?imgurl=http://www.fraicolo.fr/im/articles/RilletteTruiteBIO.JPG&imgrefurl=http://www.fraicolo.fr/list.php%3Flang%3D1%26path%3D149%26page%3D0%26sort%3DArticle&usg=__Y-L2bGWe9auWVByDyGnnx_-GYo8=&h=191&w=240&sz=12&hl=fr&start=3&zoom=0&um=1&itbs=1&tbnid=qVqtkm4Rq-HAOM:&tbnh=88&tbnw=110&prev=/images%3Fq%3Drillette%2Bde%2Bnoix%2Bde%2Bsaint%2Bjacques%26um%3D1%26hl%3Dfr%26sa%3DN%26rlz%3D1B3GGGL_frFR253FR253%26tbs%3Disch:1" "Mozilla/5.0 (Windows; U; Windows NT 5.1; fr; rv:1.9.2.13) Gecko/20101203 Firefox/3.6.13 GTB7.1 ( .NET CLR 3.5.30729)"
90.38.54.8 - - [30/Dec/2010:22:18:47 +0100] "GET /list.php?lang=1&path=149&page=0&sort=Article HTTP/1.1" 200 14178 "http://www.fraicolo.fr/list.php?lang=1&path=149&page=0&sort=Article" "Mozilla/5.0 (Windows; U; Windows NT 5.1; fr; rv:1.9.2.13) Gecko/20101203 Firefox/3.6.13 GTB7.1 ( .NET CLR 3.5.30729)"
193.252.118.176 - - [30/Dec/2010:22:18:48 +0100] "GET /description.php?lang=1&id=1159 HTTP/1.1" 404 - "-" "Mozilla/5.0 (Windows; U; Windows NT 5.1; fr; rv:1.8.1) VoilaBot BETA 1.2 (support.voilabot@orange-ftgroup.com)"
194.150.236.161 - - [30/Dec/2010:22:18:52 +0100] "HEAD /im/banner/Affiliation_Fraicolo_120x60.gif HTTP/1.1" 200 - "-" "-"
194.150.236.161 - - [30/Dec/2010:22:18:52 +0100] "GET /im/banner/Affiliation_Fraicolo_120x60.gif HTTP/1.1" 200 16471 "-" "PHP/5.2.6"
77.196.2.206 - - [30/Dec/2010:22:19:01 +0100] "GET /im/articles/ChipsTraiteur.JPG HTTP/1.1" 206 5951 "http://www.eternia-fr.net/news_736_les-legendaires-de-pokemon-black-amp-white.html" "Mozilla/5.0 (Windows; U; Windows NT 5.1; fr; rv:1.9.2.13) Gecko/20101203 Firefox/3.6.13 GTB7.1 ( .NET CLR 3.5.30729)"
65.52.110.53 - - [30/Dec/2010:22:19:18 +0100] "GET /description.php?lang=1&path=160&sort=Article&page=0&id=1222 HTTP/1.1" 200 11136 "-" "Mozilla/5.0 (compatible; bingbot/2.0; +http://www.bing.com/bingbot.htm)"
208.115.111.249 - - [30/Dec/2010:22:19:24 +0100] "GET /robots.txt HTTP/1.1" 200 33 "-" "Mozilla/5.0 (compatible; DotBot/1.1; http://www.dotnetdotcom.org/, crawler@dotnetdotcom.org)"
90.29.80.189 - - [30/Dec/2010:22:19:33 +0100] "GET /categories.php?lang=1&path=88&num=76&action=e&sort=Article&page=0 HTTP/1.1" 200 15952 "http://www.google.fr/imgres?imgurl=http://fraicolo.fr/im/articles/GaletteSaintMichel.JPG&imgrefurl=http://fraicolo.fr/categories.php%3Flang%3D1%26path%3D88%26num%3D76%26action%3De%26sort%3DArticle%26page%3D0&usg=__3CyOTneomobX09odlhtfqTBEFbA=&h=622&w=940&sz=52&hl=fr&start=1&zoom=1&tbnid=0QEoulVpmMY1FM:&tbnh=98&tbnw=148&prev=/images%3Fq%3Dsabl%25C3%25A9%2Bde%2Bretz%2Bmont%2Bst%2Bmichel%26hl%3Dfr%26sa%3DX%26rlz%3D1T4SUNC_frFR383FR384%26tbs%3Disch:1%26prmd%3Divns&itbs=1" "Mozilla/4.0 (compatible; MSIE 6.0; Windows NT 5.1; SV1; GTB6.6; AskTbPTF/5.9.1.14019)"
90.29.80.189 - - [30/Dec/2010:22:19:34 +0100] "GET /im/articles/CrousillantCoco.JPG HTTP/1.1" 304 - "http://fraicolo.fr/categories.php?lang=1&path=88&num=76&action=e&sort=Article&page=0" "Mozilla/4.0 (compatible; MSIE 6.0; Windows NT 5.1; SV1; GTB6.6; AskTbPTF/5.9.1.14019)"
90.29.80.189 - - [30/Dec/2010:22:19:34 +0100] "GET /im/articles/ChocolatAssortimentETHIQ.JPG HTTP/1.1" 304 - "http://fraicolo.fr/categories.php?lang=1&path=88&num=76&action=e&sort=Article&page=0" "Mozilla/4.0 (compatible; MSIE 6.0; Windows NT 5.1; SV1; GTB6.6; AskTbPTF/5.9.1.14019)"
90.29.80.189 - - [30/Dec/2010:22:19:34 +0100] "GET /im/articles/ChocoBN.JPG HTTP/1.1" 206 3615 "http://fraicolo.fr/categories.php?lang=1&path=88&num=76&action=e&sort=Article&page=0" "Mozilla/4.0 (compatible; MSIE 6.0; Windows NT 5.1; SV1; GTB6.6; AskTbPTF/5.9.1.14019)"
90.29.80.189 - - [30/Dec/2010:22:19:34 +0100] "GET /im/articles/CrepesSucrees.JPG HTTP/1.1" 206 17710 "http://fraicolo.fr/categories.php?lang=1&path=88&num=76&action=e&sort=Article&page=0" "Mozilla/4.0 (compatible; MSIE 6.0; Windows NT 5.1; SV1; GTB6.6; AskTbPTF/5.9.1.14019)"
90.29.80.189 - - [30/Dec/2010:22:19:34 +0100] "GET /im/articles/MadeleineChocolat.JPG HTTP/1.1" 200 28467 "http://fraicolo.fr/categories.php?lang=1&path=88&num=76&action=e&sort=Article&page=0" "Mozilla/4.0 (compatible; MSIE 6.0; Windows NT 5.1; SV1; GTB6.6; AskTbPTF/5.9.1.14019)"
90.29.80.189 - - [30/Dec/2010:22:19:34 +0100] "GET /im/articles/TarteChocoEnt.JPG HTTP/1.1" 304 - "http://fraicolo.fr/categories.php?lang=1&path=88&num=76&action=e&sort=Article&page=0" "Mozilla/4.0 (compatible; MSIE 6.0; Windows NT 5.1; SV1; GTB6.6; AskTbPTF/5.9.1.14019)"
90.29.80.189 - - [30/Dec/2010:22:19:34 +0100] "GET /im/articles/CompPomme.JPG HTTP/1.1" 304 - "http://fraicolo.fr/categories.php?lang=1&path=88&num=76&action=e&sort=Article&page=0" "Mozilla/4.0 (compatible; MSIE 6.0; Windows NT 5.1; SV1; GTB6.6; AskTbPTF/5.9.1.14019)"
90.29.80.189 - - [30/Dec/2010:22:19:34 +0100] "GET /im/articles/TarteAbricotEnt.JPG HTTP/1.1" 200 32711 "http://fraicolo.fr/categories.php?lang=1&path=88&num=76&action=e&sort=Article&page=0" "Mozilla/4.0 (compatible; MSIE 6.0; Windows NT 5.1; SV1; GTB6.6; AskTbPTF/5.9.1.14019)"
90.29.80.189 - - [30/Dec/2010:22:19:34 +0100] "GET /im/articles/BiscuitSable.JPG HTTP/1.1" 206 4274 "http://fraicolo.fr/categories.php?lang=1&path=88&num=76&action=e&sort=Article&page=0" "Mozilla/4.0 (compatible; MSIE 6.0; Windows NT 5.1; SV1; GTB6.6; AskTbPTF/5.9.1.14019)"
90.29.80.189 - - [30/Dec/2010:22:19:34 +0100] "GET /im/articles/ConfitureBIOMure.JPG HTTP/1.1" 304 - "http://fraicolo.fr/categories.php?lang=1&path=88&num=76&action=e&sort=Article&page=0" "Mozilla/4.0 (compatible; MSIE 6.0; Windows NT 5.1; SV1; GTB6.6; AskTbPTF/5.9.1.14019)"
90.29.80.189 - - [30/Dec/2010:22:19:34 +0100] "GET /im/articles/ConfitureBIOFramboise.JPG HTTP/1.1" 200 10205 "http://fraicolo.fr/categories.php?lang=1&path=88&num=76&action=e&sort=Article&page=0" "Mozilla/4.0 (compatible; MSIE 6.0; Windows NT 5.1; SV1; GTB6.6; AskTbPTF/5.9.1.14019)"
90.29.80.189 - - [30/Dec/2010:22:19:34 +0100] "GET /im/articles/PaletsBretons.JPG HTTP/1.1" 200 11666 "http://fraicolo.fr/categories.php?lang=1&path=88&num=76&action=e&sort=Article&page=0" "Mozilla/4.0 (compatible; MSIE 6.0; Windows NT 5.1; SV1; GTB6.6; AskTbPTF/5.9.1.14019)"
90.29.80.189 - - [30/Dec/2010:22:19:34 +0100] "GET /im/articles/TartePomme.JPG HTTP/1.1" 200 37388 "http://fraicolo.fr/categories.php?lang=1&path=88&num=76&action=e&sort=Article&page=0" "Mozilla/4.0 (compatible; MSIE 6.0; Windows NT 5.1; SV1; GTB6.6; AskTbPTF/5.9.1.14019)"
90.29.80.189 - - [30/Dec/2010:22:19:34 +0100] "GET /im/articles/BiscuitsCommingeoisBIO.JPG HTTP/1.1" 206 2228 "http://fraicolo.fr/categories.php?lang=1&path=88&num=76&action=e&sort=Article&page=0" "Mozilla/4.0 (compatible; MSIE 6.0; Windows NT 5.1; SV1; GTB6.6; AskTbPTF/5.9.1.14019)"
90.29.80.189 - - [30/Dec/2010:22:19:34 +0100] "GET /im/articles/CompBioPommePoire.JPG HTTP/1.1" 200 19935 "http://fraicolo.fr/categories.php?lang=1&path=88&num=76&action=e&sort=Article&page=0" "Mozilla/4.0 (compatible; MSIE 6.0; Windows NT 5.1; SV1; GTB6.6; AskTbPTF/5.9.1.14019)"
90.29.80.189 - - [30/Dec/2010:22:19:35 +0100] "GET /im/articles/MielGatinais.JPG HTTP/1.1" 200 14711 "http://fraicolo.fr/categories.php?lang=1&path=88&num=76&action=e&sort=Article&page=0" "Mozilla/4.0 (compatible; MSIE 6.0; Windows NT 5.1; SV1; GTB6.6; AskTbPTF/5.9.1.14019)"
90.29.80.189 - - [30/Dec/2010:22:19:35 +0100] "GET /im/articles/PetitsBeurres.JPG HTTP/1.1" 304 - "http://fraicolo.fr/categories.php?lang=1&path=88&num=76&action=e&sort=Article&page=0" "Mozilla/4.0 (compatible; MSIE 6.0; Windows NT 5.1; SV1; GTB6.6; AskTbPTF/5.9.1.14019)"
90.29.80.189 - - [30/Dec/2010:22:19:35 +0100] "GET /im/articles/EclairChoco.JPG HTTP/1.1" 206 3135 "http://fraicolo.fr/categories.php?lang=1&path=88&num=76&action=e&sort=Article&page=0" "Mozilla/4.0 (compatible; MSIE 6.0; Windows NT 5.1; SV1; GTB6.6; AskTbPTF/5.9.1.14019)"
90.29.80.189 - - [30/Dec/2010:22:19:35 +0100] "GET /im/articles/PainEpice.JPG HTTP/1.1" 200 41005 "http://fraicolo.fr/categories.php?lang=1&path=88&num=76&action=e&sort=Article&page=0" "Mozilla/4.0 (compatible; MSIE 6.0; Windows NT 5.1; SV1; GTB6.6; AskTbPTF/5.9.1.14019)"
90.29.80.189 - - [30/Dec/2010:22:19:35 +0100] "GET /im/articles/BoudoirsBIO.JPG HTTP/1.1" 304 - "http://fraicolo.fr/categories.php?lang=1&path=88&num=76&action=e&sort=Article&page=0" "Mozilla/4.0 (compatible; MSIE 6.0; Windows NT 5.1; SV1; GTB6.6; AskTbPTF/5.9.1.14019)"
90.29.80.189 - - [30/Dec/2010:22:19:35 +0100] "GET /im/articles/Granola.JPG HTTP/1.1" 200 59905 "http://fraicolo.fr/categories.php?lang=1&path=88&num=76&action=e&sort=Article&page=0" "Mozilla/4.0 (compatible; MSIE 6.0; Windows NT 5.1; SV1; GTB6.6; AskTbPTF/5.9.1.14019)"
90.29.80.189 - - [30/Dec/2010:22:19:35 +0100] "GET /im/articles/MielVerriere.JPG HTTP/1.1" 304 - "http://fraicolo.fr/categories.php?lang=1&path=88&num=76&action=e&sort=Article&page=0" "Mozilla/4.0 (compatible; MSIE 6.0; Windows NT 5.1; SV1; GTB6.6; AskTbPTF/5.9.1.14019)"
90.29.80.189 - - [30/Dec/2010:22:19:35 +0100] "GET /im/articles/Cakefruits.JPG HTTP/1.1" 200 18523 "http://fraicolo.fr/categories.php?lang=1&path=88&num=76&action=e&sort=Article&page=0" "Mozilla/4.0 (compatible; MSIE 6.0; Windows NT 5.1; SV1; GTB6.6; AskTbPTF/5.9.1.14019)"
90.29.80.189 - - [30/Dec/2010:22:19:35 +0100] "GET /im/lang1/menu_infos.gif HTTP/1.1" 304 - "http://fraicolo.fr/categories.php?lang=1&path=88&num=76&action=e&sort=Article&page=0" "Mozilla/4.0 (compatible; MSIE 6.0; Windows NT 5.1; SV1; GTB6.6; AskTbPTF/5.9.1.14019)"
90.29.80.189 - - [30/Dec/2010:22:19:35 +0100] "GET /im/lang1/menu_id.gif HTTP/1.1" 304 - "http://fraicolo.fr/categories.php?lang=1&path=88&num=76&action=e&sort=Article&page=0" "Mozilla/4.0 (compatible; MSIE 6.0; Windows NT 5.1; SV1; GTB6.6; AskTbPTF/5.9.1.14019)"
90.29.80.189 - - [30/Dec/2010:22:19:35 +0100] "GET /im/ok.gif HTTP/1.1" 304 - "http://fraicolo.fr/categories.php?lang=1&path=88&num=76&action=e&sort=Article&page=0" "Mozilla/4.0 (compatible; MSIE 6.0; Windows NT 5.1; SV1; GTB6.6; AskTbPTF/5.9.1.14019)"
90.29.80.189 - - [30/Dec/2010:22:19:35 +0100] "GET /im/lang1/menu_caddie.gif HTTP/1.1" 304 - "http://fraicolo.fr/categories.php?lang=1&path=88&num=76&action=e&sort=Article&page=0" "Mozilla/4.0 (compatible; MSIE 6.0; Windows NT 5.1; SV1; GTB6.6; AskTbPTF/5.9.1.14019)"
90.29.80.189 - - [30/Dec/2010:22:19:35 +0100] "GET /im/lang1/menu_devis.gif HTTP/1.1" 304 - "http://fraicolo.fr/categories.php?lang=1&path=88&num=76&action=e&sort=Article&page=0" "Mozilla/4.0 (compatible; MSIE 6.0; Windows NT 5.1; SV1; GTB6.6; AskTbPTF/5.9.1.14019)"
90.29.80.189 - - [30/Dec/2010:22:19:35 +0100] "GET /im/background/menuright.gif HTTP/1.1" 304 - "http://fraicolo.fr/categories.php?lang=1&path=88&num=76&action=e&sort=Article&page=0" "Mozilla/4.0 (compatible; MSIE 6.0; Windows NT 5.1; SV1; GTB6.6; AskTbPTF/5.9.1.14019)"
90.29.80.189 - - [30/Dec/2010:22:19:35 +0100] "GET /im/lang1/menu_subscribe.gif HTTP/1.1" 304 - "http://fraicolo.fr/categories.php?lang=1&path=88&num=76&action=e&sort=Article&page=0" "Mozilla/4.0 (compatible; MSIE 6.0; Windows NT 5.1; SV1; GTB6.6; AskTbPTF/5.9.1.14019)"
90.36.52.241 - - [30/Dec/2010:22:19:36 +0100] "GET /im/articles/Lasagne.JPG HTTP/1.1" 304 - "http://www.stereopoly.com/jeu/profil.php?id=844300" "Opera/9.80 (Windows NT 6.0; U; fr) Presto/2.7.62 Version/11.00"
66.249.71.6 - - [30/Dec/2010:22:20:06 +0100] "GET /list.php?lang=1&path=0&num=0&action=n&sort=Article&page=0 HTTP/1.1" 404 - "-" "Mozilla/5.0 (compatible; Googlebot/2.1; +http://www.google.com/bot.html)"
193.252.149.13 - - [30/Dec/2010:22:20:08 +0100] "GET /list.php?lang=n&path=102&num=3&action=n&sort=Article&page=0 HTTP/1.1" 404 - "-" "Mozilla/5.0 (Windows; U; Windows NT 5.1; fr; rv:1.8.1) VoilaBot BETA 1.2 (support.voilabot@orange-ftgroup.com)"
78.249.189.124 - - [30/Dec/2010:22:20:09 +0100] "GET /im/payment.gif HTTP/1.1" 304 - "http://www.fraicolo.fr/categories.php?lang=e&path=150&num=43&action=e" "Mozilla/4.0 (compatible; MSIE 8.0; Windows NT 5.1; Trident/4.0; GTB6.3; Tablet PC 1.7; .NET CLR 1.0.3705; .NET CLR 1.1.4322; .NET CLR 2.0.50727; .NET CLR 3.0.4506.2152; .NET CLR 3.5.30729; OfficeLiveConnector.1.4; OfficeLivePatch.1.3)"
78.115.10.46 - - [30/Dec/2010:22:20:12 +0100] "GET /im/articles/ChipsTraiteur.JPG HTTP/1.1" 200 31181 "http://www.eternia-fr.net/news_903_film-13-le-maitre-de-l-illusion-zoroark-disponible-en-vostfr.html" "Mozilla/5.0 (Windows; U; Windows NT 6.1; fr; rv:1.9.2.13) Gecko/20101203 Firefox/3.6.13"
92.152.163.153 - - [30/Dec/2010:22:20:14 +0100] "GET /list.php?lang=1&path=53&sort=Article&page=0 HTTP/1.1" 200 11662 "http://www.google.fr/imgres?imgurl=http://www.fraicolo.fr/im/articles/Beurre-.JPG&imgrefurl=http://www.fraicolo.fr/list.php%3Flang%3D1%26path%3D53%26sort%3DArticle%26page%3D0&usg=__5PsLWG7NyZf1edPIViyeWS0BP5M=&h=612&w=828&sz=44&hl=fr&start=4&zoom=1&um=1&itbs=1&tbnid=P7LgeYyc3cePkM:&tbnh=106&tbnw=144&prev=/images%3Fq%3Dbeurre%26um%3D1%26hl%3Dfr%26client%3Dfirefox-a%26rls%3Dorg.mozilla:fr:official%26tbs%3Disch:1" "Mozilla/5.0 (Windows; U; Windows NT 6.0; fr; rv:1.9.0.15) Gecko/2009101601 Firefox/3.0.15 (.NET CLR 3.5.30729)"
92.152.163.153 - - [30/Dec/2010:22:20:14 +0100] "GET /css/scss.css HTTP/1.1" 200 3683 "http://www.fraicolo.fr/list.php?lang=1&path=53&sort=Article&page=0" "Mozilla/5.0 (Windows; U; Windows NT 6.0; fr; rv:1.9.0.15) Gecko/2009101601 Firefox/3.0.15 (.NET CLR 3.5.30729)"
92.152.163.153 - - [30/Dec/2010:22:20:15 +0100] "GET /im/background/bg_green.gif HTTP/1.1" 200 2395 "http://www.fraicolo.fr/css/scss.css" "Mozilla/5.0 (Windows; U; Windows NT 6.0; fr; rv:1.9.0.15) Gecko/2009101601 Firefox/3.0.15 (.NET CLR 3.5.30729)"
92.152.163.153 - - [30/Dec/2010:22:20:15 +0100] "GET /im/LOGOFraicolo.png HTTP/1.1" 200 21138 "http://www.fraicolo.fr/list.php?lang=1&path=53&sort=Article&page=0" "Mozilla/5.0 (Windows; U; Windows NT 6.0; fr; rv:1.9.0.15) Gecko/2009101601 Firefox/3.0.15 (.NET CLR 3.5.30729)"
92.152.163.153 - - [30/Dec/2010:22:20:15 +0100] "GET /includes/menu/plus.gif HTTP/1.1" 200 71 "http://www.fraicolo.fr/list.php?lang=1&path=53&sort=Article&page=0" "Mozilla/5.0 (Windows; U; Windows NT 6.0; fr; rv:1.9.0.15) Gecko/2009101601 Firefox/3.0.15 (.NET CLR 3.5.30729)"
92.152.163.153 - - [30/Dec/2010:22:20:15 +0100] "GET /im/zzz.gif HTTP/1.1" 200 49 "http://www.fraicolo.fr/list.php?lang=1&path=53&sort=Article&page=0" "Mozilla/5.0 (Windows; U; Windows NT 6.0; fr; rv:1.9.0.15) Gecko/2009101601 Firefox/3.0.15 (.NET CLR 3.5.30729)"
92.152.163.153 - - [30/Dec/2010:22:20:15 +0100] "GET /im/accueil.gif HTTP/1.1" 200 511 "http://www.fraicolo.fr/list.php?lang=1&path=53&sort=Article&page=0" "Mozilla/5.0 (Windows; U; Windows NT 6.0; fr; rv:1.9.0.15) Gecko/2009101601 Firefox/3.0.15 (.NET CLR 3.5.30729)"
