79.87.72.71 - - [30/Dec/2010:23:34:52 +0100] "GET /includes/menu/plus.gif HTTP/1.1" 200 71 "http://www.fraicolo.fr/list.php?lang=1&path=57&sort=Article&page=0" "Mozilla/5.0 (Windows; U; Windows NT 6.0; fr; rv:1.9.2.13) Gecko/20101203 Firefox/3.6.13 ( .NET CLR 3.5.30729; .NET4.0C)"
79.87.72.71 - - [30/Dec/2010:23:34:52 +0100] "GET /im/lang1/menu_com.gif HTTP/1.1" 200 2071 "http://www.fraicolo.fr/list.php?lang=1&path=57&sort=Article&page=0" "Mozilla/5.0 (Windows; U; Windows NT 6.0; fr; rv:1.9.2.13) Gecko/20101203 Firefox/3.6.13 ( .NET CLR 3.5.30729; .NET4.0C)"
79.87.72.71 - - [30/Dec/2010:23:34:52 +0100] "GET /im/payment.gif HTTP/1.1" 200 2578 "http://www.fraicolo.fr/list.php?lang=1&path=57&sort=Article&page=0" "Mozilla/5.0 (Windows; U; Windows NT 6.0; fr; rv:1.9.2.13) Gecko/20101203 Firefox/3.6.13 ( .NET CLR 3.5.30729; .NET4.0C)"
79.87.72.71 - - [30/Dec/2010:23:34:52 +0100] "GET /im/articles/HaricotRougeBIO.JPG HTTP/1.1" 200 20098 "http://www.fraicolo.fr/list.php?lang=1&path=57&sort=Article&page=0" "Mozilla/5.0 (Windows; U; Windows NT 6.0; fr; rv:1.9.2.13) Gecko/20101203 Firefox/3.6.13 ( .NET CLR 3.5.30729; .NET4.0C)"
79.87.72.71 - - [30/Dec/2010:23:34:51 +0100] "GET /im/LOGOFraicolo.png HTTP/1.1" 200 21138 "http://www.fraicolo.fr/list.php?lang=1&path=57&sort=Article&page=0" "Mozilla/5.0 (Windows; U; Windows NT 6.0; fr; rv:1.9.2.13) Gecko/20101203 Firefox/3.6.13 ( .NET CLR 3.5.30729; .NET4.0C)"
79.87.72.71 - - [30/Dec/2010:23:34:52 +0100] "GET /im/stockok.gif HTTP/1.1" 200 920 "http://www.fraicolo.fr/list.php?lang=1&path=57&sort=Article&page=0" "Mozilla/5.0 (Windows; U; Windows NT 6.0; fr; rv:1.9.2.13) Gecko/20101203 Firefox/3.6.13 ( .NET CLR 3.5.30729; .NET4.0C)"
79.87.72.71 - - [30/Dec/2010:23:34:52 +0100] "GET /im/articles/RizBasmatiBIO.JPG HTTP/1.1" 200 9298 "http://www.fraicolo.fr/list.php?lang=1&path=57&sort=Article&page=0" "Mozilla/5.0 (Windows; U; Windows NT 6.0; fr; rv:1.9.2.13) Gecko/20101203 Firefox/3.6.13 ( .NET CLR 3.5.30729; .NET4.0C)"
79.87.72.71 - - [30/Dec/2010:23:34:51 +0100] "GET /im/banner/bannercorporate1.jpg HTTP/1.1" 200 44430 "http://www.fraicolo.fr/list.php?lang=1&path=57&sort=Article&page=0" "Mozilla/5.0 (Windows; U; Windows NT 6.0; fr; rv:1.9.2.13) Gecko/20101203 Firefox/3.6.13 ( .NET CLR 3.5.30729; .NET4.0C)"
79.87.72.71 - - [30/Dec/2010:23:34:52 +0100] "GET /im/articles/RizThaiBIO.JPG HTTP/1.1" 200 13949 "http://www.fraicolo.fr/list.php?lang=1&path=57&sort=Article&page=0" "Mozilla/5.0 (Windows; U; Windows NT 6.0; fr; rv:1.9.2.13) Gecko/20101203 Firefox/3.6.13 ( .NET CLR 3.5.30729; .NET4.0C)"
79.87.72.71 - - [30/Dec/2010:23:34:52 +0100] "GET /im/articles/ChipsAnciennesVico.JPG HTTP/1.1" 200 34267 "http://www.fraicolo.fr/list.php?lang=1&path=57&sort=Article&page=0" "Mozilla/5.0 (Windows; U; Windows NT 6.0; fr; rv:1.9.2.13) Gecko/20101203 Firefox/3.6.13 ( .NET CLR 3.5.30729; .NET4.0C)"
79.87.72.71 - - [30/Dec/2010:23:34:52 +0100] "GET /im/articles/RizSauvageBIO.JPG HTTP/1.1" 200 37414 "http://www.fraicolo.fr/list.php?lang=1&path=57&sort=Article&page=0" "Mozilla/5.0 (Windows; U; Windows NT 6.0; fr; rv:1.9.2.13) Gecko/20101203 Firefox/3.6.13 ( .NET CLR 3.5.30729; .NET4.0C)"
79.87.72.71 - - [30/Dec/2010:23:34:53 +0100] "GET /im/articles/ChipsVitelotte.JPG HTTP/1.1" 200 11794 "http://www.fraicolo.fr/list.php?lang=1&path=57&sort=Article&page=0" "Mozilla/5.0 (Windows; U; Windows NT 6.0; fr; rv:1.9.2.13) Gecko/20101203 Firefox/3.6.13 ( .NET CLR 3.5.30729; .NET4.0C)"
79.87.72.71 - - [30/Dec/2010:23:34:53 +0100] "GET /im/articles/ChipsTraiteur.JPG HTTP/1.1" 200 31181 "http://www.fraicolo.fr/list.php?lang=1&path=57&sort=Article&page=0" "Mozilla/5.0 (Windows; U; Windows NT 6.0; fr; rv:1.9.2.13) Gecko/20101203 Firefox/3.6.13 ( .NET CLR 3.5.30729; .NET4.0C)"
79.87.72.71 - - [30/Dec/2010:23:34:53 +0100] "GET /im/fleche_bottom.gif HTTP/1.1" 200 57 "http://www.fraicolo.fr/css/scss.css" "Mozilla/5.0 (Windows; U; Windows NT 6.0; fr; rv:1.9.2.13) Gecko/20101203 Firefox/3.6.13 ( .NET CLR 3.5.30729; .NET4.0C)"
79.87.72.71 - - [30/Dec/2010:23:34:53 +0100] "GET /im/background/menuleft.gif HTTP/1.1" 200 1837 "http://www.fraicolo.fr/css/scss.css" "Mozilla/5.0 (Windows; U; Windows NT 6.0; fr; rv:1.9.2.13) Gecko/20101203 Firefox/3.6.13 ( .NET CLR 3.5.30729; .NET4.0C)"
79.87.72.71 - - [30/Dec/2010:23:34:53 +0100] "GET /im/background/module_left.gif HTTP/1.1" 200 323 "http://www.fraicolo.fr/css/scss.css" "Mozilla/5.0 (Windows; U; Windows NT 6.0; fr; rv:1.9.2.13) Gecko/20101203 Firefox/3.6.13 ( .NET CLR 3.5.30729; .NET4.0C)"
79.87.72.71 - - [30/Dec/2010:23:34:53 +0100] "GET /im/background/menuright.gif HTTP/1.1" 200 1832 "http://www.fraicolo.fr/css/scss.css" "Mozilla/5.0 (Windows; U; Windows NT 6.0; fr; rv:1.9.2.13) Gecko/20101203 Firefox/3.6.13 ( .NET CLR 3.5.30729; .NET4.0C)"
79.87.72.71 - - [30/Dec/2010:23:34:53 +0100] "GET /im/articles/ChipsVitelotte.JPG HTTP/1.1" 200 11794 "http://www.google.fr/imgres?imgurl=http://www.fraicolo.fr/im/articles/ChipsVitelotte.JPG&imgrefurl=http://www.fraicolo.fr/list.php%3Flang%3D1%26path%3D57%26sort%3DArticle%26page%3D0&usg=__sOANVBSM22hvCyV9hjupoJtgEag=&h=300&w=300&sz=12&hl=fr&start=2&zoom=1&um=1&itbs=1&tbnid=nq5ov4e6WE0o5M:&tbnh=116&tbnw=116&prev=/images%3Fq%3Dchips%2Bvitelotte%26um%3D1%26hl%3Dfr%26client%3Dfirefox-a%26rls%3Dorg.mozilla:fr:official%26tbs%3Disch:1" "Mozilla/5.0 (Windows; U; Windows NT 6.0; fr; rv:1.9.2.13) Gecko/20101203 Firefox/3.6.13 ( .NET CLR 3.5.30729; .NET4.0C)"
79.87.72.71 - - [30/Dec/2010:23:34:53 +0100] "GET /list.php?lang=1&path=57&sort=Article&page=0 HTTP/1.1" 200 12367 "http://www.fraicolo.fr/list.php?lang=1&path=57&sort=Article&page=0" "Mozilla/5.0 (Windows; U; Windows NT 6.0; fr; rv:1.9.2.13) Gecko/20101203 Firefox/3.6.13 ( .NET CLR 3.5.30729; .NET4.0C)"
79.87.72.71 - - [30/Dec/2010:23:34:53 +0100] "GET /im/background/bg_shop_green.gif HTTP/1.1" 200 49144 "http://www.fraicolo.fr/css/scss.css" "Mozilla/5.0 (Windows; U; Windows NT 6.0; fr; rv:1.9.2.13) Gecko/20101203 Firefox/3.6.13 ( .NET CLR 3.5.30729; .NET4.0C)"
79.87.72.71 - - [30/Dec/2010:23:34:57 +0100] "GET /list.php?lang=1&path=57&sort=Article&page=0 HTTP/1.1" 200 12367 "http://www.google.fr/imgres?imgurl=http://www.fraicolo.fr/im/articles/ChipsVitelotte.JPG&imgrefurl=http://www.fraicolo.fr/list.php%3Flang%3D1%26path%3D57%26sort%3DArticle%26page%3D0&usg=__sOANVBSM22hvCyV9hjupoJtgEag=&h=300&w=300&sz=12&hl=fr&start=2&zoom=1&um=1&itbs=1&tbnid=nq5ov4e6WE0o5M:&tbnh=116&tbnw=116&prev=/images%3Fq%3Dchips%2Bvitelotte%26um%3D1%26hl%3Dfr%26client%3Dfirefox-a%26rls%3Dorg.mozilla:fr:official%26tbs%3Disch:1" "Mozilla/5.0 (Windows; U; Windows NT 6.0; fr; rv:1.9.2.13) Gecko/20101203 Firefox/3.6.13 ( .NET CLR 3.5.30729; .NET4.0C)"
79.87.72.71 - - [30/Dec/2010:23:34:58 +0100] "GET /im/banner/bannercorporate1.jpg HTTP/1.1" 206 8557 "http://www.fraicolo.fr/list.php?lang=1&path=57&sort=Article&page=0" "Mozilla/5.0 (Windows; U; Windows NT 6.0; fr; rv:1.9.2.13) Gecko/20101203 Firefox/3.6.13 ( .NET CLR 3.5.30729; .NET4.0C)"
79.87.72.71 - - [30/Dec/2010:23:34:58 +0100] "GET /im/search.gif HTTP/1.1" 200 681 "http://www.fraicolo.fr/list.php?lang=1&path=57&sort=Article&page=0" "Mozilla/5.0 (Windows; U; Windows NT 6.0; fr; rv:1.9.2.13) Gecko/20101203 Firefox/3.6.13 ( .NET CLR 3.5.30729; .NET4.0C)"
79.87.72.71 - - [30/Dec/2010:23:34:58 +0100] "GET /im/articles/RizSauvageBIO.JPG HTTP/1.1" 206 2992 "http://www.fraicolo.fr/list.php?lang=1&path=57&sort=Article&page=0" "Mozilla/5.0 (Windows; U; Windows NT 6.0; fr; rv:1.9.2.13) Gecko/20101203 Firefox/3.6.13 ( .NET CLR 3.5.30729; .NET4.0C)"
79.87.72.71 - - [30/Dec/2010:23:34:58 +0100] "GET /im/lang1/cart_add.gif HTTP/1.1" 200 481 "http://www.fraicolo.fr/list.php?lang=1&path=57&sort=Article&page=0" "Mozilla/5.0 (Windows; U; Windows NT 6.0; fr; rv:1.9.2.13) Gecko/20101203 Firefox/3.6.13 ( .NET CLR 3.5.30729; .NET4.0C)"
79.87.72.71 - - [30/Dec/2010:23:34:58 +0100] "GET /im/articles/ChipsAnciennesVico.JPG HTTP/1.1" 206 18721 "http://www.fraicolo.fr/list.php?lang=1&path=57&sort=Article&page=0" "Mozilla/5.0 (Windows; U; Windows NT 6.0; fr; rv:1.9.2.13) Gecko/20101203 Firefox/3.6.13 ( .NET CLR 3.5.30729; .NET4.0C)"
79.87.72.71 - - [30/Dec/2010:23:34:58 +0100] "GET /im/articles/RizBasmatiBIO.JPG HTTP/1.1" 206 1011 "http://www.fraicolo.fr/list.php?lang=1&path=57&sort=Article&page=0" "Mozilla/5.0 (Windows; U; Windows NT 6.0; fr; rv:1.9.2.13) Gecko/20101203 Firefox/3.6.13 ( .NET CLR 3.5.30729; .NET4.0C)"
79.87.72.71 - - [30/Dec/2010:23:34:58 +0100] "GET /im/background/bg_shop_green.gif HTTP/1.1" 206 29242 "http://www.fraicolo.fr/css/scss.css" "Mozilla/5.0 (Windows; U; Windows NT 6.0; fr; rv:1.9.2.13) Gecko/20101203 Firefox/3.6.13 ( .NET CLR 3.5.30729; .NET4.0C)"
79.87.72.71 - - [30/Dec/2010:23:34:58 +0100] "GET /im/articles/ChipsTraiteur.JPG HTTP/1.1" 200 31181 "http://www.fraicolo.fr/list.php?lang=1&path=57&sort=Article&page=0" "Mozilla/5.0 (Windows; U; Windows NT 6.0; fr; rv:1.9.2.13) Gecko/20101203 Firefox/3.6.13 ( .NET CLR 3.5.30729; .NET4.0C)"
79.87.72.71 - - [30/Dec/2010:23:34:58 +0100] "GET /im/articles/RizBasmati.jpg HTTP/1.1" 200 29987 "http://www.fraicolo.fr/list.php?lang=1&path=57&sort=Article&page=0" "Mozilla/5.0 (Windows; U; Windows NT 6.0; fr; rv:1.9.2.13) Gecko/20101203 Firefox/3.6.13 ( .NET CLR 3.5.30729; .NET4.0C)"
79.87.72.71 - - [30/Dec/2010:23:34:59 +0100] "GET /im/cart.gif HTTP/1.1" 200 574 "http://www.fraicolo.fr/list.php?lang=1&path=57&sort=Article&page=0" "Mozilla/5.0 (Windows; U; Windows NT 6.0; fr; rv:1.9.2.13) Gecko/20101203 Firefox/3.6.13 ( .NET CLR 3.5.30729; .NET4.0C)"
79.87.72.71 - - [30/Dec/2010:23:34:58 +0100] "GET /im/articles/RizThai.jpg HTTP/1.1" 200 21791 "http://www.fraicolo.fr/list.php?lang=1&path=57&sort=Article&page=0" "Mozilla/5.0 (Windows; U; Windows NT 6.0; fr; rv:1.9.2.13) Gecko/20101203 Firefox/3.6.13 ( .NET CLR 3.5.30729; .NET4.0C)"
79.87.72.71 - - [30/Dec/2010:23:34:59 +0100] "GET /im/cart_rem.gif HTTP/1.1" 200 368 "http://www.fraicolo.fr/list.php?lang=1&path=57&sort=Article&page=0" "Mozilla/5.0 (Windows; U; Windows NT 6.0; fr; rv:1.9.2.13) Gecko/20101203 Firefox/3.6.13 ( .NET CLR 3.5.30729; .NET4.0C)"
79.87.72.71 - - [30/Dec/2010:23:34:59 +0100] "GET /im/cart_opt.gif HTTP/1.1" 200 365 "http://www.fraicolo.fr/list.php?lang=1&path=57&sort=Article&page=0" "Mozilla/5.0 (Windows; U; Windows NT 6.0; fr; rv:1.9.2.13) Gecko/20101203 Firefox/3.6.13 ( .NET CLR 3.5.30729; .NET4.0C)"
79.87.72.71 - - [30/Dec/2010:23:34:59 +0100] "GET /im/cart_out.gif HTTP/1.1" 200 1030 "http://www.fraicolo.fr/list.php?lang=1&path=57&sort=Article&page=0" "Mozilla/5.0 (Windows; U; Windows NT 6.0; fr; rv:1.9.2.13) Gecko/20101203 Firefox/3.6.13 ( .NET CLR 3.5.30729; .NET4.0C)"
67.195.112.48 - - [30/Dec/2010:23:35:00 +0100] "GET /list.php?lang=n&path=64&num=53&action=n&sort=Article&page=0 HTTP/1.0" 200 12175 "-" "Mozilla/5.0 (compatible; Yahoo! Slurp; http://help.yahoo.com/help/us/ysearch/slurp)"
194.150.236.161 - - [30/Dec/2010:23:35:08 +0100] "HEAD /im/banner/Affiliation_Fraicolo_468x60.gif HTTP/1.1" 200 - "-" "-"
194.150.236.161 - - [30/Dec/2010:23:35:08 +0100] "GET /im/banner/Affiliation_Fraicolo_468x60.gif HTTP/1.1" 200 41076 "-" "PHP/5.2.6"
78.236.79.29 - - [30/Dec/2010:23:35:11 +0100] "GET /im/articles/BarquetteFraise.JPG HTTP/1.1" 200 60638 "http://www.mamanstestent.com/2010/09/les-vacances-avec-nainsjai-dit-vacances.html" "Mozilla/5.0 (Windows; U; Windows NT 6.0; fr; rv:1.9.2.13) Gecko/20101203 Firefox/3.6.13 ( .NET CLR 3.5.30729)"
92.148.148.248 - - [30/Dec/2010:23:35:55 +0100] "GET /list.php?lang=1&path=56&sort=Article&page=0 HTTP/1.1" 200 14481 "http://www.google.fr/imgres?imgurl=http://www.fraicolo.fr/im/articles/Cornichons.JPG&imgrefurl=http://www.fraicolo.fr/list.php%3Flang%3D1%26path%3D56%26sort%3DArticle%26page%3D0&usg=__sky7P6U72O3ay5hWkgza0oAhQRo=&h=225&w=300&sz=11&hl=fr&start=10&zoom=1&um=1&itbs=1&tbnid=yMp1bwwET_L_UM:&tbnh=87&tbnw=116&prev=/images%3Fq%3Dcornichons%26um%3D1%26hl%3Dfr%26rlz%3D1T4SMSN_frFR395FR396%26tbs%3Disch:1" "Mozilla/4.0 (compatible; MSIE 8.0; Windows NT 6.1; Trident/4.0; GTB6.6; SLCC2; .NET CLR 2.0.50727; .NET CLR 3.5.30729; .NET CLR 3.0.30729; Media Center PC 6.0; .NET4.0C)"
92.148.148.248 - - [30/Dec/2010:23:35:56 +0100] "GET /im/articles/Cornichons.JPG HTTP/1.1" 200 11001 "http://www.google.fr/imgres?imgurl=http://www.fraicolo.fr/im/articles/Cornichons.JPG&imgrefurl=http://www.fraicolo.fr/list.php%3Flang%3D1%26path%3D56%26sort%3DArticle%26page%3D0&usg=__sky7P6U72O3ay5hWkgza0oAhQRo=&h=225&w=300&sz=11&hl=fr&start=10&zoom=1&um=1&itbs=1&tbnid=yMp1bwwET_L_UM:&tbnh=87&tbnw=116&prev=/images%3Fq%3Dcornichons%26um%3D1%26hl%3Dfr%26rlz%3D1T4SMSN_frFR395FR396%26tbs%3Disch:1" "Mozilla/4.0 (compatible; MSIE 8.0; Windows NT 6.1; Trident/4.0; GTB6.6; SLCC2; .NET CLR 2.0.50727; .NET CLR 3.5.30729; .NET CLR 3.0.30729; Media Center PC 6.0; .NET4.0C)"
92.148.148.248 - - [30/Dec/2010:23:35:57 +0100] "GET /favicon.ico HTTP/1.1" 200 293 "-" "Mozilla/4.0 (compatible; MSIE 8.0; Windows NT 6.1; Trident/4.0; GTB6.6; SLCC2; .NET CLR 2.0.50727; .NET CLR 3.5.30729; .NET CLR 3.0.30729; Media Center PC 6.0; .NET4.0C)"
193.252.118.176 - - [30/Dec/2010:23:36:00 +0100] "GET /description.php?lang=1&path=134&sort=Article&page=0&id=1126 HTTP/1.1" 404 - "-" "Mozilla/5.0 (Windows; U; Windows NT 5.1; fr; rv:1.8.1) VoilaBot BETA 1.2 (support.voilabot@orange-ftgroup.com)"
92.148.148.248 - - [30/Dec/2010:23:36:03 +0100] "GET /im/articles/Cornichons.JPG HTTP/1.1" 200 11001 "-" "Mozilla/4.0 (compatible; MSIE 7.0; Windows NT 6.1; Trident/4.0; GTB6.6; SLCC2; .NET CLR 2.0.50727; .NET CLR 3.5.30729; .NET CLR 3.0.30729; Media Center PC 6.0; .NET4.0C; ms-office; MSOffice 14)"
66.249.71.193 - - [30/Dec/2010:23:36:22 +0100] "GET /description.php?lang=1&path=65&sort=Article&page=0&id=372 HTTP/1.1" 200 11087 "-" "Mozilla/5.0 (compatible; Googlebot/2.1; +http://www.google.com/bot.html)"
194.150.236.161 - - [30/Dec/2010:23:36:42 +0100] "HEAD /im/banner/Affiliation_Fraicolo_120x60.gif HTTP/1.1" 200 - "-" "-"
194.150.236.161 - - [30/Dec/2010:23:36:43 +0100] "GET /im/banner/Affiliation_Fraicolo_120x60.gif HTTP/1.1" 200 16471 "-" "PHP/5.2.6"
207.46.13.100 - - [30/Dec/2010:23:36:50 +0100] "GET /description.php?lang=1&path=109&id=219 HTTP/1.1" 200 11297 "-" "Mozilla/5.0 (compatible; bingbot/2.0; +http://www.bing.com/bingbot.htm)"
66.249.71.193 - - [30/Dec/2010:23:36:54 +0100] "GET /description.php?lang=1&path=108&sort=Article&page=0&id=258 HTTP/1.1" 200 11229 "-" "Mozilla/5.0 (compatible; Googlebot/2.1; +http://www.google.com/bot.html)"
90.48.74.117 - - [30/Dec/2010:23:36:55 +0100] "GET /im/articles/ChipsTraiteur.JPG HTTP/1.1" 304 - "http://www.eternia-fr.net/news_903_film-13-le-maitre-de-l-illusion-zoroark-disponible-en-vostfr.html" "Mozilla/5.0 (Windows; U; Windows NT 6.0; en-US) AppleWebKit/534.10 (KHTML, like Gecko) Chrome/8.0.552.224 Safari/534.10"
67.195.112.48 - - [30/Dec/2010:23:36:58 +0100] "GET /description.php?lang=1&path=71&id=1476 HTTP/1.0" 200 11269 "-" "Mozilla/5.0 (compatible; Yahoo! Slurp; http://help.yahoo.com/help/us/ysearch/slurp)"
173.192.238.37 - - [30/Dec/2010:23:36:59 +0100] "GET / HTTP/1.1" 302 1543 "-" "Mozilla/5.0 (X11; U; Linux x86_64; en-US; rv:1.9.0.19; aggregator:Spinn3r (Spinn3r 3.1); http://spinn3r.com/robot) Gecko/2010040121 Firefox/3.0.19"
173.192.238.37 - - [30/Dec/2010:23:37:00 +0100] "GET /catalog.php HTTP/1.1" 200 10909 "-" "Mozilla/5.0 (X11; U; Linux x86_64; en-US; rv:1.9.0.19; aggregator:Spinn3r (Spinn3r 3.1); http://spinn3r.com/robot) Gecko/2010040121 Firefox/3.0.19"
109.210.27.87 - - [30/Dec/2010:23:37:05 +0100] "GET /im/articles/PetitsPoisCarottes.JPG HTTP/1.1" 200 24098 "http://www.ipernity.com/home/136086/comments" "Mozilla/5.0 (Windows; U; Windows NT 5.1; fr; rv:1.9.2.13) Gecko/20101203 Firefox/3.6.13 (.NET CLR 3.5.30729)"
90.35.109.206 - - [30/Dec/2010:23:37:10 +0100] "GET /im/articles/PanierFete.JPG HTTP/1.1" 200 67909 "http://fr1.guerretribale.fr/forum.php?screen=view_thread&thread_id&thread_id=816126" "Mozilla/5.0 (Windows; U; Windows NT 5.1; fr; rv:1.9.2.13) Gecko/20101203 Firefox/3.6.13 ( .NET CLR 3.5.30729)"
194.150.236.161 - - [30/Dec/2010:23:37:26 +0100] "HEAD /im/banner/Affiliation_Fraicolo_120x60.gif HTTP/1.1" 200 - "-" "-"
194.150.236.161 - - [30/Dec/2010:23:37:26 +0100] "GET /im/banner/Affiliation_Fraicolo_120x60.gif HTTP/1.1" 200 16471 "-" "PHP/5.2.6"
89.82.2.18 - - [30/Dec/2010:23:37:27 +0100] "GET /im/articles/ChipsTraiteur.JPG HTTP/1.1" 200 31181 "http://www.eternia-fr.net/news_903_film-13-le-maitre-de-l-illusion-zoroark-disponible-en-vostfr.html" "Mozilla/5.0 (Windows; U; Windows NT 6.0; en-US) AppleWebKit/534.10 (KHTML, like Gecko) Chrome/8.0.552.224 Safari/534.10"
89.85.239.251 - - [30/Dec/2010:23:37:27 +0100] "GET /im/articles/ChipsTraiteur.JPG HTTP/1.1" 200 31181 "http://www.eternia-fr.net/news_897_titre-bw-016-et-017.html" "Opera/9.80 (Windows NT 6.0; U; fr) Presto/2.7.62 Version/11.00"
194.150.236.161 - - [30/Dec/2010:23:38:02 +0100] "HEAD /im/banner/Affiliation_Fraicolo_120x60.gif HTTP/1.1" 200 - "-" "-"
194.150.236.161 - - [30/Dec/2010:23:38:03 +0100] "GET /im/banner/Affiliation_Fraicolo_120x60.gif HTTP/1.1" 200 16471 "-" "PHP/5.2.6"
81.249.85.31 - - [30/Dec/2010:23:38:47 +0100] "GET /favicon.ico HTTP/1.0" 200 1150 "-" "Safari/6533.19.4 CFNetwork/454.11.5 Darwin/10.5.0 (i386) (iMac6%2C1)"
194.150.236.161 - - [30/Dec/2010:23:38:51 +0100] "HEAD /im/banner/Affiliation_Fraicolo_120x60.gif HTTP/1.1" 200 - "-" "-"
194.150.236.161 - - [30/Dec/2010:23:38:51 +0100] "GET /im/banner/Affiliation_Fraicolo_120x60.gif HTTP/1.1" 200 16471 "-" "PHP/5.2.6"
66.249.71.6 - - [30/Dec/2010:23:38:52 +0100] "GET /ipos/list.php?lang=1&path=117&sort=Article&page=5 HTTP/1.1" 200 3745 "-" "Mozilla/5.0 (compatible; Googlebot/2.1; +http://www.google.com/bot.html)"
77.198.208.2 - - [30/Dec/2010:23:39:12 +0100] "GET /im/articles/YaourtNature.JPG HTTP/1.1" 200 58876 "http://www.comlive.net/Branlettes-Entre-Potes,215532.htm" "Mozilla/4.0 (compatible; MSIE 8.0; Windows NT 6.0; Trident/4.0; GTB6.6; Mozilla/4.0 (compatible; MSIE 6.0; Windows NT 5.1; SV1) ; SLCC1; .NET CLR 2.0.50727; Media Center PC 5.1; .NET CLR 3.5.30729; .NET CLR 3.0.30618; .NET4.0C)"
66.249.71.6 - - [30/Dec/2010:23:39:30 +0100] "GET /list.php?lang=1&path=116&num=&action=e&sort=Article&page=0 HTTP/1.1" 200 11707 "-" "Mozilla/5.0 (compatible; Googlebot/2.1; +http://www.google.com/bot.html)"
66.249.71.193 - - [30/Dec/2010:23:39:39 +0100] "GET /description.php?lang=1&id=416 HTTP/1.1" 200 11157 "-" "Mozilla/5.0 (compatible; Googlebot/2.1; +http://www.google.com/bot.html)"
84.100.18.204 - - [30/Dec/2010:23:39:48 +0100] "GET /im/articles/AgneauCotes.JPG HTTP/1.1" 200 61940 "http://rodeosaladgang.biz/" "Mozilla/5.0 (Macintosh; U; PPC Mac OS X 10.4; fr; rv:1.9.2.13) Gecko/20101203 Firefox/3.6.13"
194.150.236.161 - - [30/Dec/2010:23:40:13 +0100] "HEAD /im/banner/Affiliation_Fraicolo_468x60.gif HTTP/1.1" 200 - "-" "-"
194.150.236.161 - - [30/Dec/2010:23:40:13 +0100] "GET /im/banner/Affiliation_Fraicolo_468x60.gif HTTP/1.1" 200 41076 "-" "PHP/5.2.6"
66.249.71.6 - - [30/Dec/2010:23:40:28 +0100] "GET /description.php?lang=1&id=1710 HTTP/1.1" 200 11152 "-" "Mozilla/5.0 (compatible; Googlebot/2.1; +http://www.google.com/bot.html)"
79.83.121.159 - - [30/Dec/2010:23:40:52 +0100] "GET /im/articles/ChipsTraiteur.JPG HTTP/1.1" 200 31181 "http://www.eternia-fr.net/news_900_date-de-sortie-de-b-w-noms.html" "Mozilla/5.0 (Windows; U; Windows NT 5.1; fr; rv:1.9.2.13) Gecko/20101203 AskTbATU3/3.9.1.14019 Firefox/3.6.13 (.NET CLR 3.5.30729)"
194.150.236.161 - - [30/Dec/2010:23:41:17 +0100] "HEAD /im/banner/Affiliation_Fraicolo_120x60.gif HTTP/1.1" 200 - "-" "-"
194.150.236.161 - - [30/Dec/2010:23:41:17 +0100] "GET /im/banner/Affiliation_Fraicolo_120x60.gif HTTP/1.1" 200 16471 "-" "PHP/5.2.6"
79.95.162.117 - - [30/Dec/2010:23:41:30 +0100] "GET /im/articles/ChipsTraiteur.JPG HTTP/1.1" 200 31181 "http://www.eternia-fr.net/news_903_film-13-le-maitre-de-l-illusion-zoroark-disponible-en-vostfr.html" "Mozilla/5.0 (Windows; U; Windows NT 6.0; fr; rv:1.9.2.13) Gecko/20101203 Ant.com Toolbar 2.0.1 Firefox/3.6.13 GTB7.1"
83.155.140.140 - - [30/Dec/2010:23:41:57 +0100] "GET /im/articles/ChipsTraiteur.JPG HTTP/1.1" 200 31181 "http://www.eternia-fr.net/news_903_film-13-le-maitre-de-l-illusion-zoroark-disponible-en-vostfr.html" "Mozilla/5.0 (Windows; U; Windows NT 6.1; fr; rv:1.9.2.13) Gecko/20101203 Firefox/3.6.13"
83.134.43.49 - - [30/Dec/2010:23:43:39 +0100] "GET /list.php?lang=1&path=41&sort=Article&page=0&AdSearch=off HTTP/1.1" 200 12687 "http://www.google.be/imgres?imgurl=http://www.fraicolo.fr/im/articles/CarotteBotte.JPG&imgrefurl=http://www.fraicolo.fr/list.php%3Flang%3D1%26path%3D41%26sort%3DArticle%26page%3D0%26AdSearch%3Doff&usg=__2Gtjg3FiQqZI2lbcxV5Lkp3njsA=&h=402&w=407&sz=24&hl=fr&start=0&zoom=1&tbnid=9e3vGvMVWDGw0M:&tbnh=147&tbnw=149&prev=/images%3Fq%3Dbotte%2Bcarottes%26um%3D1%26hl%3Dfr%26client%3Dfirefox-a%26sa%3DN%26rls%3Dorg.mozilla:fr:official%26biw%3D1408%26bih%3D914%26tbs%3Disch:10%2C112&um=1&itbs=1&iact=rc&dur=244&ei=7godTevyLYiQ4QbS1KCGAg&oei=0wodTfvJBsmbhQfT3bC2Dw&esq=5&page=1&ndsp=40&ved=1t:429,r:8,s:0&tx=73&ty=90&biw=1408&bih=914" "Mozilla/5.0 (Windows; U; Windows NT 6.1; fr; rv:1.9.2.13) Gecko/20101203 Firefox/3.6.13"
83.134.43.49 - - [30/Dec/2010:23:43:39 +0100] "GET /im/articles/CarotteBotte.JPG HTTP/1.1" 200 24222 "http://www.google.be/imgres?imgurl=http://www.fraicolo.fr/im/articles/CarotteBotte.JPG&imgrefurl=http://www.fraicolo.fr/list.php%3Flang%3D1%26path%3D41%26sort%3DArticle%26page%3D0%26AdSearch%3Doff&usg=__2Gtjg3FiQqZI2lbcxV5Lkp3njsA=&h=402&w=407&sz=24&hl=fr&start=0&zoom=1&tbnid=9e3vGvMVWDGw0M:&tbnh=147&tbnw=149&prev=/images%3Fq%3Dbotte%2Bcarottes%26um%3D1%26hl%3Dfr%26client%3Dfirefox-a%26sa%3DN%26rls%3Dorg.mozilla:fr:official%26biw%3D1408%26bih%3D914%26tbs%3Disch:10%2C112&um=1&itbs=1&iact=rc&dur=244&ei=7godTevyLYiQ4QbS1KCGAg&oei=0wodTfvJBsmbhQfT3bC2Dw&esq=5&page=1&ndsp=40&ved=1t:429,r:8,s:0&tx=73&ty=90&biw=1408&bih=914" "Mozilla/5.0 (Windows; U; Windows NT 6.1; fr; rv:1.9.2.13) Gecko/20101203 Firefox/3.6.13"
83.134.43.49 - - [30/Dec/2010:23:43:39 +0100] "GET /css/scss.css HTTP/1.1" 200 3683 "http://www.fraicolo.fr/list.php?lang=1&path=41&sort=Article&page=0&AdSearch=off" "Mozilla/5.0 (Windows; U; Windows NT 6.1; fr; rv:1.9.2.13) Gecko/20101203 Firefox/3.6.13"
83.134.43.49 - - [30/Dec/2010:23:43:39 +0100] "GET /includes/popImage.js HTTP/1.1" 200 1233 "http://www.fraicolo.fr/list.php?lang=1&path=41&sort=Article&page=0&AdSearch=off" "Mozilla/5.0 (Windows; U; Windows NT 6.1; fr; rv:1.9.2.13) Gecko/20101203 Firefox/3.6.13"
83.134.43.49 - - [30/Dec/2010:23:43:39 +0100] "GET /im/zzz.gif HTTP/1.1" 200 49 "http://www.fraicolo.fr/list.php?lang=1&path=41&sort=Article&page=0&AdSearch=off" "Mozilla/5.0 (Windows; U; Windows NT 6.1; fr; rv:1.9.2.13) Gecko/20101203 Firefox/3.6.13"
83.134.43.49 - - [30/Dec/2010:23:43:40 +0100] "GET /im/accueil.gif HTTP/1.1" 200 511 "http://www.fraicolo.fr/list.php?lang=1&path=41&sort=Article&page=0&AdSearch=off" "Mozilla/5.0 (Windows; U; Windows NT 6.1; fr; rv:1.9.2.13) Gecko/20101203 Firefox/3.6.13"
83.134.43.49 - - [30/Dec/2010:23:43:40 +0100] "GET /im/background/bg_green.gif HTTP/1.1" 200 2395 "http://www.fraicolo.fr/css/scss.css" "Mozilla/5.0 (Windows; U; Windows NT 6.1; fr; rv:1.9.2.13) Gecko/20101203 Firefox/3.6.13"
83.134.43.49 - - [30/Dec/2010:23:43:40 +0100] "GET /im/path.gif HTTP/1.1" 200 363 "http://www.fraicolo.fr/list.php?lang=1&path=41&sort=Article&page=0&AdSearch=off" "Mozilla/5.0 (Windows; U; Windows NT 6.1; fr; rv:1.9.2.13) Gecko/20101203 Firefox/3.6.13"
83.134.43.49 - - [30/Dec/2010:23:43:40 +0100] "GET /includes/menu/plus.gif HTTP/1.1" 200 71 "http://www.fraicolo.fr/list.php?lang=1&path=41&sort=Article&page=0&AdSearch=off" "Mozilla/5.0 (Windows; U; Windows NT 6.1; fr; rv:1.9.2.13) Gecko/20101203 Firefox/3.6.13"
83.134.43.49 - - [30/Dec/2010:23:43:40 +0100] "GET /im/lang1/menu_com.gif HTTP/1.1" 200 2071 "http://www.fraicolo.fr/list.php?lang=1&path=41&sort=Article&page=0&AdSearch=off" "Mozilla/5.0 (Windows; U; Windows NT 6.1; fr; rv:1.9.2.13) Gecko/20101203 Firefox/3.6.13"
83.134.43.49 - - [30/Dec/2010:23:43:40 +0100] "GET /im/payment.gif HTTP/1.1" 200 2578 "http://www.fraicolo.fr/list.php?lang=1&path=41&sort=Article&page=0&AdSearch=off" "Mozilla/5.0 (Windows; U; Windows NT 6.1; fr; rv:1.9.2.13) Gecko/20101203 Firefox/3.6.13"
83.134.43.49 - - [30/Dec/2010:23:43:40 +0100] "GET /im/articles/CarottesBottesBIO.jpg HTTP/1.1" 200 18152 "http://www.fraicolo.fr/list.php?lang=1&path=41&sort=Article&page=0&AdSearch=off" "Mozilla/5.0 (Windows; U; Windows NT 6.1; fr; rv:1.9.2.13) Gecko/20101203 Firefox/3.6.13"
83.134.43.49 - - [30/Dec/2010:23:43:40 +0100] "GET /im/stockok.gif HTTP/1.1" 200 920 "http://www.fraicolo.fr/list.php?lang=1&path=41&sort=Article&page=0&AdSearch=off" "Mozilla/5.0 (Windows; U; Windows NT 6.1; fr; rv:1.9.2.13) Gecko/20101203 Firefox/3.6.13"
83.134.43.49 - - [30/Dec/2010:23:43:40 +0100] "GET /im/articles/CarotteBIO.JPG HTTP/1.1" 200 13383 "http://www.fraicolo.fr/list.php?lang=1&path=41&sort=Article&page=0&AdSearch=off" "Mozilla/5.0 (Windows; U; Windows NT 6.1; fr; rv:1.9.2.13) Gecko/20101203 Firefox/3.6.13"
83.134.43.49 - - [30/Dec/2010:23:43:39 +0100] "GET /im/banner/bannercorporate1.jpg HTTP/1.1" 200 44430 "http://www.fraicolo.fr/list.php?lang=1&path=41&sort=Article&page=0&AdSearch=off" "Mozilla/5.0 (Windows; U; Windows NT 6.1; fr; rv:1.9.2.13) Gecko/20101203 Firefox/3.6.13"
83.134.43.49 - - [30/Dec/2010:23:43:39 +0100] "GET /im/LOGOFraicolo.png HTTP/1.1" 200 21138 "http://www.fraicolo.fr/list.php?lang=1&path=41&sort=Article&page=0&AdSearch=off" "Mozilla/5.0 (Windows; U; Windows NT 6.1; fr; rv:1.9.2.13) Gecko/20101203 Firefox/3.6.13"
83.134.43.49 - - [30/Dec/2010:23:43:40 +0100] "GET /im/articles/TomatesGrappesBIO-.JPG HTTP/1.1" 200 8447 "http://www.fraicolo.fr/list.php?lang=1&path=41&sort=Article&page=0&AdSearch=off" "Mozilla/5.0 (Windows; U; Windows NT 6.1; fr; rv:1.9.2.13) Gecko/20101203 Firefox/3.6.13"
83.134.43.49 - - [30/Dec/2010:23:43:40 +0100] "GET /im/articles/TomatesNormalesBIO.JPG HTTP/1.1" 200 4934 "http://www.fraicolo.fr/list.php?lang=1&path=41&sort=Article&page=0&AdSearch=off" "Mozilla/5.0 (Windows; U; Windows NT 6.1; fr; rv:1.9.2.13) Gecko/20101203 Firefox/3.6.13"
83.134.43.49 - - [30/Dec/2010:23:43:40 +0100] "GET /im/articles/Carottes.jpg HTTP/1.1" 200 6387 "http://www.fraicolo.fr/list.php?lang=1&path=41&sort=Article&page=0&AdSearch=off" "Mozilla/5.0 (Windows; U; Windows NT 6.1; fr; rv:1.9.2.13) Gecko/20101203 Firefox/3.6.13"
83.134.43.49 - - [30/Dec/2010:23:43:40 +0100] "GET /im/articles/TomatesCerises.jpg HTTP/1.1" 200 8672 "http://www.fraicolo.fr/list.php?lang=1&path=41&sort=Article&page=0&AdSearch=off" "Mozilla/5.0 (Windows; U; Windows NT 6.1; fr; rv:1.9.2.13) Gecko/20101203 Firefox/3.6.13"
83.134.43.49 - - [30/Dec/2010:23:43:40 +0100] "GET /im/articles/TomateJaune.JPG HTTP/1.1" 200 6966 "http://www.fraicolo.fr/list.php?lang=1&path=41&sort=Article&page=0&AdSearch=off" "Mozilla/5.0 (Windows; U; Windows NT 6.1; fr; rv:1.9.2.13) Gecko/20101203 Firefox/3.6.13"
83.134.43.49 - - [30/Dec/2010:23:43:40 +0100] "GET /im/articles/TomatesCerisesGrappes.jpg HTTP/1.1" 200 13672 "http://www.fraicolo.fr/list.php?lang=1&path=41&sort=Article&page=0&AdSearch=off" "Mozilla/5.0 (Windows; U; Windows NT 6.1; fr; rv:1.9.2.13) Gecko/20101203 Firefox/3.6.13"
83.134.43.49 - - [30/Dec/2010:23:43:40 +0100] "GET /im/articles/TomatesGrappes.jpg HTTP/1.1" 200 7602 "http://www.fraicolo.fr/list.php?lang=1&path=41&sort=Article&page=0&AdSearch=off" "Mozilla/5.0 (Windows; U; Windows NT 6.1; fr; rv:1.9.2.13) Gecko/20101203 Firefox/3.6.13"
83.134.43.49 - - [30/Dec/2010:23:43:40 +0100] "GET /im/articles/TomateNormale.jpg HTTP/1.1" 200 5615 "http://www.fraicolo.fr/list.php?lang=1&path=41&sort=Article&page=0&AdSearch=off" "Mozilla/5.0 (Windows; U; Windows NT 6.1; fr; rv:1.9.2.13) Gecko/20101203 Firefox/3.6.13"
83.134.43.49 - - [30/Dec/2010:23:43:40 +0100] "GET /im/articles/TomateNormaleGrosse.JPG HTTP/1.1" 200 5846 "http://www.fraicolo.fr/list.php?lang=1&path=41&sort=Article&page=0&AdSearch=off" "Mozilla/5.0 (Windows; U; Windows NT 6.1; fr; rv:1.9.2.13) Gecko/20101203 Firefox/3.6.13"
83.134.43.49 - - [30/Dec/2010:23:43:40 +0100] "GET /im/cart.gif HTTP/1.1" 200 574 "http://www.fraicolo.fr/list.php?lang=1&path=41&sort=Article&page=0&AdSearch=off" "Mozilla/5.0 (Windows; U; Windows NT 6.1; fr; rv:1.9.2.13) Gecko/20101203 Firefox/3.6.13"
83.134.43.49 - - [30/Dec/2010:23:43:40 +0100] "GET /im/cart_rem.gif HTTP/1.1" 200 368 "http://www.fraicolo.fr/list.php?lang=1&path=41&sort=Article&page=0&AdSearch=off" "Mozilla/5.0 (Windows; U; Windows NT 6.1; fr; rv:1.9.2.13) Gecko/20101203 Firefox/3.6.13"
83.134.43.49 - - [30/Dec/2010:23:43:40 +0100] "GET /im/cart_opt.gif HTTP/1.1" 200 365 "http://www.fraicolo.fr/list.php?lang=1&path=41&sort=Article&page=0&AdSearch=off" "Mozilla/5.0 (Windows; U; Windows NT 6.1; fr; rv:1.9.2.13) Gecko/20101203 Firefox/3.6.13"
83.134.43.49 - - [30/Dec/2010:23:43:40 +0100] "GET /im/cart_out.gif HTTP/1.1" 200 1030 "http://www.fraicolo.fr/list.php?lang=1&path=41&sort=Article&page=0&AdSearch=off" "Mozilla/5.0 (Windows; U; Windows NT 6.1; fr; rv:1.9.2.13) Gecko/20101203 Firefox/3.6.13"
83.134.43.49 - - [30/Dec/2010:23:43:40 +0100] "GET /im/lang1/menu_infos.gif HTTP/1.1" 200 2010 "http://www.fraicolo.fr/list.php?lang=1&path=41&sort=Article&page=0&AdSearch=off" "Mozilla/5.0 (Windows; U; Windows NT 6.1; fr; rv:1.9.2.13) Gecko/20101203 Firefox/3.6.13"
83.134.43.49 - - [30/Dec/2010:23:43:40 +0100] "GET /im/fleche_right.gif HTTP/1.1" 200 58 "http://www.fraicolo.fr/list.php?lang=1&path=41&sort=Article&page=0&AdSearch=off" "Mozilla/5.0 (Windows; U; Windows NT 6.1; fr; rv:1.9.2.13) Gecko/20101203 Firefox/3.6.13"
83.134.43.49 - - [30/Dec/2010:23:43:40 +0100] "GET /im/lang1/menu_caddie.gif HTTP/1.1" 200 2067 "http://www.fraicolo.fr/list.php?lang=1&path=41&sort=Article&page=0&AdSearch=off" "Mozilla/5.0 (Windows; U; Windows NT 6.1; fr; rv:1.9.2.13) Gecko/20101203 Firefox/3.6.13"
83.134.43.49 - - [30/Dec/2010:23:43:40 +0100] "GET /im/lang1/menu_search.gif HTTP/1.1" 200 1955 "http://www.fraicolo.fr/list.php?lang=1&path=41&sort=Article&page=0&AdSearch=off" "Mozilla/5.0 (Windows; U; Windows NT 6.1; fr; rv:1.9.2.13) Gecko/20101203 Firefox/3.6.13"
83.134.43.49 - - [30/Dec/2010:23:43:41 +0100] "GET /im/search.gif HTTP/1.1" 200 681 "http://www.fraicolo.fr/list.php?lang=1&path=41&sort=Article&page=0&AdSearch=off" "Mozilla/5.0 (Windows; U; Windows NT 6.1; fr; rv:1.9.2.13) Gecko/20101203 Firefox/3.6.13"
83.134.43.49 - - [30/Dec/2010:23:43:41 +0100] "GET /im/fleche_bottom.gif HTTP/1.1" 200 57 "http://www.fraicolo.fr/css/scss.css" "Mozilla/5.0 (Windows; U; Windows NT 6.1; fr; rv:1.9.2.13) Gecko/20101203 Firefox/3.6.13"
83.134.43.49 - - [30/Dec/2010:23:43:41 +0100] "GET /im/background/menuleft.gif HTTP/1.1" 200 1837 "http://www.fraicolo.fr/css/scss.css" "Mozilla/5.0 (Windows; U; Windows NT 6.1; fr; rv:1.9.2.13) Gecko/20101203 Firefox/3.6.13"
83.134.43.49 - - [30/Dec/2010:23:43:41 +0100] "GET /im/background/module_left.gif HTTP/1.1" 200 323 "http://www.fraicolo.fr/css/scss.css" "Mozilla/5.0 (Windows; U; Windows NT 6.1; fr; rv:1.9.2.13) Gecko/20101203 Firefox/3.6.13"
83.134.43.49 - - [30/Dec/2010:23:43:41 +0100] "GET /im/lang1/cart_add.gif HTTP/1.1" 200 481 "http://www.fraicolo.fr/list.php?lang=1&path=41&sort=Article&page=0&AdSearch=off" "Mozilla/5.0 (Windows; U; Windows NT 6.1; fr; rv:1.9.2.13) Gecko/20101203 Firefox/3.6.13"
83.134.43.49 - - [30/Dec/2010:23:43:41 +0100] "GET /im/lang1/menu_id.gif HTTP/1.1" 200 2056 "http://www.fraicolo.fr/list.php?lang=1&path=41&sort=Article&page=0&AdSearch=off" "Mozilla/5.0 (Windows; U; Windows NT 6.1; fr; rv:1.9.2.13) Gecko/20101203 Firefox/3.6.13"
83.134.43.49 - - [30/Dec/2010:23:43:41 +0100] "GET /im/background/bg_shop_green.gif HTTP/1.1" 200 49144 "http://www.fraicolo.fr/css/scss.css" "Mozilla/5.0 (Windows; U; Windows NT 6.1; fr; rv:1.9.2.13) Gecko/20101203 Firefox/3.6.13"
83.134.43.49 - - [30/Dec/2010:23:43:41 +0100] "GET /list.php?lang=1&path=41&sort=Article&page=0&AdSearch=off HTTP/1.1" 200 12687 "http://www.fraicolo.fr/list.php?lang=1&path=41&sort=Article&page=0&AdSearch=off" "Mozilla/5.0 (Windows; U; Windows NT 6.1; fr; rv:1.9.2.13) Gecko/20101203 Firefox/3.6.13"
83.134.43.49 - - [30/Dec/2010:23:43:41 +0100] "GET /im/ok.gif HTTP/1.1" 200 128 "http://www.fraicolo.fr/list.php?lang=1&path=41&sort=Article&page=0&AdSearch=off" "Mozilla/5.0 (Windows; U; Windows NT 6.1; fr; rv:1.9.2.13) Gecko/20101203 Firefox/3.6.13"
83.134.43.49 - - [30/Dec/2010:23:43:41 +0100] "GET /im/lang1/menu_devis.gif HTTP/1.1" 200 1958 "http://www.fraicolo.fr/list.php?lang=1&path=41&sort=Article&page=0&AdSearch=off" "Mozilla/5.0 (Windows; U; Windows NT 6.1; fr; rv:1.9.2.13) Gecko/20101203 Firefox/3.6.13"
83.134.43.49 - - [30/Dec/2010:23:43:41 +0100] "GET /im/lang1/menu_subscribe.gif HTTP/1.1" 200 1877 "http://www.fraicolo.fr/list.php?lang=1&path=41&sort=Article&page=0&AdSearch=off" "Mozilla/5.0 (Windows; U; Windows NT 6.1; fr; rv:1.9.2.13) Gecko/20101203 Firefox/3.6.13"
83.134.43.49 - - [30/Dec/2010:23:43:41 +0100] "GET /im/background/menuright.gif HTTP/1.1" 200 1832 "http://www.fraicolo.fr/css/scss.css" "Mozilla/5.0 (Windows; U; Windows NT 6.1; fr; rv:1.9.2.13) Gecko/20101203 Firefox/3.6.13"
66.249.71.6 - - [30/Dec/2010:23:43:56 +0100] "GET /ipos/description.php?lang=1&path=41&sort=Article&page=0&path=41&id=525 HTTP/1.1" 200 3559 "-" "Mozilla/5.0 (compatible; Googlebot/2.1; +http://www.google.com/bot.html)"
86.211.53.214 - - [30/Dec/2010:23:44:25 +0100] "GET /im/articles/ConfitureRouge.JPG HTTP/1.1" 200 19996 "http://www.stereopoly.com/jeu/profil.php?id=817147" "Mozilla/5.0 (Windows; U; Windows NT 6.1; fr; rv:1.9.2.13) Gecko/20101203 Firefox/3.6.13"
66.249.71.193 - - [30/Dec/2010:23:44:34 +0100] "GET /description.php?lang=1&id=312 HTTP/1.1" 200 11111 "-" "Mozilla/5.0 (compatible; Googlebot/2.1; +http://www.google.com/bot.html)"
66.249.71.6 - - [30/Dec/2010:23:45:13 +0100] "GET /description.php?id=967&AdSearch=on HTTP/1.1" 200 12131 "-" "Mozilla/5.0 (compatible; Googlebot/2.1; +http://www.google.com/bot.html)"
194.150.236.161 - - [30/Dec/2010:23:45:18 +0100] "HEAD /im/banner/Affiliation_Fraicolo_120x60.gif HTTP/1.1" 200 - "-" "-"
194.150.236.161 - - [30/Dec/2010:23:45:19 +0100] "GET /im/banner/Affiliation_Fraicolo_120x60.gif HTTP/1.1" 200 16471 "-" "PHP/5.2.6"
207.46.13.43 - - [30/Dec/2010:23:45:21 +0100] "GET /description.php?lang=1&path=96&id=1063 HTTP/1.1" 200 11155 "-" "Mozilla/5.0 (compatible; bingbot/2.0; +http://www.bing.com/bingbot.htm)"
66.249.71.6 - - [30/Dec/2010:23:45:24 +0100] "GET /description.php?id=770 HTTP/1.1" 200 11131 "-" "Mozilla/5.0 (compatible; Googlebot/2.1; +http://www.google.com/bot.html)"
212.108.211.145 - - [30/Dec/2010:23:45:50 +0100] "GET /im/articles/RizThai.jpg HTTP/1.1" 200 21791 "http://lilasdeco.canalblog.com/archives/2010/06/16/18309671.html" "Mozilla/5.0 (Windows; U; Windows NT 5.1; hu; rv:1.9.2.13) Gecko/20101203 Firefox/3.6.13 (.NET CLR 3.5.30729)"
67.195.112.48 - - [30/Dec/2010:23:45:58 +0100] "GET /description.php?lang=1&path=40&id=1328 HTTP/1.0" 200 11145 "-" "Mozilla/5.0 (compatible; Yahoo! Slurp; http://help.yahoo.com/help/us/ysearch/slurp)"
66.249.71.6 - - [30/Dec/2010:23:46:06 +0100] "GET /description.php?id=640&AdSearch=off HTTP/1.1" 200 11135 "-" "Mozilla/5.0 (compatible; Googlebot/2.1; +http://www.google.com/bot.html)"
66.249.71.6 - - [30/Dec/2010:23:46:37 +0100] "GET /description.php?id=906 HTTP/1.1" 200 11116 "-" "Mozilla/5.0 (compatible; Googlebot/2.1; +http://www.google.com/bot.html)"
83.134.43.49 - - [30/Dec/2010:23:46:48 +0100] "GET /list.php?lang=1&path=41&sort=Article&page=0&AdSearch=off HTTP/1.1" 200 12687 "http://www.google.be/imgres?imgurl=http://www.fraicolo.fr/im/articles/CarotteBotte.JPG&imgrefurl=http://www.fraicolo.fr/list.php%3Flang%3D1%26path%3D41%26sort%3DArticle%26page%3D0%26AdSearch%3Doff&usg=__2Gtjg3FiQqZI2lbcxV5Lkp3njsA=&h=402&w=407&sz=24&hl=fr&start=0&zoom=1&tbnid=9e3vGvMVWDGw0M:&tbnh=147&tbnw=149&prev=/images%3Fq%3Dbotte%2Bcarottes%26um%3D1%26hl%3Dfr%26client%3Dfirefox-a%26sa%3DN%26rls%3Dorg.mozilla:fr:official%26biw%3D1408%26bih%3D914%26tbs%3Disch:10%2C112&um=1&itbs=1&iact=rc&dur=244&ei=7godTevyLYiQ4QbS1KCGAg&oei=0wodTfvJBsmbhQfT3bC2Dw&esq=5&page=1&ndsp=40&ved=1t:429,r:8,s:0&tx=73&ty=90&biw=1408&bih=914" "Mozilla/5.0 (Windows; U; Windows NT 6.1; fr; rv:1.9.2.13) Gecko/20101203 Firefox/3.6.13"
83.134.43.49 - - [30/Dec/2010:23:47:06 +0100] "GET /list.php?lang=1&path=41&sort=Article&page=0&AdSearch=off HTTP/1.1" 200 12687 "http://www.google.be/imgres?imgurl=http://www.fraicolo.fr/im/articles/CarotteBotte.JPG&imgrefurl=http://www.fraicolo.fr/list.php%3Flang%3D1%26path%3D41%26sort%3DArticle%26page%3D0%26AdSearch%3Doff&usg=__2Gtjg3FiQqZI2lbcxV5Lkp3njsA=&h=402&w=407&sz=24&hl=fr&start=0&zoom=1&tbnid=9e3vGvMVWDGw0M:&tbnh=147&tbnw=149&prev=/images%3Fq%3Dbotte%2Bcarottes%26um%3D1%26hl%3Dfr%26client%3Dfirefox-a%26sa%3DN%26rls%3Dorg.mozilla:fr:official%26biw%3D1408%26bih%3D914%26tbs%3Disch:1&um=1&itbs=1&iact=hc&vpx=130&vpy=235&dur=122&hovh=223&hovw=226&tx=125&ty=161&ei=7godTevyLYiQ4QbS1KCGAg&oei=0wodTfvJBsmbhQfT3bC2Dw&esq=5&page=1&ndsp=40&ved=1t:429,r:8,s:0" "Mozilla/5.0 (Windows; U; Windows NT 6.1; fr; rv:1.9.2.13) Gecko/20101203 Firefox/3.6.13"
83.134.43.49 - - [30/Dec/2010:23:47:07 +0100] "GET /list.php?lang=1&path=41&sort=Article&page=0&AdSearch=off HTTP/1.1" 200 12687 "http://www.fraicolo.fr/list.php?lang=1&path=41&sort=Article&page=0&AdSearch=off" "Mozilla/5.0 (Windows; U; Windows NT 6.1; fr; rv:1.9.2.13) Gecko/20101203 Firefox/3.6.13"
67.195.112.48 - - [30/Dec/2010:23:47:11 +0100] "GET /description.php?lang=1&path=40&sort=Article&page=0&id=458 HTTP/1.0" 200 11112 "-" "Mozilla/5.0 (compatible; Yahoo! Slurp; http://help.yahoo.com/help/us/ysearch/slurp)"
83.192.241.199 - - [30/Dec/2010:23:48:08 +0100] "GET /im/articles/ChipsTraiteur.JPG HTTP/1.1" 200 31181 "-" "Mozilla/5.0 (Windows; U; Windows NT 5.1; fr; rv:1.9.2.13) Gecko/20101203 Firefox/3.6.13 (.NET CLR 3.5.30729)"
66.249.71.193 - - [30/Dec/2010:23:48:17 +0100] "GET /list.php?lang=1&path=68&num=76&action=n&sort=Article&page=0 HTTP/1.1" 200 13144 "-" "Mozilla/5.0 (compatible; Googlebot/2.1; +http://www.google.com/bot.html)"
90.35.123.44 - - [30/Dec/2010:23:48:28 +0100] "GET /im/articles/ChipsTraiteur.JPG HTTP/1.1" 200 31181 "http://www.eternia-fr.net/news_842_best-wishes-02-disponible-en-vostfr.html" "Mozilla/5.0 (Windows; U; Windows NT 6.1; fr; rv:1.9.2.13) Gecko/20101203 Firefox/3.6.13"
92.137.223.48 - - [30/Dec/2010:23:48:30 +0100] "GET /im/articles/ChipsTraiteur.JPG HTTP/1.1" 200 31181 "http://www.eternia-fr.net/news_903_film-13-le-maitre-de-l-illusion-zoroark-disponible-en-vostfr.html" "Mozilla/5.0 (Windows; U; Windows NT 6.0; fr; rv:1.9.2.13) Gecko/20101203 Firefox/3.6.13 GTB7.1 ( .NET CLR 3.5.30729; .NET4.0C)"
194.150.236.161 - - [30/Dec/2010:23:49:01 +0100] "HEAD /im/banner/Affiliation_Fraicolo_120x60.gif HTTP/1.1" 200 - "-" "-"
194.150.236.161 - - [30/Dec/2010:23:49:02 +0100] "GET /im/banner/Affiliation_Fraicolo_120x60.gif HTTP/1.1" 200 16471 "-" "PHP/5.2.6"
90.39.71.50 - - [30/Dec/2010:23:49:29 +0100] "GET /im/articles/ChipsTraiteur.JPG HTTP/1.1" 200 31181 "http://www.eternia-fr.net/news_903_film-13-le-maitre-de-l-illusion-zoroark-disponible-en-vostfr.html" "Mozilla/5.0 (Windows; U; Windows NT 5.1; fr; rv:1.9.2.13) Gecko/20101203 Firefox/3.6.13 (.NET CLR 3.5.30729)"
196.192.81.34 - - [30/Dec/2010:23:50:02 +0100] "GET /im/articles/BeignetCrevette.JPG HTTP/1.1" 200 8922 "-" "Mozilla/5.0 (SymbianOS/9.4; Series60/5.0 Nokia5230/21.0.004; Profile/MIDP-2.1 Configuration/CLDC-1.1 ) AppleWebKit/525 (KHTML, like Gecko) Version/3.0 BrowserNG/7.2.5.2 3gpp-gba"
196.192.81.34 - - [30/Dec/2010:23:50:06 +0100] "GET /favicon.ico HTTP/1.1" 200 293 "http://www.fraicolo.fr/im/articles/BeignetCrevette.JPG" "Mozilla/5.0 (SymbianOS/9.4; Series60/5.0 Nokia5230/21.0.004; Profile/MIDP-2.1 Configuration/CLDC-1.1 ) AppleWebKit/525 (KHTML, like Gecko) Version/3.0 BrowserNG/7.2.5.2 3gpp-gba"
194.150.236.161 - - [30/Dec/2010:23:50:21 +0100] "HEAD /im/banner/Affiliation_Fraicolo_468x60.gif HTTP/1.1" 200 - "-" "-"
194.150.236.161 - - [30/Dec/2010:23:50:21 +0100] "GET /im/banner/Affiliation_Fraicolo_468x60.gif HTTP/1.1" 200 41076 "-" "PHP/5.2.6"
81.52.143.33 - - [30/Dec/2010:23:50:29 +0100] "GET /description.php?lang=1&id=947 HTTP/1.1" 404 - "-" "Mozilla/5.0 (Windows; U; Windows NT 5.1; fr; rv:1.8.1) VoilaBot BETA 1.2 (support.voilabot@orange-ftgroup.com)"
196.206.72.74 - - [30/Dec/2010:23:50:31 +0100] "GET /im/articles/ChipsTraiteur.JPG HTTP/1.1" 200 31181 "http://www.eternia-fr.net/news_903_film-13-le-maitre-de-l-illusion-zoroark-disponible-en-vostfr.html" "Mozilla/5.0 (Windows; U; Windows NT 6.0; en-US) AppleWebKit/534.10 (KHTML, like Gecko) Chrome/8.0.552.224 Safari/534.10"
82.232.19.233 - - [30/Dec/2010:23:50:58 +0100] "GET /im/articles/ChipsTraiteur.JPG HTTP/1.1" 200 31181 "http://www.eternia-fr.net/news_903_film-13-le-maitre-de-l-illusion-zoroark-disponible-en-vostfr.html" "Mozilla/5.0 (Windows; U; Windows NT 6.1; fr; rv:1.9.2.13) Gecko/20101203 Firefox/3.6.13"
67.195.112.48 - - [30/Dec/2010:23:51:00 +0100] "GET /categories.php?lang=1&path=89&num=61&action=n&sort=Article HTTP/1.0" 200 15427 "-" "Mozilla/5.0 (compatible; Yahoo! Slurp; http://help.yahoo.com/help/us/ysearch/slurp)"
67.195.112.48 - - [30/Dec/2010:23:51:21 +0100] "GET /description.php?lang=1&path=37&id=821 HTTP/1.0" 200 11100 "-" "Mozilla/5.0 (compatible; Yahoo! Slurp; http://help.yahoo.com/help/us/ysearch/slurp)"
92.138.1.99 - - [30/Dec/2010:23:51:27 +0100] "GET /im/articles/ChipsTraiteur.JPG HTTP/1.1" 200 31181 "http://www.eternia-fr.net/news_903_film-13-le-maitre-de-l-illusion-zoroark-disponible-en-vostfr.html" "Mozilla/5.0 (Windows; U; Windows NT 6.1; fr; rv:1.9.2.10) Gecko/20100914 Firefox/3.6.10"
92.131.77.241 - - [30/Dec/2010:23:51:37 +0100] "GET /im/articles/ChipsTraiteur.JPG HTTP/1.1" 200 31181 "http://www.eternia-fr.net/news_903_film-13-le-maitre-de-l-illusion-zoroark-disponible-en-vostfr.html" "Mozilla/5.0 (Windows; U; Windows NT 6.0; fr; rv:1.9.2.13) Gecko/20101203 Firefox/3.6.13"
66.249.71.6 - - [30/Dec/2010:23:52:11 +0100] "GET /description.php?lang=1&path=124&id=988 HTTP/1.1" 404 - "-" "Mozilla/5.0 (compatible; Googlebot/2.1; +http://www.google.com/bot.html)"
77.197.25.239 - - [30/Dec/2010:23:52:39 +0100] "GET /im/articles/ChipsTraiteur.JPG HTTP/1.1" 200 31181 "-" "Mozilla/5.0 (Windows; U; Windows NT 6.1; fr; rv:1.9.2.13) Gecko/20101203 Firefox/3.6.13 ( .NET4.0C)"
194.150.236.162 - - [30/Dec/2010:23:52:40 +0100] "HEAD /im/banner/Affiliation_Fraicolo_468x60.gif HTTP/1.1" 200 - "-" "-"
194.150.236.162 - - [30/Dec/2010:23:52:41 +0100] "GET /im/banner/Affiliation_Fraicolo_468x60.gif HTTP/1.0" 200 41076 "-" "-"
66.249.71.193 - - [30/Dec/2010:23:53:01 +0100] "GET /description.php?lang=1&id=1317&AdSearch=off HTTP/1.1" 200 11136 "-" "Mozilla/5.0 (compatible; Googlebot/2.1; +http://www.google.com/bot.html)"
66.249.71.6 - - [30/Dec/2010:23:53:06 +0100] "GET /description.php?id=1010 HTTP/1.1" 200 11174 "-" "Mozilla/5.0 (compatible; Googlebot/2.1; +http://www.google.com/bot.html)"
93.29.246.103 - - [30/Dec/2010:23:53:10 +0100] "GET /categories.php?lang=e&path=111&num=33&action=e HTTP/1.1" 200 15430 "http://www.google.fr/imgres?imgurl=http://www.fraicolo.fr/im/articles/Jambon.JPG&imgrefurl=http://www.fraicolo.fr/categories.php%3Flang%3De%26path%3D111%26num%3D33%26action%3De&usg=__cPU6Xg2YRQTsAEDWLAv9rFf4a70=&h=620&w=944&sz=62&hl=fr&start=4&zoom=1&um=1&itbs=1&tbnid=tZu0XwtbR_BMbM:&tbnh=97&tbnw=148&prev=/images%3Fq%3Djambon%26um%3D1%26hl%3Dfr%26client%3Dfirefox-a%26sa%3DN%26rls%3Dorg.mozilla:fr:official%26channel%3Ds%26tbs%3Disch:1" "Mozilla/5.0 (Windows; U; Windows NT 6.1; fr; rv:1.9.2.13) Gecko/20101203 Firefox/3.6.13"
93.29.246.103 - - [30/Dec/2010:23:53:11 +0100] "GET /im/articles/Jambon.JPG HTTP/1.1" 200 63301 "http://www.google.fr/imgres?imgurl=http://www.fraicolo.fr/im/articles/Jambon.JPG&imgrefurl=http://www.fraicolo.fr/categories.php%3Flang%3De%26path%3D111%26num%3D33%26action%3De&usg=__cPU6Xg2YRQTsAEDWLAv9rFf4a70=&h=620&w=944&sz=62&hl=fr&start=4&zoom=1&um=1&itbs=1&tbnid=tZu0XwtbR_BMbM:&tbnh=97&tbnw=148&prev=/images%3Fq%3Djambon%26um%3D1%26hl%3Dfr%26client%3Dfirefox-a%26sa%3DN%26rls%3Dorg.mozilla:fr:official%26channel%3Ds%26tbs%3Disch:1" "Mozilla/5.0 (Windows; U; Windows NT 6.1; fr; rv:1.9.2.13) Gecko/20101203 Firefox/3.6.13"
81.249.85.31 - - [30/Dec/2010:23:53:50 +0100] "GET /favicon.ico HTTP/1.0" 200 1150 "-" "Safari/6533.19.4 CFNetwork/454.11.5 Darwin/10.5.0 (i386) (iMac6%2C1)"
194.150.236.161 - - [30/Dec/2010:23:54:08 +0100] "HEAD /im/banner/Affiliation_Fraicolo_120x60.gif HTTP/1.1" 200 - "-" "-"
194.150.236.161 - - [30/Dec/2010:23:54:08 +0100] "GET /im/banner/Affiliation_Fraicolo_120x60.gif HTTP/1.1" 200 16471 "-" "PHP/5.2.6"
193.253.141.82 - - [30/Dec/2010:23:54:09 +0100] "GET /im/articles/BarquetteFraise.JPG HTTP/1.1" 200 60638 "http://www.mamanstestent.com/search/label/Mais%20comment%20fais%20tu%3F%3F%20%20Astuces%20z%C3%A9%20conseils?updated-max=2010-10-08T14%3A45%3A00%2B02%3A00&max-results=20" "Mozilla/5.0 (iPhone; U; CPU iPhone OS 4_1 like Mac OS X; fr-fr) AppleWebKit/532.9 (KHTML, like Gecko) Version/4.0.5 Mobile/8B117 Safari/6531.22.7"
66.249.71.193 - - [30/Dec/2010:23:54:22 +0100] "GET /description.php?lang=1&path=98&sort=Prix&page=0&id=402&AdSearch=on HTTP/1.1" 200 12274 "-" "Mozilla/5.0 (compatible; Googlebot/2.1; +http://www.google.com/bot.html)"
66.249.71.193 - - [30/Dec/2010:23:54:40 +0100] "GET /description.php?lang=1&path=98&id=1665&AdSearch=on HTTP/1.1" 200 12309 "-" "Mozilla/5.0 (compatible; Googlebot/2.1; +http://www.google.com/bot.html)"
66.249.71.6 - - [30/Dec/2010:23:55:11 +0100] "GET /description.php?lang=1&id=806&AdSearch=on HTTP/1.1" 200 12238 "-" "Mozilla/5.0 (compatible; Googlebot/2.1; +http://www.google.com/bot.html)"
194.150.236.161 - - [30/Dec/2010:23:55:21 +0100] "HEAD /im/banner/Affiliation_Fraicolo_120x60.gif HTTP/1.1" 200 - "-" "-"
194.150.236.161 - - [30/Dec/2010:23:55:22 +0100] "GET /im/banner/Affiliation_Fraicolo_120x60.gif HTTP/1.1" 200 16471 "-" "PHP/5.2.6"
194.150.236.161 - - [30/Dec/2010:23:55:44 +0100] "HEAD /im/banner/Affiliation_Fraicolo_468x60.gif HTTP/1.1" 200 - "-" "-"
194.150.236.161 - - [30/Dec/2010:23:55:44 +0100] "GET /im/banner/Affiliation_Fraicolo_468x60.gif HTTP/1.1" 200 41076 "-" "PHP/5.2.6"
66.249.71.6 - - [30/Dec/2010:23:56:15 +0100] "GET /description.php?lang=1&path=69&id=415 HTTP/1.1" 200 11145 "-" "Mozilla/5.0 (compatible; Googlebot/2.1; +http://www.google.com/bot.html)"
67.195.112.48 - - [30/Dec/2010:23:56:39 +0100] "GET /description.php?lang=1&id=609 HTTP/1.0" 200 11157 "-" "Mozilla/5.0 (compatible; Yahoo! Slurp; http://help.yahoo.com/help/us/ysearch/slurp)"
194.150.236.161 - - [30/Dec/2010:23:56:52 +0100] "HEAD /im/banner/Affiliation_Fraicolo_468x60.gif HTTP/1.1" 200 - "-" "-"
194.150.236.161 - - [30/Dec/2010:23:56:52 +0100] "GET /im/banner/Affiliation_Fraicolo_468x60.gif HTTP/1.1" 200 41076 "-" "PHP/5.2.6"
194.150.236.161 - - [30/Dec/2010:23:56:58 +0100] "HEAD /im/banner/Affiliation_Fraicolo_120x60.gif HTTP/1.1" 200 - "-" "-"
194.150.236.161 - - [30/Dec/2010:23:56:59 +0100] "GET /im/banner/Affiliation_Fraicolo_120x60.gif HTTP/1.1" 200 16471 "-" "PHP/5.2.6"
207.46.199.201 - - [30/Dec/2010:23:57:12 +0100] "GET /robots.txt HTTP/1.1" 200 13 "-" "Mozilla/5.0 (compatible; bingbot/2.0; +http://www.bing.com/bingbot.htm)"
194.150.236.161 - - [30/Dec/2010:23:57:12 +0100] "HEAD /im/banner/Affiliation_Fraicolo_120x60.gif HTTP/1.1" 200 - "-" "-"
194.150.236.161 - - [30/Dec/2010:23:57:13 +0100] "GET /im/banner/Affiliation_Fraicolo_120x60.gif HTTP/1.1" 200 16471 "-" "PHP/5.2.6"
194.150.236.161 - - [30/Dec/2010:23:57:17 +0100] "HEAD /im/banner/Affiliation_Fraicolo_468x60.gif HTTP/1.1" 200 - "-" "-"
194.150.236.161 - - [30/Dec/2010:23:57:18 +0100] "GET /im/banner/Affiliation_Fraicolo_468x60.gif HTTP/1.1" 200 41076 "-" "PHP/5.2.6"
86.213.255.154 - - [30/Dec/2010:23:57:37 +0100] "GET /im/articles/ChipsTraiteur.JPG HTTP/1.1" 200 31181 "http://www.eternia-fr.net/news_903_film-13-le-maitre-de-l-illusion-zoroark-disponible-en-vostfr.html" "Mozilla/5.0 (Windows; U; Windows NT 6.1; en-US) AppleWebKit/534.10 (KHTML, like Gecko) Chrome/8.0.552.224 Safari/534.10"
82.237.192.22 - - [30/Dec/2010:23:57:49 +0100] "GET /categories.php?lang=1&path=88&num=76&action=e&sort=Article&page=0 HTTP/1.1" 200 15859 "http://www.google.fr/imgres?imgurl=http://fraicolo.fr/im/articles/PepitoNoir.JPG&imgrefurl=http://fraicolo.fr/categories.php%3Flang%3D1%26path%3D88%26num%3D76%26action%3De%26sort%3DArticle%26page%3D0&usg=__u7x6o6PA8tBjpyIdBdWQ_gb0zE8=&h=617&w=927&sz=49&hl=fr&start=6&zoom=1&um=1&itbs=1&tbnid=XMaE5xmN0wgTpM:&tbnh=98&tbnw=147&prev=/images%3Fq%3Dpepito%26um%3D1%26hl%3Dfr%26client%3Dfirefox-a%26sa%3DX%26rls%3Dorg.mozilla:fr:official%26tbs%3Disch:1" "Mozilla/5.0 (Windows; U; Windows NT 6.0; fr; rv:1.9.2.13) Gecko/20101203 Firefox/3.6.13 ( .NET CLR 3.5.30729; .NET4.0C)"
82.237.192.22 - - [30/Dec/2010:23:57:50 +0100] "GET /im/accueil.gif HTTP/1.1" 200 511 "http://fraicolo.fr/categories.php?lang=1&path=88&num=76&action=e&sort=Article&page=0" "Mozilla/5.0 (Windows; U; Windows NT 6.0; fr; rv:1.9.2.13) Gecko/20101203 Firefox/3.6.13 ( .NET CLR 3.5.30729; .NET4.0C)"
82.237.192.22 - - [30/Dec/2010:23:57:50 +0100] "GET /css/scss.css HTTP/1.1" 200 3683 "http://fraicolo.fr/categories.php?lang=1&path=88&num=76&action=e&sort=Article&page=0" "Mozilla/5.0 (Windows; U; Windows NT 6.0; fr; rv:1.9.2.13) Gecko/20101203 Firefox/3.6.13 ( .NET CLR 3.5.30729; .NET4.0C)"
82.237.192.22 - - [30/Dec/2010:23:57:50 +0100] "GET /includes/popImage.js HTTP/1.1" 200 1233 "http://fraicolo.fr/categories.php?lang=1&path=88&num=76&action=e&sort=Article&page=0" "Mozilla/5.0 (Windows; U; Windows NT 6.0; fr; rv:1.9.2.13) Gecko/20101203 Firefox/3.6.13 ( .NET CLR 3.5.30729; .NET4.0C)"
